66.249.77.8 - - [31/Aug/2026:12:42:58 -0400] "GET /ko_center/ko_center.php?q=detail/cq45 HTTP/1.1" 500 0 "-" "Mozilla/5.0 (Linux; Android 6.0.1; Nexus 5X Build/MMB29P) AppleWebKit/537.36 (KHTML, like Gecko) Chrome/151.0.7922.173 Mobile Safari/537.36 (compatible; Googlebot/2.1; +http://www.google.com/bot.html)"
74.7.227.147 - - [31/Aug/2026:12:43:04 -0400] "GET /ka/fb/kassil_walter/fb.html HTTP/2" 429 0 "https://ko0.us/ka/" "Mozilla/5.0 AppleWebKit/537.36 (KHTML, like Gecko; compatible; GPTBot/1.4; +https://openai.com/gptbot)"
74.7.227.147 - - [31/Aug/2026:12:44:02 -0400] "GET /kb/books/jmh/cleveland/IMG_3787.JPG HTTP/2" 404 1251 "https://ko0.us/cleveland.htm" "Mozilla/5.0 AppleWebKit/537.36 (KHTML, like Gecko; compatible; GPTBot/1.4; +https://openai.com/gptbot)"
85.208.96.203 - - [31/Aug/2026:12:44:05 -0400] "GET /index_vu_20200314_2000.html HTTP/1.1" 404 1251 "-" "Mozilla/5.0 (compatible; SemrushBot/7~bl; +http://www.semrush.com/bot.html)"
74.7.227.147 - - [31/Aug/2026:12:44:16 -0400] "GET /kb/books/jmh/cleveland/IMG_3731.JPG HTTP/2" 404 1251 "https://ko0.us/cleveland.htm" "Mozilla/5.0 AppleWebKit/537.36 (KHTML, like Gecko; compatible; GPTBot/1.4; +https://openai.com/gptbot)"
74.7.227.147 - - [31/Aug/2026:12:44:30 -0400] "GET /kb/books/jmh/cleveland/IMG_3736.JPG HTTP/2" 404 1251 "https://ko0.us/cleveland.htm" "Mozilla/5.0 AppleWebKit/537.36 (KHTML, like Gecko; compatible; GPTBot/1.4; +https://openai.com/gptbot)"
85.208.96.199 - - [31/Aug/2026:12:44:55 -0400] "GET /law/tls.html HTTP/1.1" 404 1251 "-" "Mozilla/5.0 (compatible; SemrushBot/7~bl; +http://www.semrush.com/bot.html)"
74.7.227.147 - - [31/Aug/2026:12:44:58 -0400] "GET /kb/books/jmh/cleveland/IMG_3793.JPG HTTP/2" 404 1251 "https://ko0.us/cleveland.htm" "Mozilla/5.0 AppleWebKit/537.36 (KHTML, like Gecko; compatible; GPTBot/1.4; +https://openai.com/gptbot)"
216.73.217.105 - - [31/Aug/2026:12:44:29 -0400] "GET /zm/apollo17/TileGroup2/7-64-0.jpg HTTP/2" 200 1651 "-" "Mozilla/5.0 AppleWebKit/537.36 (KHTML, like Gecko; compatible; ClaudeBot/1.0; +claudebot@anthropic.com)"
216.73.217.105 - - [31/Aug/2026:12:44:35 -0400] "GET /pn/ko_pn.php?dir=%2Fhome%2Fkozerus%2Fpublic_html%2Fka%2Fpdf%2Fweb%2Fcmaps%2FAdobe-GB1-0.bcmap HTTP/2" 429 0 "-" "Mozilla/5.0 AppleWebKit/537.36 (KHTML, like Gecko; compatible; ClaudeBot/1.0; +claudebot@anthropic.com)"
216.73.217.105 - - [31/Aug/2026:12:44:40 -0400] "GET /zm/apollo17/TileGroup3/7-36-2.jpg HTTP/2" 200 4797 "-" "Mozilla/5.0 AppleWebKit/537.36 (KHTML, like Gecko; compatible; ClaudeBot/1.0; +claudebot@anthropic.com)"
216.73.217.105 - - [31/Aug/2026:12:44:45 -0400] "GET /zm/apollo17/TileGroup2/7-3-1.jpg HTTP/2" 429 0 "-" "Mozilla/5.0 AppleWebKit/537.36 (KHTML, like Gecko; compatible; ClaudeBot/1.0; +claudebot@anthropic.com)"
216.73.217.105 - - [31/Aug/2026:12:44:50 -0400] "GET /pn/ko_pn.php?dir=%2Fhome%2Fkozerus%2Fpublic_html%2Fko_center%2Fdcall%2Fdcall_adccp.xlsx HTTP/2" 200 3906 "-" "Mozilla/5.0 AppleWebKit/537.36 (KHTML, like Gecko; compatible; ClaudeBot/1.0; +claudebot@anthropic.com)"
216.73.217.105 - - [31/Aug/2026:12:44:55 -0400] "GET /go/dgs0/images/50/c15.gif HTTP/2" 429 0 "-" "Mozilla/5.0 AppleWebKit/537.36 (KHTML, like Gecko; compatible; ClaudeBot/1.0; +claudebot@anthropic.com)"
216.73.217.105 - - [31/Aug/2026:12:44:59 -0400] "GET /zm/apollo17/TileGroup2/7-22-0.jpg HTTP/2" 200 1662 "-" "Mozilla/5.0 AppleWebKit/537.36 (KHTML, like Gecko; compatible; ClaudeBot/1.0; +claudebot@anthropic.com)"
216.73.217.105 - - [31/Aug/2026:12:45:05 -0400] "GET /pn/ko_pn.php?dir=%2Fhome%2Fkozerus%2Fpublic_html%2Fpn%2Fexplore%2Flibraries%2Fgeshi%2Fgeshi%2Findex.html HTTP/2" 429 0 "-" "Mozilla/5.0 AppleWebKit/537.36 (KHTML, like Gecko; compatible; ClaudeBot/1.0; +claudebot@anthropic.com)"
185.191.171.11 - - [31/Aug/2026:12:45:08 -0400] "GET /js/wz_ka/ HTTP/1.1" 200 7254 "-" "Mozilla/5.0 (compatible; SemrushBot/7~bl; +http://www.semrush.com/bot.html)"
216.73.217.105 - - [31/Aug/2026:12:45:10 -0400] "GET /go/dgs0/images/5/w193.gif HTTP/2" 200 152 "-" "Mozilla/5.0 AppleWebKit/537.36 (KHTML, like Gecko; compatible; ClaudeBot/1.0; +claudebot@anthropic.com)"
216.73.217.105 - - [31/Aug/2026:12:45:15 -0400] "GET /pn/ko_pn.php?dir=%2Fhome%2Fkozerus%2Fpublic_html%2Fgo%2Fimgs%2Fbg HTTP/2" 429 0 "-" "Mozilla/5.0 AppleWebKit/537.36 (KHTML, like Gecko; compatible; ClaudeBot/1.0; +claudebot@anthropic.com)"
216.73.217.105 - - [31/Aug/2026:12:45:20 -0400] "GET /pn/ko_pn.php?dir=%2Fhome%2Fkozerus%2Fpublic_html%2Fmking%2Fmkingbooks HTTP/2" 200 168 "-" "Mozilla/5.0 AppleWebKit/537.36 (KHTML, like Gecko; compatible; ClaudeBot/1.0; +claudebot@anthropic.com)"
216.73.217.105 - - [31/Aug/2026:12:45:25 -0400] "GET /zm/apollo17/TileGroup3/7-40-3.jpg HTTP/2" 429 0 "-" "Mozilla/5.0 AppleWebKit/537.36 (KHTML, like Gecko; compatible; ClaudeBot/1.0; +claudebot@anthropic.com)"
216.73.217.105 - - [31/Aug/2026:12:45:30 -0400] "GET /go/dgs0/images/9/w127.gif HTTP/2" 200 296 "-" "Mozilla/5.0 AppleWebKit/537.36 (KHTML, like Gecko; compatible; ClaudeBot/1.0; +claudebot@anthropic.com)"
216.73.217.105 - - [31/Aug/2026:12:45:35 -0400] "GET /go/dgs0/images/25/dlg.gif HTTP/2" 429 0 "-" "Mozilla/5.0 AppleWebKit/537.36 (KHTML, like Gecko; compatible; ClaudeBot/1.0; +claudebot@anthropic.com)"
216.73.217.105 - - [31/Aug/2026:12:45:40 -0400] "GET /zm/apollo17/TileGroup2/7-77-0.jpg HTTP/2" 200 1651 "-" "Mozilla/5.0 AppleWebKit/537.36 (KHTML, like Gecko; compatible; ClaudeBot/1.0; +claudebot@anthropic.com)"
216.73.217.105 - - [31/Aug/2026:12:45:45 -0400] "GET /go/dgs0/images/50/drw.gif HTTP/2" 429 0 "-" "Mozilla/5.0 AppleWebKit/537.36 (KHTML, like Gecko; compatible; ClaudeBot/1.0; +claudebot@anthropic.com)"
216.73.217.105 - - [31/Aug/2026:12:45:50 -0400] "GET /pn/ko_pn.php?dir=%2Fhome%2Fkozerus%2Fpublic_html%2Fcropex%2Fnode%2Fnode_modules%2Fmicromark-factory-label%2Fdev HTTP/2" 200 3997 "-" "Mozilla/5.0 AppleWebKit/537.36 (KHTML, like Gecko; compatible; ClaudeBot/1.0; +claudebot@anthropic.com)"
216.73.217.105 - - [31/Aug/2026:12:45:55 -0400] "GET /pn/ko_pn.php?dir=%2Fhome%2Fkozerus%2Fpublic_html%2Fcropex%2Fnode%2Fnode_modules%2Fchownr%2FREADME.md HTTP/2" 429 0 "-" "Mozilla/5.0 AppleWebKit/537.36 (KHTML, like Gecko; compatible; ClaudeBot/1.0; +claudebot@anthropic.com)"
216.73.217.105 - - [31/Aug/2026:12:46:00 -0400] "GET /pn/ko_pn.php?dir=%2Fhome%2Fkozerus%2Fpublic_html%2Fpiwigo%2Finclude%2Fws_functions%2Fpwg.groups.php HTTP/2" 200 6388 "-" "Mozilla/5.0 AppleWebKit/537.36 (KHTML, like Gecko; compatible; ClaudeBot/1.0; +claudebot@anthropic.com)"
216.73.217.105 - - [31/Aug/2026:12:46:05 -0400] "GET /go/dgs0/images/21/lh.gif HTTP/2" 429 0 "-" "Mozilla/5.0 AppleWebKit/537.36 (KHTML, like Gecko; compatible; ClaudeBot/1.0; +claudebot@anthropic.com)"
216.73.217.105 - - [31/Aug/2026:12:46:10 -0400] "GET /pn/ko_pn.php?dir=%2Fhome%2Fkozerus%2Fpublic_html%2Fcropex%2Fnode%2Fnode_modules%2Fon-finished%2FHISTORY.md HTTP/2" 200 4541 "-" "Mozilla/5.0 AppleWebKit/537.36 (KHTML, like Gecko; compatible; ClaudeBot/1.0; +claudebot@anthropic.com)"
216.73.217.105 - - [31/Aug/2026:12:46:15 -0400] "GET /pn/ko_pn.php?dir=%2Fhome%2Fkozerus%2Fpublic_html%2Fcropex%2Fnode%2Fnode_modules%2Fmerge2%2Findex.js HTTP/2" 429 0 "-" "Mozilla/5.0 AppleWebKit/537.36 (KHTML, like Gecko; compatible; ClaudeBot/1.0; +claudebot@anthropic.com)"
216.73.217.105 - - [31/Aug/2026:12:46:20 -0400] "GET /pn/ko_pn.php?dir=%2Fhome%2Fkozerus%2Fpublic_html%2Fcropex%2Fnode%2Fnode_modules%2Feventemitter3%2Findex.js HTTP/2" 200 6287 "-" "Mozilla/5.0 AppleWebKit/537.36 (KHTML, like Gecko; compatible; ClaudeBot/1.0; +claudebot@anthropic.com)"
216.73.217.105 - - [31/Aug/2026:12:46:25 -0400] "GET /pdf/web/images/toolbarButton-sidebarToggle-rtl%402x.png HTTP/2" 429 0 "-" "Mozilla/5.0 AppleWebKit/537.36 (KHTML, like Gecko; compatible; ClaudeBot/1.0; +claudebot@anthropic.com)"
216.73.217.105 - - [31/Aug/2026:12:46:30 -0400] "GET /piwigo/themes/smartpocket/pem_metadata.txt HTTP/2" 200 111 "-" "Mozilla/5.0 AppleWebKit/537.36 (KHTML, like Gecko; compatible; ClaudeBot/1.0; +claudebot@anthropic.com)"
66.249.69.227 - - [31/Aug/2026:12:46:33 -0400] "GET /fb/kolog/pages/zn/zn_75.jpg HTTP/1.1" 404 1251 "-" "Googlebot-Image/1.0"
216.73.217.105 - - [31/Aug/2026:12:46:35 -0400] "GET /cropex/js/wz/wz_jtfdcr HTTP/2" 301 795 "-" "Mozilla/5.0 AppleWebKit/537.36 (KHTML, like Gecko; compatible; ClaudeBot/1.0; +claudebot@anthropic.com)"
216.73.217.105 - - [31/Aug/2026:12:46:35 -0400] "GET /cropex/js/wz/wz_jtfdcr/ HTTP/2" 429 0 "https://ko0.us/cropex/js/wz/wz_jtfdcr" "Mozilla/5.0 AppleWebKit/537.36 (KHTML, like Gecko; compatible; ClaudeBot/1.0; +claudebot@anthropic.com)"
216.73.217.105 - - [31/Aug/2026:12:46:40 -0400] "GET /ka/pdf/web/images/secondaryToolbarButton-rotateCcw@2x.png HTTP/2" 200 731 "-" "Mozilla/5.0 AppleWebKit/537.36 (KHTML, like Gecko; compatible; ClaudeBot/1.0; +claudebot@anthropic.com)"
216.73.217.105 - - [31/Aug/2026:12:46:45 -0400] "GET /pn/ko_pn.php?dir=%2Fhome%2Fkozerus%2Fpublic_html%2Fcropex%2Fnode%2Fnode_modules%2F%40babel%2Fruntime%2Fhelpers%2FclassPrivateGetter.js HTTP/2" 429 0 "-" "Mozilla/5.0 AppleWebKit/537.36 (KHTML, like Gecko; compatible; ClaudeBot/1.0; +claudebot@anthropic.com)"
216.73.217.105 - - [31/Aug/2026:12:46:50 -0400] "GET /pn/ko_pn.php?dir=%2Fhome%2Fkozerus%2Fpublic_html%2Fcropex%2Fnode%2Fnode_modules%2Fdrizzle-orm%2Fmysql-core%2Fcolumns%2Fbigint.d.ts HTTP/2" 200 4558 "-" "Mozilla/5.0 AppleWebKit/537.36 (KHTML, like Gecko; compatible; ClaudeBot/1.0; +claudebot@anthropic.com)"
216.73.217.105 - - [31/Aug/2026:12:46:55 -0400] "GET /pn/ko_pn.php?dir=%2Fhome%2Fkozerus%2Fpublic_html%2Fcropex%2Fnode%2Fnode_modules%2Fenhanced-resolve%2Flib%2FTsconfigPathsPlugin.js HTTP/2" 429 0 "-" "Mozilla/5.0 AppleWebKit/537.36 (KHTML, like Gecko; compatible; ClaudeBot/1.0; +claudebot@anthropic.com)"
216.73.217.105 - - [31/Aug/2026:12:47:00 -0400] "GET /ko_center/imgs/cab/dk29.png HTTP/2" 200 567608 "-" "Mozilla/5.0 AppleWebKit/537.36 (KHTML, like Gecko; compatible; ClaudeBot/1.0; +claudebot@anthropic.com)"
216.73.217.105 - - [31/Aug/2026:12:47:05 -0400] "GET /go/allaboutgo/sgf/32uDZKjES.sgf HTTP/2" 429 0 "-" "Mozilla/5.0 AppleWebKit/537.36 (KHTML, like Gecko; compatible; ClaudeBot/1.0; +claudebot@anthropic.com)"
216.73.217.105 - - [31/Aug/2026:12:47:10 -0400] "GET /pn/ko_pn.php?dir=%2Fhome%2Fkozerus%2Fpublic_html%2Fcropex%2Fnode%2Fnode_modules%2Flodash%2FisNaN.js HTTP/2" 200 4379 "-" "Mozilla/5.0 AppleWebKit/537.36 (KHTML, like Gecko; compatible; ClaudeBot/1.0; +claudebot@anthropic.com)"
216.73.217.105 - - [31/Aug/2026:12:47:15 -0400] "GET /pn/ko_pn.php?dir=%2Fhome%2Fkozerus%2Fpublic_html%2Fpn%2Fuize%2Fsite-source%2Fexamples%2Ffade-quantization-chart.html HTTP/2" 429 0 "-" "Mozilla/5.0 AppleWebKit/537.36 (KHTML, like Gecko; compatible; ClaudeBot/1.0; +claudebot@anthropic.com)"
216.73.217.105 - - [31/Aug/2026:12:47:20 -0400] "GET /pn/ko_pn.php?dir=%2Fhome%2Fkozerus%2Fpublic_html%2Fcropex%2Fnode%2Fnode_modules%2Frecharts%2Fes6%2Futil%2FisDomainSpecifiedByUser.js HTTP/2" 200 4424 "-" "Mozilla/5.0 AppleWebKit/537.36 (KHTML, like Gecko; compatible; ClaudeBot/1.0; +claudebot@anthropic.com)"
216.73.217.105 - - [31/Aug/2026:12:47:25 -0400] "GET /cropex/imgs/btn/eye2p.gif HTTP/2" 429 0 "-" "Mozilla/5.0 AppleWebKit/537.36 (KHTML, like Gecko; compatible; ClaudeBot/1.0; +claudebot@anthropic.com)"
185.191.171.16 - - [31/Aug/2026:12:45:50 -0400] "GET /index_vu_20200315_0800.html HTTP/1.1" 404 1251 "-" "Mozilla/5.0 (compatible; SemrushBot/7~bl; +http://www.semrush.com/bot.html)"
74.7.227.147 - - [31/Aug/2026:12:47:48 -0400] "GET /kb/books/jmh/cleveland/IMG_3707.JPG HTTP/2" 404 1251 "https://ko0.us/cleveland.htm" "Mozilla/5.0 AppleWebKit/537.36 (KHTML, like Gecko; compatible; GPTBot/1.4; +https://openai.com/gptbot)"
74.7.227.147 - - [31/Aug/2026:12:48:02 -0400] "GET /kb/books/jmh/cleveland/IMG_3738.JPG HTTP/2" 404 1251 "https://ko0.us/cleveland.htm" "Mozilla/5.0 AppleWebKit/537.36 (KHTML, like Gecko; compatible; GPTBot/1.4; +https://openai.com/gptbot)"
85.208.96.195 - - [31/Aug/2026:12:49:19 -0400] "GET /stl/chd/digital_pinball_necromomicon_japan.chd HTTP/1.1" 404 1251 "-" "Mozilla/5.0 (compatible; SemrushBot/7~bl; +http://www.semrush.com/bot.html)"
66.249.69.227 - - [31/Aug/2026:12:49:54 -0400] "GET /imgs/gif/ringsb.png HTTP/1.1" 404 1251 "-" "Googlebot-Image/1.0"
216.73.217.105 - - [31/Aug/2026:12:47:30 -0400] "GET /pn/ko_pn.php?dir=%2Fhome%2Fkozerus%2Fpublic_html%2Fcropex%2Fnode%2Fnode_modules%2Frecharts-scale%2Fumd%2FRechartsScale.js HTTP/2" 200 24566 "-" "Mozilla/5.0 AppleWebKit/537.36 (KHTML, like Gecko; compatible; ClaudeBot/1.0; +claudebot@anthropic.com)"
216.73.217.105 - - [31/Aug/2026:12:47:35 -0400] "GET /pn/ko_pn.php?dir=%2Fhome%2Fkozerus%2Fpublic_html%2Fcropex%2Fnode%2Fnode_modules%2Fcall-bind-apply-helpers%2FapplyBind.d.ts HTTP/2" 429 0 "-" "Mozilla/5.0 AppleWebKit/537.36 (KHTML, like Gecko; compatible; ClaudeBot/1.0; +claudebot@anthropic.com)"
216.73.217.105 - - [31/Aug/2026:12:47:40 -0400] "GET /pn/ko_pn.php?dir=%2Fhome%2Fkozerus%2Fpublic_html%2Fcropex%2Fnode%2Fnode_modules%2Fis-alphabetical HTTP/2" 200 4025 "-" "Mozilla/5.0 AppleWebKit/537.36 (KHTML, like Gecko; compatible; ClaudeBot/1.0; +claudebot@anthropic.com)"
66.249.69.229 - - [31/Aug/2026:12:48:09 -0400] "GET /bluebin.html HTTP/1.1" 200 334 "-" "Mozilla/5.0 (Linux; Android 6.0.1; Nexus 5X Build/MMB29P) AppleWebKit/537.36 (KHTML, like Gecko) Chrome/151.0.7922.173 Mobile Safari/537.36 (compatible; Googlebot/2.1; +http://www.google.com/bot.html)"
66.249.69.228 - - [31/Aug/2026:12:49:10 -0400] "GET /index_sl_best.html HTTP/1.1" 304 0 "-" "Mozilla/5.0 (Linux; Android 6.0.1; Nexus 5X Build/MMB29P) AppleWebKit/537.36 (KHTML, like Gecko) Chrome/151.0.7922.173 Mobile Safari/537.36 (compatible; Googlebot/2.1; +http://www.google.com/bot.html)"
74.7.227.147 - - [31/Aug/2026:12:49:27 -0400] "GET /kb/books/jmh/cleveland/IMG_3757.JPG HTTP/2" 404 1251 "https://ko0.us/cleveland.htm" "Mozilla/5.0 AppleWebKit/537.36 (KHTML, like Gecko; compatible; GPTBot/1.4; +https://openai.com/gptbot)"
66.249.69.227 - - [31/Aug/2026:12:49:35 -0400] "GET /snd3.html HTTP/1.1" 200 541 "-" "Mozilla/5.0 (Linux; Android 6.0.1; Nexus 5X Build/MMB29P) AppleWebKit/537.36 (KHTML, like Gecko) Chrome/151.0.7922.173 Mobile Safari/537.36 (compatible; Googlebot/2.1; +http://www.google.com/bot.html)"
74.7.227.147 - - [31/Aug/2026:12:49:41 -0400] "GET /kb/books/jmh/cleveland/IMG_3774.JPG HTTP/2" 404 1251 "https://ko0.us/cleveland.htm" "Mozilla/5.0 AppleWebKit/537.36 (KHTML, like Gecko; compatible; GPTBot/1.4; +https://openai.com/gptbot)"
74.7.227.147 - - [31/Aug/2026:12:49:55 -0400] "GET /kb/books/jmh/cleveland/IMG_3730.JPG HTTP/2" 404 1251 "https://ko0.us/cleveland.htm" "Mozilla/5.0 AppleWebKit/537.36 (KHTML, like Gecko; compatible; GPTBot/1.4; +https://openai.com/gptbot)"
85.208.96.208 - - [31/Aug/2026:12:50:08 -0400] "GET /index_new_htm.html HTTP/1.1" 200 180224 "-" "Mozilla/5.0 (compatible; SemrushBot/7~bl; +http://www.semrush.com/bot.html)"
74.7.227.147 - - [31/Aug/2026:12:50:10 -0400] "GET /kb/books/jmh/cleveland/IMG_3834.JPG HTTP/2" 404 1251 "https://ko0.us/cleveland.htm" "Mozilla/5.0 AppleWebKit/537.36 (KHTML, like Gecko; compatible; GPTBot/1.4; +https://openai.com/gptbot)"
216.73.217.43 - - [31/Aug/2026:12:50:17 -0400] "GET /konet/zm/komap/TileGroup0/4-8-8.jpg HTTP/2" 200 17648 "-" "Mozilla/5.0 AppleWebKit/537.36 (KHTML, like Gecko; compatible; ClaudeBot/1.0; +claudebot@anthropic.com)"
216.73.217.43 - - [31/Aug/2026:12:50:23 -0400] "GET /imgs/btn/img_northcapetrip_goeteborg.jpg HTTP/2" 200 45290 "-" "Mozilla/5.0 AppleWebKit/537.36 (KHTML, like Gecko; compatible; ClaudeBot/1.0; +claudebot@anthropic.com)"
216.73.217.43 - - [31/Aug/2026:12:50:27 -0400] "GET /zm/hrc2009stl/TileGroup2/5-28-12.jpg HTTP/2" 200 755 "-" "Mozilla/5.0 AppleWebKit/537.36 (KHTML, like Gecko; compatible; ClaudeBot/1.0; +claudebot@anthropic.com)"
216.73.217.43 - - [31/Aug/2026:12:50:32 -0400] "GET /konet/zm/komap/TileGroup0/4-4-10.jpg HTTP/2" 200 28531 "-" "Mozilla/5.0 AppleWebKit/537.36 (KHTML, like Gecko; compatible; ClaudeBot/1.0; +claudebot@anthropic.com)"
216.73.217.43 - - [31/Aug/2026:12:50:37 -0400] "GET /tl.php?db3=tl.db3&tbl=fb&tlid=%2Ffb%2Fcomics%2Fdc%2Fplasticman%2Fno001 HTTP/2" 200 13368 "-" "Mozilla/5.0 AppleWebKit/537.36 (KHTML, like Gecko; compatible; ClaudeBot/1.0; +claudebot@anthropic.com)"
216.73.217.43 - - [31/Aug/2026:12:50:42 -0400] "GET /konet/zm/komap/TileGroup0/4-15-9.jpg HTTP/2" 200 10665 "-" "Mozilla/5.0 AppleWebKit/537.36 (KHTML, like Gecko; compatible; ClaudeBot/1.0; +claudebot@anthropic.com)"
216.73.217.43 - - [31/Aug/2026:12:50:47 -0400] "GET /pn/ko_pn.php?dir=%2Fhome%2Fkozerus%2Fpublic_html%2Fdgs%2Fimages%2F50%2Fb163.gif HTTP/2" 200 3932 "-" "Mozilla/5.0 AppleWebKit/537.36 (KHTML, like Gecko; compatible; ClaudeBot/1.0; +claudebot@anthropic.com)"
216.73.217.43 - - [31/Aug/2026:12:50:52 -0400] "GET /stl/imgs/music_troggs_wild_thing.png HTTP/2" 200 196430 "-" "Mozilla/5.0 AppleWebKit/537.36 (KHTML, like Gecko; compatible; ClaudeBot/1.0; +claudebot@anthropic.com)"
216.73.217.43 - - [31/Aug/2026:12:50:57 -0400] "GET /pdf/web/viewer.html?file=%2Fbyrdbellvjk%2Fpdf%2Fjtfdc_byrd_20190516_0820.pdf HTTP/2" 200 3839 "-" "Mozilla/5.0 AppleWebKit/537.36 (KHTML, like Gecko; compatible; ClaudeBot/1.0; +claudebot@anthropic.com)"
216.73.217.43 - - [31/Aug/2026:12:51:02 -0400] "GET /pn/ko_pn.php?dir=%2Fhome%2Fkozerus%2Fpublic_html%2Fdgs%2Fimages%2F50%2Flj.gif HTTP/2" 200 3922 "-" "Mozilla/5.0 AppleWebKit/537.36 (KHTML, like Gecko; compatible; ClaudeBot/1.0; +claudebot@anthropic.com)"
185.191.171.6 - - [31/Aug/2026:12:51:05 -0400] "GET /fb/jtfdc/jtf28 HTTP/1.1" 404 1251 "-" "Mozilla/5.0 (compatible; SemrushBot/7~bl; +http://www.semrush.com/bot.html)"
216.73.217.43 - - [31/Aug/2026:12:51:07 -0400] "GET /pn/ko_pn.php?dir=%2Fhome%2Fkozerus%2Fpublic_html%2Fgo%2Fallaboutgo%2Fsgf%2F1fyzq9R3W.sgf HTTP/2" 200 4761 "-" "Mozilla/5.0 AppleWebKit/537.36 (KHTML, like Gecko; compatible; ClaudeBot/1.0; +claudebot@anthropic.com)"
66.249.69.228 - - [31/Aug/2026:12:51:10 -0400] "GET /fb/comics/dc/superman80/no004/pages/zn/zn_37.jpg HTTP/1.1" 404 1251 "-" "Googlebot-Image/1.0"
216.73.217.43 - - [31/Aug/2026:12:51:12 -0400] "GET /zc/imgs/categories/subcategory_grows_tents.jpg HTTP/2" 200 170361 "-" "Mozilla/5.0 AppleWebKit/537.36 (KHTML, like Gecko; compatible; ClaudeBot/1.0; +claudebot@anthropic.com)"
216.73.217.43 - - [31/Aug/2026:12:51:17 -0400] "GET /zm/hrc2009stl/TileGroup1/5-10-7.jpg HTTP/2" 200 22784 "-" "Mozilla/5.0 AppleWebKit/537.36 (KHTML, like Gecko; compatible; ClaudeBot/1.0; +claudebot@anthropic.com)"
216.73.217.43 - - [31/Aug/2026:12:51:22 -0400] "GET /pn/ko_pn.php?dir=%2Fhome%2Fkozerus%2Fpublic_html%2Fimgs%2Fbh%2Fbluehost_gridtext.jpg HTTP/2" 200 3913 "-" "Mozilla/5.0 AppleWebKit/537.36 (KHTML, like Gecko; compatible; ClaudeBot/1.0; +claudebot@anthropic.com)"
216.73.217.43 - - [31/Aug/2026:12:51:27 -0400] "GET /zm/hrc2009stl/TileGroup7/6-33-16.jpg HTTP/2" 200 11641 "-" "Mozilla/5.0 AppleWebKit/537.36 (KHTML, like Gecko; compatible; ClaudeBot/1.0; +claudebot@anthropic.com)"
216.73.217.43 - - [31/Aug/2026:12:51:32 -0400] "GET /pn/ko_pn.php?dir=%2Fhome%2Fkozerus%2Fpublic_html%2Fdgs%2Fimages%2F50%2Fw463.gif HTTP/2" 200 3933 "-" "Mozilla/5.0 AppleWebKit/537.36 (KHTML, like Gecko; compatible; ClaudeBot/1.0; +claudebot@anthropic.com)"
185.191.171.19 - - [31/Aug/2026:12:51:51 -0400] "GET /konet/ko_vi_bugs.html HTTP/1.1" 200 27804 "-" "Mozilla/5.0 (compatible; SemrushBot/7~bl; +http://www.semrush.com/bot.html)"
216.73.217.43 - - [31/Aug/2026:12:52:07 -0400] "GET /ko_center/zm5/hrc_cr04c17/TileGroup0/5-6-3.jpg HTTP/2" 200 13826 "-" "Mozilla/5.0 AppleWebKit/537.36 (KHTML, like Gecko; compatible; ClaudeBot/1.0; +claudebot@anthropic.com)"
216.73.217.43 - - [31/Aug/2026:12:52:12 -0400] "GET /ko_center/zm5/hrc_dr17d26/TileGroup1/5-17-13.jpg HTTP/2" 200 2110 "-" "Mozilla/5.0 AppleWebKit/537.36 (KHTML, like Gecko; compatible; ClaudeBot/1.0; +claudebot@anthropic.com)"
216.73.217.43 - - [31/Aug/2026:12:52:17 -0400] "GET /ko_center/zm5/hrc_cr11c45/TileGroup2/6-37-3.jpg HTTP/2" 200 1651 "-" "Mozilla/5.0 AppleWebKit/537.36 (KHTML, like Gecko; compatible; ClaudeBot/1.0; +claudebot@anthropic.com)"
216.73.217.43 - - [31/Aug/2026:12:52:22 -0400] "GET /ko_center/zm5/hrc_dr20d37/TileGroup4/6-43-10.jpg HTTP/2" 200 1651 "-" "Mozilla/5.0 AppleWebKit/537.36 (KHTML, like Gecko; compatible; ClaudeBot/1.0; +claudebot@anthropic.com)"
66.249.69.228 - - [31/Aug/2026:12:52:27 -0400] "GET /hide.html HTTP/1.1" 200 1342 "-" "Mozilla/5.0 (Linux; Android 6.0.1; Nexus 5X Build/MMB29P) AppleWebKit/537.36 (KHTML, like Gecko) Chrome/151.0.7922.173 Mobile Safari/537.36 (compatible; Googlebot/2.1; +http://www.google.com/bot.html)"
216.73.217.43 - - [31/Aug/2026:12:52:27 -0400] "GET /ko_center/zm5/hrc_cr08c34/TileGroup3/6-2-8.jpg HTTP/2" 200 1651 "-" "Mozilla/5.0 AppleWebKit/537.36 (KHTML, like Gecko; compatible; ClaudeBot/1.0; +claudebot@anthropic.com)"
216.73.217.43 - - [31/Aug/2026:12:52:32 -0400] "GET /ko_center/zm5/hrc_dr15d17/TileGroup7/6-38-27.jpg HTTP/2" 200 2676 "-" "Mozilla/5.0 AppleWebKit/537.36 (KHTML, like Gecko; compatible; ClaudeBot/1.0; +claudebot@anthropic.com)"
216.73.217.43 - - [31/Aug/2026:12:52:37 -0400] "GET /ko_center/zm5/hrc_dr19d34/TileGroup5/6-43-19.jpg HTTP/2" 200 7890 "-" "Mozilla/5.0 AppleWebKit/537.36 (KHTML, like Gecko; compatible; ClaudeBot/1.0; +claudebot@anthropic.com)"
216.73.217.43 - - [31/Aug/2026:12:52:42 -0400] "GET /ko_center/zm5/hrc_dr19d34/TileGroup4/6-23-13.jpg HTTP/2" 200 17446 "-" "Mozilla/5.0 AppleWebKit/537.36 (KHTML, like Gecko; compatible; ClaudeBot/1.0; +claudebot@anthropic.com)"
216.73.217.43 - - [31/Aug/2026:12:52:47 -0400] "GET /ko_center/zm5/hrc_cr04c17/TileGroup0/4-0-0.jpg HTTP/2" 200 2729 "-" "Mozilla/5.0 AppleWebKit/537.36 (KHTML, like Gecko; compatible; ClaudeBot/1.0; +claudebot@anthropic.com)"
216.73.217.43 - - [31/Aug/2026:12:52:52 -0400] "GET /ko_center/zm5/hrc_cr04c17/TileGroup3/6-35-9.jpg HTTP/2" 429 0 "-" "Mozilla/5.0 AppleWebKit/537.36 (KHTML, like Gecko; compatible; ClaudeBot/1.0; +claudebot@anthropic.com)"
216.73.217.43 - - [31/Aug/2026:12:52:57 -0400] "GET /ko_center/zm5/hrc_dr20d37/TileGroup4/6-13-14.jpg HTTP/2" 200 1651 "-" "Mozilla/5.0 AppleWebKit/537.36 (KHTML, like Gecko; compatible; ClaudeBot/1.0; +claudebot@anthropic.com)"
216.73.217.43 - - [31/Aug/2026:12:53:02 -0400] "GET /ko_center/zm5/hrc_cr01c00/TileGroup2/6-13-1.jpg HTTP/2" 429 0 "-" "Mozilla/5.0 AppleWebKit/537.36 (KHTML, like Gecko; compatible; ClaudeBot/1.0; +claudebot@anthropic.com)"
216.73.217.43 - - [31/Aug/2026:12:53:07 -0400] "GET /ko_center/zm5/hrc_dr20d37/TileGroup4/6-14-13.jpg HTTP/2" 200 7116 "-" "Mozilla/5.0 AppleWebKit/537.36 (KHTML, like Gecko; compatible; ClaudeBot/1.0; +claudebot@anthropic.com)"
216.73.217.43 - - [31/Aug/2026:12:53:12 -0400] "GET /ko_center/zm5/hrc_dr15d17/TileGroup7/6-16-27.jpg HTTP/2" 429 0 "-" "Mozilla/5.0 AppleWebKit/537.36 (KHTML, like Gecko; compatible; ClaudeBot/1.0; +claudebot@anthropic.com)"
216.73.217.43 - - [31/Aug/2026:12:53:17 -0400] "GET /ko_center/zm5/hrc_cr01c00/TileGroup3/6-36-5.jpg HTTP/2" 200 2796 "-" "Mozilla/5.0 AppleWebKit/537.36 (KHTML, like Gecko; compatible; ClaudeBot/1.0; +claudebot@anthropic.com)"
74.7.227.147 - - [31/Aug/2026:12:50:52 -0400] "GET /kb/books/jmh/cleveland/IMG_3753.JPG HTTP/2" 404 1251 "https://ko0.us/cleveland.htm" "Mozilla/5.0 AppleWebKit/537.36 (KHTML, like Gecko; compatible; GPTBot/1.4; +https://openai.com/gptbot)"
66.249.69.227 - - [31/Aug/2026:12:51:01 -0400] "GET /ko_cheatsheets.html HTTP/1.1" 200 549495 "-" "Mozilla/5.0 (Linux; Android 6.0.1; Nexus 5X Build/MMB29P) AppleWebKit/537.36 (KHTML, like Gecko) Chrome/151.0.7922.173 Mobile Safari/537.36 (compatible; Googlebot/2.1; +http://www.google.com/bot.html)"
85.208.96.201 - - [31/Aug/2026:12:51:03 -0400] "GET /%7B%7B%20url_for('my_form')%20%7D%7D HTTP/1.1" 404 1251 "-" "Mozilla/5.0 (compatible; SemrushBot/7~bl; +http://www.semrush.com/bot.html)"
74.7.227.147 - - [31/Aug/2026:12:51:35 -0400] "GET /kb/books/jmh/cleveland/IMG_3775.JPG HTTP/2" 404 1251 "https://ko0.us/cleveland.htm" "Mozilla/5.0 AppleWebKit/537.36 (KHTML, like Gecko; compatible; GPTBot/1.4; +https://openai.com/gptbot)"
74.7.227.147 - - [31/Aug/2026:12:51:49 -0400] "GET /kb/books/jmh/cleveland/IMG_3767.JPG HTTP/2" 404 1251 "https://ko0.us/cleveland.htm" "Mozilla/5.0 AppleWebKit/537.36 (KHTML, like Gecko; compatible; GPTBot/1.4; +https://openai.com/gptbot)"
74.7.227.147 - - [31/Aug/2026:12:52:03 -0400] "GET /kb/books/jmh/cleveland/IMG_3755.JPG HTTP/2" 404 1251 "https://ko0.us/cleveland.htm" "Mozilla/5.0 AppleWebKit/537.36 (KHTML, like Gecko; compatible; GPTBot/1.4; +https://openai.com/gptbot)"
74.7.227.147 - - [31/Aug/2026:12:52:17 -0400] "GET /kb/books/jmh/cleveland/IMG_3823.JPG HTTP/2" 404 1251 "https://ko0.us/cleveland.htm" "Mozilla/5.0 AppleWebKit/537.36 (KHTML, like Gecko; compatible; GPTBot/1.4; +https://openai.com/gptbot)"
74.7.227.147 - - [31/Aug/2026:12:52:31 -0400] "GET /kb/books/jmh/cleveland/IMG_3743.JPG HTTP/2" 404 1251 "https://ko0.us/cleveland.htm" "Mozilla/5.0 AppleWebKit/537.36 (KHTML, like Gecko; compatible; GPTBot/1.4; +https://openai.com/gptbot)"
74.7.227.147 - - [31/Aug/2026:12:52:45 -0400] "GET /kb/books/jmh/cleveland/IMG_3723.JPG HTTP/2" 404 1251 "https://ko0.us/cleveland.htm" "Mozilla/5.0 AppleWebKit/537.36 (KHTML, like Gecko; compatible; GPTBot/1.4; +https://openai.com/gptbot)"
185.191.171.19 - - [31/Aug/2026:12:52:59 -0400] "GET /svc/jqgrid/toolbar.html HTTP/1.1" 404 1251 "-" "Mozilla/5.0 (compatible; SemrushBot/7~bl; +http://www.semrush.com/bot.html)"
74.7.227.147 - - [31/Aug/2026:12:52:59 -0400] "GET /kb/books/jmh/cleveland/IMG_3811.JPG HTTP/2" 404 1251 "https://ko0.us/cleveland.htm" "Mozilla/5.0 AppleWebKit/537.36 (KHTML, like Gecko; compatible; GPTBot/1.4; +https://openai.com/gptbot)"
74.7.227.147 - - [31/Aug/2026:12:53:14 -0400] "GET /kb/books/jmh/cleveland/IMG_3772.JPG HTTP/2" 404 1251 "https://ko0.us/cleveland.htm" "Mozilla/5.0 AppleWebKit/537.36 (KHTML, like Gecko; compatible; GPTBot/1.4; +https://openai.com/gptbot)"
85.208.96.204 - - [31/Aug/2026:12:53:15 -0400] "GET /mobmin_20211013_1130.html HTTP/1.1" 404 1251 "-" "Mozilla/5.0 (compatible; SemrushBot/7~bl; +http://www.semrush.com/bot.html)"
74.7.227.147 - - [31/Aug/2026:12:53:28 -0400] "GET /kb/books/jmh/cleveland/IMG_3839.JPG HTTP/2" 404 1251 "https://ko0.us/cleveland.htm" "Mozilla/5.0 AppleWebKit/537.36 (KHTML, like Gecko; compatible; GPTBot/1.4; +https://openai.com/gptbot)"
66.249.69.227 - - [31/Aug/2026:12:53:54 -0400] "GET /zmtl.html HTTP/1.1" 200 432251 "-" "Mozilla/5.0 (Linux; Android 6.0.1; Nexus 5X Build/MMB29P) AppleWebKit/537.36 (KHTML, like Gecko) Chrome/151.0.7922.173 Mobile Safari/537.36 (compatible; Googlebot/2.1; +http://www.google.com/bot.html)"
74.7.227.147 - - [31/Aug/2026:12:53:56 -0400] "GET /kb/books/jmh/cleveland/IMG_3727.JPG HTTP/2" 404 1251 "https://ko0.us/cleveland.htm" "Mozilla/5.0 AppleWebKit/537.36 (KHTML, like Gecko; compatible; GPTBot/1.4; +https://openai.com/gptbot)"
66.249.69.227 - - [31/Aug/2026:12:54:04 -0400] "GET /fb/law/jkwiiv_byrdbell/zm/donutvanlaw_takings//ImageProperties.xml HTTP/1.1" 404 1251 "https://ko0.us/zmtl.html" "Mozilla/5.0 (Linux; Android 6.0.1; Nexus 5X Build/MMB29P) AppleWebKit/537.36 (KHTML, like Gecko) Chrome/151.0.7922.173 Mobile Safari/537.36 (compatible; Googlebot/2.1; +http://www.google.com/bot.html)"
216.73.217.43 - - [31/Aug/2026:12:54:08 -0400] "GET /ko_center/zm5/hrc_cr01c00/TileGroup3/6-44-7.jpg HTTP/2" 200 1651 "-" "Mozilla/5.0 AppleWebKit/537.36 (KHTML, like Gecko; compatible; ClaudeBot/1.0; +claudebot@anthropic.com)"
74.7.227.147 - - [31/Aug/2026:12:54:10 -0400] "GET /kb/books/jmh/cleveland/IMG_3773.JPG HTTP/2" 404 1251 "https://ko0.us/cleveland.htm" "Mozilla/5.0 AppleWebKit/537.36 (KHTML, like Gecko; compatible; GPTBot/1.4; +https://openai.com/gptbot)"
216.73.217.43 - - [31/Aug/2026:12:54:12 -0400] "GET /ko_center/zm5/hrc_cr11c45/TileGroup2/6-44-4.jpg HTTP/2" 429 0 "-" "Mozilla/5.0 AppleWebKit/537.36 (KHTML, like Gecko; compatible; ClaudeBot/1.0; +claudebot@anthropic.com)"
216.73.217.43 - - [31/Aug/2026:12:54:17 -0400] "GET /ko_center/zm5/hrc_cr01c00/TileGroup3/6-41-6.jpg HTTP/2" 200 1651 "-" "Mozilla/5.0 AppleWebKit/537.36 (KHTML, like Gecko; compatible; ClaudeBot/1.0; +claudebot@anthropic.com)"
216.73.217.43 - - [31/Aug/2026:12:54:22 -0400] "GET /ko_center/zm5/hrc_dr13d09/TileGroup6/6-21-21.jpg HTTP/2" 429 0 "-" "Mozilla/5.0 AppleWebKit/537.36 (KHTML, like Gecko; compatible; ClaudeBot/1.0; +claudebot@anthropic.com)"
216.73.217.43 - - [31/Aug/2026:12:54:27 -0400] "GET /ko_center/zm5/hrc_dr14d12/TileGroup4/6-32-14.jpg HTTP/2" 200 6785 "-" "Mozilla/5.0 AppleWebKit/537.36 (KHTML, like Gecko; compatible; ClaudeBot/1.0; +claudebot@anthropic.com)"
216.73.217.43 - - [31/Aug/2026:12:54:32 -0400] "GET /ko_center/zm5/hrc_dr15d17/TileGroup7/6-25-27.jpg HTTP/2" 200 1651 "-" "Mozilla/5.0 AppleWebKit/537.36 (KHTML, like Gecko; compatible; ClaudeBot/1.0; +claudebot@anthropic.com)"
216.73.217.43 - - [31/Aug/2026:12:54:37 -0400] "GET /ko_center/zm5/hrc_dr18d29/TileGroup6/6-42-23.jpg HTTP/2" 429 0 "-" "Mozilla/5.0 AppleWebKit/537.36 (KHTML, like Gecko; compatible; ClaudeBot/1.0; +claudebot@anthropic.com)"
74.7.227.147 - - [31/Aug/2026:12:54:39 -0400] "GET /kb/books/jmh/cleveland/IMG_3717.JPG HTTP/2" 404 1251 "https://ko0.us/cleveland.htm" "Mozilla/5.0 AppleWebKit/537.36 (KHTML, like Gecko; compatible; GPTBot/1.4; +https://openai.com/gptbot)"
216.73.217.43 - - [31/Aug/2026:12:54:42 -0400] "GET /ko_center/zm5/hrc_dr15d17/TileGroup6/6-22-23.jpg HTTP/2" 200 1651 "-" "Mozilla/5.0 AppleWebKit/537.36 (KHTML, like Gecko; compatible; ClaudeBot/1.0; +claudebot@anthropic.com)"
216.73.217.43 - - [31/Aug/2026:12:54:47 -0400] "GET /ko_center/zm5/hrc_dr21d42/TileGroup4/6-24-14.jpg HTTP/2" 429 0 "-" "Mozilla/5.0 AppleWebKit/537.36 (KHTML, like Gecko; compatible; ClaudeBot/1.0; +claudebot@anthropic.com)"
216.73.217.43 - - [31/Aug/2026:12:54:52 -0400] "GET /ko_center/zm5/hrc_dr17d26/TileGroup1/5-21-6.jpg HTTP/2" 200 4655 "-" "Mozilla/5.0 AppleWebKit/537.36 (KHTML, like Gecko; compatible; ClaudeBot/1.0; +claudebot@anthropic.com)"
216.73.217.43 - - [31/Aug/2026:12:54:57 -0400] "GET /ko_center/zm5/hrc_cr05c20/TileGroup7/6-2-27.jpg HTTP/2" 429 0 "-" "Mozilla/5.0 AppleWebKit/537.36 (KHTML, like Gecko; compatible; ClaudeBot/1.0; +claudebot@anthropic.com)"
216.73.217.43 - - [31/Aug/2026:12:55:02 -0400] "GET /ko_center/zm5/hrc_cr03c12/TileGroup0/5-18-3.jpg HTTP/2" 200 1651 "-" "Mozilla/5.0 AppleWebKit/537.36 (KHTML, like Gecko; compatible; ClaudeBot/1.0; +claudebot@anthropic.com)"
216.73.217.43 - - [31/Aug/2026:12:55:07 -0400] "GET /ko_center/zm5/hrc_cr07c29/TileGroup7/6-32-29.jpg HTTP/2" 429 0 "-" "Mozilla/5.0 AppleWebKit/537.36 (KHTML, like Gecko; compatible; ClaudeBot/1.0; +claudebot@anthropic.com)"
216.73.217.43 - - [31/Aug/2026:12:55:12 -0400] "GET /ko_center/zm5/hrc_dr17d26/TileGroup4/6-46-15.jpg HTTP/2" 200 1651 "-" "Mozilla/5.0 AppleWebKit/537.36 (KHTML, like Gecko; compatible; ClaudeBot/1.0; +claudebot@anthropic.com)"
66.249.69.229 - - [31/Aug/2026:12:45:05 -0400] "GET /vu.htm HTTP/1.1" 200 1086194 "-" "Mozilla/5.0 (Linux; Android 6.0.1; Nexus 5X Build/MMB29P) AppleWebKit/537.36 (KHTML, like Gecko) Chrome/151.0.7922.173 Mobile Safari/537.36 (compatible; Googlebot/2.1; +http://www.google.com/bot.html)"
74.7.227.147 - - [31/Aug/2026:12:45:26 -0400] "GET /kb/books/jmh/cleveland/IMG_3737.JPG HTTP/2" 404 1251 "https://ko0.us/cleveland.htm" "Mozilla/5.0 AppleWebKit/537.36 (KHTML, like Gecko; compatible; GPTBot/1.4; +https://openai.com/gptbot)"
85.208.96.201 - - [31/Aug/2026:12:45:37 -0400] "GET /fs/fcute/scan.php HTTP/1.1" 404 1251 "-" "Mozilla/5.0 (compatible; SemrushBot/7~bl; +http://www.semrush.com/bot.html)"
74.7.227.147 - - [31/Aug/2026:12:45:41 -0400] "GET /kb/books/jmh/cleveland/IMG_3838.JPG HTTP/2" 404 1251 "https://ko0.us/cleveland.htm" "Mozilla/5.0 AppleWebKit/537.36 (KHTML, like Gecko; compatible; GPTBot/1.4; +https://openai.com/gptbot)"
74.7.227.147 - - [31/Aug/2026:12:46:23 -0400] "GET /kb/books/jmh/cleveland/IMG_3831.JPG HTTP/2" 404 1251 "https://ko0.us/cleveland.htm" "Mozilla/5.0 AppleWebKit/537.36 (KHTML, like Gecko; compatible; GPTBot/1.4; +https://openai.com/gptbot)"
185.191.171.16 - - [31/Aug/2026:12:47:49 -0400] "GET /index_sailboat_sounds.html HTTP/1.1" 404 1251 "-" "Mozilla/5.0 (compatible; SemrushBot/7~bl; +http://www.semrush.com/bot.html)"
216.73.217.43 - - [31/Aug/2026:12:55:17 -0400] "GET /ko_center/imgs/btn/canstock4261737.jpg HTTP/2" 429 0 "-" "Mozilla/5.0 AppleWebKit/537.36 (KHTML, like Gecko; compatible; ClaudeBot/1.0; +claudebot@anthropic.com)"
74.7.227.147 - - [31/Aug/2026:12:55:21 -0400] "GET /kb/books/jmh/cleveland/IMG_3766.JPG HTTP/2" 404 1251 "https://ko0.us/cleveland.htm" "Mozilla/5.0 AppleWebKit/537.36 (KHTML, like Gecko; compatible; GPTBot/1.4; +https://openai.com/gptbot)"
216.73.217.43 - - [31/Aug/2026:12:55:22 -0400] "GET /ko_center/zm5/hrc_dr19d34/TileGroup4/6-38-11.jpg HTTP/2" 200 4741 "-" "Mozilla/5.0 AppleWebKit/537.36 (KHTML, like Gecko; compatible; ClaudeBot/1.0; +claudebot@anthropic.com)"
216.73.217.43 - - [31/Aug/2026:12:55:27 -0400] "GET /ko_center/zm5/hrc_dr15d17/TileGroup3/6-42-8.jpg HTTP/2" 429 0 "-" "Mozilla/5.0 AppleWebKit/537.36 (KHTML, like Gecko; compatible; ClaudeBot/1.0; +claudebot@anthropic.com)"
216.73.217.43 - - [31/Aug/2026:12:55:32 -0400] "GET /ko_center/zm5/hrc_dr21d42/TileGroup4/6-23-15.jpg HTTP/2" 200 9030 "-" "Mozilla/5.0 AppleWebKit/537.36 (KHTML, like Gecko; compatible; ClaudeBot/1.0; +claudebot@anthropic.com)"
74.7.227.147 - - [31/Aug/2026:12:55:35 -0400] "GET /kb/books/jmh/cleveland/IMG_3818.JPG HTTP/2" 404 1251 "https://ko0.us/cleveland.htm" "Mozilla/5.0 AppleWebKit/537.36 (KHTML, like Gecko; compatible; GPTBot/1.4; +https://openai.com/gptbot)"
216.73.217.43 - - [31/Aug/2026:12:55:37 -0400] "GET /ko_center/zm5/hrc_dr15d17/TileGroup6/6-19-22.jpg HTTP/2" 429 0 "-" "Mozilla/5.0 AppleWebKit/537.36 (KHTML, like Gecko; compatible; ClaudeBot/1.0; +claudebot@anthropic.com)"
216.73.217.43 - - [31/Aug/2026:12:55:42 -0400] "GET /ko_center/zm5/hrc_cr07c29/TileGroup7/6-46-29.jpg HTTP/2" 200 1651 "-" "Mozilla/5.0 AppleWebKit/537.36 (KHTML, like Gecko; compatible; ClaudeBot/1.0; +claudebot@anthropic.com)"
216.73.217.43 - - [31/Aug/2026:12:55:47 -0400] "GET /ko_center/zm5/hrc_cr11c45/TileGroup3/6-38-9.jpg HTTP/2" 429 0 "-" "Mozilla/5.0 AppleWebKit/537.36 (KHTML, like Gecko; compatible; ClaudeBot/1.0; +claudebot@anthropic.com)"
74.7.227.147 - - [31/Aug/2026:12:55:49 -0400] "GET /kb/books/jmh/cleveland/IMG_3776.JPG HTTP/2" 404 1251 "https://ko0.us/cleveland.htm" "Mozilla/5.0 AppleWebKit/537.36 (KHTML, like Gecko; compatible; GPTBot/1.4; +https://openai.com/gptbot)"
216.73.217.43 - - [31/Aug/2026:12:55:52 -0400] "GET /ko_center/zm5/hrc_cr03c12/TileGroup3/6-19-7.jpg HTTP/2" 200 8314 "-" "Mozilla/5.0 AppleWebKit/537.36 (KHTML, like Gecko; compatible; ClaudeBot/1.0; +claudebot@anthropic.com)"
66.249.69.228 - - [31/Aug/2026:12:55:57 -0400] "GET /ko_jukebox_best.html HTTP/1.1" 200 23058 "-" "Mozilla/5.0 (Linux; Android 6.0.1; Nexus 5X Build/MMB29P) AppleWebKit/537.36 (KHTML, like Gecko) Chrome/151.0.7922.173 Mobile Safari/537.36 (compatible; Googlebot/2.1; +http://www.google.com/bot.html)"
216.73.217.43 - - [31/Aug/2026:12:55:57 -0400] "GET /ko_center/zm5/hrc_cr03c12/TileGroup6/6-9-22.jpg HTTP/2" 429 0 "-" "Mozilla/5.0 AppleWebKit/537.36 (KHTML, like Gecko; compatible; ClaudeBot/1.0; +claudebot@anthropic.com)"
216.73.217.43 - - [31/Aug/2026:12:56:02 -0400] "GET /ko_center/zm5/hrc_cr05c20/TileGroup7/6-4-30.jpg HTTP/2" 200 1365 "-" "Mozilla/5.0 AppleWebKit/537.36 (KHTML, like Gecko; compatible; ClaudeBot/1.0; +claudebot@anthropic.com)"
74.7.227.147 - - [31/Aug/2026:12:56:03 -0400] "GET /kb/books/jmh/cleveland/IMG_3808.JPG HTTP/2" 404 1251 "https://ko0.us/cleveland.htm" "Mozilla/5.0 AppleWebKit/537.36 (KHTML, like Gecko; compatible; GPTBot/1.4; +https://openai.com/gptbot)"
85.208.96.204 - - [31/Aug/2026:12:56:06 -0400] "GET /index_vu_20200302_1900.html HTTP/1.1" 404 1251 "-" "Mozilla/5.0 (compatible; SemrushBot/7~bl; +http://www.semrush.com/bot.html)"
216.73.217.43 - - [31/Aug/2026:12:56:07 -0400] "GET /ko_center/zm5/hrc_cr03c12/TileGroup3/6-43-9.jpg HTTP/2" 429 0 "-" "Mozilla/5.0 AppleWebKit/537.36 (KHTML, like Gecko; compatible; ClaudeBot/1.0; +claudebot@anthropic.com)"
216.73.217.43 - - [31/Aug/2026:12:56:12 -0400] "GET /ko_center/zm5/hrc_cr03c12/TileGroup0/5-21-3.jpg HTTP/2" 200 1651 "-" "Mozilla/5.0 AppleWebKit/537.36 (KHTML, like Gecko; compatible; ClaudeBot/1.0; +claudebot@anthropic.com)"
216.73.217.43 - - [31/Aug/2026:12:56:17 -0400] "GET /ko_center/zm5/hrc_cr03c12/TileGroup3/6-33-8.jpg HTTP/2" 429 0 "-" "Mozilla/5.0 AppleWebKit/537.36 (KHTML, like Gecko; compatible; ClaudeBot/1.0; +claudebot@anthropic.com)"
74.7.227.147 - - [31/Aug/2026:12:56:18 -0400] "GET /kb/books/jmh/cleveland/IMG_3732.JPG HTTP/2" 404 1251 "https://ko0.us/cleveland.htm" "Mozilla/5.0 AppleWebKit/537.36 (KHTML, like Gecko; compatible; GPTBot/1.4; +https://openai.com/gptbot)"
216.73.217.43 - - [31/Aug/2026:12:56:22 -0400] "GET /ko_center/zm5/hrc_cr03c12/TileGroup3/6-23-7.jpg HTTP/2" 200 2338 "-" "Mozilla/5.0 AppleWebKit/537.36 (KHTML, like Gecko; compatible; ClaudeBot/1.0; +claudebot@anthropic.com)"
216.73.217.43 - - [31/Aug/2026:12:56:27 -0400] "GET /ko_center/zm5/hrc_cr01c00/TileGroup7/6-46-30.jpg HTTP/2" 429 0 "-" "Mozilla/5.0 AppleWebKit/537.36 (KHTML, like Gecko; compatible; ClaudeBot/1.0; +claudebot@anthropic.com)"
74.7.227.147 - - [31/Aug/2026:12:56:32 -0400] "GET /kb/books/jmh/cleveland/IMG_3713.JPG HTTP/2" 404 1251 "https://ko0.us/cleveland.htm" "Mozilla/5.0 AppleWebKit/537.36 (KHTML, like Gecko; compatible; GPTBot/1.4; +https://openai.com/gptbot)"
216.73.217.43 - - [31/Aug/2026:12:56:32 -0400] "GET /ko_center/zm5/hrc_cr03c12/TileGroup0/4-11-7.jpg HTTP/2" 200 4087 "-" "Mozilla/5.0 AppleWebKit/537.36 (KHTML, like Gecko; compatible; ClaudeBot/1.0; +claudebot@anthropic.com)"
216.73.217.43 - - [31/Aug/2026:12:56:37 -0400] "GET /ko_center/zm5/hrc_dr15d17/TileGroup6/6-26-23.jpg HTTP/2" 429 0 "-" "Mozilla/5.0 AppleWebKit/537.36 (KHTML, like Gecko; compatible; ClaudeBot/1.0; +claudebot@anthropic.com)"
216.73.217.43 - - [31/Aug/2026:12:56:42 -0400] "GET /ko_center/zm5/hrc_cr11c45/TileGroup0/4-8-1.jpg HTTP/2" 200 7609 "-" "Mozilla/5.0 AppleWebKit/537.36 (KHTML, like Gecko; compatible; ClaudeBot/1.0; +claudebot@anthropic.com)"
74.7.227.147 - - [31/Aug/2026:12:56:46 -0400] "GET /kb/books/jmh/cleveland/IMG_3734.JPG HTTP/2" 404 1251 "https://ko0.us/cleveland.htm" "Mozilla/5.0 AppleWebKit/537.36 (KHTML, like Gecko; compatible; GPTBot/1.4; +https://openai.com/gptbot)"
216.73.217.43 - - [31/Aug/2026:12:56:47 -0400] "GET /ko_center/zm5/hrc_cr03c12/TileGroup3/6-15-9.jpg HTTP/2" 429 0 "-" "Mozilla/5.0 AppleWebKit/537.36 (KHTML, like Gecko; compatible; ClaudeBot/1.0; +claudebot@anthropic.com)"
216.73.217.43 - - [31/Aug/2026:12:56:52 -0400] "GET /ko_center/zm5/hrc_cr03c12/TileGroup3/6-24-7.jpg HTTP/2" 200 1651 "-" "Mozilla/5.0 AppleWebKit/537.36 (KHTML, like Gecko; compatible; ClaudeBot/1.0; +claudebot@anthropic.com)"
216.73.217.43 - - [31/Aug/2026:12:56:57 -0400] "GET /ko_center/zm5/hrc_cr11c45/TileGroup3/6-4-6.jpg HTTP/2" 429 0 "-" "Mozilla/5.0 AppleWebKit/537.36 (KHTML, like Gecko; compatible; ClaudeBot/1.0; +claudebot@anthropic.com)"
216.73.217.43 - - [31/Aug/2026:12:57:02 -0400] "GET /ko_center/zm5/hrc_cr11c45/TileGroup0/5-3-1.jpg HTTP/2" 200 1651 "-" "Mozilla/5.0 AppleWebKit/537.36 (KHTML, like Gecko; compatible; ClaudeBot/1.0; +claudebot@anthropic.com)"
216.73.217.43 - - [31/Aug/2026:12:57:07 -0400] "GET /ko_center/zm5/hrc_dr17d26/TileGroup4/6-14-11.jpg HTTP/2" 429 0 "-" "Mozilla/5.0 AppleWebKit/537.36 (KHTML, like Gecko; compatible; ClaudeBot/1.0; +claudebot@anthropic.com)"
216.73.217.43 - - [31/Aug/2026:12:57:12 -0400] "GET /ko_center/zm5/hrc_cr01c00/TileGroup7/6-30-28.jpg HTTP/2" 200 1651 "-" "Mozilla/5.0 AppleWebKit/537.36 (KHTML, like Gecko; compatible; ClaudeBot/1.0; +claudebot@anthropic.com)"
74.7.227.147 - - [31/Aug/2026:12:57:14 -0400] "GET /kb/books/jmh/cleveland/IMG_3778.JPG HTTP/2" 404 1251 "https://ko0.us/cleveland.htm" "Mozilla/5.0 AppleWebKit/537.36 (KHTML, like Gecko; compatible; GPTBot/1.4; +https://openai.com/gptbot)"
216.73.217.43 - - [31/Aug/2026:12:51:37 -0400] "GET /pn/ko_pn.php?dir=%2Fhome%2Fkozerus%2Fpublic_html%2Fbirds%2Fimgs%2FIMG_6768.JPG HTTP/2" 200 3908 "-" "Mozilla/5.0 AppleWebKit/537.36 (KHTML, like Gecko; compatible; ClaudeBot/1.0; +claudebot@anthropic.com)"
216.73.217.43 - - [31/Aug/2026:12:51:42 -0400] "GET /zm/hrc2009stl/TileGroup5/6-6-7.jpg HTTP/2" 200 3811 "-" "Mozilla/5.0 AppleWebKit/537.36 (KHTML, like Gecko; compatible; ClaudeBot/1.0; +claudebot@anthropic.com)"
216.73.217.43 - - [31/Aug/2026:12:51:47 -0400] "GET /pn/ko_pn.php?dir=%2Fhome%2Fkozerus%2Fpublic_html%2Fdgs%2Fimages%2F5%2Fw435.gif HTTP/2" 200 3935 "-" "Mozilla/5.0 AppleWebKit/537.36 (KHTML, like Gecko; compatible; ClaudeBot/1.0; +claudebot@anthropic.com)"
216.73.217.43 - - [31/Aug/2026:12:51:52 -0400] "GET /ko_center/zm5/hrc_dr13d09/TileGroup0/2-2-0.jpg HTTP/2" 200 13932 "-" "Mozilla/5.0 AppleWebKit/537.36 (KHTML, like Gecko; compatible; ClaudeBot/1.0; +claudebot@anthropic.com)"
216.73.217.43 - - [31/Aug/2026:12:51:57 -0400] "GET /ko_center/zm5/hrc_d/TileGroup0/4-5-5.jpg HTTP/2" 200 1651 "-" "Mozilla/5.0 AppleWebKit/537.36 (KHTML, like Gecko; compatible; ClaudeBot/1.0; +claudebot@anthropic.com)"
216.73.217.43 - - [31/Aug/2026:12:52:02 -0400] "GET /zm/hrc2009stl/TileGroup7/6-52-19.jpg HTTP/2" 200 1651 "-" "Mozilla/5.0 AppleWebKit/537.36 (KHTML, like Gecko; compatible; ClaudeBot/1.0; +claudebot@anthropic.com)"
85.208.96.195 - - [31/Aug/2026:12:52:32 -0400] "GET /index_20200305_1410.html HTTP/1.1" 404 1251 "-" "Mozilla/5.0 (compatible; SemrushBot/7~bl; +http://www.semrush.com/bot.html)"
185.191.171.18 - - [31/Aug/2026:12:52:41 -0400] "GET /konet/ko_file.html HTTP/1.1" 200 552 "-" "Mozilla/5.0 (compatible; SemrushBot/7~bl; +http://www.semrush.com/bot.html)"
85.208.96.195 - - [31/Aug/2026:12:53:13 -0400] "GET /react/examples/basic/index.html HTTP/1.1" 200 820 "-" "Mozilla/5.0 (compatible; SemrushBot/7~bl; +http://www.semrush.com/bot.html)"
66.249.69.228 - - [31/Aug/2026:12:54:04 -0400] "GET /fb/usps/usps.json?callback=onJSONP_Data HTTP/1.1" 404 1251 "https://ko0.us/zmtl.html" "Mozilla/5.0 (Linux; Android 6.0.1; Nexus 5X Build/MMB29P) AppleWebKit/537.36 (KHTML, like Gecko) Chrome/151.0.7922.173 Mobile Safari/537.36 (compatible; Googlebot/2.1; +http://www.google.com/bot.html)"
66.249.69.228 - - [31/Aug/2026:12:54:22 -0400] "GET /fb/old/pages/zn/zn_26.jpg HTTP/1.1" 404 1251 "-" "Googlebot-Image/1.0"
85.208.96.198 - - [31/Aug/2026:12:54:28 -0400] "GET /ko/svc/aud/mrcoles/koh5_mrcoles.html HTTP/1.1" 404 1251 "-" "Mozilla/5.0 (compatible; SemrushBot/7~bl; +http://www.semrush.com/bot.html)"
85.208.96.195 - - [31/Aug/2026:12:55:11 -0400] "GET /fb/space HTTP/1.1" 404 1251 "-" "Mozilla/5.0 (compatible; SemrushBot/7~bl; +http://www.semrush.com/bot.html)"
85.208.96.204 - - [31/Aug/2026:12:56:07 -0400] "GET /pdf/web/viewer.html?file=%2Fpdf%2Fpdf%2Femail_focus.pdf HTTP/1.1" 200 4235 "-" "Mozilla/5.0 (compatible; SemrushBot/7~bl; +http://www.semrush.com/bot.html)"
85.208.96.208 - - [31/Aug/2026:12:56:16 -0400] "GET /wiki/Architect HTTP/1.1" 404 1251 "-" "Mozilla/5.0 (compatible; SemrushBot/7~bl; +http://www.semrush.com/bot.html)"
185.191.171.10 - - [31/Aug/2026:12:57:31 -0400] "GET /konet/ko_20260823_2300.db3 HTTP/1.1" 200 28672 "-" "Mozilla/5.0 (compatible; SemrushBot/7~bl; +http://www.semrush.com/bot.html)"
216.73.217.43 - - [31/Aug/2026:12:57:52 -0400] "GET /go/dgs0/images/7/ec.gif HTTP/2" 200 62 "-" "Mozilla/5.0 AppleWebKit/537.36 (KHTML, like Gecko; compatible; ClaudeBot/1.0; +claudebot@anthropic.com)"
216.73.217.43 - - [31/Aug/2026:12:57:57 -0400] "GET /pn/ko_pn.php?dir=%2Fhome%2Fkozerus%2Fpublic_html%2Fpiwigo%2Flanguage%2Fes_ES%2Fhelp%2Fhelp_groups.html HTTP/2" 429 0 "-" "Mozilla/5.0 AppleWebKit/537.36 (KHTML, like Gecko; compatible; ClaudeBot/1.0; +claudebot@anthropic.com)"
216.73.217.43 - - [31/Aug/2026:12:58:02 -0400] "GET /go/dgs0/images/flags/sv.gif HTTP/2" 200 146 "-" "Mozilla/5.0 AppleWebKit/537.36 (KHTML, like Gecko; compatible; ClaudeBot/1.0; +claudebot@anthropic.com)"
216.73.217.43 - - [31/Aug/2026:12:57:17 -0400] "GET /ko_center/zm5/hrc_dr17d26/TileGroup4/6-11-11.jpg HTTP/2" 429 0 "-" "Mozilla/5.0 AppleWebKit/537.36 (KHTML, like Gecko; compatible; ClaudeBot/1.0; +claudebot@anthropic.com)"
216.73.217.43 - - [31/Aug/2026:12:57:22 -0400] "GET /ko_center/zm5/hrc_cr11c45/TileGroup0/0-0-0.jpg HTTP/2" 200 5947 "-" "Mozilla/5.0 AppleWebKit/537.36 (KHTML, like Gecko; compatible; ClaudeBot/1.0; +claudebot@anthropic.com)"
216.73.217.43 - - [31/Aug/2026:12:57:27 -0400] "GET /ko_center/zm5/hrc_cr04c17/TileGroup3/6-24-7.jpg HTTP/2" 429 0 "-" "Mozilla/5.0 AppleWebKit/537.36 (KHTML, like Gecko; compatible; ClaudeBot/1.0; +claudebot@anthropic.com)"
216.73.217.43 - - [31/Aug/2026:12:57:32 -0400] "GET /ko_center/zm5/hrc_cr07c29/TileGroup7/6-39-30.jpg HTTP/2" 200 1674 "-" "Mozilla/5.0 AppleWebKit/537.36 (KHTML, like Gecko; compatible; ClaudeBot/1.0; +claudebot@anthropic.com)"
216.73.217.43 - - [31/Aug/2026:12:57:37 -0400] "GET /ko_center/zm5/hrc_cr11c45/TileGroup3/6-32-7.jpg HTTP/2" 429 0 "-" "Mozilla/5.0 AppleWebKit/537.36 (KHTML, like Gecko; compatible; ClaudeBot/1.0; +claudebot@anthropic.com)"
216.73.217.43 - - [31/Aug/2026:12:57:42 -0400] "GET /ko_center/zm5/hrc_cr07c29/TileGroup3/6-19-10.jpg HTTP/2" 200 2448 "-" "Mozilla/5.0 AppleWebKit/537.36 (KHTML, like Gecko; compatible; ClaudeBot/1.0; +claudebot@anthropic.com)"
74.7.227.147 - - [31/Aug/2026:12:57:43 -0400] "GET /kb/books/jmh/cleveland/IMG_3848.JPG HTTP/2" 404 1251 "https://ko0.us/cleveland.htm" "Mozilla/5.0 AppleWebKit/537.36 (KHTML, like Gecko; compatible; GPTBot/1.4; +https://openai.com/gptbot)"
66.249.69.229 - - [31/Aug/2026:12:57:43 -0400] "GET /fb/weds/wed_20220528_gjw/01_20220528_gjw/pages/zn/zn_112.jpg HTTP/1.1" 404 1251 "-" "Googlebot-Image/1.0"
216.73.217.43 - - [31/Aug/2026:12:57:47 -0400] "GET /ko_center/zm5/hrc_cr04c17/TileGroup7/6-0-29.jpg HTTP/2" 429 0 "-" "Mozilla/5.0 AppleWebKit/537.36 (KHTML, like Gecko; compatible; ClaudeBot/1.0; +claudebot@anthropic.com)"
74.7.227.147 - - [31/Aug/2026:12:57:57 -0400] "GET /kb/books/jmh/cleveland/IMG_3788.JPG HTTP/2" 404 1251 "https://ko0.us/cleveland.htm" "Mozilla/5.0 AppleWebKit/537.36 (KHTML, like Gecko; compatible; GPTBot/1.4; +https://openai.com/gptbot)"
216.73.217.43 - - [31/Aug/2026:12:58:08 -0400] "GET /pn/ko_pn.php?dir=%2Fhome%2Fkozerus%2Fpublic_html%2Fcropex%2Fnode%2Fnode_modules%2Fmicromark-core-commonmark%2Flib%2Flabel-end.d.ts HTTP/2" 429 0 "-" "Mozilla/5.0 AppleWebKit/537.36 (KHTML, like Gecko; compatible; ClaudeBot/1.0; +claudebot@anthropic.com)"
216.73.217.43 - - [31/Aug/2026:12:58:12 -0400] "GET /ko_center/imgs/cab/do09.png HTTP/2" 200 41770 "-" "Mozilla/5.0 AppleWebKit/537.36 (KHTML, like Gecko; compatible; ClaudeBot/1.0; +claudebot@anthropic.com)"
216.73.217.43 - - [31/Aug/2026:12:58:17 -0400] "GET /cropex/imgs/kogrids/streaming_light.gif HTTP/2" 429 0 "-" "Mozilla/5.0 AppleWebKit/537.36 (KHTML, like Gecko; compatible; ClaudeBot/1.0; +claudebot@anthropic.com)"
216.73.217.43 - - [31/Aug/2026:12:58:22 -0400] "GET /ko/imgs/doc/20100514.jpg HTTP/2" 200 95919 "-" "Mozilla/5.0 AppleWebKit/537.36 (KHTML, like Gecko; compatible; ClaudeBot/1.0; +claudebot@anthropic.com)"
216.73.217.43 - - [31/Aug/2026:12:58:27 -0400] "GET /pn/ko_pn.php?dir=%2Fhome%2Fkozerus%2Fpublic_html%2Fko_center%2Fsql%2Fjk_20121202_205631.sql HTTP/2" 429 0 "-" "Mozilla/5.0 AppleWebKit/537.36 (KHTML, like Gecko; compatible; ClaudeBot/1.0; +claudebot@anthropic.com)"
216.73.217.43 - - [31/Aug/2026:12:58:32 -0400] "GET /pn/ko_pn.php?dir=%2Fhome%2Fkozerus%2Fpublic_html%2Fcropex%2Fnode%2Fnode_modules%2Fget-nonce%2FCHANGELOG.md HTTP/2" 200 3881 "-" "Mozilla/5.0 AppleWebKit/537.36 (KHTML, like Gecko; compatible; ClaudeBot/1.0; +claudebot@anthropic.com)"
216.73.217.43 - - [31/Aug/2026:12:58:38 -0400] "GET /pn/ko_pn.php?dir=%2Fhome%2Fkozerus%2Fpublic_html%2Fgo%2Fdgs0%2Fscripts%2Ftests HTTP/2" 429 0 "-" "Mozilla/5.0 AppleWebKit/537.36 (KHTML, like Gecko; compatible; ClaudeBot/1.0; +claudebot@anthropic.com)"
216.73.217.43 - - [31/Aug/2026:12:58:43 -0400] "GET /pn/ko_pn.php?dir=%2Fhome%2Fkozerus%2Fpublic_html%2Fcropex%2Fnode%2Fnode_modules%2Fmicromark-core-commonmark%2Flib%2Fautolink.d.ts.map HTTP/2" 200 4006 "-" "Mozilla/5.0 AppleWebKit/537.36 (KHTML, like Gecko; compatible; ClaudeBot/1.0; +claudebot@anthropic.com)"
66.249.69.227 - - [31/Aug/2026:12:58:47 -0400] "GET /ko/ HTTP/1.1" 200 29413 "-" "Mozilla/5.0 (Linux; Android 6.0.1; Nexus 5X Build/MMB29P) AppleWebKit/537.36 (KHTML, like Gecko) Chrome/151.0.7922.173 Mobile Safari/537.36 (compatible; Googlebot/2.1; +http://www.google.com/bot.html)"
216.73.217.43 - - [31/Aug/2026:12:58:47 -0400] "GET /cropex/imgs/btn/btn_pdf7.png HTTP/2" 429 0 "-" "Mozilla/5.0 AppleWebKit/537.36 (KHTML, like Gecko; compatible; ClaudeBot/1.0; +claudebot@anthropic.com)"
216.73.217.43 - - [31/Aug/2026:12:58:53 -0400] "GET /go/dgs0/images/13/cn.gif HTTP/2" 200 85 "-" "Mozilla/5.0 AppleWebKit/537.36 (KHTML, like Gecko; compatible; ClaudeBot/1.0; +claudebot@anthropic.com)"
66.249.69.227 - - [31/Aug/2026:12:58:55 -0400] "GET /fb/ka/imgs/ipad_20200102_1313_kacalendar/zn/zn_IMG_0481-28.jpg HTTP/1.1" 404 1251 "-" "Googlebot-Image/1.0"
216.73.217.43 - - [31/Aug/2026:12:58:58 -0400] "GET /pn/ko_pn.php?dir=%2Fhome%2Fkozerus%2Fpublic_html%2Fpiwigo%2Flanguage%2Fja_JP%2Fadmin.lang.php HTTP/2" 429 0 "-" "Mozilla/5.0 AppleWebKit/537.36 (KHTML, like Gecko; compatible; ClaudeBot/1.0; +claudebot@anthropic.com)"
216.73.217.43 - - [31/Aug/2026:13:00:03 -0400] "GET /go/dgs0/images/13/w84.gif HTTP/2" 200 360 "-" "Mozilla/5.0 AppleWebKit/537.36 (KHTML, like Gecko; compatible; ClaudeBot/1.0; +claudebot@anthropic.com)"
