216.73.216.164 - - [31/Aug/2026:09:23:54 -0400] "GET /imgs/links/tn/tn_goishiw.png HTTP/2" 200 16421 "-" "Mozilla/5.0 AppleWebKit/537.36 (KHTML, like Gecko; compatible; ClaudeBot/1.0; +claudebot@anthropic.com)"
85.208.96.195 - - [31/Aug/2026:09:23:58 -0400] "GET /kov_konabus.html HTTP/1.1" 404 1251 "-" "Mozilla/5.0 (compatible; SemrushBot/7~bl; +http://www.semrush.com/bot.html)"
216.73.216.164 - - [31/Aug/2026:09:23:59 -0400] "GET /pn/ko_pn.php?dir=%2Fhome%2Fkozerus%2Fpublic_html%2Fimgs%2Fbtn%2Fblob_orange.png HTTP/2" 200 4125 "-" "Mozilla/5.0 AppleWebKit/537.36 (KHTML, like Gecko; compatible; ClaudeBot/1.0; +claudebot@anthropic.com)"
74.7.227.147 - - [31/Aug/2026:09:23:59 -0400] "GET /js/wz/wz_graphics_files/deddie.jpg HTTP/2" 404 1251 "https://ko0.us/js/wz/wz_graphics.html" "Mozilla/5.0 AppleWebKit/537.36 (KHTML, like Gecko; compatible; GPTBot/1.4; +https://openai.com/gptbot)"
185.191.171.3 - - [31/Aug/2026:09:24:00 -0400] "GET /jtfdc_stalkarounds_best.html HTTP/1.1" 200 497199 "-" "Mozilla/5.0 (compatible; SemrushBot/7~bl; +http://www.semrush.com/bot.html)"
85.208.96.207 - - [31/Aug/2026:09:24:01 -0400] "GET /index_20191221_1045.html HTTP/1.1" 404 1251 "-" "Mozilla/5.0 (compatible; SemrushBot/7~bl; +http://www.semrush.com/bot.html)"
216.73.216.164 - - [31/Aug/2026:09:24:04 -0400] "GET /zm/hrc2009stl/TileGroup1/5-27-2.jpg HTTP/2" 200 1651 "-" "Mozilla/5.0 AppleWebKit/537.36 (KHTML, like Gecko; compatible; ClaudeBot/1.0; +claudebot@anthropic.com)"
216.73.216.164 - - [31/Aug/2026:09:24:09 -0400] "GET /pn/ko_pn.php?dir=%2Fhome%2Fkozerus%2Fpublic_html%2Fka%2Fpdf%2Fmed%2Fpg_dds_mike_frith2.jpg HTTP/2" 200 3907 "-" "Mozilla/5.0 AppleWebKit/537.36 (KHTML, like Gecko; compatible; ClaudeBot/1.0; +claudebot@anthropic.com)"
216.73.216.164 - - [31/Aug/2026:09:24:14 -0400] "GET /pn/ko_pn.php?dir=%2Fhome%2Fkozerus%2Fpublic_html%2Fgo%2Fallaboutgo%2Fsgf%2Fxuanlan%2Fxl05.sgf HTTP/2" 200 4131 "-" "Mozilla/5.0 AppleWebKit/537.36 (KHTML, like Gecko; compatible; ClaudeBot/1.0; +claudebot@anthropic.com)"
216.73.216.164 - - [31/Aug/2026:09:24:19 -0400] "GET /pn/ko_pn.php?dir=%2Fhome%2Fkozerus%2Fpublic_html%2Fgo%2Fallaboutgo%2Fsgf%2Fxxqj%2Fprob0139.sgf HTTP/2" 200 4284 "-" "Mozilla/5.0 AppleWebKit/537.36 (KHTML, like Gecko; compatible; ClaudeBot/1.0; +claudebot@anthropic.com)"
216.73.216.164 - - [31/Aug/2026:09:24:24 -0400] "GET /pn/ko_pn.php?dir=%2Fhome%2Fkozerus%2Fpublic_html%2Fdgs%2Fimages%2F5%2Flc.gif HTTP/2" 200 3927 "-" "Mozilla/5.0 AppleWebKit/537.36 (KHTML, like Gecko; compatible; ClaudeBot/1.0; +claudebot@anthropic.com)"
216.73.216.164 - - [31/Aug/2026:09:24:29 -0400] "GET /pn/ko_pn.php?dir=%2Fhome%2Fkozerus%2Fpublic_html%2Fimgs%2Fbtn%2Ftn_blobs.png HTTP/2" 200 3912 "-" "Mozilla/5.0 AppleWebKit/537.36 (KHTML, like Gecko; compatible; ClaudeBot/1.0; +claudebot@anthropic.com)"
74.7.227.147 - - [31/Aug/2026:09:24:31 -0400] "GET /js/wz/wz_graphics_files/wz_jsgraphics.js HTTP/2" 404 1251 "https://ko0.us/js/wz/wz_graphics.html" "Mozilla/5.0 AppleWebKit/537.36 (KHTML, like Gecko; compatible; GPTBot/1.4; +https://openai.com/gptbot)"
216.73.216.164 - - [31/Aug/2026:09:24:34 -0400] "GET /pn/ko_pn.php?dir=%2Fhome%2Fkozerus%2Fpublic_html%2Fdgs%2Fimages%2F5%2Fb390.gif HTTP/2" 429 0 "-" "Mozilla/5.0 AppleWebKit/537.36 (KHTML, like Gecko; compatible; ClaudeBot/1.0; +claudebot@anthropic.com)"
216.73.216.164 - - [31/Aug/2026:09:24:39 -0400] "GET /zm/apollo17/TileGroup7/7-42-12.jpg HTTP/2" 200 8173 "-" "Mozilla/5.0 AppleWebKit/537.36 (KHTML, like Gecko; compatible; ClaudeBot/1.0; +claudebot@anthropic.com)"
216.73.216.164 - - [31/Aug/2026:09:24:44 -0400] "GET /zm/hrc2009stl/TileGroup3/5-4-19.jpg HTTP/2" 429 0 "-" "Mozilla/5.0 AppleWebKit/537.36 (KHTML, like Gecko; compatible; ClaudeBot/1.0; +claudebot@anthropic.com)"
216.73.216.164 - - [31/Aug/2026:09:24:49 -0400] "GET /ko_center/zm5/hrc_d/TileGroup2/6-9-5.jpg HTTP/2" 200 1651 "-" "Mozilla/5.0 AppleWebKit/537.36 (KHTML, like Gecko; compatible; ClaudeBot/1.0; +claudebot@anthropic.com)"
85.208.96.195 - - [31/Aug/2026:09:25:00 -0400] "GET /ka/tl.php?tlid HTTP/1.1" 200 5011 "-" "Mozilla/5.0 (compatible; SemrushBot/7~bl; +http://www.semrush.com/bot.html)"
74.7.227.147 - - [31/Aug/2026:09:25:03 -0400] "GET /js/wz/wz_graphics_files/transparentpixel.gif HTTP/2" 404 1251 "https://ko0.us/js/wz/wz_graphics.html" "Mozilla/5.0 AppleWebKit/537.36 (KHTML, like Gecko; compatible; GPTBot/1.4; +https://openai.com/gptbot)"
66.249.69.229 - - [31/Aug/2026:09:25:16 -0400] "GET /fb/comics/dc/superman80/no004/pages/zn/zn_9.jpg HTTP/1.1" 404 1251 "-" "Googlebot-Image/1.0"
74.7.227.147 - - [31/Aug/2026:09:25:35 -0400] "GET /fb/birthday HTTP/2" 404 1251 "https://ko0.us/js/wz/" "Mozilla/5.0 AppleWebKit/537.36 (KHTML, like Gecko; compatible; GPTBot/1.4; +https://openai.com/gptbot)"
216.73.216.164 - - [31/Aug/2026:09:23:13 -0400] "GET /go/dgs0/images/7/b462.gif HTTP/2" 200 271 "-" "Mozilla/5.0 AppleWebKit/537.36 (KHTML, like Gecko; compatible; ClaudeBot/1.0; +claudebot@anthropic.com)"
216.73.216.164 - - [31/Aug/2026:09:23:18 -0400] "GET /go/dgs0/images/25/la.gif HTTP/2" 200 159 "-" "Mozilla/5.0 AppleWebKit/537.36 (KHTML, like Gecko; compatible; ClaudeBot/1.0; +claudebot@anthropic.com)"
216.73.216.164 - - [31/Aug/2026:09:23:23 -0400] "GET /go/dgs0/images/7/urw.gif HTTP/2" 200 59 "-" "Mozilla/5.0 AppleWebKit/537.36 (KHTML, like Gecko; compatible; ClaudeBot/1.0; +claudebot@anthropic.com)"
103.147.163.135 - - [31/Aug/2026:09:24:26 -0400] "GET /jax2.html HTTP/1.1" 200 12474 "https://ko0.us/" "Mozilla/5.0 (X11; Ubuntu; Linux x86_64) AppleWebKit/537.36 (KHTML, like Gecko) Chrome/124.0.6367.82 Safari/537.36"
216.73.216.164 - - [31/Aug/2026:09:24:54 -0400] "GET /pn/ko_pn.php?dir=%2Fhome%2Fkozerus%2Fpublic_html%2Fpn%2Fuize%2Fsite-source%2Fjs%2FUize%2FData%2FUtil.js HTTP/2" 429 0 "-" "Mozilla/5.0 AppleWebKit/537.36 (KHTML, like Gecko; compatible; ClaudeBot/1.0; +claudebot@anthropic.com)"
216.73.216.164 - - [31/Aug/2026:09:24:59 -0400] "GET /pn/ko_pn.php?dir=%2Fhome%2Fkozerus%2Fpublic_html%2Fjs%2Fturnjs4%2F.DS_Store HTTP/2" 200 3896 "-" "Mozilla/5.0 AppleWebKit/537.36 (KHTML, like Gecko; compatible; ClaudeBot/1.0; +claudebot@anthropic.com)"
216.73.216.164 - - [31/Aug/2026:09:25:04 -0400] "GET /pn/ko_pn.php?dir=%2Fhome%2Fkozerus%2Fpublic_html%2Fpiwigo%2F_data%2Fcombined HTTP/2" 429 0 "-" "Mozilla/5.0 AppleWebKit/537.36 (KHTML, like Gecko; compatible; ClaudeBot/1.0; +claudebot@anthropic.com)"
216.73.216.164 - - [31/Aug/2026:09:25:09 -0400] "GET /dgs/images/5/w133.gif HTTP/2" 200 152 "-" "Mozilla/5.0 AppleWebKit/537.36 (KHTML, like Gecko; compatible; ClaudeBot/1.0; +claudebot@anthropic.com)"
216.73.216.164 - - [31/Aug/2026:09:25:14 -0400] "GET /pn/ko_pn.php?dir=%2Fhome%2Fkozerus%2Fpublic_html%2Fko%2Fmain_kt.html HTTP/2" 429 0 "-" "Mozilla/5.0 AppleWebKit/537.36 (KHTML, like Gecko; compatible; ClaudeBot/1.0; +claudebot@anthropic.com)"
216.73.216.164 - - [31/Aug/2026:09:25:19 -0400] "GET /zm/hrc2011/TileGroup2/6-0-8.jpg HTTP/2" 200 2977 "-" "Mozilla/5.0 AppleWebKit/537.36 (KHTML, like Gecko; compatible; ClaudeBot/1.0; +claudebot@anthropic.com)"
216.73.216.164 - - [31/Aug/2026:09:25:24 -0400] "GET /pn/ko_pn.php?dir=%2Fhome%2Fkozerus%2Fpublic_html%2Fpiwigo%2Flanguage%2Fpl_PL%2Fhelp%2Fuser_list.html HTTP/2" 429 0 "-" "Mozilla/5.0 AppleWebKit/537.36 (KHTML, like Gecko; compatible; ClaudeBot/1.0; +claudebot@anthropic.com)"
216.73.216.164 - - [31/Aug/2026:09:25:29 -0400] "GET /ko_center/zm5/hrc_dr12d04/TileGroup2/ HTTP/2" 200 3533 "-" "Mozilla/5.0 AppleWebKit/537.36 (KHTML, like Gecko; compatible; ClaudeBot/1.0; +claudebot@anthropic.com)"
216.73.216.164 - - [31/Aug/2026:09:25:34 -0400] "GET /go/dgs0/images/25/dc.gif HTTP/2" 429 0 "-" "Mozilla/5.0 AppleWebKit/537.36 (KHTML, like Gecko; compatible; ClaudeBot/1.0; +claudebot@anthropic.com)"
216.73.216.164 - - [31/Aug/2026:09:25:39 -0400] "GET /imgs/btn/koeyeb_kov_new.png HTTP/2" 200 5554 "-" "Mozilla/5.0 AppleWebKit/537.36 (KHTML, like Gecko; compatible; ClaudeBot/1.0; +claudebot@anthropic.com)"
216.73.216.164 - - [31/Aug/2026:09:25:44 -0400] "GET /dgs/images/50/b171.gif HTTP/2" 429 0 "-" "Mozilla/5.0 AppleWebKit/537.36 (KHTML, like Gecko; compatible; ClaudeBot/1.0; +claudebot@anthropic.com)"
216.73.216.164 - - [31/Aug/2026:09:25:49 -0400] "GET /pn/ko_pn.php?dir=%2Fhome%2Fkozerus%2Fpublic_html%2Fcropex%2Fnode%2Fnode_modules%2Frecharts%2FLICENSE HTTP/2" 200 4410 "-" "Mozilla/5.0 AppleWebKit/537.36 (KHTML, like Gecko; compatible; ClaudeBot/1.0; +claudebot@anthropic.com)"
216.73.216.164 - - [31/Aug/2026:09:25:54 -0400] "GET /pn/ko_pn.php?dir=%2Fhome%2Fkozerus%2Fpublic_html%2Fpn%2Fuize%2Fsite-source%2Fexamples%2Fmag-view.html HTTP/2" 429 0 "-" "Mozilla/5.0 AppleWebKit/537.36 (KHTML, like Gecko; compatible; ClaudeBot/1.0; +claudebot@anthropic.com)"
66.249.69.227 - - [31/Aug/2026:09:25:56 -0400] "GET /fb/kolog/pages/zn/zn_14.jpg HTTP/1.1" 404 1251 "-" "Googlebot-Image/1.0"
216.73.216.164 - - [31/Aug/2026:09:25:59 -0400] "GET /dgs/images/50/urd.gif HTTP/2" 200 161 "-" "Mozilla/5.0 AppleWebKit/537.36 (KHTML, like Gecko; compatible; ClaudeBot/1.0; +claudebot@anthropic.com)"
216.73.216.164 - - [31/Aug/2026:09:26:04 -0400] "GET /go/dgs0/images/5/ed.gif HTTP/2" 429 0 "-" "Mozilla/5.0 AppleWebKit/537.36 (KHTML, like Gecko; compatible; ClaudeBot/1.0; +claudebot@anthropic.com)"
40.77.167.152 - - [31/Aug/2026:09:26:04 -0400] "GET /ko_center/ko_center.php?q=scrub_upload_form/cx37 HTTP/2" 200 1681 "-" "Mozilla/5.0 AppleWebKit/537.36 (KHTML, like Gecko; compatible; bingbot/2.0; +http://www.bing.com/bingbot.htm) Chrome/116.0.1938.76 Safari/537.36"
216.73.216.164 - - [31/Aug/2026:09:26:09 -0400] "GET /imgs/bh/ani_g1.gif HTTP/2" 200 347 "-" "Mozilla/5.0 AppleWebKit/537.36 (KHTML, like Gecko; compatible; ClaudeBot/1.0; +claudebot@anthropic.com)"
216.73.216.164 - - [31/Aug/2026:09:26:14 -0400] "GET /dgs/images/50/b381.gif HTTP/2" 429 0 "-" "Mozilla/5.0 AppleWebKit/537.36 (KHTML, like Gecko; compatible; ClaudeBot/1.0; +claudebot@anthropic.com)"
216.73.216.164 - - [31/Aug/2026:09:26:19 -0400] "GET /go/dgs0/images/17/dc.gif HTTP/2" 200 112 "-" "Mozilla/5.0 AppleWebKit/537.36 (KHTML, like Gecko; compatible; ClaudeBot/1.0; +claudebot@anthropic.com)"
216.73.216.164 - - [31/Aug/2026:09:26:24 -0400] "GET /zc/logs/zcInstallDEBUG-1636912527-518905.log HTTP/2" 429 0 "-" "Mozilla/5.0 AppleWebKit/537.36 (KHTML, like Gecko; compatible; ClaudeBot/1.0; +claudebot@anthropic.com)"
216.73.216.164 - - [31/Aug/2026:09:26:29 -0400] "GET /pn/ko_pn.php?dir=%2Fhome%2Fkozerus%2Fpublic_html%2Fpn%2Fuize%2Fsite-source%2Fjs%2FUize%2FBuild%2FPluralsModules.js HTTP/2" 200 5135 "-" "Mozilla/5.0 AppleWebKit/537.36 (KHTML, like Gecko; compatible; ClaudeBot/1.0; +claudebot@anthropic.com)"
216.73.216.164 - - [31/Aug/2026:09:26:34 -0400] "GET /dgs/images/50/b146.gif HTTP/2" 429 0 "-" "Mozilla/5.0 AppleWebKit/537.36 (KHTML, like Gecko; compatible; ClaudeBot/1.0; +claudebot@anthropic.com)"
216.73.216.164 - - [31/Aug/2026:09:26:39 -0400] "GET /pn/ko_pn.php?dir=%2Fhome%2Fkozerus%2Fpublic_html%2Fdgs%2Fscripts%2Ftests%2Fpattern%2Fstandard_handicap_8.sgf HTTP/2" 200 4300 "-" "Mozilla/5.0 AppleWebKit/537.36 (KHTML, like Gecko; compatible; ClaudeBot/1.0; +claudebot@anthropic.com)"
216.73.216.164 - - [31/Aug/2026:09:26:44 -0400] "GET /dgs/images/50/b300.gif HTTP/2" 429 0 "-" "Mozilla/5.0 AppleWebKit/537.36 (KHTML, like Gecko; compatible; ClaudeBot/1.0; +claudebot@anthropic.com)"
216.73.216.164 - - [31/Aug/2026:09:26:49 -0400] "GET /pn/ko_pn.php?dir=%2Fhome%2Fkozerus%2Fpublic_html%2Fpn%2Fuize%2Fsite-source%2Fjs%2FUize%2FClass.js HTTP/2" 200 32802 "-" "Mozilla/5.0 AppleWebKit/537.36 (KHTML, like Gecko; compatible; ClaudeBot/1.0; +claudebot@anthropic.com)"
216.73.216.164 - - [31/Aug/2026:09:26:54 -0400] "GET /pn/ko_pn.php?dir=%2Fhome%2Fkozerus%2Fpublic_html%2Fcropex%2Ffb HTTP/2" 429 0 "-" "Mozilla/5.0 AppleWebKit/537.36 (KHTML, like Gecko; compatible; ClaudeBot/1.0; +claudebot@anthropic.com)"
216.73.216.164 - - [31/Aug/2026:09:26:59 -0400] "GET /pn/ko_pn.php?dir=%2Fhome%2Fkozerus%2Fpublic_html%2Fpiwigo%2Ftemplate-extension%2Fdistributed%2Fsamples%2Fmy-thumbnails2.css HTTP/2" 200 4163 "-" "Mozilla/5.0 AppleWebKit/537.36 (KHTML, like Gecko; compatible; ClaudeBot/1.0; +claudebot@anthropic.com)"
216.73.216.164 - - [31/Aug/2026:09:27:04 -0400] "GET /pn/ko_pn.php?dir=%2Fhome%2Fkozerus%2Fpublic_html%2Fpn%2Fuize%2Fsite-source%2Fexamples%2Fmarquee-modes.html HTTP/2" 429 0 "-" "Mozilla/5.0 AppleWebKit/537.36 (KHTML, like Gecko; compatible; ClaudeBot/1.0; +claudebot@anthropic.com)"
216.73.216.164 - - [31/Aug/2026:09:27:09 -0400] "GET /go/dgs0/images/35/ut.gif HTTP/2" 200 404 "-" "Mozilla/5.0 AppleWebKit/537.36 (KHTML, like Gecko; compatible; ClaudeBot/1.0; +claudebot@anthropic.com)"
216.73.216.164 - - [31/Aug/2026:09:27:14 -0400] "GET /pn/ko_pn.php?dir=%2Fhome%2Fkozerus%2Fpublic_html%2Fpiwigo%2Flanguage%2Fro_RO%2Fhelp HTTP/2" 429 0 "-" "Mozilla/5.0 AppleWebKit/537.36 (KHTML, like Gecko; compatible; ClaudeBot/1.0; +claudebot@anthropic.com)"
74.7.227.147 - - [31/Aug/2026:09:25:51 -0400] "GET /js/wz/grapher_app.htm HTTP/2" 404 1251 "https://ko0.us/js/wz/wz_grapher.html" "Mozilla/5.0 AppleWebKit/537.36 (KHTML, like Gecko; compatible; GPTBot/1.4; +https://openai.com/gptbot)"
74.7.227.147 - - [31/Aug/2026:09:26:07 -0400] "GET /ka/fb/jtfdcr/pages/zn/zn_31.jpg HTTP/2" 404 1251 "https://ko0.us/js/wz/" "Mozilla/5.0 AppleWebKit/537.36 (KHTML, like Gecko; compatible; GPTBot/1.4; +https://openai.com/gptbot)"
74.7.227.147 - - [31/Aug/2026:09:26:23 -0400] "GET /ka/fb/jtfdcr/pages/zn/zn_37.jpg HTTP/2" 404 1251 "https://ko0.us/js/wz/" "Mozilla/5.0 AppleWebKit/537.36 (KHTML, like Gecko; compatible; GPTBot/1.4; +https://openai.com/gptbot)"
85.208.96.207 - - [31/Aug/2026:09:26:53 -0400] "GET /index_bestbug_k9len.html HTTP/1.1" 200 5664 "-" "Mozilla/5.0 (compatible; SemrushBot/7~bl; +http://www.semrush.com/bot.html)"
74.7.227.147 - - [31/Aug/2026:09:27:11 -0400] "GET /ka/fb/jtfdcr/pages/zn/zn_35.jpg HTTP/2" 404 1251 "https://ko0.us/js/wz/" "Mozilla/5.0 AppleWebKit/537.36 (KHTML, like Gecko; compatible; GPTBot/1.4; +https://openai.com/gptbot)"
74.7.227.147 - - [31/Aug/2026:09:27:27 -0400] "GET /ka/fb/jtfdcr/pages/zn/zn_73.jpg HTTP/2" 404 1251 "https://ko0.us/js/wz/" "Mozilla/5.0 AppleWebKit/537.36 (KHTML, like Gecko; compatible; GPTBot/1.4; +https://openai.com/gptbot)"
216.73.216.164 - - [31/Aug/2026:09:28:10 -0400] "GET /go/dgs0/images/cross.gif HTTP/2" 200 91 "-" "Mozilla/5.0 AppleWebKit/537.36 (KHTML, like Gecko; compatible; ClaudeBot/1.0; +claudebot@anthropic.com)"
216.73.216.164 - - [31/Aug/2026:09:28:15 -0400] "GET /pdf/web/images/toolbarButton-zoomIn%402x.png HTTP/2" 429 0 "-" "Mozilla/5.0 AppleWebKit/537.36 (KHTML, like Gecko; compatible; ClaudeBot/1.0; +claudebot@anthropic.com)"
216.73.216.164 - - [31/Aug/2026:09:28:20 -0400] "GET /go/dgs0/images/9/b296.gif HTTP/2" 200 298 "-" "Mozilla/5.0 AppleWebKit/537.36 (KHTML, like Gecko; compatible; ClaudeBot/1.0; +claudebot@anthropic.com)"
216.73.216.164 - - [31/Aug/2026:09:28:25 -0400] "GET /go/allaboutgo/sgf/xxqj/prob0233.sgf HTTP/2" 429 0 "-" "Mozilla/5.0 AppleWebKit/537.36 (KHTML, like Gecko; compatible; ClaudeBot/1.0; +claudebot@anthropic.com)"
216.73.216.164 - - [31/Aug/2026:09:28:30 -0400] "GET /go/allaboutgo/sgf/xxqj/prob0116.sgf HTTP/2" 200 310 "-" "Mozilla/5.0 AppleWebKit/537.36 (KHTML, like Gecko; compatible; ClaudeBot/1.0; +claudebot@anthropic.com)"
216.73.216.164 - - [31/Aug/2026:09:28:35 -0400] "GET /pn/ko_pn.php?dir=%2Fhome%2Fkozerus%2Fpublic_html%2Fpn%2Fuize%2Fsite-source%2Fjs%2FUize%2FWidget%2FDialog%2FPicker.js HTTP/2" 429 0 "-" "Mozilla/5.0 AppleWebKit/537.36 (KHTML, like Gecko; compatible; ClaudeBot/1.0; +claudebot@anthropic.com)"
216.73.216.164 - - [31/Aug/2026:09:28:40 -0400] "GET /pn/ko_pn.php?dir=%2Fhome%2Fkozerus%2Fpublic_html%2Fzc%2Fadam%2Foption_name.php HTTP/2" 200 6286 "-" "Mozilla/5.0 AppleWebKit/537.36 (KHTML, like Gecko; compatible; ClaudeBot/1.0; +claudebot@anthropic.com)"
216.73.216.164 - - [31/Aug/2026:09:28:45 -0400] "GET /go/dgs0/images/9/b48.gif HTTP/2" 429 0 "-" "Mozilla/5.0 AppleWebKit/537.36 (KHTML, like Gecko; compatible; ClaudeBot/1.0; +claudebot@anthropic.com)"
216.73.216.164 - - [31/Aug/2026:09:28:50 -0400] "GET /go/allaboutgo/sgf/xxqj/prob0344.sgf HTTP/2" 200 1710 "-" "Mozilla/5.0 AppleWebKit/537.36 (KHTML, like Gecko; compatible; ClaudeBot/1.0; +claudebot@anthropic.com)"
216.73.216.164 - - [31/Aug/2026:09:28:55 -0400] "GET /go/dgs0/images/5/c6.gif HTTP/2" 429 0 "-" "Mozilla/5.0 AppleWebKit/537.36 (KHTML, like Gecko; compatible; ClaudeBot/1.0; +claudebot@anthropic.com)"
216.73.216.164 - - [31/Aug/2026:09:29:00 -0400] "GET /go/allaboutgo/sgf/xxqj/prob0095.sgf HTTP/2" 200 202 "-" "Mozilla/5.0 AppleWebKit/537.36 (KHTML, like Gecko; compatible; ClaudeBot/1.0; +claudebot@anthropic.com)"
216.73.216.164 - - [31/Aug/2026:09:29:05 -0400] "GET /cropex/imgs/btn/koeyeb_fb_head.png HTTP/2" 429 0 "-" "Mozilla/5.0 AppleWebKit/537.36 (KHTML, like Gecko; compatible; ClaudeBot/1.0; +claudebot@anthropic.com)"
216.73.216.164 - - [31/Aug/2026:09:27:19 -0400] "GET /pn/ko_pn.php?dir=%2Fhome%2Fkozerus%2Fpublic_html%2Fpdf%2Fbuild HTTP/2" 200 4008 "-" "Mozilla/5.0 AppleWebKit/537.36 (KHTML, like Gecko; compatible; ClaudeBot/1.0; +claudebot@anthropic.com)"
216.73.216.164 - - [31/Aug/2026:09:27:24 -0400] "GET /cropex/imgs/btn/missioncontinues.png HTTP/2" 429 0 "-" "Mozilla/5.0 AppleWebKit/537.36 (KHTML, like Gecko; compatible; ClaudeBot/1.0; +claudebot@anthropic.com)"
216.73.216.164 - - [31/Aug/2026:09:27:29 -0400] "GET /ko_center/js/jqgrid_demo35/navgrid2.js HTTP/2" 200 714 "-" "Mozilla/5.0 AppleWebKit/537.36 (KHTML, like Gecko; compatible; ClaudeBot/1.0; +claudebot@anthropic.com)"
216.73.216.164 - - [31/Aug/2026:09:27:34 -0400] "GET /pn/ko_pn.php?dir=%2Fhome%2Fkozerus%2Fpublic_html%2Fcropex%2Fnode%2Fnode_modules%2Fmicromark-factory-title%2Flicense HTTP/2" 429 0 "-" "Mozilla/5.0 AppleWebKit/537.36 (KHTML, like Gecko; compatible; ClaudeBot/1.0; +claudebot@anthropic.com)"
74.7.227.147 - - [31/Aug/2026:09:28:31 -0400] "GET /js/wz/wz_tooltip.html HTTP/2" 200 14779 "https://ko0.us/js/wz/" "Mozilla/5.0 AppleWebKit/537.36 (KHTML, like Gecko; compatible; GPTBot/1.4; +https://openai.com/gptbot)"
66.249.69.227 - - [31/Aug/2026:09:28:37 -0400] "GET /fb/kolog/pages/zn/zn_60.jpg HTTP/1.1" 404 1251 "-" "Googlebot-Image/1.0"
74.7.227.147 - - [31/Aug/2026:09:28:44 -0400] "GET /imgs/btn/koeyebl.png HTTP/2" 200 48610 "https://ko0.us/js/wz/" "Mozilla/5.0 AppleWebKit/537.36 (KHTML, like Gecko; compatible; GPTBot/1.4; +https://openai.com/gptbot)"
17.166.154.76 - - [31/Aug/2026:09:28:47 -0400] "GET /btns.html HTTP/2" 200 399109 "-" "Mozilla/5.0 (Macintosh; Intel Mac OS X 10_15_7) AppleWebKit/605.1.15 (KHTML, like Gecko) Version/17.4 Safari/605.1.15 (Applebot/0.1; +http://www.apple.com/go/applebot)"
74.7.227.147 - - [31/Aug/2026:09:29:09 -0400] "GET /imgs/btn/koeyebr.png HTTP/2" 200 48610 "https://ko0.us/js/wz/" "Mozilla/5.0 AppleWebKit/537.36 (KHTML, like Gecko; compatible; GPTBot/1.4; +https://openai.com/gptbot)"
74.7.227.147 - - [31/Aug/2026:09:29:21 -0400] "GET /js/wz/sliderthumb.gif HTTP/2" 404 1251 "https://ko0.us/js/wz/wz_dragdrop.html" "Mozilla/5.0 AppleWebKit/537.36 (KHTML, like Gecko; compatible; GPTBot/1.4; +https://openai.com/gptbot)"
74.7.227.147 - - [31/Aug/2026:09:29:27 -0400] "GET /js/wz/mobmin.html HTTP/2" 404 1251 "https://ko0.us/js/wz/" "Mozilla/5.0 AppleWebKit/537.36 (KHTML, like Gecko; compatible; GPTBot/1.4; +https://openai.com/gptbot)"
74.7.227.147 - - [31/Aug/2026:09:29:32 -0400] "GET /js/wz/kreuzot_ss.jpg HTTP/2" 404 1251 "https://ko0.us/js/wz/wz_tooltip.html" "Mozilla/5.0 AppleWebKit/537.36 (KHTML, like Gecko; compatible; GPTBot/1.4; +https://openai.com/gptbot)"
185.191.171.19 - - [31/Aug/2026:09:29:32 -0400] "GET /fs/fevoluted/index.php HTTP/1.1" 404 1251 "-" "Mozilla/5.0 (compatible; SemrushBot/7~bl; +http://www.semrush.com/bot.html)"
74.7.227.147 - - [31/Aug/2026:09:29:35 -0400] "GET /js/wz/tip_balloon.js HTTP/2" 404 1251 "https://ko0.us/js/wz/wz_tooltip.html" "Mozilla/5.0 AppleWebKit/537.36 (KHTML, like Gecko; compatible; GPTBot/1.4; +https://openai.com/gptbot)"
74.7.227.147 - - [31/Aug/2026:09:29:40 -0400] "GET /js/wz/mobmax.html HTTP/2" 404 1251 "https://ko0.us/js/wz/" "Mozilla/5.0 AppleWebKit/537.36 (KHTML, like Gecko; compatible; GPTBot/1.4; +https://openai.com/gptbot)"
74.7.227.147 - - [31/Aug/2026:09:29:48 -0400] "GET /js/wz/tooltip/tooltip_e.htm HTTP/2" 404 1251 "https://ko0.us/js/wz/wz_grapher.html" "Mozilla/5.0 AppleWebKit/537.36 (KHTML, like Gecko; compatible; GPTBot/1.4; +https://openai.com/gptbot)"
74.7.227.147 - - [31/Aug/2026:09:29:51 -0400] "GET /js/wz/wz_tooltip.js HTTP/2" 200 10597 "https://ko0.us/js/wz/wz_tooltip.html" "Mozilla/5.0 AppleWebKit/537.36 (KHTML, like Gecko; compatible; GPTBot/1.4; +https://openai.com/gptbot)"
74.7.227.147 - - [31/Aug/2026:09:29:56 -0400] "GET /js/wz/fb/pages/zn/zn_2.jpg HTTP/2" 404 1251 "https://ko0.us/js/wz/" "Mozilla/5.0 AppleWebKit/537.36 (KHTML, like Gecko; compatible; GPTBot/1.4; +https://openai.com/gptbot)"
185.191.171.19 - - [31/Aug/2026:09:22:14 -0400] "GET /konet/ko_toggles.html HTTP/1.1" 200 1623 "-" "Mozilla/5.0 (compatible; SemrushBot/7~bl; +http://www.semrush.com/bot.html)"
85.208.96.195 - - [31/Aug/2026:09:23:12 -0400] "GET /svc/jqgrid/formatter.html HTTP/1.1" 404 1251 "-" "Mozilla/5.0 (compatible; SemrushBot/7~bl; +http://www.semrush.com/bot.html)"
17.166.24.213 - - [31/Aug/2026:09:24:37 -0400] "GET /tl.db3%29%29%29%29%20AND%20EXTRACTVALUE%285039%2CCONCAT%280x7e%2C%28%28SELECT%20%28ELT%285039%3D5039%2C1%29%29%29%29%2C0x7e%29%29--%20- HTTP/2" 200 0 "-" "Mozilla/5.0 (Macintosh; Intel Mac OS X 10_15_7) AppleWebKit/605.1.15 (KHTML, like Gecko) Version/17.4 Safari/605.1.15 (Applebot/0.1; +http://www.apple.com/go/applebot)"
17.166.236.170 - - [31/Aug/2026:09:25:36 -0400] "GET /ko_toggle.htm HTTP/2" 200 80158 "-" "Mozilla/5.0 (Macintosh; Intel Mac OS X 10_15_7) AppleWebKit/605.1.15 (KHTML, like Gecko) Version/17.4 Safari/605.1.15 (Applebot/0.1; +http://www.apple.com/go/applebot)"
85.208.96.202 - - [31/Aug/2026:09:26:06 -0400] "GET /ko1.us HTTP/1.1" 404 1251 "-" "Mozilla/5.0 (compatible; SemrushBot/7~bl; +http://www.semrush.com/bot.html)"
85.208.96.202 - - [31/Aug/2026:09:26:12 -0400] "GET /svc/jqgrid/rowedex5.html HTTP/1.1" 404 1251 "-" "Mozilla/5.0 (compatible; SemrushBot/7~bl; +http://www.semrush.com/bot.html)"
66.249.69.229 - - [31/Aug/2026:09:26:34 -0400] "GET /fb/kolog/pages/zn/zn_39.jpg HTTP/1.1" 404 1251 "-" "Googlebot-Image/1.0"
66.249.69.227 - - [31/Aug/2026:09:27:18 -0400] "GET /fb/comics/dc/superman80/no004/pages/zn/zn_76.jpg HTTP/1.1" 404 1251 "-" "Googlebot-Image/1.0"
216.73.216.164 - - [31/Aug/2026:09:27:39 -0400] "GET /tl.php?db3=tl.db3&tbl=fb&tlid=%2Ffb%2Fcomics%2Fradio%2Fcaptainmarvel%2Fno002 HTTP/2" 200 13394 "-" "Mozilla/5.0 AppleWebKit/537.36 (KHTML, like Gecko; compatible; ClaudeBot/1.0; +claudebot@anthropic.com)"
216.73.216.164 - - [31/Aug/2026:09:27:40 -0400] "GET /go/dgs0/images/50/dg.gif HTTP/2" 429 0 "-" "Mozilla/5.0 AppleWebKit/537.36 (KHTML, like Gecko; compatible; ClaudeBot/1.0; +claudebot@anthropic.com)"
216.73.216.164 - - [31/Aug/2026:09:27:40 -0400] "GET /pn/ko_pn.php?dir=%2Fhome%2Fkozerus%2Fpublic_html%2Fpiwigo%2Fthemes%2Fdefault%2Fjs%2Fplugins%2Fjgrowl-error.png HTTP/2" 200 3926 "-" "Mozilla/5.0 AppleWebKit/537.36 (KHTML, like Gecko; compatible; ClaudeBot/1.0; +claudebot@anthropic.com)"
216.73.216.164 - - [31/Aug/2026:09:27:45 -0400] "GET /go/dgs0/images/7/w114.gif HTTP/2" 429 0 "-" "Mozilla/5.0 AppleWebKit/537.36 (KHTML, like Gecko; compatible; ClaudeBot/1.0; +claudebot@anthropic.com)"
216.73.216.164 - - [31/Aug/2026:09:27:50 -0400] "GET /pn/ko_pn.php?dir=%2Fhome%2Fkozerus%2Fpublic_html%2Fjs%2Fwz%2Fwz_ddcat.htm HTTP/2" 200 54232 "-" "Mozilla/5.0 AppleWebKit/537.36 (KHTML, like Gecko; compatible; ClaudeBot/1.0; +claudebot@anthropic.com)"
216.73.216.164 - - [31/Aug/2026:09:27:55 -0400] "GET /go/dgs0/images/7/w465.gif HTTP/2" 429 0 "-" "Mozilla/5.0 AppleWebKit/537.36 (KHTML, like Gecko; compatible; ClaudeBot/1.0; +claudebot@anthropic.com)"
66.249.69.227 - - [31/Aug/2026:09:27:56 -0400] "GET /fb/kolog/pages/zn/zn_57.jpg HTTP/1.1" 404 1251 "-" "Googlebot-Image/1.0"
216.73.216.164 - - [31/Aug/2026:09:28:00 -0400] "GET /pn/ko_pn.php?dir=%2Fhome%2Fkozerus%2Fpublic_html%2Fpiwigo%2Fthemes%2Fmodus%2Fcss%2Fopen-sans%2Ffonts%2FRegular HTTP/2" 200 4080 "-" "Mozilla/5.0 AppleWebKit/537.36 (KHTML, like Gecko; compatible; ClaudeBot/1.0; +claudebot@anthropic.com)"
216.73.216.164 - - [31/Aug/2026:09:28:05 -0400] "GET /pn/ko_pn.php?dir=%2Fhome%2Fkozerus%2Fpublic_html%2Fpiwigo%2Fthemes%2Fmodus%2Fskins%2Fdark_radish.inc.php HTTP/2" 429 0 "-" "Mozilla/5.0 AppleWebKit/537.36 (KHTML, like Gecko; compatible; ClaudeBot/1.0; +claudebot@anthropic.com)"
66.249.69.228 - - [31/Aug/2026:09:29:15 -0400] "GET /fb/kolog/pages/zn/zn_55.jpg HTTP/1.1" 404 1251 "-" "Googlebot-Image/1.0"
85.208.96.195 - - [31/Aug/2026:09:29:30 -0400] "GET /fs/fcute/index.php HTTP/1.1" 404 1251 "-" "Mozilla/5.0 (compatible; SemrushBot/7~bl; +http://www.semrush.com/bot.html)"
216.73.216.164 - - [31/Aug/2026:09:29:10 -0400] "GET /pn/ko_pn.php?dir=%2Fhome%2Fkozerus%2F.cpanel%2Fcaches HTTP/2" 200 3949 "-" "Mozilla/5.0 AppleWebKit/537.36 (KHTML, like Gecko; compatible; ClaudeBot/1.0; +claudebot@anthropic.com)"
216.73.216.164 - - [31/Aug/2026:09:29:15 -0400] "GET /go/dgs0/images/25/b71.gif HTTP/2" 429 0 "-" "Mozilla/5.0 AppleWebKit/537.36 (KHTML, like Gecko; compatible; ClaudeBot/1.0; +claudebot@anthropic.com)"
216.73.216.164 - - [31/Aug/2026:09:29:20 -0400] "GET /go/allaboutgo/sgf/xxqj/prob0086.sgf HTTP/2" 200 150 "-" "Mozilla/5.0 AppleWebKit/537.36 (KHTML, like Gecko; compatible; ClaudeBot/1.0; +claudebot@anthropic.com)"
216.73.216.164 - - [31/Aug/2026:09:29:25 -0400] "GET /cropex/imgs/btn/koeyeb_mess.png HTTP/2" 429 0 "-" "Mozilla/5.0 AppleWebKit/537.36 (KHTML, like Gecko; compatible; ClaudeBot/1.0; +claudebot@anthropic.com)"
216.73.216.164 - - [31/Aug/2026:09:29:30 -0400] "GET /go/dgs0/images/5/b421.gif HTTP/2" 200 152 "-" "Mozilla/5.0 AppleWebKit/537.36 (KHTML, like Gecko; compatible; ClaudeBot/1.0; +claudebot@anthropic.com)"
216.73.216.164 - - [31/Aug/2026:09:29:35 -0400] "GET /pn/ko_pn.php?dir=%2Fhome%2Fkozerus%2Fpublic_html%2Fpiwigo%2Flanguage%2Feo_EO%2Fhelp%2Fcat_options.html HTTP/2" 429 0 "-" "Mozilla/5.0 AppleWebKit/537.36 (KHTML, like Gecko; compatible; ClaudeBot/1.0; +claudebot@anthropic.com)"
216.73.216.164 - - [31/Aug/2026:09:29:40 -0400] "GET /pn/ko_pn.php?dir=%2Fhome%2Fkozerus%2Fpublic_html%2Fcropex%2Fnode%2Fnode_modules%2F%40radix-ui%2Freact-progress%2FLICENSE HTTP/2" 200 4413 "-" "Mozilla/5.0 AppleWebKit/537.36 (KHTML, like Gecko; compatible; ClaudeBot/1.0; +claudebot@anthropic.com)"
216.73.216.164 - - [31/Aug/2026:09:29:45 -0400] "GET /go/dgs0/images/25/hd.gif HTTP/2" 429 0 "-" "Mozilla/5.0 AppleWebKit/537.36 (KHTML, like Gecko; compatible; ClaudeBot/1.0; +claudebot@anthropic.com)"
216.73.216.164 - - [31/Aug/2026:09:29:50 -0400] "GET /pn/ko_pn.php?dir=%2Fhome%2Fkozerus%2Fpublic_html%2Fcropex%2Fprotected_test%2Fko.mp4 HTTP/2" 200 5592 "-" "Mozilla/5.0 AppleWebKit/537.36 (KHTML, like Gecko; compatible; ClaudeBot/1.0; +claudebot@anthropic.com)"
216.73.216.164 - - [31/Aug/2026:09:29:55 -0400] "GET /pn/ko_pn.php?dir=%2Fhome%2Fkozerus%2Fpublic_html%2Fpn%2Fuize%2Fsite-source%2Fjs%2FUize%2FWidget%2FDialog%2FPicker HTTP/2" 429 0 "-" "Mozilla/5.0 AppleWebKit/537.36 (KHTML, like Gecko; compatible; ClaudeBot/1.0; +claudebot@anthropic.com)"
216.73.216.164 - - [31/Aug/2026:09:30:00 -0400] "GET /go/allaboutgo/sgf/xxqj/prob0256.sgf HTTP/2" 200 164 "-" "Mozilla/5.0 AppleWebKit/537.36 (KHTML, like Gecko; compatible; ClaudeBot/1.0; +claudebot@anthropic.com)"
216.73.216.164 - - [31/Aug/2026:09:30:05 -0400] "GET /pn/ko_pn.php?dir=%2Fhome%2Fkozerus%2F.cpanel%2Fdatastore%2F_usr_sbin_httpd_-V HTTP/2" 429 0 "-" "Mozilla/5.0 AppleWebKit/537.36 (KHTML, like Gecko; compatible; ClaudeBot/1.0; +claudebot@anthropic.com)"
216.73.216.164 - - [31/Aug/2026:09:30:10 -0400] "GET /go/dgs0/images/29/ulc.gif HTTP/2" 200 207 "-" "Mozilla/5.0 AppleWebKit/537.36 (KHTML, like Gecko; compatible; ClaudeBot/1.0; +claudebot@anthropic.com)"
216.73.216.164 - - [31/Aug/2026:09:30:15 -0400] "GET /pn/ko_pn.php?dir=%2Fhome%2Fkozerus%2Fpublic_html%2Fzc%2Fadam%2Fbanner_manager.php HTTP/2" 429 0 "-" "Mozilla/5.0 AppleWebKit/537.36 (KHTML, like Gecko; compatible; ClaudeBot/1.0; +claudebot@anthropic.com)"
40.77.167.152 - - [31/Aug/2026:09:30:16 -0400] "GET /ko_center/ko_center.php?q=detail/dc34 HTTP/2" 500 0 "-" "Mozilla/5.0 AppleWebKit/537.36 (KHTML, like Gecko; compatible; bingbot/2.0; +http://www.bing.com/bingbot.htm) Chrome/116.0.1938.76 Safari/537.36"
216.73.216.164 - - [31/Aug/2026:09:30:20 -0400] "GET /pn/ko_pn.php?dir=%2Fhome%2Fkozerus%2Fpublic_html%2Fpiwigo%2Fthemes%2Fmodus%2Flanguage%2Fsv_SE%2Ftheme.lang.php HTTP/2" 200 4621 "-" "Mozilla/5.0 AppleWebKit/537.36 (KHTML, like Gecko; compatible; ClaudeBot/1.0; +claudebot@anthropic.com)"
74.7.227.147 - - [31/Aug/2026:09:29:59 -0400] "GET /js/wz/fb/pages/zn/zn_3.jpg HTTP/2" 404 1251 "https://ko0.us/js/wz/" "Mozilla/5.0 AppleWebKit/537.36 (KHTML, like Gecko; compatible; GPTBot/1.4; +https://openai.com/gptbot)"
85.208.96.193 - - [31/Aug/2026:09:30:01 -0400] "GET /obs/Welcome.md HTTP/1.1" 200 203 "-" "Mozilla/5.0 (compatible; SemrushBot/7~bl; +http://www.semrush.com/bot.html)"
74.7.227.147 - - [31/Aug/2026:09:30:01 -0400] "GET /js/wz/fb/pages/zn/zn_1.jpg HTTP/2" 404 1251 "https://ko0.us/js/wz/" "Mozilla/5.0 AppleWebKit/537.36 (KHTML, like Gecko; compatible; GPTBot/1.4; +https://openai.com/gptbot)"
74.7.227.147 - - [31/Aug/2026:09:30:06 -0400] "GET /imgs/gif/disks/disk_yellow.gif HTTP/2" 404 1251 "https://ko0.us/js/wz/wz_grapher.html" "Mozilla/5.0 AppleWebKit/537.36 (KHTML, like Gecko; compatible; GPTBot/1.4; +https://openai.com/gptbot)"
74.7.227.147 - - [31/Aug/2026:09:30:08 -0400] "GET /kb/v/kt/THE_DAY_THE_EARTH_STOOD_STILL_-_1951_KLAATU_S_FIMAL_SPEECJ.mp4 HTTP/2" 404 1251 "https://ko0.us/kt0.html" "Mozilla/5.0 AppleWebKit/537.36 (KHTML, like Gecko; compatible; GPTBot/1.4; +https://openai.com/gptbot)"
74.7.227.147 - - [31/Aug/2026:09:30:13 -0400] "GET /jkwii/aud/keybd/index.html HTTP/2" 404 1251 "https://ko0.us/index_vi.html" "Mozilla/5.0 AppleWebKit/537.36 (KHTML, like Gecko; compatible; GPTBot/1.4; +https://openai.com/gptbot)"
74.7.227.147 - - [31/Aug/2026:09:30:15 -0400] "GET /imgs/gif/us/giphy_orb_glow.gif HTTP/2" 404 1251 "https://ko0.us/ko_anims.html" "Mozilla/5.0 AppleWebKit/537.36 (KHTML, like Gecko; compatible; GPTBot/1.4; +https://openai.com/gptbot)"
74.7.227.147 - - [31/Aug/2026:09:30:18 -0400] "GET /kb/books/jmh/jmh71/jmh71b/tn/tn_IMG_0301.png HTTP/2" 404 1251 "https://ko0.us/jmh71b.htm" "Mozilla/5.0 AppleWebKit/537.36 (KHTML, like Gecko; compatible; GPTBot/1.4; +https://openai.com/gptbot)"
74.7.227.147 - - [31/Aug/2026:09:30:20 -0400] "GET /kb/books/jmh/jmh71/jmh71b/tn/tn_IMG_0725.png HTTP/2" 404 1251 "https://ko0.us/jmh71b.htm" "Mozilla/5.0 AppleWebKit/537.36 (KHTML, like Gecko; compatible; GPTBot/1.4; +https://openai.com/gptbot)"
74.7.227.147 - - [31/Aug/2026:09:30:22 -0400] "GET /kb/books/jmh/jmh71/jmh71b/tn/tn_IMG_1296.png HTTP/2" 404 1251 "https://ko0.us/jmh71b.htm" "Mozilla/5.0 AppleWebKit/537.36 (KHTML, like Gecko; compatible; GPTBot/1.4; +https://openai.com/gptbot)"
74.7.227.147 - - [31/Aug/2026:09:30:23 -0400] "GET /kb/books/jmh/jmh71/jmh71b/tn/tn_IMG_1373.png HTTP/2" 404 1251 "https://ko0.us/jmh71b.htm" "Mozilla/5.0 AppleWebKit/537.36 (KHTML, like Gecko; compatible; GPTBot/1.4; +https://openai.com/gptbot)"
74.7.227.147 - - [31/Aug/2026:09:30:25 -0400] "GET /kb/books/jmh/jmh71/jmh71b/tn/tn_IMG_1410.png HTTP/2" 404 1251 "https://ko0.us/jmh71b.htm" "Mozilla/5.0 AppleWebKit/537.36 (KHTML, like Gecko; compatible; GPTBot/1.4; +https://openai.com/gptbot)"
74.7.227.147 - - [31/Aug/2026:09:30:27 -0400] "GET /kb/books/jmh/jmh71/jmh71b/tn/tn_IMG_0373.png HTTP/2" 404 1251 "https://ko0.us/jmh71b.htm" "Mozilla/5.0 AppleWebKit/537.36 (KHTML, like Gecko; compatible; GPTBot/1.4; +https://openai.com/gptbot)"
74.7.227.147 - - [31/Aug/2026:09:30:32 -0400] "GET /kb/books/jmh/jmh71/jmh71b/tn/tn_IMG_0418.png HTTP/2" 404 1251 "https://ko0.us/jmh71b.htm" "Mozilla/5.0 AppleWebKit/537.36 (KHTML, like Gecko; compatible; GPTBot/1.4; +https://openai.com/gptbot)"
74.7.227.147 - - [31/Aug/2026:09:30:37 -0400] "GET /kb/books/jmh/jmh71/jmh71b/tn/tn_IMG_1046.png HTTP/2" 404 1251 "https://ko0.us/jmh71b.htm" "Mozilla/5.0 AppleWebKit/537.36 (KHTML, like Gecko; compatible; GPTBot/1.4; +https://openai.com/gptbot)"
216.73.216.164 - - [31/Aug/2026:09:30:41 -0400] "GET /ko_center/zm5/hrc_d/TileGroup0/4-0-6.jpg HTTP/2" 429 0 "-" "Mozilla/5.0 AppleWebKit/537.36 (KHTML, like Gecko; compatible; ClaudeBot/1.0; +claudebot@anthropic.com)"
216.73.216.164 - - [31/Aug/2026:09:30:46 -0400] "GET /zm/hrc2009stl/TileGroup3/6-42-0.jpg HTTP/2" 200 1651 "-" "Mozilla/5.0 AppleWebKit/537.36 (KHTML, like Gecko; compatible; ClaudeBot/1.0; +claudebot@anthropic.com)"
74.7.227.147 - - [31/Aug/2026:09:30:46 -0400] "GET /kb/books/jmh/jmh71/jmh71b/tn/tn_IMG_0167.png HTTP/2" 404 1251 "https://ko0.us/jmh71b.htm" "Mozilla/5.0 AppleWebKit/537.36 (KHTML, like Gecko; compatible; GPTBot/1.4; +https://openai.com/gptbot)"
216.73.216.164 - - [31/Aug/2026:09:30:51 -0400] "GET /pn/ko_pn.php?dir=%2Fhome%2Fkozerus%2Fpublic_html%2Fimgs%2Fbtn%2Fbtn_merge2.png HTTP/2" 429 0 "-" "Mozilla/5.0 AppleWebKit/537.36 (KHTML, like Gecko; compatible; ClaudeBot/1.0; +claudebot@anthropic.com)"
74.7.227.147 - - [31/Aug/2026:09:30:51 -0400] "GET /kb/books/jmh/jmh71/jmh71b/tn/tn_IMG_1190.png HTTP/2" 404 1251 "https://ko0.us/jmh71b.htm" "Mozilla/5.0 AppleWebKit/537.36 (KHTML, like Gecko; compatible; GPTBot/1.4; +https://openai.com/gptbot)"
74.7.227.147 - - [31/Aug/2026:09:30:53 -0400] "GET /kb/books/jmh/jmh71/jmh71b/tn/tn_IMG_0183.png HTTP/2" 404 1251 "https://ko0.us/jmh71b.htm" "Mozilla/5.0 AppleWebKit/537.36 (KHTML, like Gecko; compatible; GPTBot/1.4; +https://openai.com/gptbot)"
74.7.227.147 - - [31/Aug/2026:09:30:54 -0400] "GET /kb/books/jmh/jmh71/jmh71b/tn/tn_IMG_1237.png HTTP/2" 404 1251 "https://ko0.us/jmh71b.htm" "Mozilla/5.0 AppleWebKit/537.36 (KHTML, like Gecko; compatible; GPTBot/1.4; +https://openai.com/gptbot)"
216.73.216.164 - - [31/Aug/2026:09:30:56 -0400] "GET /pn/ko_pn.php?dir=%2Fhome%2Fkozerus%2Fpublic_html%2Fimgs%2Fbtn%2Fbtn_keyhole_oak2.png HTTP/2" 200 4225 "-" "Mozilla/5.0 AppleWebKit/537.36 (KHTML, like Gecko; compatible; ClaudeBot/1.0; +claudebot@anthropic.com)"
216.73.216.164 - - [31/Aug/2026:09:31:01 -0400] "GET /ko_center/zm5/hrc_d/TileGroup0/5-10-4.jpg HTTP/2" 200 8937 "-" "Mozilla/5.0 AppleWebKit/537.36 (KHTML, like Gecko; compatible; ClaudeBot/1.0; +claudebot@anthropic.com)"
216.73.216.164 - - [31/Aug/2026:09:31:05 -0400] "GET /ko_center/zm5/hrc_d/TileGroup2/6-16-1.jpg HTTP/2" 429 0 "-" "Mozilla/5.0 AppleWebKit/537.36 (KHTML, like Gecko; compatible; ClaudeBot/1.0; +claudebot@anthropic.com)"
74.7.227.147 - - [31/Aug/2026:09:31:06 -0400] "GET /kb/books/jmh/jmh71/jmh71b/tn/tn_IMG_0159.png HTTP/2" 404 1251 "https://ko0.us/jmh71b.htm" "Mozilla/5.0 AppleWebKit/537.36 (KHTML, like Gecko; compatible; GPTBot/1.4; +https://openai.com/gptbot)"
216.73.216.164 - - [31/Aug/2026:09:31:11 -0400] "GET /ko_center/zm5/hrc_d/TileGroup2/6-18-1.jpg HTTP/2" 200 4608 "-" "Mozilla/5.0 AppleWebKit/537.36 (KHTML, like Gecko; compatible; ClaudeBot/1.0; +claudebot@anthropic.com)"
74.7.227.147 - - [31/Aug/2026:09:31:11 -0400] "GET /kb/books/jmh/jmh71/jmh71b/tn/tn_IMG_0158.png HTTP/2" 404 1251 "https://ko0.us/jmh71b.htm" "Mozilla/5.0 AppleWebKit/537.36 (KHTML, like Gecko; compatible; GPTBot/1.4; +https://openai.com/gptbot)"
74.7.227.147 - - [31/Aug/2026:09:31:13 -0400] "GET /kb/books/jmh/jmh71/jmh71b/tn/tn_IMG_0749.png HTTP/2" 404 1251 "https://ko0.us/jmh71b.htm" "Mozilla/5.0 AppleWebKit/537.36 (KHTML, like Gecko; compatible; GPTBot/1.4; +https://openai.com/gptbot)"
216.73.216.164 - - [31/Aug/2026:09:31:16 -0400] "GET /ko_center/zm5/hrc_dr19d34/TileGroup0/2-2-0.jpg HTTP/2" 429 0 "-" "Mozilla/5.0 AppleWebKit/537.36 (KHTML, like Gecko; compatible; ClaudeBot/1.0; +claudebot@anthropic.com)"
74.7.227.147 - - [31/Aug/2026:09:31:17 -0400] "GET /kb/books/jmh/jmh71/jmh71b/tn/tn_IMG_1078.png HTTP/2" 404 1251 "https://ko0.us/jmh71b.htm" "Mozilla/5.0 AppleWebKit/537.36 (KHTML, like Gecko; compatible; GPTBot/1.4; +https://openai.com/gptbot)"
74.7.227.147 - - [31/Aug/2026:09:31:18 -0400] "GET /kb/books/jmh/jmh71/jmh71b/tn/tn_IMG_1253.png HTTP/2" 404 1251 "https://ko0.us/jmh71b.htm" "Mozilla/5.0 AppleWebKit/537.36 (KHTML, like Gecko; compatible; GPTBot/1.4; +https://openai.com/gptbot)"
74.7.227.147 - - [31/Aug/2026:09:31:20 -0400] "GET /kb/books/jmh/jmh71/jmh71b/tn/tn_IMG_0808.png HTTP/2" 404 1251 "https://ko0.us/jmh71b.htm" "Mozilla/5.0 AppleWebKit/537.36 (KHTML, like Gecko; compatible; GPTBot/1.4; +https://openai.com/gptbot)"
216.73.216.164 - - [31/Aug/2026:09:31:21 -0400] "GET /ko_center/zm5/hrc_d/TileGroup0/5-1-5.jpg HTTP/2" 200 1651 "-" "Mozilla/5.0 AppleWebKit/537.36 (KHTML, like Gecko; compatible; ClaudeBot/1.0; +claudebot@anthropic.com)"
216.73.216.164 - - [31/Aug/2026:09:31:26 -0400] "GET /konet/zm/komap/TileGroup5/5-27-29.jpg HTTP/2" 429 0 "-" "Mozilla/5.0 AppleWebKit/537.36 (KHTML, like Gecko; compatible; ClaudeBot/1.0; +claudebot@anthropic.com)"
74.7.227.147 - - [31/Aug/2026:09:31:30 -0400] "GET /kb/books/jmh/jmh71/jmh71b/tn/tn_IMG_1258.png HTTP/2" 404 1251 "https://ko0.us/jmh71b.htm" "Mozilla/5.0 AppleWebKit/537.36 (KHTML, like Gecko; compatible; GPTBot/1.4; +https://openai.com/gptbot)"
216.73.216.164 - - [31/Aug/2026:09:31:31 -0400] "GET /konet/zm/komap/TileGroup5/5-25-29.jpg HTTP/2" 200 1651 "-" "Mozilla/5.0 AppleWebKit/537.36 (KHTML, like Gecko; compatible; ClaudeBot/1.0; +claudebot@anthropic.com)"
74.7.227.147 - - [31/Aug/2026:09:31:34 -0400] "GET /kb/books/jmh/jmh71/jmh71b/tn/tn_IMG_0707.png HTTP/2" 404 1251 "https://ko0.us/jmh71b.htm" "Mozilla/5.0 AppleWebKit/537.36 (KHTML, like Gecko; compatible; GPTBot/1.4; +https://openai.com/gptbot)"
216.73.216.164 - - [31/Aug/2026:09:31:36 -0400] "GET /konet/zm/komap/TileGroup5/5-22-31.jpg HTTP/2" 429 0 "-" "Mozilla/5.0 AppleWebKit/537.36 (KHTML, like Gecko; compatible; ClaudeBot/1.0; +claudebot@anthropic.com)"
74.7.227.147 - - [31/Aug/2026:09:31:37 -0400] "GET /kb/books/jmh/jmh71/jmh71b/tn/tn_IMG_1456.png HTTP/2" 404 1251 "https://ko0.us/jmh71b.htm" "Mozilla/5.0 AppleWebKit/537.36 (KHTML, like Gecko; compatible; GPTBot/1.4; +https://openai.com/gptbot)"
74.7.227.147 - - [31/Aug/2026:09:31:39 -0400] "GET /kb/books/jmh/jmh71/jmh71b/tn/tn_IMG_1126.png HTTP/2" 404 1251 "https://ko0.us/jmh71b.htm" "Mozilla/5.0 AppleWebKit/537.36 (KHTML, like Gecko; compatible; GPTBot/1.4; +https://openai.com/gptbot)"
216.73.216.164 - - [31/Aug/2026:09:31:41 -0400] "GET /konet/zm/komap/TileGroup5/5-17-29.jpg HTTP/2" 200 1651 "-" "Mozilla/5.0 AppleWebKit/537.36 (KHTML, like Gecko; compatible; ClaudeBot/1.0; +claudebot@anthropic.com)"
74.7.227.147 - - [31/Aug/2026:09:31:42 -0400] "GET /kb/books/jmh/jmh71/jmh71b/tn/tn_IMG_0215.png HTTP/2" 404 1251 "https://ko0.us/jmh71b.htm" "Mozilla/5.0 AppleWebKit/537.36 (KHTML, like Gecko; compatible; GPTBot/1.4; +https://openai.com/gptbot)"
74.7.227.147 - - [31/Aug/2026:09:31:44 -0400] "GET /kb/books/jmh/jmh71/jmh71b/tn/tn_IMG_1226.png HTTP/2" 404 1251 "https://ko0.us/jmh71b.htm" "Mozilla/5.0 AppleWebKit/537.36 (KHTML, like Gecko; compatible; GPTBot/1.4; +https://openai.com/gptbot)"
216.73.216.164 - - [31/Aug/2026:09:31:46 -0400] "GET /konet/zm/komap/TileGroup5/5-29-31.jpg HTTP/2" 429 0 "-" "Mozilla/5.0 AppleWebKit/537.36 (KHTML, like Gecko; compatible; ClaudeBot/1.0; +claudebot@anthropic.com)"
74.7.227.147 - - [31/Aug/2026:09:31:49 -0400] "GET /kb/books/jmh/jmh71/jmh71b/tn/tn_IMG_0150.png HTTP/2" 404 1251 "https://ko0.us/jmh71b.htm" "Mozilla/5.0 AppleWebKit/537.36 (KHTML, like Gecko; compatible; GPTBot/1.4; +https://openai.com/gptbot)"
216.73.216.164 - - [31/Aug/2026:09:31:51 -0400] "GET /konet/zm/komap/TileGroup5/5-31-29.jpg HTTP/2" 200 1651 "-" "Mozilla/5.0 AppleWebKit/537.36 (KHTML, like Gecko; compatible; ClaudeBot/1.0; +claudebot@anthropic.com)"
74.7.227.147 - - [31/Aug/2026:09:31:54 -0400] "GET /kb/books/jmh/jmh71/jmh71b/tn/tn_IMG_1457.png HTTP/2" 404 1251 "https://ko0.us/jmh71b.htm" "Mozilla/5.0 AppleWebKit/537.36 (KHTML, like Gecko; compatible; GPTBot/1.4; +https://openai.com/gptbot)"
216.73.216.164 - - [31/Aug/2026:09:31:56 -0400] "GET /konet/zm/komap/TileGroup5/5-30-30.jpg HTTP/2" 429 0 "-" "Mozilla/5.0 AppleWebKit/537.36 (KHTML, like Gecko; compatible; ClaudeBot/1.0; +claudebot@anthropic.com)"
74.7.227.147 - - [31/Aug/2026:09:31:59 -0400] "GET /kb/books/jmh/jmh71/jmh71b/tn/tn_IMG_0106.png HTTP/2" 404 1251 "https://ko0.us/jmh71b.htm" "Mozilla/5.0 AppleWebKit/537.36 (KHTML, like Gecko; compatible; GPTBot/1.4; +https://openai.com/gptbot)"
216.73.216.164 - - [31/Aug/2026:09:32:01 -0400] "GET /konet/zm/komap/TileGroup5/5-6-30.jpg HTTP/2" 200 1651 "-" "Mozilla/5.0 AppleWebKit/537.36 (KHTML, like Gecko; compatible; ClaudeBot/1.0; +claudebot@anthropic.com)"
216.73.216.164 - - [31/Aug/2026:09:32:06 -0400] "GET /konet/zm/komap/TileGroup5/5-18-30.jpg HTTP/2" 429 0 "-" "Mozilla/5.0 AppleWebKit/537.36 (KHTML, like Gecko; compatible; ClaudeBot/1.0; +claudebot@anthropic.com)"
74.7.227.147 - - [31/Aug/2026:09:32:08 -0400] "GET /kb/books/jmh/jmh71/jmh71b/tn/tn_IMG_0911.png HTTP/2" 404 1251 "https://ko0.us/jmh71b.htm" "Mozilla/5.0 AppleWebKit/537.36 (KHTML, like Gecko; compatible; GPTBot/1.4; +https://openai.com/gptbot)"
85.208.96.203 - - [31/Aug/2026:09:32:10 -0400] "GET /mob_lists_20211013_1500.html HTTP/1.1" 200 1163551 "-" "Mozilla/5.0 (compatible; SemrushBot/7~bl; +http://www.semrush.com/bot.html)"
216.73.216.164 - - [31/Aug/2026:09:32:11 -0400] "GET /konet/zm/komap/TileGroup5/5-16-30.jpg HTTP/2" 200 1651 "-" "Mozilla/5.0 AppleWebKit/537.36 (KHTML, like Gecko; compatible; ClaudeBot/1.0; +claudebot@anthropic.com)"
74.7.227.147 - - [31/Aug/2026:09:32:13 -0400] "GET /kb/books/jmh/jmh71/jmh71b/tn/tn_IMG_0731.png HTTP/2" 404 1251 "https://ko0.us/jmh71b.htm" "Mozilla/5.0 AppleWebKit/537.36 (KHTML, like Gecko; compatible; GPTBot/1.4; +https://openai.com/gptbot)"
74.7.227.147 - - [31/Aug/2026:09:32:15 -0400] "GET /kb/books/jmh/jmh71/jmh71b/tn/tn_IMG_0891.png HTTP/2" 404 1251 "https://ko0.us/jmh71b.htm" "Mozilla/5.0 AppleWebKit/537.36 (KHTML, like Gecko; compatible; GPTBot/1.4; +https://openai.com/gptbot)"
216.73.216.164 - - [31/Aug/2026:09:32:16 -0400] "GET /konet/zm/komap/TileGroup5/5-1-31.jpg HTTP/2" 429 0 "-" "Mozilla/5.0 AppleWebKit/537.36 (KHTML, like Gecko; compatible; ClaudeBot/1.0; +claudebot@anthropic.com)"
216.73.216.164 - - [31/Aug/2026:09:32:21 -0400] "GET /konet/zm/komap/TileGroup5/5-15-29.jpg HTTP/2" 200 1651 "-" "Mozilla/5.0 AppleWebKit/537.36 (KHTML, like Gecko; compatible; ClaudeBot/1.0; +claudebot@anthropic.com)"
216.73.216.164 - - [31/Aug/2026:09:32:26 -0400] "GET /konet/zm/komap/TileGroup5/5-10-30.jpg HTTP/2" 429 0 "-" "Mozilla/5.0 AppleWebKit/537.36 (KHTML, like Gecko; compatible; ClaudeBot/1.0; +claudebot@anthropic.com)"
216.73.216.164 - - [31/Aug/2026:09:32:31 -0400] "GET /konet/zm/komap/TileGroup5/5-23-30.jpg HTTP/2" 200 1651 "-" "Mozilla/5.0 AppleWebKit/537.36 (KHTML, like Gecko; compatible; ClaudeBot/1.0; +claudebot@anthropic.com)"
74.7.227.147 - - [31/Aug/2026:09:32:32 -0400] "GET /kb/books/jmh/jmh71/jmh71b/tn/tn_IMG_1219.png HTTP/2" 404 1251 "https://ko0.us/jmh71b.htm" "Mozilla/5.0 AppleWebKit/537.36 (KHTML, like Gecko; compatible; GPTBot/1.4; +https://openai.com/gptbot)"
216.73.216.164 - - [31/Aug/2026:09:32:36 -0400] "GET /konet/zm/komap/TileGroup5/5-19-30.jpg HTTP/2" 429 0 "-" "Mozilla/5.0 AppleWebKit/537.36 (KHTML, like Gecko; compatible; ClaudeBot/1.0; +claudebot@anthropic.com)"
216.73.216.164 - - [31/Aug/2026:09:30:25 -0400] "GET /go/dgs0/images/9/b372.gif HTTP/2" 429 0 "-" "Mozilla/5.0 AppleWebKit/537.36 (KHTML, like Gecko; compatible; ClaudeBot/1.0; +claudebot@anthropic.com)"
216.73.216.164 - - [31/Aug/2026:09:30:30 -0400] "GET /pn/ko_pn.php?dir=%2Fhome%2Fkozerus%2Fpublic_html%2Fpn%2Fuize%2Fsite-source%2Fjs%2FUize%2FWidget%2FResizer.js HTTP/2" 200 8637 "-" "Mozilla/5.0 AppleWebKit/537.36 (KHTML, like Gecko; compatible; ClaudeBot/1.0; +claudebot@anthropic.com)"
216.73.216.164 - - [31/Aug/2026:09:30:35 -0400] "GET /go/allaboutgo/sgf/xxqj/prob0130.sgf HTTP/2" 429 0 "-" "Mozilla/5.0 AppleWebKit/537.36 (KHTML, like Gecko; compatible; ClaudeBot/1.0; +claudebot@anthropic.com)"
216.73.216.164 - - [31/Aug/2026:09:30:40 -0400] "GET /dgs/dgs/wap HTTP/2" 301 795 "-" "Mozilla/5.0 AppleWebKit/537.36 (KHTML, like Gecko; compatible; ClaudeBot/1.0; +claudebot@anthropic.com)"
216.73.216.164 - - [31/Aug/2026:09:30:40 -0400] "GET /dgs/dgs/wap/ HTTP/2" 500 0 "https://ko0.us/dgs/dgs/wap" "Mozilla/5.0 AppleWebKit/537.36 (KHTML, like Gecko; compatible; ClaudeBot/1.0; +claudebot@anthropic.com)"
185.191.171.1 - - [31/Aug/2026:09:30:17 -0400] "GET /js/wz_kt/ HTTP/1.1" 200 7254 "-" "Mozilla/5.0 (compatible; SemrushBot/7~bl; +http://www.semrush.com/bot.html)"
66.249.69.229 - - [31/Aug/2026:09:30:32 -0400] "GET /fb/comics/dc/superman80/no004/pages/zn/zn_15.jpg HTTP/1.1" 404 1251 "-" "Googlebot-Image/1.0"
185.191.171.12 - - [31/Aug/2026:09:30:36 -0400] "GET /index_wobble.html HTTP/1.1" 404 1251 "-" "Mozilla/5.0 (compatible; SemrushBot/7~bl; +http://www.semrush.com/bot.html)"
185.191.171.2 - - [31/Aug/2026:09:31:31 -0400] "GET /iperms/ko.db3 HTTP/1.1" 200 131072 "-" "Mozilla/5.0 (compatible; SemrushBot/7~bl; +http://www.semrush.com/bot.html)"
160.177.34.40 - - [31/Aug/2026:09:31:43 -0400] "GET /ajaxjs.html HTTP/1.1" 200 817 "https://ko0.us/" "Mozilla/5.0 (Macintosh; Intel Mac OS X 10.15; rv:125.0) Gecko/20100101 Firefox/125.0"
66.249.69.228 - - [31/Aug/2026:09:31:53 -0400] "GET /fb/comics/dc/superman80/no004/pages/zn/zn_42.jpg HTTP/1.1" 404 1251 "-" "Googlebot-Image/1.0"
17.166.237.108 - - [31/Aug/2026:09:31:54 -0400] "GET /ko_tl.html HTTP/2" 200 434279 "-" "Mozilla/5.0 (Macintosh; Intel Mac OS X 10_15_7) AppleWebKit/605.1.15 (KHTML, like Gecko) Version/17.4 Safari/605.1.15 (Applebot/0.1; +http://www.apple.com/go/applebot)"
74.7.227.147 - - [31/Aug/2026:09:32:37 -0400] "GET /kb/books/jmh/jmh71/jmh71b/tn/tn_IMG_0152.png HTTP/2" 404 1251 "https://ko0.us/jmh71b.htm" "Mozilla/5.0 AppleWebKit/537.36 (KHTML, like Gecko; compatible; GPTBot/1.4; +https://openai.com/gptbot)"
74.7.227.147 - - [31/Aug/2026:09:32:41 -0400] "GET /kb/books/jmh/jmh71/jmh71b/tn/tn_IMG_1267.png HTTP/2" 404 1251 "https://ko0.us/jmh71b.htm" "Mozilla/5.0 AppleWebKit/537.36 (KHTML, like Gecko; compatible; GPTBot/1.4; +https://openai.com/gptbot)"
185.191.171.7 - - [31/Aug/2026:09:32:44 -0400] "GET /pn/koh5_pano.html HTTP/1.1" 200 3791 "-" "Mozilla/5.0 (compatible; SemrushBot/7~bl; +http://www.semrush.com/bot.html)"
74.7.227.147 - - [31/Aug/2026:09:32:46 -0400] "GET /kb/books/jmh/jmh71/jmh71b/tn/tn_IMG_0447.png HTTP/2" 404 1251 "https://ko0.us/jmh71b.htm" "Mozilla/5.0 AppleWebKit/537.36 (KHTML, like Gecko; compatible; GPTBot/1.4; +https://openai.com/gptbot)"
216.73.216.164 - - [31/Aug/2026:09:32:47 -0400] "GET /ko_center/zm5/hrc_cr03c12/TileGroup6/6-32-22.jpg HTTP/2" 200 1651 "-" "Mozilla/5.0 AppleWebKit/537.36 (KHTML, like Gecko; compatible; ClaudeBot/1.0; +claudebot@anthropic.com)"
74.7.227.147 - - [31/Aug/2026:09:32:49 -0400] "GET /kb/books/jmh/jmh71/jmh71b/tn/tn_IMG_0163.png HTTP/2" 404 1251 "https://ko0.us/jmh71b.htm" "Mozilla/5.0 AppleWebKit/537.36 (KHTML, like Gecko; compatible; GPTBot/1.4; +https://openai.com/gptbot)"
216.73.216.164 - - [31/Aug/2026:09:32:51 -0400] "GET /ko_center/zm5/hrc_cr11c45/TileGroup7/6-1-30.jpg HTTP/2" 200 1401 "-" "Mozilla/5.0 AppleWebKit/537.36 (KHTML, like Gecko; compatible; ClaudeBot/1.0; +claudebot@anthropic.com)"
85.208.96.208 - - [31/Aug/2026:09:32:54 -0400] "GET /iperms/ko_20260824_2300.php HTTP/1.1" 500 0 "-" "Mozilla/5.0 (compatible; SemrushBot/7~bl; +http://www.semrush.com/bot.html)"
216.73.216.164 - - [31/Aug/2026:09:32:56 -0400] "GET /ko_center/zm5/hrc_cr10c42/TileGroup6/6-0-25.jpg HTTP/2" 200 2241 "-" "Mozilla/5.0 AppleWebKit/537.36 (KHTML, like Gecko; compatible; ClaudeBot/1.0; +claudebot@anthropic.com)"
74.7.227.147 - - [31/Aug/2026:09:32:58 -0400] "GET /kb/books/jmh/jmh71/jmh71b/tn/tn_IMG_1037.png HTTP/2" 404 1251 "https://ko0.us/jmh71b.htm" "Mozilla/5.0 AppleWebKit/537.36 (KHTML, like Gecko; compatible; GPTBot/1.4; +https://openai.com/gptbot)"
216.73.216.164 - - [31/Aug/2026:09:33:01 -0400] "GET /ko_center/zm5/hrc_cr11c45/TileGroup7/6-22-28.jpg HTTP/2" 200 1651 "-" "Mozilla/5.0 AppleWebKit/537.36 (KHTML, like Gecko; compatible; ClaudeBot/1.0; +claudebot@anthropic.com)"
74.7.227.147 - - [31/Aug/2026:09:33:05 -0400] "GET /kb/books/jmh/jmh71/jmh71b/tn/tn_IMG_1359.png HTTP/2" 404 1251 "https://ko0.us/jmh71b.htm" "Mozilla/5.0 AppleWebKit/537.36 (KHTML, like Gecko; compatible; GPTBot/1.4; +https://openai.com/gptbot)"
216.73.216.164 - - [31/Aug/2026:09:33:06 -0400] "GET /ko_center/zm5/hrc_cr03c12/TileGroup6/6-0-25.jpg HTTP/2" 200 2241 "-" "Mozilla/5.0 AppleWebKit/537.36 (KHTML, like Gecko; compatible; ClaudeBot/1.0; +claudebot@anthropic.com)"
66.249.69.229 - - [31/Aug/2026:09:33:10 -0400] "GET /fb/comics/dc/superman80/no004/pages/zn/zn_71.jpg HTTP/1.1" 404 1251 "-" "Googlebot-Image/1.0"
74.7.227.147 - - [31/Aug/2026:09:33:10 -0400] "GET /kb/books/jmh/jmh71/jmh71b/tn/tn_IMG_0987.png HTTP/2" 404 1251 "https://ko0.us/jmh71b.htm" "Mozilla/5.0 AppleWebKit/537.36 (KHTML, like Gecko; compatible; GPTBot/1.4; +https://openai.com/gptbot)"
216.73.216.164 - - [31/Aug/2026:09:33:11 -0400] "GET /ko_center/zm5/hrc_cr10c42/TileGroup6/6-35-22.jpg HTTP/2" 200 6640 "-" "Mozilla/5.0 AppleWebKit/537.36 (KHTML, like Gecko; compatible; ClaudeBot/1.0; +claudebot@anthropic.com)"
74.7.227.147 - - [31/Aug/2026:09:33:12 -0400] "GET /kb/books/jmh/jmh71/jmh71b/tn/tn_IMG_0147.png HTTP/2" 404 1251 "https://ko0.us/jmh71b.htm" "Mozilla/5.0 AppleWebKit/537.36 (KHTML, like Gecko; compatible; GPTBot/1.4; +https://openai.com/gptbot)"
