216.73.217.43 - - [31/Aug/2026:13:21:17 -0400] "GET /cropex/node/node_modules/drizzle-orm/pg-core/primary-keys.js HTTP/2" 200 359 "-" "Mozilla/5.0 AppleWebKit/537.36 (KHTML, like Gecko; compatible; ClaudeBot/1.0; +claudebot@anthropic.com)"
216.73.217.43 - - [31/Aug/2026:13:21:22 -0400] "GET /cropex/node/node_modules/@babel/runtime/helpers/inheritsLoose.js HTTP/2" 429 0 "-" "Mozilla/5.0 AppleWebKit/537.36 (KHTML, like Gecko; compatible; ClaudeBot/1.0; +claudebot@anthropic.com)"
216.73.217.43 - - [31/Aug/2026:13:21:27 -0400] "GET /cropex/node/node_modules/rollup/dist/rollup.d.ts HTTP/2" 200 36142 "-" "Mozilla/5.0 AppleWebKit/537.36 (KHTML, like Gecko; compatible; ClaudeBot/1.0; +claudebot@anthropic.com)"
216.73.217.43 - - [31/Aug/2026:13:21:32 -0400] "GET /cropex/node/node_modules/vfile-message/index.d.ts HTTP/2" 429 0 "-" "Mozilla/5.0 AppleWebKit/537.36 (KHTML, like Gecko; compatible; ClaudeBot/1.0; +claudebot@anthropic.com)"
66.249.69.228 - - [31/Aug/2026:13:21:35 -0400] "GET /mob_yt.html HTTP/1.1" 200 1104510 "-" "Mozilla/5.0 (Linux; Android 6.0.1; Nexus 5X Build/MMB29P) AppleWebKit/537.36 (KHTML, like Gecko) Chrome/151.0.7922.173 Mobile Safari/537.36 (compatible; Googlebot/2.1; +http://www.google.com/bot.html)"
216.73.217.43 - - [31/Aug/2026:13:21:37 -0400] "GET /cropex/node/node_modules/lodash/_customOmitClone.js HTTP/2" 200 251 "-" "Mozilla/5.0 AppleWebKit/537.36 (KHTML, like Gecko; compatible; ClaudeBot/1.0; +claudebot@anthropic.com)"
216.73.217.43 - - [31/Aug/2026:13:21:42 -0400] "GET /zc/zc_installed/includes/classes/class.zcConfigureFileReader.php HTTP/2" 429 0 "-" "Mozilla/5.0 AppleWebKit/537.36 (KHTML, like Gecko; compatible; ClaudeBot/1.0; +claudebot@anthropic.com)"
216.73.217.43 - - [31/Aug/2026:13:21:47 -0400] "GET /cropex/node/node_modules/ipaddr.js/LICENSE HTTP/2" 200 1087 "-" "Mozilla/5.0 AppleWebKit/537.36 (KHTML, like Gecko; compatible; ClaudeBot/1.0; +claudebot@anthropic.com)"
216.73.217.43 - - [31/Aug/2026:13:21:52 -0400] "GET /piwigo/include/category_cats.inc.php HTTP/2" 429 0 "-" "Mozilla/5.0 AppleWebKit/537.36 (KHTML, like Gecko; compatible; ClaudeBot/1.0; +claudebot@anthropic.com)"
74.7.227.147 - - [31/Aug/2026:13:21:56 -0400] "GET /imgs/gif/orbs/ HTTP/2" 200 1854 "https://ko0.us/imgs/gif/" "Mozilla/5.0 AppleWebKit/537.36 (KHTML, like Gecko; compatible; GPTBot/1.4; +https://openai.com/gptbot)"
216.73.217.43 - - [31/Aug/2026:13:21:57 -0400] "GET /cropex/node/node_modules/lodash/lodash.js HTTP/2" 200 94269 "-" "Mozilla/5.0 AppleWebKit/537.36 (KHTML, like Gecko; compatible; ClaudeBot/1.0; +claudebot@anthropic.com)"
216.73.217.43 - - [31/Aug/2026:13:22:02 -0400] "GET /cropex/node/node_modules/lodash/merge.js HTTP/2" 429 0 "-" "Mozilla/5.0 AppleWebKit/537.36 (KHTML, like Gecko; compatible; ClaudeBot/1.0; +claudebot@anthropic.com)"
216.73.217.43 - - [31/Aug/2026:13:22:07 -0400] "GET /pn/uize/site-source/examples/source-code/sequenced-show.html HTTP/2" 404 284 "-" "Mozilla/5.0 AppleWebKit/537.36 (KHTML, like Gecko; compatible; ClaudeBot/1.0; +claudebot@anthropic.com)"
216.73.217.43 - - [31/Aug/2026:13:22:12 -0400] "GET /cropex/node/node_modules/drizzle-orm/planetscale-serverless/index.cjs.map HTTP/2" 429 0 "-" "Mozilla/5.0 AppleWebKit/537.36 (KHTML, like Gecko; compatible; ClaudeBot/1.0; +claudebot@anthropic.com)"
74.7.227.147 - - [31/Aug/2026:13:22:14 -0400] "GET /lb/lib/hash.js HTTP/2" 404 1251 "https://ko0.us/index_bk.htm" "Mozilla/5.0 AppleWebKit/537.36 (KHTML, like Gecko; compatible; GPTBot/1.4; +https://openai.com/gptbot)"
216.73.217.43 - - [31/Aug/2026:13:22:17 -0400] "GET /cropex/node/node_modules/d3-time-format/locale/ru-RU.json HTTP/2" 200 323 "-" "Mozilla/5.0 AppleWebKit/537.36 (KHTML, like Gecko; compatible; ClaudeBot/1.0; +claudebot@anthropic.com)"
216.73.217.43 - - [31/Aug/2026:13:22:22 -0400] "GET /piwigo/language/sr_RS/admin.lang.php HTTP/2" 429 0 "-" "Mozilla/5.0 AppleWebKit/537.36 (KHTML, like Gecko; compatible; ClaudeBot/1.0; +claudebot@anthropic.com)"
216.73.217.43 - - [31/Aug/2026:13:22:27 -0400] "GET /cropex/node/node_modules/drizzle-orm/pg-core/columns/interval.js.map HTTP/2" 200 3547 "-" "Mozilla/5.0 AppleWebKit/537.36 (KHTML, like Gecko; compatible; ClaudeBot/1.0; +claudebot@anthropic.com)"
74.7.227.147 - - [31/Aug/2026:13:22:28 -0400] "GET /js/wz/logo.gif HTTP/2" 404 1251 "https://ko0.us/js/wz/wz_dragdrop.html" "Mozilla/5.0 AppleWebKit/537.36 (KHTML, like Gecko; compatible; GPTBot/1.4; +https://openai.com/gptbot)"
216.73.217.43 - - [31/Aug/2026:13:22:32 -0400] "GET /cropex/node/node_modules/recharts/es6/context HTTP/2" 301 795 "-" "Mozilla/5.0 AppleWebKit/537.36 (KHTML, like Gecko; compatible; ClaudeBot/1.0; +claudebot@anthropic.com)"
216.73.217.43 - - [31/Aug/2026:13:22:32 -0400] "GET /cropex/node/node_modules/recharts/es6/context/ HTTP/2" 403 1242 "https://ko0.us/cropex/node/node_modules/recharts/es6/context" "Mozilla/5.0 AppleWebKit/537.36 (KHTML, like Gecko; compatible; ClaudeBot/1.0; +claudebot@anthropic.com)"
85.208.96.194 - - [31/Aug/2026:13:22:35 -0400] "GET /js/wz_ko2/ HTTP/1.1" 200 7254 "-" "Mozilla/5.0 (compatible; SemrushBot/7~bl; +http://www.semrush.com/bot.html)"
216.73.217.43 - - [31/Aug/2026:13:22:37 -0400] "GET /piwigo/include/picture_metadata.inc.php HTTP/2" 500 0 "-" "Mozilla/5.0 AppleWebKit/537.36 (KHTML, like Gecko; compatible; ClaudeBot/1.0; +claudebot@anthropic.com)"
216.73.217.43 - - [31/Aug/2026:13:22:42 -0400] "GET /cropex/node/node_modules/drizzle-orm/pg-core/query-builders/update.js HTTP/2" 429 0 "-" "Mozilla/5.0 AppleWebKit/537.36 (KHTML, like Gecko; compatible; ClaudeBot/1.0; +claudebot@anthropic.com)"
216.73.217.43 - - [31/Aug/2026:13:22:47 -0400] "GET /cropex/node/node_modules/drizzle-orm/pg-core/schema.d.ts HTTP/2" 200 1135 "-" "Mozilla/5.0 AppleWebKit/537.36 (KHTML, like Gecko; compatible; ClaudeBot/1.0; +claudebot@anthropic.com)"
216.73.217.43 - - [31/Aug/2026:13:22:52 -0400] "GET /pn/uize/site-source/reference/Uize.Widget.ColorGrid.html HTTP/2" 404 284 "-" "Mozilla/5.0 AppleWebKit/537.36 (KHTML, like Gecko; compatible; ClaudeBot/1.0; +claudebot@anthropic.com)"
216.73.217.43 - - [31/Aug/2026:13:22:57 -0400] "GET /cropex/node/node_modules/drizzle-orm/pg-core/columns/boolean.cjs.map HTTP/2" 200 2118 "-" "Mozilla/5.0 AppleWebKit/537.36 (KHTML, like Gecko; compatible; ClaudeBot/1.0; +claudebot@anthropic.com)"
216.73.217.43 - - [31/Aug/2026:13:23:02 -0400] "GET /ko/fb/mars/ HTTP/2" 404 1251 "-" "Mozilla/5.0 AppleWebKit/537.36 (KHTML, like Gecko; compatible; ClaudeBot/1.0; +claudebot@anthropic.com)"
216.73.217.43 - - [31/Aug/2026:13:23:07 -0400] "GET /cropex/node/node_modules/drizzle-orm/gel/driver.d.ts HTTP/2" 429 0 "-" "Mozilla/5.0 AppleWebKit/537.36 (KHTML, like Gecko; compatible; ClaudeBot/1.0; +claudebot@anthropic.com)"
74.7.227.147 - - [31/Aug/2026:13:23:10 -0400] "GET /imgs/links/tn/ HTTP/2" 200 12963 "https://ko0.us/imgs/links/" "Mozilla/5.0 AppleWebKit/537.36 (KHTML, like Gecko; compatible; GPTBot/1.4; +https://openai.com/gptbot)"
216.73.217.43 - - [31/Aug/2026:13:23:12 -0400] "GET /cropex/node/node_modules/drizzle-orm/pg-core/roles.cjs HTTP/2" 200 1658 "-" "Mozilla/5.0 AppleWebKit/537.36 (KHTML, like Gecko; compatible; ClaudeBot/1.0; +claudebot@anthropic.com)"
216.73.217.43 - - [31/Aug/2026:13:23:17 -0400] "GET /cropex/node/node_modules/drizzle-orm/pg-core/foreign-keys.js.map HTTP/2" 200 4788 "-" "Mozilla/5.0 AppleWebKit/537.36 (KHTML, like Gecko; compatible; ClaudeBot/1.0; +claudebot@anthropic.com)"
216.73.217.43 - - [31/Aug/2026:13:23:22 -0400] "GET /cropex/node/node_modules/mime-db/HISTORY.md HTTP/2" 429 0 "-" "Mozilla/5.0 AppleWebKit/537.36 (KHTML, like Gecko; compatible; ClaudeBot/1.0; +claudebot@anthropic.com)"
216.73.217.43 - - [31/Aug/2026:13:23:27 -0400] "GET /cropex/node/node_modules/recharts/es6/shape HTTP/2" 301 795 "-" "Mozilla/5.0 AppleWebKit/537.36 (KHTML, like Gecko; compatible; ClaudeBot/1.0; +claudebot@anthropic.com)"
216.73.217.43 - - [31/Aug/2026:13:23:27 -0400] "GET /cropex/node/node_modules/recharts/es6/shape/ HTTP/2" 403 1242 "https://ko0.us/cropex/node/node_modules/recharts/es6/shape" "Mozilla/5.0 AppleWebKit/537.36 (KHTML, like Gecko; compatible; ClaudeBot/1.0; +claudebot@anthropic.com)"
66.249.69.227 - - [31/Aug/2026:13:23:32 -0400] "GET /fb/jtfdc/imgs/zn/zn_20070507_185501_1010108.jpg HTTP/1.1" 404 1251 "-" "Googlebot-Image/1.0"
216.73.217.43 - - [31/Aug/2026:13:23:32 -0400] "GET /pn/ko_pn.php?dir=%2Fhome%2Fkozerus%2Fpublic_html%2Fcropex%2Fnode%2Fnode_modules%2Flodash%2Fbefore.js HTTP/2" 200 4457 "-" "Mozilla/5.0 AppleWebKit/537.36 (KHTML, like Gecko; compatible; ClaudeBot/1.0; +claudebot@anthropic.com)"
216.73.217.43 - - [31/Aug/2026:13:23:37 -0400] "GET /go/dgs0/images/21/b13.gif HTTP/2" 200 537 "-" "Mozilla/5.0 AppleWebKit/537.36 (KHTML, like Gecko; compatible; ClaudeBot/1.0; +claudebot@anthropic.com)"
74.7.227.147 - - [31/Aug/2026:13:23:38 -0400] "GET /imgs/btn/jk.sh HTTP/2" 200 2932 "https://ko0.us/imgs/btn/" "Mozilla/5.0 AppleWebKit/537.36 (KHTML, like Gecko; compatible; GPTBot/1.4; +https://openai.com/gptbot)"
216.73.217.43 - - [31/Aug/2026:13:23:42 -0400] "GET /go/allaboutgo/sgf/wP9SYatT.sgf HTTP/2" 429 0 "-" "Mozilla/5.0 AppleWebKit/537.36 (KHTML, like Gecko; compatible; ClaudeBot/1.0; +claudebot@anthropic.com)"
216.73.217.43 - - [31/Aug/2026:13:23:47 -0400] "GET /go/dgs0/images/sort2d.gif HTTP/2" 200 199 "-" "Mozilla/5.0 AppleWebKit/537.36 (KHTML, like Gecko; compatible; ClaudeBot/1.0; +claudebot@anthropic.com)"
216.73.217.43 - - [31/Aug/2026:13:23:52 -0400] "GET /pn/ko_pn.php?dir=%2Fhome%2Fkozerus%2Fpublic_html%2Fcropex%2Fnode%2Fnode_modules%2Flodash%2FisNumber.js HTTP/2" 429 0 "-" "Mozilla/5.0 AppleWebKit/537.36 (KHTML, like Gecko; compatible; ClaudeBot/1.0; +claudebot@anthropic.com)"
216.73.217.43 - - [31/Aug/2026:13:23:57 -0400] "GET /js/turnjs4/samples/jkwii/pages/page11.html HTTP/2" 200 489 "-" "Mozilla/5.0 AppleWebKit/537.36 (KHTML, like Gecko; compatible; ClaudeBot/1.0; +claudebot@anthropic.com)"
216.73.217.43 - - [31/Aug/2026:13:24:02 -0400] "GET /js/turnjs4/samples/jkwii/pages/page104.html HTTP/2" 429 0 "-" "Mozilla/5.0 AppleWebKit/537.36 (KHTML, like Gecko; compatible; ClaudeBot/1.0; +claudebot@anthropic.com)"
74.7.227.147 - - [31/Aug/2026:13:24:06 -0400] "GET /imgs/gif/orbs/godotss.gif HTTP/2" 200 889971 "https://ko0.us/imgs/gif/orbs/" "Mozilla/5.0 AppleWebKit/537.36 (KHTML, like Gecko; compatible; GPTBot/1.4; +https://openai.com/gptbot)"
216.73.217.43 - - [31/Aug/2026:13:24:07 -0400] "GET /pn/ko_pn.php?dir=%2Fhome%2Fkozerus%2Fpublic_html%2Fcropex%2Fnode%2Fnode_modules%2Fdrizzle-kit%2Futils.mjs HTTP/2" 200 40177 "-" "Mozilla/5.0 AppleWebKit/537.36 (KHTML, like Gecko; compatible; ClaudeBot/1.0; +claudebot@anthropic.com)"
66.249.69.227 - - [31/Aug/2026:13:20:27 -0400] "GET /fb/jtfdc/shoebox/zn/zn_IMG_3764.jpg HTTP/1.1" 404 1251 "-" "Googlebot-Image/1.0"
216.73.217.43 - - [31/Aug/2026:13:20:32 -0400] "GET /cropex/node/node_modules/@babel/runtime/helpers/regeneratorAsync.js HTTP/2" 429 0 "-" "Mozilla/5.0 AppleWebKit/537.36 (KHTML, like Gecko; compatible; ClaudeBot/1.0; +claudebot@anthropic.com)"
216.73.217.43 - - [31/Aug/2026:13:20:37 -0400] "GET /cropex/node/node_modules/drizzle-orm/pg-core/view.js HTTP/2" 200 1092 "-" "Mozilla/5.0 AppleWebKit/537.36 (KHTML, like Gecko; compatible; ClaudeBot/1.0; +claudebot@anthropic.com)"
216.73.217.43 - - [31/Aug/2026:13:20:42 -0400] "GET /cropex/node/node_modules/drizzle-orm/singlestore/driver.js HTTP/2" 429 0 "-" "Mozilla/5.0 AppleWebKit/537.36 (KHTML, like Gecko; compatible; ClaudeBot/1.0; +claudebot@anthropic.com)"
216.73.217.43 - - [31/Aug/2026:13:20:47 -0400] "GET /go/dgs/admin_show_users.php HTTP/2" 500 0 "-" "Mozilla/5.0 AppleWebKit/537.36 (KHTML, like Gecko; compatible; ClaudeBot/1.0; +claudebot@anthropic.com)"
216.73.217.43 - - [31/Aug/2026:13:20:52 -0400] "GET /cropex/node/node_modules/lodash/_composeArgsRight.js HTTP/2" 429 0 "-" "Mozilla/5.0 AppleWebKit/537.36 (KHTML, like Gecko; compatible; ClaudeBot/1.0; +claudebot@anthropic.com)"
216.73.217.43 - - [31/Aug/2026:13:20:57 -0400] "GET /cropex/node/node_modules/lodash/isNumber.js HTTP/2" 200 423 "-" "Mozilla/5.0 AppleWebKit/537.36 (KHTML, like Gecko; compatible; ClaudeBot/1.0; +claudebot@anthropic.com)"
185.191.171.2 - - [31/Aug/2026:13:22:24 -0400] "GET /index_vu_20200202_1500.html HTTP/1.1" 404 1251 "-" "Mozilla/5.0 (compatible; SemrushBot/7~bl; +http://www.semrush.com/bot.html)"
85.208.96.200 - - [31/Aug/2026:13:24:28 -0400] "GET /index_sl_best.html HTTP/1.1" 200 254815 "-" "Mozilla/5.0 (compatible; SemrushBot/7~bl; +http://www.semrush.com/bot.html)"
185.191.171.1 - - [31/Aug/2026:13:24:52 -0400] "GET /index_shoo.html HTTP/1.1" 200 794658 "-" "Mozilla/5.0 (compatible; SemrushBot/7~bl; +http://www.semrush.com/bot.html)"
66.249.77.7 - - [31/Aug/2026:13:24:58 -0400] "GET /fb/kitiworks/?ND HTTP/1.1" 200 1067 "-" "Mozilla/5.0 (Linux; Android 6.0.1; Nexus 5X Build/MMB29P) AppleWebKit/537.36 (KHTML, like Gecko) Chrome/151.0.7922.173 Mobile Safari/537.36 (compatible; Googlebot/2.1; +http://www.google.com/bot.html)"
66.249.77.7 - - [31/Aug/2026:13:25:02 -0400] "GET /_autoindex/assets/icons/corner-left-up.svg HTTP/1.1" 200 328 "https://www.ko0.us/fb/kitiworks/?ND" "Mozilla/5.0 (Linux; Android 6.0.1; Nexus 5X Build/MMB29P) AppleWebKit/537.36 (KHTML, like Gecko) Chrome/151.0.7922.173 Mobile Safari/537.36 (compatible; Googlebot/2.1; +http://www.google.com/bot.html)"
216.73.217.43 - - [31/Aug/2026:13:25:13 -0400] "GET /ko_center/zm5/hrc_cr08c34/TileGroup3/6-37-6.jpg HTTP/2" 429 0 "-" "Mozilla/5.0 AppleWebKit/537.36 (KHTML, like Gecko; compatible; ClaudeBot/1.0; +claudebot@anthropic.com)"
216.73.217.43 - - [31/Aug/2026:13:25:18 -0400] "GET /ko_center/zm5/hrc_dr12d04/TileGroup6/6-18-21.jpg HTTP/2" 200 1651 "-" "Mozilla/5.0 AppleWebKit/537.36 (KHTML, like Gecko; compatible; ClaudeBot/1.0; +claudebot@anthropic.com)"
216.73.217.43 - - [31/Aug/2026:13:25:23 -0400] "GET /ko_center/zm5/hrc_cr11c45/TileGroup7/6-24-27.jpg HTTP/2" 429 0 "-" "Mozilla/5.0 AppleWebKit/537.36 (KHTML, like Gecko; compatible; ClaudeBot/1.0; +claudebot@anthropic.com)"
216.73.217.43 - - [31/Aug/2026:13:25:28 -0400] "GET /ko_center/zm5/hrc_cr11c45/TileGroup7/6-19-27.jpg HTTP/2" 200 1651 "-" "Mozilla/5.0 AppleWebKit/537.36 (KHTML, like Gecko; compatible; ClaudeBot/1.0; +claudebot@anthropic.com)"
85.208.96.199 - - [31/Aug/2026:13:25:32 -0400] "GET /birds HTTP/1.1" 301 795 "-" "Mozilla/5.0 (compatible; SemrushBot/7~bl; +http://www.semrush.com/bot.html)"
216.73.217.43 - - [31/Aug/2026:13:25:33 -0400] "GET /ko_center/zm5/hrc_cr11c45/TileGroup5/6-1-17.jpg HTTP/2" 429 0 "-" "Mozilla/5.0 AppleWebKit/537.36 (KHTML, like Gecko; compatible; ClaudeBot/1.0; +claudebot@anthropic.com)"
66.249.69.228 - - [31/Aug/2026:13:18:54 -0400] "GET /pages/js/4-regions.json HTTP/1.1" 404 1251 "https://ko0.us/indexx.html" "Mozilla/5.0 (Linux; Android 6.0.1; Nexus 5X Build/MMB29P) AppleWebKit/537.36 (KHTML, like Gecko) Chrome/151.0.7922.173 Mobile Safari/537.36 (compatible; Googlebot/2.1; +http://www.google.com/bot.html)"
66.249.69.228 - - [31/Aug/2026:13:18:55 -0400] "GET /pages/6.jpg HTTP/1.1" 404 1251 "https://ko0.us/indexx.html" "Mozilla/5.0 (Linux; Android 6.0.1; Nexus 5X Build/MMB29P) AppleWebKit/537.36 (KHTML, like Gecko) Chrome/151.0.7922.173 Mobile Safari/537.36 (compatible; Googlebot/2.1; +http://www.google.com/bot.html)"
185.191.171.6 - - [31/Aug/2026:13:21:14 -0400] "GET /ka/fb/sas/fb.html HTTP/1.1" 404 1251 "-" "Mozilla/5.0 (compatible; SemrushBot/7~bl; +http://www.semrush.com/bot.html)"
185.191.171.10 - - [31/Aug/2026:13:21:20 -0400] "GET /jtfdc_stalkarounds_best_bugs.html HTTP/1.1" 200 479732 "-" "Mozilla/5.0 (compatible; SemrushBot/7~bl; +http://www.semrush.com/bot.html)"
185.191.171.16 - - [31/Aug/2026:13:22:00 -0400] "GET /kov_byrpucker.html HTTP/1.1" 404 1251 "-" "Mozilla/5.0 (compatible; SemrushBot/7~bl; +http://www.semrush.com/bot.html)"
85.208.96.205 - - [31/Aug/2026:13:23:35 -0400] "GET /js/turnjs4/ HTTP/1.1" 200 57982 "-" "Mozilla/5.0 (compatible; SemrushBot/7~bl; +http://www.semrush.com/bot.html)"
85.208.96.205 - - [31/Aug/2026:13:24:24 -0400] "GET /jtfdc_stalkarounds_bugs1.html HTTP/1.1" 200 500113 "-" "Mozilla/5.0 (compatible; SemrushBot/7~bl; +http://www.semrush.com/bot.html)"
85.208.96.206 - - [31/Aug/2026:13:24:33 -0400] "GET /help.html?cmd2 HTTP/1.1" 200 193665 "-" "Mozilla/5.0 (compatible; SemrushBot/7~bl; +http://www.semrush.com/bot.html)"
216.73.217.43 - - [31/Aug/2026:13:24:42 -0400] "GET /cropex/node/node_modules/mz/LICENSE HTTP/2" 429 0 "-" "Mozilla/5.0 AppleWebKit/537.36 (KHTML, like Gecko; compatible; ClaudeBot/1.0; +claudebot@anthropic.com)"
216.73.217.43 - - [31/Aug/2026:13:24:47 -0400] "GET /cropex/node/node_modules/drizzle-orm/pg-core/columns/cidr.js.map HTTP/2" 200 2001 "-" "Mozilla/5.0 AppleWebKit/537.36 (KHTML, like Gecko; compatible; ClaudeBot/1.0; +claudebot@anthropic.com)"
216.73.217.43 - - [31/Aug/2026:13:24:52 -0400] "GET /cropex/node/node_modules/drizzle-orm/mysql-core/columns/decimal.cjs.map HTTP/2" 429 0 "-" "Mozilla/5.0 AppleWebKit/537.36 (KHTML, like Gecko; compatible; ClaudeBot/1.0; +claudebot@anthropic.com)"
216.73.217.43 - - [31/Aug/2026:13:24:57 -0400] "GET /pn/uize/site-source/reference/Uize.Widget.ListEditor.html HTTP/2" 404 284 "-" "Mozilla/5.0 AppleWebKit/537.36 (KHTML, like Gecko; compatible; ClaudeBot/1.0; +claudebot@anthropic.com)"
216.73.217.43 - - [31/Aug/2026:13:25:02 -0400] "GET /cropex/node/node_modules/embla-carousel-react/cjs/embla-carousel-react.cjs.js HTTP/2" 429 0 "-" "Mozilla/5.0 AppleWebKit/537.36 (KHTML, like Gecko; compatible; ClaudeBot/1.0; +claudebot@anthropic.com)"
216.73.217.43 - - [31/Aug/2026:13:25:07 -0400] "GET /cropex/node/node_modules/drizzle-orm/mysql-core/columns/date.common.cjs HTTP/2" 200 1991 "-" "Mozilla/5.0 AppleWebKit/537.36 (KHTML, like Gecko; compatible; ClaudeBot/1.0; +claudebot@anthropic.com)"
185.191.171.13 - - [31/Aug/2026:13:25:33 -0400] "GET /birds/ HTTP/1.1" 200 11793 "-" "Mozilla/5.0 (compatible; SemrushBot/7~bl; +http://www.semrush.com/bot.html)"
66.249.69.229 - - [31/Aug/2026:13:25:36 -0400] "GET /pages/tn/tn_9.png HTTP/1.1" 404 1251 "-" "Googlebot-Image/1.0"
216.73.217.43 - - [31/Aug/2026:13:25:43 -0400] "GET /piwigo/language/ja_JP/help/configuration.html HTTP/2" 200 1856 "-" "Mozilla/5.0 AppleWebKit/537.36 (KHTML, like Gecko; compatible; ClaudeBot/1.0; +claudebot@anthropic.com)"
216.73.217.43 - - [31/Aug/2026:13:25:48 -0400] "GET /cropex/node/node_modules/passport-strategy/LICENSE HTTP/2" 429 0 "-" "Mozilla/5.0 AppleWebKit/537.36 (KHTML, like Gecko; compatible; ClaudeBot/1.0; +claudebot@anthropic.com)"
216.73.217.43 - - [31/Aug/2026:13:24:12 -0400] "GET /go/allaboutgo/sgf/3blcmSvNP.sgf HTTP/2" 429 0 "-" "Mozilla/5.0 AppleWebKit/537.36 (KHTML, like Gecko; compatible; ClaudeBot/1.0; +claudebot@anthropic.com)"
85.208.96.198 - - [31/Aug/2026:13:24:14 -0400] "GET /pdf/web/viewer.html?file=%2Fpdf%2Fkonet.pdf HTTP/1.1" 200 4235 "-" "Mozilla/5.0 (compatible; SemrushBot/7~bl; +http://www.semrush.com/bot.html)"
74.7.227.147 - - [31/Aug/2026:13:24:15 -0400] "GET /imgs/gif/orbs/orbring.gif HTTP/2" 429 0 "https://ko0.us/imgs/gif/orbs/" "Mozilla/5.0 AppleWebKit/537.36 (KHTML, like Gecko; compatible; GPTBot/1.4; +https://openai.com/gptbot)"
216.73.217.43 - - [31/Aug/2026:13:24:17 -0400] "GET /pn/ko_pn.php?dir=%2Fhome%2Fkozerus%2Fpublic_html%2Fcropex%2Fnode%2Fnode_modules%2Flodash%2F_isPrototype.js HTTP/2" 200 4155 "-" "Mozilla/5.0 AppleWebKit/537.36 (KHTML, like Gecko; compatible; ClaudeBot/1.0; +claudebot@anthropic.com)"
74.7.227.147 - - [31/Aug/2026:13:24:22 -0400] "GET /imgs/gif/orbs/sssfg.gif HTTP/2" 429 0 "https://ko0.us/imgs/gif/orbs/" "Mozilla/5.0 AppleWebKit/537.36 (KHTML, like Gecko; compatible; GPTBot/1.4; +https://openai.com/gptbot)"
216.73.217.43 - - [31/Aug/2026:13:24:22 -0400] "GET /pn/uize/site-source/js/Uize/Widgets/Calculator/Css.csst HTTP/2" 429 0 "-" "Mozilla/5.0 AppleWebKit/537.36 (KHTML, like Gecko; compatible; ClaudeBot/1.0; +claudebot@anthropic.com)"
216.73.217.43 - - [31/Aug/2026:13:24:27 -0400] "GET /pn/ko_pn.php?dir=%2Fhome%2Fkozerus%2Fpublic_html%2Fcropex%2Fnode%2Fnode_modules%2Fexpand-template%2Ftest.js HTTP/2" 200 4328 "-" "Mozilla/5.0 AppleWebKit/537.36 (KHTML, like Gecko; compatible; ClaudeBot/1.0; +claudebot@anthropic.com)"
216.73.217.43 - - [31/Aug/2026:13:24:32 -0400] "GET /imgs/btn/btn_ne.png HTTP/2" 429 0 "-" "Mozilla/5.0 AppleWebKit/537.36 (KHTML, like Gecko; compatible; ClaudeBot/1.0; +claudebot@anthropic.com)"
74.7.227.147 - - [31/Aug/2026:13:24:32 -0400] "GET /imgs/gif/orbs/rings.gif HTTP/2" 429 0 "https://ko0.us/imgs/gif/orbs/" "Mozilla/5.0 AppleWebKit/537.36 (KHTML, like Gecko; compatible; GPTBot/1.4; +https://openai.com/gptbot)"
216.73.217.43 - - [31/Aug/2026:13:24:37 -0400] "GET /go/dgs0/images/13/ca.gif HTTP/2" 200 85 "-" "Mozilla/5.0 AppleWebKit/537.36 (KHTML, like Gecko; compatible; ClaudeBot/1.0; +claudebot@anthropic.com)"
66.249.69.228 - - [31/Aug/2026:13:24:58 -0400] "GET /tl.php?db3=tl.db3&tbl=fb&tlid=/fb/comics/dc/loislane/no065 HTTP/1.1" 200 13365 "-" "Mozilla/5.0 (Linux; Android 6.0.1; Nexus 5X Build/MMB29P) AppleWebKit/537.36 (KHTML, like Gecko) Chrome/151.0.7922.173 Mobile Safari/537.36 (compatible; Googlebot/2.1; +http://www.google.com/bot.html)"
74.7.227.147 - - [31/Aug/2026:13:25:08 -0400] "GET /imgs/links/tn/tn_walter_armywallet_20021122_150901_1272761.jpg HTTP/2" 429 0 "https://ko0.us/imgs/links/tn/" "Mozilla/5.0 AppleWebKit/537.36 (KHTML, like Gecko; compatible; GPTBot/1.4; +https://openai.com/gptbot)"
74.7.227.147 - - [31/Aug/2026:13:25:28 -0400] "GET /imgs/links/tn/tn_mg22129550.800-2_298.jpg HTTP/2" 429 0 "https://ko0.us/imgs/links/tn/" "Mozilla/5.0 AppleWebKit/537.36 (KHTML, like Gecko; compatible; GPTBot/1.4; +https://openai.com/gptbot)"
74.7.227.147 - - [31/Aug/2026:13:25:48 -0400] "GET /imgs/links/tn/tn_walter_20021120_153701_1262611.jpg HTTP/2" 200 2619 "https://ko0.us/imgs/links/tn/" "Mozilla/5.0 AppleWebKit/537.36 (KHTML, like Gecko; compatible; GPTBot/1.4; +https://openai.com/gptbot)"
74.7.227.147 - - [31/Aug/2026:13:26:08 -0400] "GET /imgs/links/tn/tn_globe_Puffy%20White%20Clouds.jpg HTTP/2" 200 18482 "https://ko0.us/imgs/links/tn/" "Mozilla/5.0 AppleWebKit/537.36 (KHTML, like Gecko; compatible; GPTBot/1.4; +https://openai.com/gptbot)"
74.7.227.147 - - [31/Aug/2026:13:26:24 -0400] "GET /imgs/links/tn/tn_jak1_20021128_215001_1282842.jpg HTTP/2" 200 12134 "https://ko0.us/imgs/links/tn/" "Mozilla/5.0 AppleWebKit/537.36 (KHTML, like Gecko; compatible; GPTBot/1.4; +https://openai.com/gptbot)"
66.249.69.228 - - [31/Aug/2026:13:25:36 -0400] "GET /fb/comics/tower/undersea/no004/pages/zn/zn_46.jpg HTTP/1.1" 404 1251 "-" "Googlebot-Image/1.0"
216.73.217.43 - - [31/Aug/2026:13:25:38 -0400] "GET /ko_center/zm5/hrc_cr08c34/TileGroup6/6-0-23.jpg HTTP/2" 200 2241 "-" "Mozilla/5.0 AppleWebKit/537.36 (KHTML, like Gecko; compatible; ClaudeBot/1.0; +claudebot@anthropic.com)"
185.191.171.4 - - [31/Aug/2026:13:26:00 -0400] "GET /index_ka2.html HTTP/1.1" 200 379618 "-" "Mozilla/5.0 (compatible; SemrushBot/7~bl; +http://www.semrush.com/bot.html)"
85.208.96.197 - - [31/Aug/2026:13:26:36 -0400] "GET /konet/ko_center.html HTTP/1.1" 200 7514 "-" "Mozilla/5.0 (compatible; SemrushBot/7~bl; +http://www.semrush.com/bot.html)"
85.208.96.196 - - [31/Aug/2026:13:26:37 -0400] "GET /imgs/links/ HTTP/1.1" 200 1256 "-" "Mozilla/5.0 (compatible; SemrushBot/7~bl; +http://www.semrush.com/bot.html)"
216.73.217.43 - - [31/Aug/2026:13:26:58 -0400] "GET /piwigo/themes/smartpocket/js/config.js HTTP/2" 429 0 "-" "Mozilla/5.0 AppleWebKit/537.36 (KHTML, like Gecko; compatible; ClaudeBot/1.0; +claudebot@anthropic.com)"
216.73.217.43 - - [31/Aug/2026:13:27:03 -0400] "GET /piwigo/themes/default/js/plugins/jquery.jgrowl_minimized.js HTTP/2" 200 1457 "-" "Mozilla/5.0 AppleWebKit/537.36 (KHTML, like Gecko; compatible; ClaudeBot/1.0; +claudebot@anthropic.com)"
216.73.217.43 - - [31/Aug/2026:13:27:08 -0400] "GET /ko_center/js/cmultiex.js HTTP/2" 404 1251 "-" "Mozilla/5.0 AppleWebKit/537.36 (KHTML, like Gecko; compatible; ClaudeBot/1.0; +claudebot@anthropic.com)"
216.73.217.43 - - [31/Aug/2026:13:27:13 -0400] "GET /pn/ko_pn.php?dir=%2Fhome%2Fkozerus%2Fpublic_html%2Fcropex%2Fnode%2Fnode_modules%2Fgopd%2F.github HTTP/2" 429 0 "-" "Mozilla/5.0 AppleWebKit/537.36 (KHTML, like Gecko; compatible; ClaudeBot/1.0; +claudebot@anthropic.com)"
216.73.217.43 - - [31/Aug/2026:13:27:18 -0400] "GET /piwigo/themes/default/template/picture_content.tpl HTTP/2" 200 1879 "-" "Mozilla/5.0 AppleWebKit/537.36 (KHTML, like Gecko; compatible; ClaudeBot/1.0; +claudebot@anthropic.com)"
216.73.217.43 - - [31/Aug/2026:13:27:23 -0400] "GET /pn/ko_pn.php?dir=%2Fhome%2Fkozerus%2Fpublic_html%2Fcropex%2Fnode%2Fnode_modules%2Fdrizzle-orm%2Fprisma%2Fsqlite%2Fsession.cjs.map HTTP/2" 200 5474 "-" "Mozilla/5.0 AppleWebKit/537.36 (KHTML, like Gecko; compatible; ClaudeBot/1.0; +claudebot@anthropic.com)"
216.73.217.43 - - [31/Aug/2026:13:27:28 -0400] "GET /pn/ko_pn.php?dir=%2Fhome%2Fkozerus%2Fpublic_html%2Fcropex%2Fnode%2Fnode_modules%2Fdrizzle-orm%2Fsqlite-core%2Fchecks.js.map HTTP/2" 429 0 "-" "Mozilla/5.0 AppleWebKit/537.36 (KHTML, like Gecko; compatible; ClaudeBot/1.0; +claudebot@anthropic.com)"
216.73.217.43 - - [31/Aug/2026:13:27:33 -0400] "GET /pn/ko_pn.php?dir=%2Fhome%2Fkozerus%2Fpublic_html%2Fcropex%2Fnode%2Fnode_modules%2Fes-errors%2Ftest HTTP/2" 200 3957 "-" "Mozilla/5.0 AppleWebKit/537.36 (KHTML, like Gecko; compatible; ClaudeBot/1.0; +claudebot@anthropic.com)"
66.249.69.228 - - [31/Aug/2026:13:27:36 -0400] "GET /tl.php?db3=tl.db3&tbl=fb&tlid=/fb/jtfinc/jtf18 HTTP/1.1" 200 13563 "-" "Mozilla/5.0 (Linux; Android 6.0.1; Nexus 5X Build/MMB29P) AppleWebKit/537.36 (KHTML, like Gecko) Chrome/151.0.7922.173 Mobile Safari/537.36 (compatible; Googlebot/2.1; +http://www.google.com/bot.html)"
216.73.217.43 - - [31/Aug/2026:13:27:38 -0400] "GET /pn/ko_pn.php?dir=%2Fhome%2Fkozerus%2Fpublic_html%2Fpiwigo%2Fplugins%2FAdminTools%2Finclude%2FMultiView.class.php HTTP/2" 429 0 "-" "Mozilla/5.0 AppleWebKit/537.36 (KHTML, like Gecko; compatible; ClaudeBot/1.0; +claudebot@anthropic.com)"
216.73.217.43 - - [31/Aug/2026:13:27:43 -0400] "GET /pn/ko_pn.php?dir=%2Fhome%2Fkozerus%2Fpublic_html%2Fcropex%2Fnode%2Fnode_modules%2Fdrizzle-orm%2Fsqlite-core%2Fdb.js HTTP/2" 200 6648 "-" "Mozilla/5.0 AppleWebKit/537.36 (KHTML, like Gecko; compatible; ClaudeBot/1.0; +claudebot@anthropic.com)"
216.73.217.43 - - [31/Aug/2026:13:27:48 -0400] "GET /dgs/images/flags/do.gif HTTP/2" 429 0 "-" "Mozilla/5.0 AppleWebKit/537.36 (KHTML, like Gecko; compatible; ClaudeBot/1.0; +claudebot@anthropic.com)"
185.191.171.17 - - [31/Aug/2026:13:26:30 -0400] "GET /svc/jqgrid/hiddengrid.html HTTP/1.1" 404 1251 "-" "Mozilla/5.0 (compatible; SemrushBot/7~bl; +http://www.semrush.com/bot.html)"
74.7.227.147 - - [31/Aug/2026:13:26:37 -0400] "GET /imgs/links/tn/tn_jak2_20021031_205301_1242413.jpg HTTP/2" 200 14294 "https://ko0.us/imgs/links/tn/" "Mozilla/5.0 AppleWebKit/537.36 (KHTML, like Gecko; compatible; GPTBot/1.4; +https://openai.com/gptbot)"
74.7.227.147 - - [31/Aug/2026:13:26:47 -0400] "GET /imgs/links/tn/tn_jak3_20021102_193101_1242421.jpg HTTP/2" 200 12896 "https://ko0.us/imgs/links/tn/" "Mozilla/5.0 AppleWebKit/537.36 (KHTML, like Gecko; compatible; GPTBot/1.4; +https://openai.com/gptbot)"
66.249.69.228 - - [31/Aug/2026:13:26:48 -0400] "GET /fb/bookmarkusb/pages/zn/zn_41.jpg HTTP/1.1" 404 1251 "-" "Googlebot-Image/1.0"
74.7.227.147 - - [31/Aug/2026:13:26:55 -0400] "GET /imgs/links/tn/tn_jak123_20021112_114601_1242475.jpg HTTP/2" 429 0 "https://ko0.us/imgs/links/tn/" "Mozilla/5.0 AppleWebKit/537.36 (KHTML, like Gecko; compatible; GPTBot/1.4; +https://openai.com/gptbot)"
74.7.227.147 - - [31/Aug/2026:13:27:02 -0400] "GET /imgs/links/tn/tn_rocksoup_estatua_de_frade_em_almeirim.jpg HTTP/2" 429 0 "https://ko0.us/imgs/links/tn/" "Mozilla/5.0 AppleWebKit/537.36 (KHTML, like Gecko; compatible; GPTBot/1.4; +https://openai.com/gptbot)"
74.7.227.147 - - [31/Aug/2026:13:27:11 -0400] "GET /imgs/links/tn/tn_Interdimensional%20Car%20Crash.jpg HTTP/2" 429 0 "https://ko0.us/imgs/links/tn/" "Mozilla/5.0 AppleWebKit/537.36 (KHTML, like Gecko; compatible; GPTBot/1.4; +https://openai.com/gptbot)"
74.7.227.147 - - [31/Aug/2026:13:27:26 -0400] "GET /imgs/links/tn/tn_Calling%20All%20Cars.jpg HTTP/2" 429 0 "https://ko0.us/imgs/links/tn/" "Mozilla/5.0 AppleWebKit/537.36 (KHTML, like Gecko; compatible; GPTBot/1.4; +https://openai.com/gptbot)"
74.7.227.147 - - [31/Aug/2026:13:27:46 -0400] "GET /imgs/links/tn/tn_globe_TypicalBryce1.jpg HTTP/2" 429 0 "https://ko0.us/imgs/links/tn/" "Mozilla/5.0 AppleWebKit/537.36 (KHTML, like Gecko; compatible; GPTBot/1.4; +https://openai.com/gptbot)"
216.73.217.43 - - [31/Aug/2026:13:28:04 -0400] "GET /pn/ko_pn.php?dir=%2Fhome%2Fkozerus%2Fpublic_html%2Fzm%2Fapollo17%2FTileGroup6%2F7-73-10.jpg HTTP/2" 200 3898 "-" "Mozilla/5.0 AppleWebKit/537.36 (KHTML, like Gecko; compatible; ClaudeBot/1.0; +claudebot@anthropic.com)"
74.7.227.147 - - [31/Aug/2026:13:28:06 -0400] "GET /imgs/links/tn/tn_gavel.jpg HTTP/2" 429 0 "https://ko0.us/imgs/links/tn/" "Mozilla/5.0 AppleWebKit/537.36 (KHTML, like Gecko; compatible; GPTBot/1.4; +https://openai.com/gptbot)"
216.73.217.43 - - [31/Aug/2026:13:28:09 -0400] "GET /ko_center/zm5/hrc_dr18d29/TileGroup1/5-20-11.jpg HTTP/2" 429 0 "-" "Mozilla/5.0 AppleWebKit/537.36 (KHTML, like Gecko; compatible; ClaudeBot/1.0; +claudebot@anthropic.com)"
216.73.217.43 - - [31/Aug/2026:13:28:14 -0400] "GET /dgs/dgs/status.php HTTP/2" 303 20 "-" "Mozilla/5.0 AppleWebKit/537.36 (KHTML, like Gecko; compatible; ClaudeBot/1.0; +claudebot@anthropic.com)"
216.73.217.43 - - [31/Aug/2026:13:28:15 -0400] "GET /dgs/error.php?err=login_if_not_logged_in&debugmsg=status&page=dgs%2Fstatus.php HTTP/2" 429 0 "https://ko0.us/dgs/dgs/status.php" "Mozilla/5.0 AppleWebKit/537.36 (KHTML, like Gecko; compatible; ClaudeBot/1.0; +claudebot@anthropic.com)"
74.7.227.147 - - [31/Aug/2026:13:28:26 -0400] "GET /imgs/links/tn/tn_jtfdc.jpg HTTP/2" 200 30458 "https://ko0.us/imgs/links/tn/" "Mozilla/5.0 AppleWebKit/537.36 (KHTML, like Gecko; compatible; GPTBot/1.4; +https://openai.com/gptbot)"
85.208.96.205 - - [31/Aug/2026:13:28:26 -0400] "GET /ka/mouse.html HTTP/1.1" 200 6391 "-" "Mozilla/5.0 (compatible; SemrushBot/7~bl; +http://www.semrush.com/bot.html)"
85.208.96.211 - - [31/Aug/2026:13:28:42 -0400] "GET /pdf/web/viewer.html?file=%2Ffb%2Fjtfdcr%2Fimgs%2Fjk_restrain_donovan_pg3.pdf HTTP/1.1" 200 4235 "-" "Mozilla/5.0 (compatible; SemrushBot/7~bl; +http://www.semrush.com/bot.html)"
74.7.227.147 - - [31/Aug/2026:13:28:46 -0400] "GET /imgs/links/tn/tn_venus.jpg HTTP/2" 200 28803 "https://ko0.us/imgs/links/tn/" "Mozilla/5.0 AppleWebKit/537.36 (KHTML, like Gecko; compatible; GPTBot/1.4; +https://openai.com/gptbot)"
74.7.227.147 - - [31/Aug/2026:13:29:02 -0400] "GET /imgs/links/tn/tn_globeTechnoCity3.jpg HTTP/2" 200 22899 "https://ko0.us/imgs/links/tn/" "Mozilla/5.0 AppleWebKit/537.36 (KHTML, like Gecko; compatible; GPTBot/1.4; +https://openai.com/gptbot)"
74.7.227.147 - - [31/Aug/2026:13:29:15 -0400] "GET /imgs/links/tn/tn_saic_corp_security.jpg HTTP/2" 200 26052 "https://ko0.us/imgs/links/tn/" "Mozilla/5.0 AppleWebKit/537.36 (KHTML, like Gecko; compatible; GPTBot/1.4; +https://openai.com/gptbot)"
216.73.217.43 - - [31/Aug/2026:13:29:20 -0400] "GET /pn/ko_pn.php?dir=%2Fhome%2Fkozerus%2Fpublic_html%2Fcropex%2Fnode%2Fnode_modules%2Fdrizzle-orm%2Fsinglestore-proxy%2Findex.d.cts HTTP/2" 429 0 "-" "Mozilla/5.0 AppleWebKit/537.36 (KHTML, like Gecko; compatible; ClaudeBot/1.0; +claudebot@anthropic.com)"
216.73.217.43 - - [31/Aug/2026:13:29:24 -0400] "GET /pn/ko_pn.php?dir=%2Fhome%2Fkozerus%2Fpublic_html%2Fcropex%2Fnode%2Fnode_modules%2F%40babel%2Fruntime%2Fhelpers%2FarrayWithHoles.js HTTP/2" 200 3961 "-" "Mozilla/5.0 AppleWebKit/537.36 (KHTML, like Gecko; compatible; ClaudeBot/1.0; +claudebot@anthropic.com)"
74.7.227.147 - - [31/Aug/2026:13:29:25 -0400] "GET /imgs/links/tn/tn_jtfdc_private_court_since_1979_viewin.png HTTP/2" 200 32555 "https://ko0.us/imgs/links/tn/" "Mozilla/5.0 AppleWebKit/537.36 (KHTML, like Gecko; compatible; GPTBot/1.4; +https://openai.com/gptbot)"
216.73.217.43 - - [31/Aug/2026:13:29:29 -0400] "GET /pn/ko_pn.php?dir=%2Fhome%2Fkozerus%2Fpublic_html%2Fcropex%2Fnode%2Fnode_modules%2Fnanoid%2Fasync HTTP/2" 429 0 "-" "Mozilla/5.0 AppleWebKit/537.36 (KHTML, like Gecko; compatible; ClaudeBot/1.0; +claudebot@anthropic.com)"
74.7.227.147 - - [31/Aug/2026:13:29:33 -0400] "GET /imgs/links/tn/tn_jtfdc_private_court_since_1979_viewout.png HTTP/2" 429 0 "https://ko0.us/imgs/links/tn/" "Mozilla/5.0 AppleWebKit/537.36 (KHTML, like Gecko; compatible; GPTBot/1.4; +https://openai.com/gptbot)"
85.208.96.207 - - [31/Aug/2026:13:29:35 -0400] "GET /fb/mobmin.html HTTP/1.1" 404 1251 "-" "Mozilla/5.0 (compatible; SemrushBot/7~bl; +http://www.semrush.com/bot.html)"
216.73.217.43 - - [31/Aug/2026:13:29:39 -0400] "GET /pn/ko_pn.php?dir=%2Fhome%2Fkozerus%2Fpublic_html%2Fcropex%2Fnode%2Fnode_modules%2Fdrizzle-orm%2Fgel-core%2Futils.d.cts HTTP/2" 200 4668 "-" "Mozilla/5.0 AppleWebKit/537.36 (KHTML, like Gecko; compatible; ClaudeBot/1.0; +claudebot@anthropic.com)"
74.7.227.147 - - [31/Aug/2026:13:29:40 -0400] "GET /imgs/links/tn/tn_Io.jpg HTTP/2" 429 0 "https://ko0.us/imgs/links/tn/" "Mozilla/5.0 AppleWebKit/537.36 (KHTML, like Gecko; compatible; GPTBot/1.4; +https://openai.com/gptbot)"
216.73.217.43 - - [31/Aug/2026:13:29:42 -0400] "GET /pn/ko_pn.php?dir=%2Fhome%2Fkozerus%2Fpublic_html%2Fcropex%2Fnode%2Fnode_modules%2Fsimple-get%2F HTTP/2" 429 0 "-" "Mozilla/5.0 AppleWebKit/537.36 (KHTML, like Gecko; compatible; ClaudeBot/1.0; +claudebot@anthropic.com)"
216.73.217.43 - - [31/Aug/2026:13:29:45 -0400] "GET /cropex/node/node_modules/passport/sponsors/descope-dark.svg HTTP/2" 200 2301 "-" "Mozilla/5.0 AppleWebKit/537.36 (KHTML, like Gecko; compatible; ClaudeBot/1.0; +claudebot@anthropic.com)"
74.7.227.147 - - [31/Aug/2026:13:29:50 -0400] "GET /imgs/links/tn/tn_The_Craft_Logo_Motto%202.jpg HTTP/2" 429 0 "https://ko0.us/imgs/links/tn/" "Mozilla/5.0 AppleWebKit/537.36 (KHTML, like Gecko; compatible; GPTBot/1.4; +https://openai.com/gptbot)"
216.73.217.43 - - [31/Aug/2026:13:29:50 -0400] "GET /pn/ko_pn.php?dir=%2Fhome%2Fkozerus%2Fpublic_html%2Fcropex%2Fnode%2Fnode_modules%2Fpseudomap%2Fpackage.json HTTP/2" 429 0 "-" "Mozilla/5.0 AppleWebKit/537.36 (KHTML, like Gecko; compatible; ClaudeBot/1.0; +claudebot@anthropic.com)"
216.73.217.43 - - [31/Aug/2026:13:25:53 -0400] "GET /pdf/web/images/toolbarButton-sidebarToggle-rtl@2x.png HTTP/2" 200 344 "-" "Mozilla/5.0 AppleWebKit/537.36 (KHTML, like Gecko; compatible; ClaudeBot/1.0; +claudebot@anthropic.com)"
216.73.217.43 - - [31/Aug/2026:13:25:58 -0400] "GET /cropex/node/node_modules/mdast-util-to-hast/lib/index.js HTTP/2" 429 0 "-" "Mozilla/5.0 AppleWebKit/537.36 (KHTML, like Gecko; compatible; ClaudeBot/1.0; +claudebot@anthropic.com)"
216.73.217.43 - - [31/Aug/2026:13:26:03 -0400] "GET /pn/uize/site-source/css/widget.calculator.widgetstogo.css HTTP/2" 200 127 "-" "Mozilla/5.0 AppleWebKit/537.36 (KHTML, like Gecko; compatible; ClaudeBot/1.0; +claudebot@anthropic.com)"
216.73.217.43 - - [31/Aug/2026:13:26:08 -0400] "GET /piwigo/plugins/TakeATour/language/pt_PT HTTP/2" 301 795 "-" "Mozilla/5.0 AppleWebKit/537.36 (KHTML, like Gecko; compatible; ClaudeBot/1.0; +claudebot@anthropic.com)"
216.73.217.43 - - [31/Aug/2026:13:26:08 -0400] "GET /piwigo/plugins/TakeATour/language/pt_PT/ HTTP/2" 429 0 "https://ko0.us/piwigo/plugins/TakeATour/language/pt_PT" "Mozilla/5.0 AppleWebKit/537.36 (KHTML, like Gecko; compatible; ClaudeBot/1.0; +claudebot@anthropic.com)"
216.73.217.43 - - [31/Aug/2026:13:26:13 -0400] "GET /cropex/node/node_modules/recharts/es6/util/cursor/getRadialCursorPoints.js HTTP/2" 200 278 "-" "Mozilla/5.0 AppleWebKit/537.36 (KHTML, like Gecko; compatible; ClaudeBot/1.0; +claudebot@anthropic.com)"
216.73.217.43 - - [31/Aug/2026:13:26:18 -0400] "GET /zc/zc_installed/includes/modules/pages/completion/ HTTP/2" 429 0 "-" "Mozilla/5.0 AppleWebKit/537.36 (KHTML, like Gecko; compatible; ClaudeBot/1.0; +claudebot@anthropic.com)"
216.73.217.43 - - [31/Aug/2026:13:26:23 -0400] "GET /piwigo/themes/default/template/slideshow.tpl HTTP/2" 200 579 "-" "Mozilla/5.0 AppleWebKit/537.36 (KHTML, like Gecko; compatible; ClaudeBot/1.0; +claudebot@anthropic.com)"
216.73.217.43 - - [31/Aug/2026:13:26:28 -0400] "GET /go/eidogo/lessons/index.html HTTP/2" 404 1251 "-" "Mozilla/5.0 AppleWebKit/537.36 (KHTML, like Gecko; compatible; ClaudeBot/1.0; +claudebot@anthropic.com)"
216.73.217.43 - - [31/Aug/2026:13:26:33 -0400] "GET /go/dgs0/tournaments/include/tournament_limits.php HTTP/2" 429 0 "-" "Mozilla/5.0 AppleWebKit/537.36 (KHTML, like Gecko; compatible; ClaudeBot/1.0; +claudebot@anthropic.com)"
216.73.217.43 - - [31/Aug/2026:13:26:38 -0400] "GET /cropex/node/node_modules/any-promise/register/promise.js HTTP/2" 200 79 "-" "Mozilla/5.0 AppleWebKit/537.36 (KHTML, like Gecko; compatible; ClaudeBot/1.0; +claudebot@anthropic.com)"
185.191.171.2 - - [31/Aug/2026:13:26:38 -0400] "GET /fl/iperms/iperms_vas/iperms_vas.html HTTP/1.1" 404 1251 "-" "Mozilla/5.0 (compatible; SemrushBot/7~bl; +http://www.semrush.com/bot.html)"
216.73.217.43 - - [31/Aug/2026:13:26:43 -0400] "GET /dgs/tournaments/include/tournament_ladder.php HTTP/2" 500 0 "-" "Mozilla/5.0 AppleWebKit/537.36 (KHTML, like Gecko; compatible; ClaudeBot/1.0; +claudebot@anthropic.com)"
216.73.217.43 - - [31/Aug/2026:13:26:48 -0400] "GET /cropex/node/node_modules/get-proto/.eslintrc HTTP/2" 429 0 "-" "Mozilla/5.0 AppleWebKit/537.36 (KHTML, like Gecko; compatible; ClaudeBot/1.0; +claudebot@anthropic.com)"
216.73.217.43 - - [31/Aug/2026:13:26:53 -0400] "GET /cropex/node/node_modules/mdast-util-to-hast/lib/state.d.ts.map HTTP/2" 200 1791 "-" "Mozilla/5.0 AppleWebKit/537.36 (KHTML, like Gecko; compatible; ClaudeBot/1.0; +claudebot@anthropic.com)"
66.249.69.229 - - [31/Aug/2026:13:28:21 -0400] "GET /pdf/web/viewer.html?file=/pdf/konet_userguide.pdf HTTP/1.1" 200 3839 "-" "Mozilla/5.0 (Linux; Android 6.0.1; Nexus 5X Build/MMB29P) AppleWebKit/537.36 (KHTML, like Gecko) Chrome/151.0.7922.173 Mobile Safari/537.36 (compatible; GoogleOther)"
185.191.171.11 - - [31/Aug/2026:13:29:34 -0400] "GET /svc/jqgrid/gridwidth.html HTTP/1.1" 404 1251 "-" "Mozilla/5.0 (compatible; SemrushBot/7~bl; +http://www.semrush.com/bot.html)"
185.191.171.5 - - [31/Aug/2026:13:29:51 -0400] "GET /stl/chd/gex.chd HTTP/1.1" 404 1251 "-" "Mozilla/5.0 (compatible; SemrushBot/7~bl; +http://www.semrush.com/bot.html)"
66.249.69.227 - - [31/Aug/2026:13:27:50 -0400] "GET /pdf/web/viewer.html?file=/pdf/konet_big.pdf HTTP/1.1" 200 3839 "-" "Mozilla/5.0 (Linux; Android 6.0.1; Nexus 5X Build/MMB29P) AppleWebKit/537.36 (KHTML, like Gecko) Chrome/151.0.7922.173 Mobile Safari/537.36 (compatible; GoogleOther)"
216.73.217.43 - - [31/Aug/2026:13:27:53 -0400] "GET /pn/ko_pn.php?dir=%2Fhome%2Fkozerus%2Fpublic_html%2Fcropex%2Fnode%2Fnode_modules%2Fdrizzle-orm%2Fsqlite-core%2Fcolumns HTTP/2" 200 4894 "-" "Mozilla/5.0 AppleWebKit/537.36 (KHTML, like Gecko; compatible; ClaudeBot/1.0; +claudebot@anthropic.com)"
216.73.217.43 - - [31/Aug/2026:13:27:58 -0400] "GET /pn/ko_pn.php?dir=%2Fhome%2Fkozerus%2Fpublic_html%2Fcropex%2Fnode%2Fnode_modules%2Fhasown%2F.github HTTP/2" 429 0 "-" "Mozilla/5.0 AppleWebKit/537.36 (KHTML, like Gecko; compatible; ClaudeBot/1.0; +claudebot@anthropic.com)"
216.73.217.43 - - [31/Aug/2026:13:28:19 -0400] "GET /go/dgs0/scripts/tests/EntityTest.php HTTP/2" 500 0 "-" "Mozilla/5.0 AppleWebKit/537.36 (KHTML, like Gecko; compatible; ClaudeBot/1.0; +claudebot@anthropic.com)"
216.73.217.43 - - [31/Aug/2026:13:28:24 -0400] "GET /cropex/node/node_modules/lodash/_mapCacheClear.js HTTP/2" 200 215 "-" "Mozilla/5.0 AppleWebKit/537.36 (KHTML, like Gecko; compatible; ClaudeBot/1.0; +claudebot@anthropic.com)"
216.73.217.43 - - [31/Aug/2026:13:28:29 -0400] "GET /birds/pdf HTTP/2" 301 795 "-" "Mozilla/5.0 AppleWebKit/537.36 (KHTML, like Gecko; compatible; ClaudeBot/1.0; +claudebot@anthropic.com)"
216.73.217.43 - - [31/Aug/2026:13:28:29 -0400] "GET /birds/pdf/ HTTP/2" 429 0 "https://ko0.us/birds/pdf" "Mozilla/5.0 AppleWebKit/537.36 (KHTML, like Gecko; compatible; ClaudeBot/1.0; +claudebot@anthropic.com)"
216.73.217.43 - - [31/Aug/2026:13:28:34 -0400] "GET /cropex/node/node_modules/lodash/pullAt.js HTTP/2" 200 488 "-" "Mozilla/5.0 AppleWebKit/537.36 (KHTML, like Gecko; compatible; ClaudeBot/1.0; +claudebot@anthropic.com)"
216.73.217.43 - - [31/Aug/2026:13:28:39 -0400] "GET /cropex/node/node_modules/drizzle-orm/sql/index.js.map HTTP/2" 429 0 "-" "Mozilla/5.0 AppleWebKit/537.36 (KHTML, like Gecko; compatible; ClaudeBot/1.0; +claudebot@anthropic.com)"
216.73.217.43 - - [31/Aug/2026:13:28:44 -0400] "GET /dgs/include/table_infos.php HTTP/2" 200 0 "-" "Mozilla/5.0 AppleWebKit/537.36 (KHTML, like Gecko; compatible; ClaudeBot/1.0; +claudebot@anthropic.com)"
216.73.217.43 - - [31/Aug/2026:13:28:49 -0400] "GET /dgs/include/classlib_goban.php HTTP/2" 429 0 "-" "Mozilla/5.0 AppleWebKit/537.36 (KHTML, like Gecko; compatible; ClaudeBot/1.0; +claudebot@anthropic.com)"
216.73.217.43 - - [31/Aug/2026:13:28:54 -0400] "GET /cropex/node/node_modules/lodash/_createFind.js HTTP/2" 200 353 "-" "Mozilla/5.0 AppleWebKit/537.36 (KHTML, like Gecko; compatible; ClaudeBot/1.0; +claudebot@anthropic.com)"
66.249.69.227 - - [31/Aug/2026:13:28:56 -0400] "GET /fb/gofunwii/pages/zn/zn_teeth_shark.jpg HTTP/1.1" 404 1251 "-" "Googlebot-Image/1.0"
216.73.217.43 - - [31/Aug/2026:13:28:59 -0400] "GET /cropex/node/node_modules/drizzle-orm/table.cjs HTTP/2" 429 0 "-" "Mozilla/5.0 AppleWebKit/537.36 (KHTML, like Gecko; compatible; ClaudeBot/1.0; +claudebot@anthropic.com)"
216.73.217.43 - - [31/Aug/2026:13:29:04 -0400] "GET /cropex/node/node_modules/lodash/_copyObject.js HTTP/2" 200 418 "-" "Mozilla/5.0 AppleWebKit/537.36 (KHTML, like Gecko; compatible; ClaudeBot/1.0; +claudebot@anthropic.com)"
216.73.217.43 - - [31/Aug/2026:13:29:09 -0400] "GET /cropex/node/node_modules/lodash/_baseIntersection.js HTTP/2" 429 0 "-" "Mozilla/5.0 AppleWebKit/537.36 (KHTML, like Gecko; compatible; ClaudeBot/1.0; +claudebot@anthropic.com)"
216.73.217.43 - - [31/Aug/2026:13:29:14 -0400] "GET /go/dgs0/scripts/tests/GameAddTimeTest.php HTTP/2" 500 0 "-" "Mozilla/5.0 AppleWebKit/537.36 (KHTML, like Gecko; compatible; ClaudeBot/1.0; +claudebot@anthropic.com)"
85.208.96.207 - - [31/Aug/2026:13:30:01 -0400] "GET /konet/index_orig.html HTTP/1.1" 200 1333926 "-" "Mozilla/5.0 (compatible; SemrushBot/7~bl; +http://www.semrush.com/bot.html)"
216.73.217.43 - - [31/Aug/2026:13:29:55 -0400] "GET /piwigo/plugins/TakeATour/language/sl_SI/tour_2_7_0.lang.php HTTP/2" 200 0 "-" "Mozilla/5.0 AppleWebKit/537.36 (KHTML, like Gecko; compatible; ClaudeBot/1.0; +claudebot@anthropic.com)"
216.73.217.43 - - [31/Aug/2026:13:30:00 -0400] "GET /ko_center/js/jqgrid-4.4.0/src/JsonXml.js HTTP/2" 429 0 "-" "Mozilla/5.0 AppleWebKit/537.36 (KHTML, like Gecko; compatible; ClaudeBot/1.0; +claudebot@anthropic.com)"
74.7.227.147 - - [31/Aug/2026:13:30:05 -0400] "GET /imgs/links/tn/tn_US-Constitution-and-Feath-007.jpg HTTP/2" 429 0 "https://ko0.us/imgs/links/tn/" "Mozilla/5.0 AppleWebKit/537.36 (KHTML, like Gecko; compatible; GPTBot/1.4; +https://openai.com/gptbot)"
216.73.217.43 - - [31/Aug/2026:13:30:05 -0400] "GET /pn/ko_pn.php?dir=%2Fhome%2Fkozerus%2Fpublic_html%2Fcropex%2Fnode%2Fnode_modules%2Fdrizzle-orm%2Fprisma%2Fsqlite%2Findex.d.cts HTTP/2" 200 3913 "-" "Mozilla/5.0 AppleWebKit/537.36 (KHTML, like Gecko; compatible; ClaudeBot/1.0; +claudebot@anthropic.com)"
85.208.96.205 - - [31/Aug/2026:13:30:09 -0400] "GET /ka/fb/jsk/jsk_1980s/fb.html HTTP/1.1" 404 1251 "-" "Mozilla/5.0 (compatible; SemrushBot/7~bl; +http://www.semrush.com/bot.html)"
216.73.217.43 - - [31/Aug/2026:13:30:10 -0400] "GET /go/eidogo/wii/gnugo HTTP/2" 404 1251 "-" "Mozilla/5.0 AppleWebKit/537.36 (KHTML, like Gecko; compatible; ClaudeBot/1.0; +claudebot@anthropic.com)"
216.73.217.43 - - [31/Aug/2026:13:30:15 -0400] "GET /pn/ko_pn.php?dir=%2Fhome%2Fkozerus%2Fpublic_html%2Fcropex%2Fnode%2Fnode_modules%2Fdrizzle-orm%2Fpg-core%2Fcolumns%2Fcustom.js.map HTTP/2" 429 0 "-" "Mozilla/5.0 AppleWebKit/537.36 (KHTML, like Gecko; compatible; ClaudeBot/1.0; +claudebot@anthropic.com)"
216.73.217.43 - - [31/Aug/2026:13:30:20 -0400] "GET /dgs/images/flags/xf.gif HTTP/2" 200 1522 "-" "Mozilla/5.0 AppleWebKit/537.36 (KHTML, like Gecko; compatible; ClaudeBot/1.0; +claudebot@anthropic.com)"
74.7.227.147 - - [31/Aug/2026:13:30:25 -0400] "GET /imgs/links/tn/tn_pano.jpg HTTP/2" 429 0 "https://ko0.us/imgs/links/tn/" "Mozilla/5.0 AppleWebKit/537.36 (KHTML, like Gecko; compatible; GPTBot/1.4; +https://openai.com/gptbot)"
216.73.217.43 - - [31/Aug/2026:13:30:25 -0400] "GET /cropex/js/wz/view-source:http:/www.walterzorn.de/en/jsgraphics/jsgraphics_e.htm HTTP/2" 404 1251 "-" "Mozilla/5.0 AppleWebKit/537.36 (KHTML, like Gecko; compatible; ClaudeBot/1.0; +claudebot@anthropic.com)"
216.73.217.43 - - [31/Aug/2026:13:30:30 -0400] "GET /pn/ko_pn.php?dir=%2Fhome%2Fkozerus%2Fpublic_html%2Fcropex%2Fnode%2Fnode_modules%2Fdrizzle-orm%2Fpg-core%2Fcolumns%2Fdate.cjs.map HTTP/2" 200 5469 "-" "Mozilla/5.0 AppleWebKit/537.36 (KHTML, like Gecko; compatible; ClaudeBot/1.0; +claudebot@anthropic.com)"
216.73.217.43 - - [31/Aug/2026:13:30:35 -0400] "GET /ko_center/js/jqgrid-4.4.0/src/jquery.fmatter.js HTTP/2" 429 0 "-" "Mozilla/5.0 AppleWebKit/537.36 (KHTML, like Gecko; compatible; ClaudeBot/1.0; +claudebot@anthropic.com)"
216.73.217.43 - - [31/Aug/2026:13:30:40 -0400] "GET /pn/ko_pn.php?dir=%2Fhome%2Fkozerus%2Fpublic_html%2Fcropex%2Fnode%2Fnode_modules%2Fdrizzle-orm%2Fpg-core%2Fcolumns%2Fboolean.d.ts HTTP/2" 200 4295 "-" "Mozilla/5.0 AppleWebKit/537.36 (KHTML, like Gecko; compatible; ClaudeBot/1.0; +claudebot@anthropic.com)"
74.7.227.147 - - [31/Aug/2026:13:30:45 -0400] "GET /imgs/links/tn/tn_marlins_jacket.jpg HTTP/2" 429 0 "https://ko0.us/imgs/links/tn/" "Mozilla/5.0 AppleWebKit/537.36 (KHTML, like Gecko; compatible; GPTBot/1.4; +https://openai.com/gptbot)"
216.73.217.43 - - [31/Aug/2026:13:30:45 -0400] "GET /pn/ko_pn.php?dir=%2Fhome%2Fkozerus%2Fpublic_html%2Fcropex%2Fnode%2Fnode_modules%2Fdrizzle-orm%2Fpg-core%2Fquery-builders%2Finsert.d.cts HTTP/2" 429 0 "-" "Mozilla/5.0 AppleWebKit/537.36 (KHTML, like Gecko; compatible; ClaudeBot/1.0; +claudebot@anthropic.com)"
216.73.217.43 - - [31/Aug/2026:13:30:50 -0400] "GET /pn/ko_pn.php?dir=%2Fhome%2Fkozerus%2Fpublic_html%2Fpiwigo%2Fadmin%2Fthemes%2Fclear%2Fmail-css.tpl HTTP/2" 200 4281 "-" "Mozilla/5.0 AppleWebKit/537.36 (KHTML, like Gecko; compatible; ClaudeBot/1.0; +claudebot@anthropic.com)"
216.73.217.43 - - [31/Aug/2026:13:30:55 -0400] "GET /go/dgs0/images/7/b498.gif HTTP/2" 429 0 "-" "Mozilla/5.0 AppleWebKit/537.36 (KHTML, like Gecko; compatible; ClaudeBot/1.0; +claudebot@anthropic.com)"
216.73.217.43 - - [31/Aug/2026:13:31:00 -0400] "GET /pn/ko_pn.php?dir=%2Fhome%2Fkozerus%2Fpublic_html%2Fpiwigo%2Fplugins%2FTakeATour%2Flanguage%2Ffr_CA%2Findex.php HTTP/2" 200 4514 "-" "Mozilla/5.0 AppleWebKit/537.36 (KHTML, like Gecko; compatible; ClaudeBot/1.0; +claudebot@anthropic.com)"
74.7.227.147 - - [31/Aug/2026:13:31:05 -0400] "GET /imgs/links/tn/tn_pano_closeline.jpg HTTP/2" 200 12771 "https://ko0.us/imgs/links/tn/" "Mozilla/5.0 AppleWebKit/537.36 (KHTML, like Gecko; compatible; GPTBot/1.4; +https://openai.com/gptbot)"
216.73.217.43 - - [31/Aug/2026:13:31:05 -0400] "GET /imgs/links/tn/tn_test1.png HTTP/2" 429 0 "-" "Mozilla/5.0 AppleWebKit/537.36 (KHTML, like Gecko; compatible; ClaudeBot/1.0; +claudebot@anthropic.com)"
216.73.217.43 - - [31/Aug/2026:13:31:10 -0400] "GET /go/allaboutgo/sgf/MlZrG5L1.sgf HTTP/2" 200 1795 "-" "Mozilla/5.0 AppleWebKit/537.36 (KHTML, like Gecko; compatible; ClaudeBot/1.0; +claudebot@anthropic.com)"
216.73.217.43 - - [31/Aug/2026:13:31:15 -0400] "GET /pn/ko_pn.php?dir=%2Fhome%2Fkozerus%2Fpublic_html%2Fgo%2Fallaboutgo%2Feidogo%2Fplayer%2Fcss HTTP/2" 429 0 "-" "Mozilla/5.0 AppleWebKit/537.36 (KHTML, like Gecko; compatible; ClaudeBot/1.0; +claudebot@anthropic.com)"
216.73.217.43 - - [31/Aug/2026:13:31:20 -0400] "GET /go/allaboutgo/sgf/xxqj/prob0094.sgf HTTP/2" 200 134 "-" "Mozilla/5.0 AppleWebKit/537.36 (KHTML, like Gecko; compatible; ClaudeBot/1.0; +claudebot@anthropic.com)"
74.7.227.147 - - [31/Aug/2026:13:31:25 -0400] "GET /imgs/links/tn/tn_Inside%20My%20Eye.jpg HTTP/2" 200 19523 "https://ko0.us/imgs/links/tn/" "Mozilla/5.0 AppleWebKit/537.36 (KHTML, like Gecko; compatible; GPTBot/1.4; +https://openai.com/gptbot)"
216.73.217.43 - - [31/Aug/2026:13:31:25 -0400] "GET /pn/ko_pn.php?dir=%2Fhome%2Fkozerus%2Fpublic_html%2Fpiwigo%2Fplugins%2FTakeATour%2Flanguage%2Fsr_RS HTTP/2" 429 0 "-" "Mozilla/5.0 AppleWebKit/537.36 (KHTML, like Gecko; compatible; ClaudeBot/1.0; +claudebot@anthropic.com)"
216.73.217.43 - - [31/Aug/2026:13:31:30 -0400] "GET /pn/ko_pn.php?dir=%2Fhome%2Fkozerus%2Fpublic_html%2Fgo%2Fdgs%2Fwaiting_room.php HTTP/2" 200 10391 "-" "Mozilla/5.0 AppleWebKit/537.36 (KHTML, like Gecko; compatible; ClaudeBot/1.0; +claudebot@anthropic.com)"
216.73.217.43 - - [31/Aug/2026:13:31:35 -0400] "GET /pn/ko_pn.php?dir=%2Fhome%2Fkozerus%2Fpublic_html%2Fpiwigo%2Fthemes%2Fmodus%2Fcss%2Fopen-sans%2Fbower.json HTTP/2" 429 0 "-" "Mozilla/5.0 AppleWebKit/537.36 (KHTML, like Gecko; compatible; ClaudeBot/1.0; +claudebot@anthropic.com)"
216.73.217.43 - - [31/Aug/2026:13:31:40 -0400] "GET /go/dgs0/images/25/w2.gif HTTP/2" 200 583 "-" "Mozilla/5.0 AppleWebKit/537.36 (KHTML, like Gecko; compatible; ClaudeBot/1.0; +claudebot@anthropic.com)"
74.7.227.147 - - [31/Aug/2026:13:31:40 -0400] "GET /imgs/links/tn/tn_pano_courtyard1.jpg HTTP/2" 200 19207 "https://ko0.us/imgs/links/tn/" "Mozilla/5.0 AppleWebKit/537.36 (KHTML, like Gecko; compatible; GPTBot/1.4; +https://openai.com/gptbot)"
74.7.227.147 - - [31/Aug/2026:13:31:53 -0400] "GET /imgs/links/tn/tn_index_neave_im.png HTTP/2" 200 35457 "https://ko0.us/imgs/links/tn/" "Mozilla/5.0 AppleWebKit/537.36 (KHTML, like Gecko; compatible; GPTBot/1.4; +https://openai.com/gptbot)"
