144.126.212.71 - - [31/Aug/2026:09:17:05 -0400] "GET /index_shoo_best.html HTTP/1.1" 200 794558 "-" "Mozilla/5.0 (X11; Linux x86_64; rv:142.0) Gecko/20100101 Firefox/142.0"
144.126.212.71 - - [31/Aug/2026:09:17:06 -0400] "GET /index_sl.htm HTTP/1.1" 200 254815 "-" "Mozilla/5.0 (X11; Linux x86_64) AppleWebKit/537.36 (KHTML, like Gecko) Chrome/142.0.0.0 Safari/537.36"
144.126.212.71 - - [31/Aug/2026:09:17:06 -0400] "GET /index_sl_orig.html HTTP/1.1" 200 254904 "-" "Mozilla/5.0 (X11; Linux x86_64; rv:142.0) Gecko/20100101 Firefox/142.0"
144.126.212.71 - - [31/Aug/2026:09:17:06 -0400] "GET /index_sl_best.html HTTP/1.1" 200 254815 "-" "Mozilla/5.0 (X11; Linux x86_64; rv:142.0) Gecko/20100101 Firefox/142.0"
144.126.212.71 - - [31/Aug/2026:09:17:07 -0400] "GET /index_tail.html HTTP/1.1" 200 412790 "-" "Mozilla/5.0 (X11; Linux x86_64) AppleWebKit/537.36 (KHTML, like Gecko) Chrome/142.0.0.0 Safari/537.36"
144.126.212.71 - - [31/Aug/2026:09:17:07 -0400] "GET /index_tl.htm HTTP/1.1" 200 898008 "-" "Mozilla/5.0 (X11; Linux x86_64; rv:142.0) Gecko/20100101 Firefox/142.0"
216.73.216.164 - - [31/Aug/2026:09:17:07 -0400] "GET /pn/ko_pn.php?dir=%2Fhome%2Fkozerus%2Fpublic_html%2Fdgs%2Fimages%2F50%2Fb431.gif HTTP/2" 200 3926 "-" "Mozilla/5.0 AppleWebKit/537.36 (KHTML, like Gecko; compatible; ClaudeBot/1.0; +claudebot@anthropic.com)"
144.126.212.71 - - [31/Aug/2026:09:17:08 -0400] "GET /index_tl_best.html HTTP/1.1" 200 195374 "-" "Mozilla/5.0 (X11; Linux x86_64; rv:142.0) Gecko/20100101 Firefox/142.0"
144.126.212.71 - - [31/Aug/2026:09:17:08 -0400] "GET /index_tlpn.html HTTP/1.1" 200 539772 "-" "Mozilla/5.0 (X11; Linux x86_64) AppleWebKit/537.36 (KHTML, like Gecko) Chrome/142.0.0.0 Safari/537.36"
144.126.212.71 - - [31/Aug/2026:09:17:09 -0400] "GET /index_tlz.html HTTP/1.1" 200 193594 "-" "Mozilla/5.0 (X11; Linux x86_64; rv:142.0) Gecko/20100101 Firefox/142.0"
144.126.212.71 - - [31/Aug/2026:09:17:09 -0400] "GET /index_tm_orig.html HTTP/1.1" 200 66223 "-" "Mozilla/5.0 (X11; Linux x86_64; rv:142.0) Gecko/20100101 Firefox/142.0"
144.126.212.71 - - [31/Aug/2026:09:17:10 -0400] "GET /index_tmbb.html HTTP/1.1" 200 1808681 "-" "Mozilla/5.0 (X11; Linux x86_64) AppleWebKit/537.36 (KHTML, like Gecko) Chrome/142.0.0.0 Safari/537.36"
144.126.212.71 - - [31/Aug/2026:09:17:10 -0400] "GET /index_trcx.html HTTP/1.1" 200 165261 "-" "Mozilla/5.0 (X11; Linux x86_64; rv:142.0) Gecko/20100101 Firefox/142.0"
144.126.212.71 - - [31/Aug/2026:09:17:10 -0400] "GET /index_us.html HTTP/1.1" 200 165250 "-" "Mozilla/5.0 (X11; Linux x86_64; rv:142.0) Gecko/20100101 Firefox/142.0"
144.126.212.71 - - [31/Aug/2026:09:17:11 -0400] "GET /index_vu.htm HTTP/1.1" 200 1104230 "-" "Mozilla/5.0 (X11; Linux x86_64; rv:142.0) Gecko/20100101 Firefox/142.0"
144.126.212.71 - - [31/Aug/2026:09:17:11 -0400] "GET /index_vu.html HTTP/1.1" 200 1104230 "-" "Mozilla/5.0 (X11; Linux x86_64; rv:142.0) Gecko/20100101 Firefox/142.0"
216.73.216.164 - - [31/Aug/2026:09:17:12 -0400] "GET /konet/zm/komap/TileGroup0/3-0-4.jpg HTTP/2" 429 0 "-" "Mozilla/5.0 AppleWebKit/537.36 (KHTML, like Gecko; compatible; ClaudeBot/1.0; +claudebot@anthropic.com)"
144.126.212.71 - - [31/Aug/2026:09:17:12 -0400] "GET /index_vu2big4most.htm HTTP/1.1" 200 691780 "-" "Mozilla/5.0 (X11; Linux x86_64; rv:142.0) Gecko/20100101 Firefox/142.0"
144.126.212.71 - - [31/Aug/2026:09:17:13 -0400] "GET /index_vu2big4most.html HTTP/1.1" 200 691780 "-" "Mozilla/5.0 (X11; Linux x86_64) AppleWebKit/537.36 (KHTML, like Gecko) Chrome/142.0.0.0 Safari/537.36"
144.126.212.71 - - [31/Aug/2026:09:17:13 -0400] "GET /index_vue.htm HTTP/1.1" 200 731599 "-" "Mozilla/5.0 (X11; Linux x86_64; rv:142.0) Gecko/20100101 Firefox/142.0"
144.126.212.71 - - [31/Aug/2026:09:17:13 -0400] "GET /index_vuejs.html HTTP/1.1" 200 731599 "-" "Mozilla/5.0 (X11; Linux x86_64; rv:142.0) Gecko/20100101 Firefox/142.0"
144.126.212.71 - - [31/Aug/2026:09:17:14 -0400] "GET /index_vusl.html HTTP/1.1" 200 816552 "-" "Mozilla/5.0 (X11; Linux x86_64) AppleWebKit/537.36 (KHTML, like Gecko) Chrome/142.0.0.0 Safari/537.36"
144.126.212.71 - - [31/Aug/2026:09:17:14 -0400] "GET /index_vuyt.html HTTP/1.1" 200 619780 "-" "Mozilla/5.0 (X11; Linux x86_64; rv:142.0) Gecko/20100101 Firefox/142.0"
144.126.212.71 - - [31/Aug/2026:09:17:14 -0400] "GET /index_vw.html HTTP/1.1" 200 937 "-" "Mozilla/5.0 (X11; Linux x86_64; rv:142.0) Gecko/20100101 Firefox/142.0"
144.126.212.71 - - [31/Aug/2026:09:17:15 -0400] "GET /index_wc.html HTTP/1.1" 200 165273 "-" "Mozilla/5.0 (X11; Linux x86_64; rv:142.0) Gecko/20100101 Firefox/142.0"
144.126.212.71 - - [31/Aug/2026:09:17:15 -0400] "GET /index_yt.html HTTP/1.1" 200 1104510 "-" "Mozilla/5.0 (X11; Linux x86_64) AppleWebKit/537.36 (KHTML, like Gecko) Chrome/142.0.0.0 Safari/537.36"
144.126.212.71 - - [31/Aug/2026:09:17:15 -0400] "GET /index_yt_api.html HTTP/1.1" 200 79788 "-" "Mozilla/5.0 (X11; Linux x86_64; rv:142.0) Gecko/20100101 Firefox/142.0"
144.126.212.71 - - [31/Aug/2026:09:17:16 -0400] "GET /index_yt_best.html HTTP/1.1" 200 1136731 "-" "Mozilla/5.0 (X11; Linux x86_64; rv:142.0) Gecko/20100101 Firefox/142.0"
144.126.212.71 - - [31/Aug/2026:09:17:16 -0400] "GET /index_yt_new.html HTTP/1.1" 200 1137036 "-" "Mozilla/5.0 (X11; Linux x86_64; rv:142.0) Gecko/20100101 Firefox/142.0"
144.126.212.71 - - [31/Aug/2026:09:17:17 -0400] "GET /index_zm-heart-notredame.html HTTP/1.1" 200 139564 "-" "Mozilla/5.0 (X11; Linux x86_64) AppleWebKit/537.36 (KHTML, like Gecko) Chrome/142.0.0.0 Safari/537.36"
144.126.212.71 - - [31/Aug/2026:09:17:17 -0400] "GET /index_zm.html HTTP/1.1" 200 358435 "-" "Mozilla/5.0 (X11; Linux x86_64; rv:142.0) Gecko/20100101 Firefox/142.0"
216.73.216.164 - - [31/Aug/2026:09:17:17 -0400] "GET /pn/ko_pn.php?dir=%2Fhome%2Fkozerus%2Fpublic_html%2Fdgs%2Fimages%2F50%2Fe.gif HTTP/2" 200 3932 "-" "Mozilla/5.0 AppleWebKit/537.36 (KHTML, like Gecko; compatible; ClaudeBot/1.0; +claudebot@anthropic.com)"
144.126.212.71 - - [31/Aug/2026:09:17:18 -0400] "GET /index_zpid.html HTTP/1.1" 200 482036 "-" "Mozilla/5.0 (X11; Linux x86_64) AppleWebKit/537.36 (KHTML, like Gecko) Chrome/142.0.0.0 Safari/537.36"
144.126.212.71 - - [31/Aug/2026:09:17:18 -0400] "GET /indexall.html HTTP/1.1" 200 2591 "-" "Mozilla/5.0 (X11; Linux x86_64; rv:142.0) Gecko/20100101 Firefox/142.0"
144.126.212.71 - - [31/Aug/2026:09:17:18 -0400] "GET /indexfb_best.html HTTP/1.1" 200 971474 "-" "Mozilla/5.0 (X11; Linux x86_64; rv:142.0) Gecko/20100101 Firefox/142.0"
144.126.212.71 - - [31/Aug/2026:09:17:18 -0400] "GET /indexmax.htm HTTP/1.1" 200 524376 "-" "Mozilla/5.0 (X11; Linux x86_64; rv:142.0) Gecko/20100101 Firefox/142.0"
144.126.212.71 - - [31/Aug/2026:09:17:18 -0400] "GET /indexmax.html HTTP/1.1" 200 529087 "-" "Mozilla/5.0 (X11; Linux x86_64) AppleWebKit/537.36 (KHTML, like Gecko) Chrome/142.0.0.0 Safari/537.36"
144.126.212.71 - - [31/Aug/2026:09:17:20 -0400] "GET /indexmin.htm HTTP/1.1" 200 452585 "-" "Mozilla/5.0 (X11; Linux x86_64; rv:142.0) Gecko/20100101 Firefox/142.0"
144.126.212.71 - - [31/Aug/2026:09:17:20 -0400] "GET /indexmin.html HTTP/1.1" 200 453455 "-" "Mozilla/5.0 (X11; Linux x86_64; rv:142.0) Gecko/20100101 Firefox/142.0"
144.126.212.71 - - [31/Aug/2026:09:17:20 -0400] "GET /indexmin_best.html HTTP/1.1" 200 453455 "-" "Mozilla/5.0 (X11; Linux x86_64) AppleWebKit/537.36 (KHTML, like Gecko) Chrome/142.0.0.0 Safari/537.36"
144.126.212.71 - - [31/Aug/2026:09:17:21 -0400] "GET /indx.html HTTP/1.1" 200 1139920 "-" "Mozilla/5.0 (X11; Linux x86_64; rv:142.0) Gecko/20100101 Firefox/142.0"
144.126.212.71 - - [31/Aug/2026:09:17:21 -0400] "GET /indexx.html HTTP/1.1" 200 477857 "-" "Mozilla/5.0 (X11; Linux x86_64) AppleWebKit/537.36 (KHTML, like Gecko) Chrome/142.0.0.0 Safari/537.36"
144.126.212.71 - - [31/Aug/2026:09:17:21 -0400] "GET /indx_ko0.html HTTP/1.1" 200 1139920 "-" "Mozilla/5.0 (X11; Linux x86_64; rv:142.0) Gecko/20100101 Firefox/142.0"
144.126.212.71 - - [31/Aug/2026:09:17:22 -0400] "GET /jax.html HTTP/1.1" 200 16277 "-" "Mozilla/5.0 (X11; Linux x86_64) AppleWebKit/537.36 (KHTML, like Gecko) Chrome/142.0.0.0 Safari/537.36"
144.126.212.71 - - [31/Aug/2026:09:17:22 -0400] "GET /jax1.html HTTP/1.1" 200 4637 "-" "Mozilla/5.0 (X11; Linux x86_64; rv:142.0) Gecko/20100101 Firefox/142.0"
216.73.216.164 - - [31/Aug/2026:09:17:22 -0400] "GET /pn/ko_pn.php?dir=%2Fhome%2Fkozerus%2Fpublic_html%2Fdgs%2Fimages%2F50%2Fb208.gif HTTP/2" 429 0 "-" "Mozilla/5.0 AppleWebKit/537.36 (KHTML, like Gecko; compatible; ClaudeBot/1.0; +claudebot@anthropic.com)"
144.126.212.71 - - [31/Aug/2026:09:17:23 -0400] "GET /jax_yt.html HTTP/1.1" 200 15196 "-" "Mozilla/5.0 (X11; Linux x86_64) AppleWebKit/537.36 (KHTML, like Gecko) Chrome/142.0.0.0 Safari/537.36"
144.126.212.71 - - [31/Aug/2026:09:17:23 -0400] "GET /jaxgrid.htm HTTP/1.1" 200 110224 "-" "Mozilla/5.0 (X11; Linux x86_64; rv:142.0) Gecko/20100101 Firefox/142.0"
144.126.212.71 - - [31/Aug/2026:09:17:23 -0400] "GET /jaxgrid.html HTTP/1.1" 200 110224 "-" "Mozilla/5.0 (X11; Linux x86_64; rv:142.0) Gecko/20100101 Firefox/142.0"
144.126.212.71 - - [31/Aug/2026:09:17:24 -0400] "GET /jaxgrididx.html HTTP/1.1" 200 516537 "-" "Mozilla/5.0 (X11; Linux x86_64) AppleWebKit/537.36 (KHTML, like Gecko) Chrome/142.0.0.0 Safari/537.36"
144.126.212.71 - - [31/Aug/2026:09:17:24 -0400] "GET /jitsi.html HTTP/1.1" 200 637 "-" "Mozilla/5.0 (X11; Linux x86_64; rv:142.0) Gecko/20100101 Firefox/142.0"
144.126.212.71 - - [31/Aug/2026:09:17:24 -0400] "GET /jk.htm HTTP/1.1" 200 2982 "-" "Mozilla/5.0 (X11; Linux x86_64; rv:142.0) Gecko/20100101 Firefox/142.0"
74.7.227.147 - - [31/Aug/2026:09:17:07 -0400] "GET /ka/txt HTTP/2" 404 1251 "https://ko0.us/js/wz/" "Mozilla/5.0 AppleWebKit/537.36 (KHTML, like Gecko; compatible; GPTBot/1.4; +https://openai.com/gptbot)"
144.126.212.71 - - [31/Aug/2026:09:17:07 -0400] "GET /index_tl.html HTTP/1.1" 200 898008 "-" "Mozilla/5.0 (X11; Linux x86_64) AppleWebKit/537.36 (KHTML, like Gecko) Chrome/142.0.0.0 Safari/537.36"
144.126.212.71 - - [31/Aug/2026:09:17:09 -0400] "GET /index_tm.html HTTP/1.1" 200 746593 "-" "Mozilla/5.0 (X11; Linux x86_64) AppleWebKit/537.36 (KHTML, like Gecko) Chrome/142.0.0.0 Safari/537.36"
144.126.212.71 - - [31/Aug/2026:09:17:10 -0400] "GET /index_up.html HTTP/1.1" 200 121917 "-" "Mozilla/5.0 (X11; Linux x86_64) AppleWebKit/537.36 (KHTML, like Gecko) Chrome/142.0.0.0 Safari/537.36"
144.126.212.71 - - [31/Aug/2026:09:17:11 -0400] "GET /index_vi.html HTTP/1.1" 200 1423489 "-" "Mozilla/5.0 (X11; Linux x86_64) AppleWebKit/537.36 (KHTML, like Gecko) Chrome/142.0.0.0 Safari/537.36"
144.126.212.71 - - [31/Aug/2026:09:17:13 -0400] "GET /index_vue.html HTTP/1.1" 200 731599 "-" "Mozilla/5.0 (X11; Linux x86_64) AppleWebKit/537.36 (KHTML, like Gecko) Chrome/142.0.0.0 Safari/537.36"
144.126.212.71 - - [31/Aug/2026:09:17:14 -0400] "GET /index_vusnap.html HTTP/1.1" 200 554263 "-" "Mozilla/5.0 (X11; Linux x86_64) AppleWebKit/537.36 (KHTML, like Gecko) Chrome/142.0.0.0 Safari/537.36"
144.126.212.71 - - [31/Aug/2026:09:17:15 -0400] "GET /index_yt.htm HTTP/1.1" 200 1104510 "-" "Mozilla/5.0 (X11; Linux x86_64) AppleWebKit/537.36 (KHTML, like Gecko) Chrome/142.0.0.0 Safari/537.36"
144.126.212.71 - - [31/Aug/2026:09:17:17 -0400] "GET /index_zm.htm HTTP/1.1" 200 358435 "-" "Mozilla/5.0 (X11; Linux x86_64) AppleWebKit/537.36 (KHTML, like Gecko) Chrome/142.0.0.0 Safari/537.36"
144.126.212.71 - - [31/Aug/2026:09:17:18 -0400] "GET /indexfb.html HTTP/1.1" 200 971524 "-" "Mozilla/5.0 (X11; Linux x86_64) AppleWebKit/537.36 (KHTML, like Gecko) Chrome/142.0.0.0 Safari/537.36"
144.126.212.71 - - [31/Aug/2026:09:17:19 -0400] "GET /indexmax_best.html HTTP/1.1" 200 528346 "-" "Mozilla/5.0 (X11; Linux x86_64) AppleWebKit/537.36 (KHTML, like Gecko) Chrome/142.0.0.0 Safari/537.36"
144.126.212.71 - - [31/Aug/2026:09:17:20 -0400] "GET /indexx.htm HTTP/1.1" 200 477857 "-" "Mozilla/5.0 (X11; Linux x86_64) AppleWebKit/537.36 (KHTML, like Gecko) Chrome/142.0.0.0 Safari/537.36"
144.126.212.71 - - [31/Aug/2026:09:17:21 -0400] "GET /jak2.html HTTP/1.1" 200 503 "-" "Mozilla/5.0 (X11; Linux x86_64) AppleWebKit/537.36 (KHTML, like Gecko) Chrome/142.0.0.0 Safari/537.36"
144.126.212.71 - - [31/Aug/2026:09:17:22 -0400] "GET /jax.htm HTTP/1.1" 200 15196 "-" "Mozilla/5.0 (X11; Linux x86_64) AppleWebKit/537.36 (KHTML, like Gecko) Chrome/142.0.0.0 Safari/537.36"
144.126.212.71 - - [31/Aug/2026:09:17:23 -0400] "GET /jax2.html HTTP/1.1" 200 13195 "-" "Mozilla/5.0 (X11; Linux x86_64) AppleWebKit/537.36 (KHTML, like Gecko) Chrome/142.0.0.0 Safari/537.36"
74.7.227.147 - - [31/Aug/2026:09:17:23 -0400] "GET /js/wz/jsgraphics/jsgraphics_e.htm HTTP/2" 404 1251 "https://ko0.us/js/wz/wz_grapher.html" "Mozilla/5.0 AppleWebKit/537.36 (KHTML, like Gecko; compatible; GPTBot/1.4; +https://openai.com/gptbot)"
144.126.212.71 - - [31/Aug/2026:09:17:24 -0400] "GET /jaxgrid_best.html HTTP/1.1" 200 3366 "-" "Mozilla/5.0 (X11; Linux x86_64) AppleWebKit/537.36 (KHTML, like Gecko) Chrome/142.0.0.0 Safari/537.36"
144.126.212.71 - - [31/Aug/2026:09:17:24 -0400] "GET /jk.html HTTP/1.1" 200 179 "-" "Mozilla/5.0 (X11; Linux x86_64) AppleWebKit/537.36 (KHTML, like Gecko) Chrome/142.0.0.0 Safari/537.36"
144.126.212.71 - - [31/Aug/2026:09:17:25 -0400] "GET /jk2.html HTTP/1.1" 200 189 "-" "Mozilla/5.0 (X11; Linux x86_64) AppleWebKit/537.36 (KHTML, like Gecko) Chrome/142.0.0.0 Safari/537.36"
144.126.212.71 - - [31/Aug/2026:09:17:26 -0400] "GET /jklists.html HTTP/1.1" 200 8158 "-" "Mozilla/5.0 (X11; Linux x86_64) AppleWebKit/537.36 (KHTML, like Gecko) Chrome/142.0.0.0 Safari/537.36"
144.126.212.71 - - [31/Aug/2026:09:17:25 -0400] "GET /jk.sh HTTP/1.1" 200 251 "-" "Mozilla/5.0 (X11; Linux x86_64; rv:142.0) Gecko/20100101 Firefox/142.0"
144.126.212.71 - - [31/Aug/2026:09:17:25 -0400] "GET /jk1.html HTTP/1.1" 200 187 "-" "Mozilla/5.0 (X11; Linux x86_64; rv:142.0) Gecko/20100101 Firefox/142.0"
144.126.212.71 - - [31/Aug/2026:09:17:25 -0400] "GET /jk_best.htm HTTP/1.1" 200 2982 "-" "Mozilla/5.0 (X11; Linux x86_64) AppleWebKit/537.36 (KHTML, like Gecko) Chrome/142.0.0.0 Safari/537.36"
144.126.212.71 - - [31/Aug/2026:09:17:26 -0400] "GET /jk_best.html HTTP/1.1" 200 2982 "-" "Mozilla/5.0 (X11; Linux x86_64; rv:142.0) Gecko/20100101 Firefox/142.0"
144.126.212.71 - - [31/Aug/2026:09:17:26 -0400] "GET /jk_f2d.html HTTP/1.1" 200 40887 "-" "Mozilla/5.0 (X11; Linux x86_64; rv:142.0) Gecko/20100101 Firefox/142.0"
144.126.212.71 - - [31/Aug/2026:09:17:26 -0400] "GET /jkwii.html HTTP/1.1" 200 2219 "-" "Mozilla/5.0 (X11; Linux x86_64) AppleWebKit/537.36 (KHTML, like Gecko) Chrome/142.0.0.0 Safari/537.36"
144.126.212.71 - - [31/Aug/2026:09:17:27 -0400] "GET /jmh71a.htm HTTP/1.1" 200 16366 "-" "Mozilla/5.0 (X11; Linux x86_64; rv:142.0) Gecko/20100101 Firefox/142.0"
17.166.22.33 - - [31/Aug/2026:09:17:27 -0400] "GET /hideshow.htm HTTP/2" 200 2239 "-" "Mozilla/5.0 (Macintosh; Intel Mac OS X 10_15_7) AppleWebKit/605.1.15 (KHTML, like Gecko) Version/17.4 Safari/605.1.15 (Applebot/0.1; +http://www.apple.com/go/applebot)"
144.126.212.71 - - [31/Aug/2026:09:17:27 -0400] "GET /jqg.html HTTP/1.1" 200 1005 "-" "Mozilla/5.0 (X11; Linux x86_64; rv:142.0) Gecko/20100101 Firefox/142.0"
144.126.212.71 - - [31/Aug/2026:09:17:27 -0400] "GET /jqgrid.html HTTP/1.1" 200 2215 "-" "Mozilla/5.0 (X11; Linux x86_64) AppleWebKit/537.36 (KHTML, like Gecko) Chrome/142.0.0.0 Safari/537.36"
216.73.216.164 - - [31/Aug/2026:09:17:27 -0400] "GET /tl.php?db3=tl.db3&tbl=fb&tlid=%2Ffb%2Fcomics%2Fdc%2Fbravebold%2Fno167 HTTP/2" 200 13383 "-" "Mozilla/5.0 AppleWebKit/537.36 (KHTML, like Gecko; compatible; ClaudeBot/1.0; +claudebot@anthropic.com)"
144.126.212.71 - - [31/Aug/2026:09:17:28 -0400] "GET /jsdoit.htm HTTP/1.1" 200 3519 "-" "Mozilla/5.0 (X11; Linux x86_64; rv:142.0) Gecko/20100101 Firefox/142.0"
144.126.212.71 - - [31/Aug/2026:09:17:28 -0400] "GET /jsdoit.html HTTP/1.1" 200 3519 "-" "Mozilla/5.0 (X11; Linux x86_64; rv:142.0) Gecko/20100101 Firefox/142.0"
144.126.212.71 - - [31/Aug/2026:09:17:28 -0400] "GET /jsdoit_best.html HTTP/1.1" 200 3519 "-" "Mozilla/5.0 (X11; Linux x86_64) AppleWebKit/537.36 (KHTML, like Gecko) Chrome/142.0.0.0 Safari/537.36"
144.126.212.71 - - [31/Aug/2026:09:17:28 -0400] "GET /jsdoit_clock.html HTTP/1.1" 200 3198 "-" "Mozilla/5.0 (X11; Linux x86_64; rv:142.0) Gecko/20100101 Firefox/142.0"
144.126.212.71 - - [31/Aug/2026:09:17:28 -0400] "GET /jsdoit_clock_best.html HTTP/1.1" 200 3198 "-" "Mozilla/5.0 (X11; Linux x86_64; rv:142.0) Gecko/20100101 Firefox/142.0"
144.126.212.71 - - [31/Aug/2026:09:17:29 -0400] "GET /jsdoit_mediagrid.html HTTP/1.1" 200 2320 "-" "Mozilla/5.0 (X11; Linux x86_64) AppleWebKit/537.36 (KHTML, like Gecko) Chrome/142.0.0.0 Safari/537.36"
144.126.212.71 - - [31/Aug/2026:09:17:29 -0400] "GET /jsdoit_queue.html HTTP/1.1" 200 93896 "-" "Mozilla/5.0 (X11; Linux x86_64; rv:142.0) Gecko/20100101 Firefox/142.0"
144.126.212.71 - - [31/Aug/2026:09:17:29 -0400] "GET /jsdoit_queue_best.html HTTP/1.1" 200 93891 "-" "Mozilla/5.0 (X11; Linux x86_64; rv:142.0) Gecko/20100101 Firefox/142.0"
144.126.212.71 - - [31/Aug/2026:09:17:29 -0400] "GET /jsdoit_sailboat.css HTTP/1.1" 200 101 "-" "Mozilla/5.0 (X11; Linux x86_64) AppleWebKit/537.36 (KHTML, like Gecko) Chrome/142.0.0.0 Safari/537.36"
144.126.212.71 - - [31/Aug/2026:09:17:30 -0400] "GET /jsdoit_sailboat.js HTTP/1.1" 200 2743 "-" "Mozilla/5.0 (X11; Linux x86_64; rv:142.0) Gecko/20100101 Firefox/142.0"
144.126.212.71 - - [31/Aug/2026:09:17:30 -0400] "GET /jsdoit_shoe_best.html HTTP/1.1" 200 373580 "-" "Mozilla/5.0 (X11; Linux x86_64) AppleWebKit/537.36 (KHTML, like Gecko) Chrome/142.0.0.0 Safari/537.36"
144.126.212.71 - - [31/Aug/2026:09:17:30 -0400] "GET /jsdoit_shoo.htm HTTP/1.1" 200 385887 "-" "Mozilla/5.0 (X11; Linux x86_64; rv:142.0) Gecko/20100101 Firefox/142.0"
144.126.212.71 - - [31/Aug/2026:09:17:31 -0400] "GET /jsdoit_shoo_best.htm HTTP/1.1" 200 384930 "-" "Mozilla/5.0 (X11; Linux x86_64; rv:142.0) Gecko/20100101 Firefox/142.0"
144.126.212.71 - - [31/Aug/2026:09:17:31 -0400] "GET /jsdoit_shoo_best.html HTTP/1.1" 200 385861 "-" "Mozilla/5.0 (X11; Linux x86_64) AppleWebKit/537.36 (KHTML, like Gecko) Chrome/142.0.0.0 Safari/537.36"
144.126.212.71 - - [31/Aug/2026:09:17:32 -0400] "GET /jsdoit_shoot.html HTTP/1.1" 200 373463 "-" "Mozilla/5.0 (X11; Linux x86_64; rv:142.0) Gecko/20100101 Firefox/142.0"
144.126.212.71 - - [31/Aug/2026:09:17:32 -0400] "GET /jsdoit_shoot_best.html HTTP/1.1" 200 373445 "-" "Mozilla/5.0 (X11; Linux x86_64; rv:142.0) Gecko/20100101 Firefox/142.0"
144.126.212.71 - - [31/Aug/2026:09:17:32 -0400] "GET /jtfdc_20170529_memorialday.html HTTP/1.1" 200 943 "-" "Mozilla/5.0 (X11; Linux x86_64) AppleWebKit/537.36 (KHTML, like Gecko) Chrome/142.0.0.0 Safari/537.36"
216.73.216.164 - - [31/Aug/2026:09:17:32 -0400] "GET /konet/zm/komap/TileGroup2/5-3-13.jpg HTTP/2" 429 0 "-" "Mozilla/5.0 AppleWebKit/537.36 (KHTML, like Gecko; compatible; ClaudeBot/1.0; +claudebot@anthropic.com)"
144.126.212.71 - - [31/Aug/2026:09:17:33 -0400] "GET /jtfdc_stalkaround_best.html HTTP/1.1" 200 479680 "-" "Mozilla/5.0 (X11; Linux x86_64; rv:142.0) Gecko/20100101 Firefox/142.0"
144.126.212.71 - - [31/Aug/2026:09:17:33 -0400] "GET /jtfdc_stalkarounds.htm HTTP/1.1" 200 497199 "-" "Mozilla/5.0 (X11; Linux x86_64; rv:142.0) Gecko/20100101 Firefox/142.0"
144.126.212.71 - - [31/Aug/2026:09:17:33 -0400] "GET /jtfdc_stalkarounds.html HTTP/1.1" 200 495542 "-" "Mozilla/5.0 (X11; Linux x86_64) AppleWebKit/537.36 (KHTML, like Gecko) Chrome/142.0.0.0 Safari/537.36"
144.126.212.71 - - [31/Aug/2026:09:17:34 -0400] "GET /jtfdc_stalkarounds_best.htm HTTP/1.1" 200 497199 "-" "Mozilla/5.0 (X11; Linux x86_64; rv:142.0) Gecko/20100101 Firefox/142.0"
144.126.212.71 - - [31/Aug/2026:09:17:34 -0400] "GET /jtfdc_stalkarounds_best_bugs.html HTTP/1.1" 200 479732 "-" "Mozilla/5.0 (X11; Linux x86_64; rv:142.0) Gecko/20100101 Firefox/142.0"
144.126.212.71 - - [31/Aug/2026:09:17:34 -0400] "GET /jtfdc_stalkarounds_bestbugs_20211009.html HTTP/1.1" 200 369684 "-" "Mozilla/5.0 (X11; Linux x86_64) AppleWebKit/537.36 (KHTML, like Gecko) Chrome/142.0.0.0 Safari/537.36"
144.126.212.71 - - [31/Aug/2026:09:17:36 -0400] "GET /jtfdc_stalkarounds_blobs.htm HTTP/1.1" 200 479704 "-" "Mozilla/5.0 (X11; Linux x86_64; rv:142.0) Gecko/20100101 Firefox/142.0"
144.126.212.71 - - [31/Aug/2026:09:17:36 -0400] "GET /jtfdc_stalkarounds_blobs.html HTTP/1.1" 200 479704 "-" "Mozilla/5.0 (X11; Linux x86_64; rv:142.0) Gecko/20100101 Firefox/142.0"
144.126.212.71 - - [31/Aug/2026:09:17:36 -0400] "GET /jtfdc_stalkarounds_bugs1.html HTTP/1.1" 200 500113 "-" "Mozilla/5.0 (X11; Linux x86_64) AppleWebKit/537.36 (KHTML, like Gecko) Chrome/142.0.0.0 Safari/537.36"
144.126.212.71 - - [31/Aug/2026:09:17:37 -0400] "GET /jtfdc_stalkarounds_lists.htm HTTP/1.1" 200 500117 "-" "Mozilla/5.0 (X11; Linux x86_64; rv:142.0) Gecko/20100101 Firefox/142.0"
144.126.212.71 - - [31/Aug/2026:09:17:37 -0400] "GET /jtfdc_stalkarounds_lists.html HTTP/1.1" 200 500117 "-" "Mozilla/5.0 (X11; Linux x86_64; rv:142.0) Gecko/20100101 Firefox/142.0"
144.126.212.71 - - [31/Aug/2026:09:17:37 -0400] "GET /jtfdcr.jpg HTTP/1.1" 200 205040 "-" "Mozilla/5.0 (X11; Linux x86_64) AppleWebKit/537.36 (KHTML, like Gecko) Chrome/142.0.0.0 Safari/537.36"
216.73.216.164 - - [31/Aug/2026:09:17:37 -0400] "GET /pn/ko_pn.php?dir=%2Fhome%2Fkozerus%2Fpublic_html%2Fdgs%2Fimages%2F50%2Fb220.gif HTTP/2" 200 3932 "-" "Mozilla/5.0 AppleWebKit/537.36 (KHTML, like Gecko; compatible; ClaudeBot/1.0; +claudebot@anthropic.com)"
144.126.212.71 - - [31/Aug/2026:09:17:38 -0400] "GET /jtfdcr1.jpg HTTP/1.1" 200 205040 "-" "Mozilla/5.0 (X11; Linux x86_64) AppleWebKit/537.36 (KHTML, like Gecko) Chrome/142.0.0.0 Safari/537.36"
144.126.212.71 - - [31/Aug/2026:09:17:39 -0400] "GET /jtfdcr2.jpg HTTP/1.1" 200 173263 "-" "Mozilla/5.0 (X11; Linux x86_64; rv:142.0) Gecko/20100101 Firefox/142.0"
144.126.212.71 - - [31/Aug/2026:09:17:39 -0400] "GET /jtfdcr_flyers.htm HTTP/1.1" 200 78666 "-" "Mozilla/5.0 (X11; Linux x86_64; rv:142.0) Gecko/20100101 Firefox/142.0"
144.126.212.71 - - [31/Aug/2026:09:17:39 -0400] "GET /k9.htm HTTP/1.1" 200 3130 "-" "Mozilla/5.0 (X11; Linux x86_64) AppleWebKit/537.36 (KHTML, like Gecko) Chrome/142.0.0.0 Safari/537.36"
144.126.212.71 - - [31/Aug/2026:09:17:40 -0400] "GET /k9.html HTTP/1.1" 200 3189 "-" "Mozilla/5.0 (X11; Linux x86_64; rv:142.0) Gecko/20100101 Firefox/142.0"
144.126.212.71 - - [31/Aug/2026:09:17:40 -0400] "GET /k92.html HTTP/1.1" 200 3132 "-" "Mozilla/5.0 (X11; Linux x86_64; rv:142.0) Gecko/20100101 Firefox/142.0"
144.126.212.71 - - [31/Aug/2026:09:17:40 -0400] "GET /k93.html HTTP/1.1" 200 3132 "-" "Mozilla/5.0 (X11; Linux x86_64) AppleWebKit/537.36 (KHTML, like Gecko) Chrome/142.0.0.0 Safari/537.36"
144.126.212.71 - - [31/Aug/2026:09:17:40 -0400] "GET /k94.html HTTP/1.1" 200 3155 "-" "Mozilla/5.0 (X11; Linux x86_64; rv:142.0) Gecko/20100101 Firefox/142.0"
144.126.212.71 - - [31/Aug/2026:09:17:40 -0400] "GET /k98.html HTTP/1.1" 200 3132 "-" "Mozilla/5.0 (X11; Linux x86_64; rv:142.0) Gecko/20100101 Firefox/142.0"
144.126.212.71 - - [31/Aug/2026:09:17:41 -0400] "GET /k99.html HTTP/1.1" 200 3132 "-" "Mozilla/5.0 (X11; Linux x86_64) AppleWebKit/537.36 (KHTML, like Gecko) Chrome/142.0.0.0 Safari/537.36"
144.126.212.71 - - [31/Aug/2026:09:17:41 -0400] "GET /k9_best.html HTTP/1.1" 200 3130 "-" "Mozilla/5.0 (X11; Linux x86_64; rv:142.0) Gecko/20100101 Firefox/142.0"
144.126.212.71 - - [31/Aug/2026:09:17:41 -0400] "GET /ka1.html HTTP/1.1" 200 1175077 "-" "Mozilla/5.0 (X11; Linux x86_64; rv:142.0) Gecko/20100101 Firefox/142.0"
144.126.212.71 - - [31/Aug/2026:09:17:41 -0400] "GET /ka12.html HTTP/1.1" 200 534673 "-" "Mozilla/5.0 (X11; Linux x86_64) AppleWebKit/537.36 (KHTML, like Gecko) Chrome/142.0.0.0 Safari/537.36"
144.126.212.71 - - [31/Aug/2026:09:17:42 -0400] "GET /kc.html HTTP/1.1" 200 2547 "-" "Mozilla/5.0 (X11; Linux x86_64; rv:142.0) Gecko/20100101 Firefox/142.0"
144.126.212.71 - - [31/Aug/2026:09:17:42 -0400] "GET /kc_orig.html HTTP/1.1" 200 2547 "-" "Mozilla/5.0 (X11; Linux x86_64; rv:142.0) Gecko/20100101 Firefox/142.0"
216.73.216.164 - - [31/Aug/2026:09:17:42 -0400] "GET /tl.php?db3=tl.db3&tbl=fb&tlid=%2Ffb%2Fcomics%2Fgoldkey%2Funcle%2Fno605 HTTP/2" 429 0 "-" "Mozilla/5.0 AppleWebKit/537.36 (KHTML, like Gecko; compatible; ClaudeBot/1.0; +claudebot@anthropic.com)"
144.126.212.71 - - [31/Aug/2026:09:17:43 -0400] "GET /keyholes.html HTTP/1.1" 200 1423 "-" "Mozilla/5.0 (X11; Linux x86_64; rv:142.0) Gecko/20100101 Firefox/142.0"
144.126.212.71 - - [31/Aug/2026:09:17:43 -0400] "GET /ko.csv HTTP/1.1" 200 522 "-" "Mozilla/5.0 (X11; Linux x86_64) AppleWebKit/537.36 (KHTML, like Gecko) Chrome/142.0.0.0 Safari/537.36"
144.126.212.71 - - [31/Aug/2026:09:17:43 -0400] "GET /ko.gif HTTP/1.1" 200 55983 "-" "Mozilla/5.0 (X11; Linux x86_64; rv:142.0) Gecko/20100101 Firefox/142.0"
144.126.212.71 - - [31/Aug/2026:09:17:44 -0400] "GET /ko.htm HTTP/1.1" 200 477857 "-" "Mozilla/5.0 (X11; Linux x86_64) AppleWebKit/537.36 (KHTML, like Gecko) Chrome/142.0.0.0 Safari/537.36"
144.126.212.71 - - [31/Aug/2026:09:17:44 -0400] "GET /ko.html HTTP/1.1" 200 477857 "-" "Mozilla/5.0 (X11; Linux x86_64; rv:142.0) Gecko/20100101 Firefox/142.0"
144.126.212.71 - - [31/Aug/2026:09:17:44 -0400] "GET /ko.jpg HTTP/1.1" 200 6664 "-" "Mozilla/5.0 (X11; Linux x86_64; rv:142.0) Gecko/20100101 Firefox/142.0"
144.126.212.71 - - [31/Aug/2026:09:17:45 -0400] "GET /ko.js HTTP/1.1" 200 1496577 "-" "Mozilla/5.0 (X11; Linux x86_64) AppleWebKit/537.36 (KHTML, like Gecko) Chrome/142.0.0.0 Safari/537.36"
144.126.212.71 - - [31/Aug/2026:09:17:45 -0400] "GET /ko.log HTTP/1.1" 403 1242 "-" "Mozilla/5.0 (X11; Linux x86_64; rv:142.0) Gecko/20100101 Firefox/142.0"
144.126.212.71 - - [31/Aug/2026:09:17:27 -0400] "GET /jmh71b.htm HTTP/1.1" 200 32724 "-" "Mozilla/5.0 (X11; Linux x86_64) AppleWebKit/537.36 (KHTML, like Gecko) Chrome/142.0.0.0 Safari/537.36"
144.126.212.71 - - [31/Aug/2026:09:17:28 -0400] "GET /jsdoit_clock.htm HTTP/1.1" 200 3198 "-" "Mozilla/5.0 (X11; Linux x86_64) AppleWebKit/537.36 (KHTML, like Gecko) Chrome/142.0.0.0 Safari/537.36"
144.126.212.71 - - [31/Aug/2026:09:17:29 -0400] "GET /jsdoit_queue.htm HTTP/1.1" 200 93891 "-" "Mozilla/5.0 (X11; Linux x86_64) AppleWebKit/537.36 (KHTML, like Gecko) Chrome/142.0.0.0 Safari/537.36"
144.126.212.71 - - [31/Aug/2026:09:17:30 -0400] "GET /jsdoit_sailboat.html HTTP/1.1" 200 4496 "-" "Mozilla/5.0 (X11; Linux x86_64) AppleWebKit/537.36 (KHTML, like Gecko) Chrome/142.0.0.0 Safari/537.36"
144.126.212.71 - - [31/Aug/2026:09:17:30 -0400] "GET /jsdoit_shoo.html HTTP/1.1" 200 385887 "-" "Mozilla/5.0 (X11; Linux x86_64) AppleWebKit/537.36 (KHTML, like Gecko) Chrome/142.0.0.0 Safari/537.36"
144.126.212.71 - - [31/Aug/2026:09:17:32 -0400] "GET /jsdoit_shoot.htm HTTP/1.1" 200 373445 "-" "Mozilla/5.0 (X11; Linux x86_64) AppleWebKit/537.36 (KHTML, like Gecko) Chrome/142.0.0.0 Safari/537.36"
144.126.212.71 - - [31/Aug/2026:09:17:33 -0400] "GET /jtfdc_stalkaround.htm HTTP/1.1" 200 479680 "-" "Mozilla/5.0 (X11; Linux x86_64) AppleWebKit/537.36 (KHTML, like Gecko) Chrome/142.0.0.0 Safari/537.36"
144.126.212.71 - - [31/Aug/2026:09:17:34 -0400] "GET /jtfdc_stalkarounds_best.html HTTP/1.1" 200 497199 "-" "Mozilla/5.0 (X11; Linux x86_64) AppleWebKit/537.36 (KHTML, like Gecko) Chrome/142.0.0.0 Safari/537.36"
85.208.96.196 - - [31/Aug/2026:09:17:34 -0400] "GET /jkwii/index_tl.html HTTP/1.1" 404 1251 "-" "Mozilla/5.0 (compatible; SemrushBot/7~bl; +http://www.semrush.com/bot.html)"
144.126.212.71 - - [31/Aug/2026:09:17:34 -0400] "GET /jtfdc_stalkarounds_bestbugs_20211009_1630.html HTTP/1.1" 200 533926 "-" "Mozilla/5.0 (X11; Linux x86_64) AppleWebKit/537.36 (KHTML, like Gecko) Chrome/142.0.0.0 Safari/537.36"
144.126.212.71 - - [31/Aug/2026:09:17:36 -0400] "GET /jtfdc_stalkarounds_bugs_20211008.html HTTP/1.1" 200 500761 "-" "Mozilla/5.0 (X11; Linux x86_64) AppleWebKit/537.36 (KHTML, like Gecko) Chrome/142.0.0.0 Safari/537.36"
144.126.212.71 - - [31/Aug/2026:09:17:37 -0400] "GET /jtfdc_stalkarounds_nogrids.html HTTP/1.1" 200 480437 "-" "Mozilla/5.0 (X11; Linux x86_64) AppleWebKit/537.36 (KHTML, like Gecko) Chrome/142.0.0.0 Safari/537.36"
144.126.212.71 - - [31/Aug/2026:09:17:39 -0400] "GET /jtfdcr_flyers.html HTTP/1.1" 200 78666 "-" "Mozilla/5.0 (X11; Linux x86_64) AppleWebKit/537.36 (KHTML, like Gecko) Chrome/142.0.0.0 Safari/537.36"
144.126.212.71 - - [31/Aug/2026:09:17:40 -0400] "GET /k91.html HTTP/1.1" 200 3129 "-" "Mozilla/5.0 (X11; Linux x86_64) AppleWebKit/537.36 (KHTML, like Gecko) Chrome/142.0.0.0 Safari/537.36"
74.7.227.147 - - [31/Aug/2026:09:17:40 -0400] "GET /ka/pdf/gjw-wed-wed_prep.pdf HTTP/2" 429 0 "https://ko0.us/ka/pdf" "Mozilla/5.0 AppleWebKit/537.36 (KHTML, like Gecko; compatible; GPTBot/1.4; +https://openai.com/gptbot)"
144.126.212.71 - - [31/Aug/2026:09:17:40 -0400] "GET /k96.html HTTP/1.1" 200 3132 "-" "Mozilla/5.0 (X11; Linux x86_64) AppleWebKit/537.36 (KHTML, like Gecko) Chrome/142.0.0.0 Safari/537.36"
144.126.212.71 - - [31/Aug/2026:09:17:41 -0400] "GET /ka0.htm HTTP/1.1" 200 292708 "-" "Mozilla/5.0 (X11; Linux x86_64) AppleWebKit/537.36 (KHTML, like Gecko) Chrome/142.0.0.0 Safari/537.36"
144.126.212.71 - - [31/Aug/2026:09:17:42 -0400] "GET /keyholepeeks.html HTTP/1.1" 200 1038 "-" "Mozilla/5.0 (X11; Linux x86_64) AppleWebKit/537.36 (KHTML, like Gecko) Chrome/142.0.0.0 Safari/537.36"
74.7.227.147 - - [31/Aug/2026:09:17:46 -0400] "GET /js/wz/wz_tooltip2.html HTTP/2" 429 0 "https://ko0.us/js/wz/" "Mozilla/5.0 AppleWebKit/537.36 (KHTML, like Gecko; compatible; GPTBot/1.4; +https://openai.com/gptbot)"
144.126.212.71 - - [31/Aug/2026:09:17:46 -0400] "GET /ko.png HTTP/1.1" 200 8780 "-" "Mozilla/5.0 (X11; Linux x86_64) AppleWebKit/537.36 (KHTML, like Gecko) Chrome/142.0.0.0 Safari/537.36"
144.126.212.71 - - [31/Aug/2026:09:17:46 -0400] "GET /ko.php HTTP/1.1" 200 5055 "-" "Mozilla/5.0 (X11; Linux x86_64) AppleWebKit/537.36 (KHTML, like Gecko) Chrome/142.0.0.0 Safari/537.36"
144.126.212.71 - - [31/Aug/2026:09:17:45 -0400] "GET /ko.mp3 HTTP/1.1" 200 5926661 "-" "Mozilla/5.0 (X11; Linux x86_64; rv:142.0) Gecko/20100101 Firefox/142.0"
144.126.212.71 - - [31/Aug/2026:09:17:46 -0400] "GET /ko.pl HTTP/1.1" 500 800 "-" "Mozilla/5.0 (X11; Linux x86_64) AppleWebKit/537.36 (KHTML, like Gecko) Chrome/142.0.0.0 Safari/537.36"
144.126.212.71 - - [31/Aug/2026:09:17:47 -0400] "GET /ko.psv HTTP/1.1" 200 127 "-" "Mozilla/5.0 (X11; Linux x86_64; rv:142.0) Gecko/20100101 Firefox/142.0"
144.126.212.71 - - [31/Aug/2026:09:17:47 -0400] "GET /ko.sh HTTP/1.1" 200 11003 "-" "Mozilla/5.0 (X11; Linux x86_64; rv:142.0) Gecko/20100101 Firefox/142.0"
216.73.216.164 - - [31/Aug/2026:09:17:47 -0400] "GET /pn/ko_pn.php?dir=%2Fhome%2Fkozerus%2Fpublic_html%2Fdgs%2Fimages%2F50%2Fb272.gif HTTP/2" 200 3932 "-" "Mozilla/5.0 AppleWebKit/537.36 (KHTML, like Gecko; compatible; ClaudeBot/1.0; +claudebot@anthropic.com)"
144.126.212.71 - - [31/Aug/2026:09:17:48 -0400] "GET /ko.sql HTTP/1.1" 403 1242 "-" "Mozilla/5.0 (X11; Linux x86_64; rv:142.0) Gecko/20100101 Firefox/142.0"
144.126.212.71 - - [31/Aug/2026:09:17:50 -0400] "GET /ko_20260824_1700.db3 HTTP/1.1" 200 122880 "-" "Mozilla/5.0 (X11; Linux x86_64) AppleWebKit/537.36 (KHTML, like Gecko) Chrome/142.0.0.0 Safari/537.36"
144.126.212.71 - - [31/Aug/2026:09:17:45 -0400] "GET /ko.mp4 HTTP/1.1" 200 9731466 "-" "Mozilla/5.0 (X11; Linux x86_64; rv:142.0) Gecko/20100101 Firefox/142.0"
144.126.212.71 - - [31/Aug/2026:09:17:51 -0400] "GET /ko_anims.htm HTTP/1.1" 200 406219 "-" "Mozilla/5.0 (X11; Linux x86_64) AppleWebKit/537.36 (KHTML, like Gecko) Chrome/142.0.0.0 Safari/537.36"
144.126.212.71 - - [31/Aug/2026:09:17:52 -0400] "GET /ko_best.db3 HTTP/1.1" 200 122880 "-" "Mozilla/5.0 (X11; Linux x86_64) AppleWebKit/537.36 (KHTML, like Gecko) Chrome/142.0.0.0 Safari/537.36"
216.73.216.164 - - [31/Aug/2026:09:17:52 -0400] "GET /pn/ko_pn.php?dir=%2Fhome%2Fkozerus%2Fpublic_html%2Fdgs%2Fimages%2F50%2Fb206.gif HTTP/2" 429 0 "-" "Mozilla/5.0 AppleWebKit/537.36 (KHTML, like Gecko; compatible; ClaudeBot/1.0; +claudebot@anthropic.com)"
144.126.212.71 - - [31/Aug/2026:09:17:52 -0400] "GET /ko_best.php HTTP/1.1" 200 72 "-" "Mozilla/5.0 (X11; Linux x86_64) AppleWebKit/537.36 (KHTML, like Gecko) Chrome/142.0.0.0 Safari/537.36"
144.126.212.71 - - [31/Aug/2026:09:17:53 -0400] "GET /ko_cheatsheets.html HTTP/1.1" 200 549495 "-" "Mozilla/5.0 (X11; Linux x86_64) AppleWebKit/537.36 (KHTML, like Gecko) Chrome/142.0.0.0 Safari/537.36"
144.126.212.71 - - [31/Aug/2026:09:17:53 -0400] "GET /ko_coffeeshop.csv HTTP/1.1" 200 33373 "-" "Mozilla/5.0 (X11; Linux x86_64; rv:142.0) Gecko/20100101 Firefox/142.0"
144.126.212.71 - - [31/Aug/2026:09:17:54 -0400] "GET /ko_coffeeshop.js HTTP/1.1" 200 6148 "-" "Mozilla/5.0 (X11; Linux x86_64; rv:142.0) Gecko/20100101 Firefox/142.0"
144.126.212.71 - - [31/Aug/2026:09:17:55 -0400] "GET /ko_coffeeshop.psv HTTP/1.1" 200 15953 "-" "Mozilla/5.0 (X11; Linux x86_64; rv:142.0) Gecko/20100101 Firefox/142.0"
144.126.212.71 - - [31/Aug/2026:09:17:55 -0400] "GET /ko_coffeeshop.sh HTTP/1.1" 200 7728 "-" "Mozilla/5.0 (X11; Linux x86_64) AppleWebKit/537.36 (KHTML, like Gecko) Chrome/142.0.0.0 Safari/537.36"
144.126.212.71 - - [31/Aug/2026:09:17:55 -0400] "GET /ko_coffeeshop10.psv HTTP/1.1" 200 6991 "-" "Mozilla/5.0 (X11; Linux x86_64; rv:142.0) Gecko/20100101 Firefox/142.0"
144.126.212.71 - - [31/Aug/2026:09:17:56 -0400] "GET /ko_files.html HTTP/1.1" 200 92033 "-" "Mozilla/5.0 (X11; Linux x86_64) AppleWebKit/537.36 (KHTML, like Gecko) Chrome/142.0.0.0 Safari/537.36"
144.126.212.71 - - [31/Aug/2026:09:17:56 -0400] "GET /ko_filesimgs.html HTTP/1.1" 200 88483 "-" "Mozilla/5.0 (X11; Linux x86_64; rv:142.0) Gecko/20100101 Firefox/142.0"
144.126.212.71 - - [31/Aug/2026:09:17:47 -0400] "GET /ko.py3 HTTP/1.1" 200 1339188 "-" "Mozilla/5.0 (X11; Linux x86_64) AppleWebKit/537.36 (KHTML, like Gecko) Chrome/142.0.0.0 Safari/537.36"
144.126.212.71 - - [31/Aug/2026:09:17:48 -0400] "GET /ko0.htm HTTP/1.1" 200 39864 "-" "Mozilla/5.0 (X11; Linux x86_64) AppleWebKit/537.36 (KHTML, like Gecko) Chrome/142.0.0.0 Safari/537.36"
144.126.212.71 - - [31/Aug/2026:09:17:48 -0400] "GET /ko0.html HTTP/1.1" 200 477857 "-" "Mozilla/5.0 (X11; Linux x86_64) AppleWebKit/537.36 (KHTML, like Gecko) Chrome/142.0.0.0 Safari/537.36"
144.126.212.71 - - [31/Aug/2026:09:17:49 -0400] "GET /ko0.sh HTTP/1.1" 200 92259 "-" "Mozilla/5.0 (X11; Linux x86_64; rv:142.0) Gecko/20100101 Firefox/142.0"
144.126.212.71 - - [31/Aug/2026:09:17:49 -0400] "GET /ko0_20180708.html HTTP/1.1" 200 165248 "-" "Mozilla/5.0 (X11; Linux x86_64) AppleWebKit/537.36 (KHTML, like Gecko) Chrome/142.0.0.0 Safari/537.36"
144.126.212.71 - - [31/Aug/2026:09:17:49 -0400] "GET /ko0_suspended.html HTTP/1.1" 200 4076 "-" "Mozilla/5.0 (X11; Linux x86_64) AppleWebKit/537.36 (KHTML, like Gecko) Chrome/142.0.0.0 Safari/537.36"
144.126.212.71 - - [31/Aug/2026:09:17:50 -0400] "GET /ko_20221015.php HTTP/1.1" 500 0 "-" "Mozilla/5.0 (X11; Linux x86_64) AppleWebKit/537.36 (KHTML, like Gecko) Chrome/142.0.0.0 Safari/537.36"
144.126.212.71 - - [31/Aug/2026:09:17:50 -0400] "GET /ko1_20260824_2300.html HTTP/1.1" 200 1144923 "-" "Mozilla/5.0 (X11; Linux x86_64; rv:142.0) Gecko/20100101 Firefox/142.0"
144.126.212.71 - - [31/Aug/2026:09:17:50 -0400] "GET /ko_20260824_1700.php HTTP/1.1" 200 72 "-" "Mozilla/5.0 (X11; Linux x86_64; rv:142.0) Gecko/20100101 Firefox/142.0"
144.126.212.71 - - [31/Aug/2026:09:17:51 -0400] "GET /ko_anims.html HTTP/1.1" 200 406219 "-" "Mozilla/5.0 (X11; Linux x86_64; rv:142.0) Gecko/20100101 Firefox/142.0"
144.126.212.71 - - [31/Aug/2026:09:17:52 -0400] "GET /ko_best.html HTTP/1.1" 200 477857 "-" "Mozilla/5.0 (X11; Linux x86_64; rv:142.0) Gecko/20100101 Firefox/142.0"
144.126.212.71 - - [31/Aug/2026:09:17:53 -0400] "GET /ko_bugs.html HTTP/1.1" 200 80980 "-" "Mozilla/5.0 (X11; Linux x86_64; rv:142.0) Gecko/20100101 Firefox/142.0"
144.126.212.71 - - [31/Aug/2026:09:17:53 -0400] "GET /ko_coffeeshop.html HTTP/1.1" 200 1138646 "-" "Mozilla/5.0 (X11; Linux x86_64; rv:142.0) Gecko/20100101 Firefox/142.0"
144.126.212.71 - - [31/Aug/2026:09:17:55 -0400] "GET /ko_coffeeshop.sql HTTP/1.1" 403 1242 "-" "Mozilla/5.0 (X11; Linux x86_64; rv:142.0) Gecko/20100101 Firefox/142.0"
144.126.212.71 - - [31/Aug/2026:09:17:56 -0400] "GET /ko_coffeeshop1.psv HTTP/1.1" 200 15953 "-" "Mozilla/5.0 (X11; Linux x86_64; rv:142.0) Gecko/20100101 Firefox/142.0"
144.126.212.71 - - [31/Aug/2026:09:17:56 -0400] "GET /ko_filestext.html HTTP/1.1" 200 1391 "-" "Mozilla/5.0 (X11; Linux x86_64; rv:142.0) Gecko/20100101 Firefox/142.0"
144.126.212.71 - - [31/Aug/2026:09:17:57 -0400] "GET /ko_grids.html HTTP/1.1" 200 536624 "-" "Mozilla/5.0 (X11; Linux x86_64; rv:142.0) Gecko/20100101 Firefox/142.0"
144.126.212.71 - - [31/Aug/2026:09:17:58 -0400] "GET /ko_jukebox_best.html HTTP/1.1" 200 24896 "-" "Mozilla/5.0 (X11; Linux x86_64; rv:142.0) Gecko/20100101 Firefox/142.0"
144.126.212.71 - - [31/Aug/2026:09:17:59 -0400] "GET /ko_lists.html HTTP/1.1" 200 112485 "-" "Mozilla/5.0 (X11; Linux x86_64; rv:142.0) Gecko/20100101 Firefox/142.0"
144.126.212.71 - - [31/Aug/2026:09:18:00 -0400] "GET /ko_lists_head.html HTTP/1.1" 200 100349 "-" "Mozilla/5.0 (X11; Linux x86_64; rv:142.0) Gecko/20100101 Firefox/142.0"
144.126.212.71 - - [31/Aug/2026:09:18:01 -0400] "GET /ko_lists_jtfinc.html HTTP/1.1" 200 99096 "-" "Mozilla/5.0 (X11; Linux x86_64; rv:142.0) Gecko/20100101 Firefox/142.0"
144.126.212.71 - - [31/Aug/2026:09:18:02 -0400] "GET /ko_lists_tail.html HTTP/1.1" 200 2891 "-" "Mozilla/5.0 (X11; Linux x86_64; rv:142.0) Gecko/20100101 Firefox/142.0"
144.126.212.71 - - [31/Aug/2026:09:18:03 -0400] "GET /ko_orig.html HTTP/1.1" 200 9564 "-" "Mozilla/5.0 (X11; Linux x86_64; rv:142.0) Gecko/20100101 Firefox/142.0"
144.126.212.71 - - [31/Aug/2026:09:17:56 -0400] "GET /ko_filespaste.html HTTP/1.1" 200 2059 "-" "Mozilla/5.0 (X11; Linux x86_64) AppleWebKit/537.36 (KHTML, like Gecko) Chrome/142.0.0.0 Safari/537.36"
144.126.212.71 - - [31/Aug/2026:09:17:57 -0400] "GET /ko_form.html HTTP/1.1" 200 1552 "-" "Mozilla/5.0 (X11; Linux x86_64; rv:142.0) Gecko/20100101 Firefox/142.0"
144.126.212.71 - - [31/Aug/2026:09:17:57 -0400] "GET /ko_hideshow.html HTTP/1.1" 200 79644 "-" "Mozilla/5.0 (X11; Linux x86_64) AppleWebKit/537.36 (KHTML, like Gecko) Chrome/142.0.0.0 Safari/537.36"
144.126.212.71 - - [31/Aug/2026:09:17:57 -0400] "GET /ko_hideshow_lists.html HTTP/1.1" 200 174305 "-" "Mozilla/5.0 (X11; Linux x86_64; rv:142.0) Gecko/20100101 Firefox/142.0"
216.73.216.164 - - [31/Aug/2026:09:17:57 -0400] "GET /pn/ko_pn.php?dir=%2Fhome%2Fkozerus%2Fpublic_html%2Fdgs%2Fimages%2F50%2Fb287.gif HTTP/2" 200 3931 "-" "Mozilla/5.0 AppleWebKit/537.36 (KHTML, like Gecko; compatible; ClaudeBot/1.0; +claudebot@anthropic.com)"
144.126.212.71 - - [31/Aug/2026:09:17:58 -0400] "GET /ko_jukebox.htm HTTP/1.1" 200 24895 "-" "Mozilla/5.0 (X11; Linux x86_64) AppleWebKit/537.36 (KHTML, like Gecko) Chrome/142.0.0.0 Safari/537.36"
144.126.212.71 - - [31/Aug/2026:09:17:58 -0400] "GET /ko_jukebox.html HTTP/1.1" 200 24896 "-" "Mozilla/5.0 (X11; Linux x86_64; rv:142.0) Gecko/20100101 Firefox/142.0"
144.126.212.71 - - [31/Aug/2026:09:17:58 -0400] "GET /ko_jukebox_best.htm HTTP/1.1" 200 30988 "-" "Mozilla/5.0 (X11; Linux x86_64) AppleWebKit/537.36 (KHTML, like Gecko) Chrome/142.0.0.0 Safari/537.36"
144.126.212.71 - - [31/Aug/2026:09:17:59 -0400] "GET /ko_ka.php HTTP/1.1" 500 0 "-" "Mozilla/5.0 (X11; Linux x86_64; rv:142.0) Gecko/20100101 Firefox/142.0"
144.126.212.71 - - [31/Aug/2026:09:17:59 -0400] "GET /ko_lists_best.htm HTTP/1.1" 200 101798 "-" "Mozilla/5.0 (X11; Linux x86_64) AppleWebKit/537.36 (KHTML, like Gecko) Chrome/142.0.0.0 Safari/537.36"
144.126.212.71 - - [31/Aug/2026:09:17:59 -0400] "GET /ko_lists.htm HTTP/1.1" 200 111474 "-" "Mozilla/5.0 (X11; Linux x86_64; rv:142.0) Gecko/20100101 Firefox/142.0"
144.126.212.71 - - [31/Aug/2026:09:18:00 -0400] "GET /ko_lists_best.html HTTP/1.1" 200 111474 "-" "Mozilla/5.0 (X11; Linux x86_64) AppleWebKit/537.36 (KHTML, like Gecko) Chrome/142.0.0.0 Safari/537.36"
144.126.212.71 - - [31/Aug/2026:09:18:00 -0400] "GET /ko_lists_hideshow.html HTTP/1.1" 200 175194 "-" "Mozilla/5.0 (X11; Linux x86_64; rv:142.0) Gecko/20100101 Firefox/142.0"
144.126.212.71 - - [31/Aug/2026:09:18:01 -0400] "GET /ko_lists_jtfinc.htm HTTP/1.1" 200 99096 "-" "Mozilla/5.0 (X11; Linux x86_64) AppleWebKit/537.36 (KHTML, like Gecko) Chrome/142.0.0.0 Safari/537.36"
144.126.212.71 - - [31/Aug/2026:09:18:01 -0400] "GET /ko_lists_jtfinc_best.htm HTTP/1.1" 200 99096 "-" "Mozilla/5.0 (X11; Linux x86_64; rv:142.0) Gecko/20100101 Firefox/142.0"
144.126.212.71 - - [31/Aug/2026:09:18:02 -0400] "GET /ko_lists_jtfinc_best.html HTTP/1.1" 200 99096 "-" "Mozilla/5.0 (X11; Linux x86_64) AppleWebKit/537.36 (KHTML, like Gecko) Chrome/142.0.0.0 Safari/537.36"
144.126.212.71 - - [31/Aug/2026:09:18:02 -0400] "GET /ko_lists_jtfinc_bugs.html HTTP/1.1" 200 98804 "-" "Mozilla/5.0 (X11; Linux x86_64; rv:142.0) Gecko/20100101 Firefox/142.0"
216.73.216.164 - - [31/Aug/2026:09:18:02 -0400] "GET /tl.php?db3=tl.db3&tbl=fb&tlid=%2Ffb%2Flaw%2Flaw_schultz_robert HTTP/2" 429 0 "-" "Mozilla/5.0 AppleWebKit/537.36 (KHTML, like Gecko; compatible; ClaudeBot/1.0; +claudebot@anthropic.com)"
144.126.212.71 - - [31/Aug/2026:09:18:03 -0400] "GET /ko_listsmin.html HTTP/1.1" 200 98285 "-" "Mozilla/5.0 (X11; Linux x86_64) AppleWebKit/537.36 (KHTML, like Gecko) Chrome/142.0.0.0 Safari/537.36"
144.126.212.71 - - [31/Aug/2026:09:18:03 -0400] "GET /ko_sailboat_blobs.html HTTP/1.1" 200 410924 "-" "Mozilla/5.0 (X11; Linux x86_64; rv:142.0) Gecko/20100101 Firefox/142.0"
144.126.212.71 - - [31/Aug/2026:09:18:03 -0400] "GET /ko_scripts.html HTTP/1.1" 200 2809 "-" "Mozilla/5.0 (X11; Linux x86_64) AppleWebKit/537.36 (KHTML, like Gecko) Chrome/142.0.0.0 Safari/537.36"
144.126.212.71 - - [31/Aug/2026:09:18:04 -0400] "GET /ko_selects.html HTTP/1.1" 200 113063 "-" "Mozilla/5.0 (X11; Linux x86_64; rv:142.0) Gecko/20100101 Firefox/142.0"
144.126.212.71 - - [31/Aug/2026:09:18:04 -0400] "GET /ko_selects.php HTTP/1.1" 200 152 "-" "Mozilla/5.0 (X11; Linux x86_64) AppleWebKit/537.36 (KHTML, like Gecko) Chrome/142.0.0.0 Safari/537.36"
144.126.212.71 - - [31/Aug/2026:09:18:04 -0400] "GET /ko_tl.html HTTP/1.1" 200 434279 "-" "Mozilla/5.0 (X11; Linux x86_64; rv:142.0) Gecko/20100101 Firefox/142.0"
144.126.212.71 - - [31/Aug/2026:09:18:05 -0400] "GET /ko_tm.htm HTTP/1.1" 200 34934 "-" "Mozilla/5.0 (X11; Linux x86_64) AppleWebKit/537.36 (KHTML, like Gecko) Chrome/142.0.0.0 Safari/537.36"
144.126.212.71 - - [31/Aug/2026:09:18:05 -0400] "GET /ko_toggle.htm HTTP/1.1" 200 80158 "-" "Mozilla/5.0 (X11; Linux x86_64; rv:142.0) Gecko/20100101 Firefox/142.0"
144.126.212.71 - - [31/Aug/2026:09:18:05 -0400] "GET /ko_toggle.html HTTP/1.1" 200 80158 "-" "Mozilla/5.0 (X11; Linux x86_64) AppleWebKit/537.36 (KHTML, like Gecko) Chrome/142.0.0.0 Safari/537.36"
144.126.212.71 - - [31/Aug/2026:09:18:06 -0400] "GET /ko_toggle_best.html HTTP/1.1" 200 80158 "-" "Mozilla/5.0 (X11; Linux x86_64; rv:142.0) Gecko/20100101 Firefox/142.0"
144.126.212.71 - - [31/Aug/2026:09:18:06 -0400] "GET /koblobs.htm HTTP/1.1" 200 398591 "-" "Mozilla/5.0 (X11; Linux x86_64) AppleWebKit/537.36 (KHTML, like Gecko) Chrome/142.0.0.0 Safari/537.36"
144.126.212.71 - - [31/Aug/2026:09:18:07 -0400] "GET /koblobs_best.html HTTP/1.1" 200 398591 "-" "Mozilla/5.0 (X11; Linux x86_64; rv:142.0) Gecko/20100101 Firefox/142.0"
216.73.216.164 - - [31/Aug/2026:09:18:07 -0400] "GET /go/imgs/boards/tn/tn_board6.png HTTP/2" 200 32641 "-" "Mozilla/5.0 AppleWebKit/537.36 (KHTML, like Gecko; compatible; ClaudeBot/1.0; +claudebot@anthropic.com)"
144.126.212.71 - - [31/Aug/2026:09:18:08 -0400] "GET /koemchat.html HTTP/1.1" 200 1106201 "-" "Mozilla/5.0 (X11; Linux x86_64) AppleWebKit/537.36 (KHTML, like Gecko) Chrome/142.0.0.0 Safari/537.36"
144.126.212.71 - - [31/Aug/2026:09:18:08 -0400] "GET /koeye.png HTTP/1.1" 200 3311 "-" "Mozilla/5.0 (X11; Linux x86_64; rv:142.0) Gecko/20100101 Firefox/142.0"
144.126.212.71 - - [31/Aug/2026:09:18:09 -0400] "GET /koeyew.png HTTP/1.1" 200 4765 "-" "Mozilla/5.0 (X11; Linux x86_64; rv:142.0) Gecko/20100101 Firefox/142.0"
144.126.212.71 - - [31/Aug/2026:09:18:10 -0400] "GET /koform.html HTTP/1.1" 200 1127 "-" "Mozilla/5.0 (X11; Linux x86_64) AppleWebKit/537.36 (KHTML, like Gecko) Chrome/142.0.0.0 Safari/537.36"
144.126.212.71 - - [31/Aug/2026:09:18:10 -0400] "GET /koform1.html HTTP/1.1" 200 886 "-" "Mozilla/5.0 (X11; Linux x86_64; rv:142.0) Gecko/20100101 Firefox/142.0"
144.126.212.71 - - [31/Aug/2026:09:18:10 -0400] "GET /kog0_best.html HTTP/1.1" 200 3679368 "-" "Mozilla/5.0 (X11; Linux x86_64) AppleWebKit/537.36 (KHTML, like Gecko) Chrome/142.0.0.0 Safari/537.36"
144.126.212.71 - - [31/Aug/2026:09:18:10 -0400] "GET /kog1.html HTTP/1.1" 200 3681146 "-" "Mozilla/5.0 (X11; Linux x86_64; rv:142.0) Gecko/20100101 Firefox/142.0"
216.73.216.164 - - [31/Aug/2026:09:18:12 -0400] "GET /pn/ko_pn.php?dir=%2Fhome%2Fkozerus%2Fpublic_html%2Fdgs%2Fimages%2F50%2Fel.gif HTTP/2" 429 0 "-" "Mozilla/5.0 AppleWebKit/537.36 (KHTML, like Gecko; compatible; ClaudeBot/1.0; +claudebot@anthropic.com)"
144.126.212.71 - - [31/Aug/2026:09:18:14 -0400] "GET /kog2.html HTTP/1.1" 200 3681146 "-" "Mozilla/5.0 (X11; Linux x86_64) AppleWebKit/537.36 (KHTML, like Gecko) Chrome/142.0.0.0 Safari/537.36"
144.126.212.71 - - [31/Aug/2026:09:18:14 -0400] "GET /kogg.html HTTP/1.1" 200 3679401 "-" "Mozilla/5.0 (X11; Linux x86_64; rv:142.0) Gecko/20100101 Firefox/142.0"
144.126.212.71 - - [31/Aug/2026:09:18:16 -0400] "GET /kogo.db3 HTTP/1.1" 200 8192 "-" "Mozilla/5.0 (X11; Linux x86_64) AppleWebKit/537.36 (KHTML, like Gecko) Chrome/142.0.0.0 Safari/537.36"
144.126.212.71 - - [31/Aug/2026:09:18:16 -0400] "GET /kogrids.htm HTTP/1.1" 200 528379 "-" "Mozilla/5.0 (X11; Linux x86_64) AppleWebKit/537.36 (KHTML, like Gecko) Chrome/142.0.0.0 Safari/537.36"
144.126.212.71 - - [31/Aug/2026:09:18:03 -0400] "GET /ko_schema.db3 HTTP/1.1" 200 155648 "-" "Mozilla/5.0 (X11; Linux x86_64; rv:142.0) Gecko/20100101 Firefox/142.0"
144.126.212.71 - - [31/Aug/2026:09:18:04 -0400] "GET /ko_tl.htm HTTP/1.1" 200 434279 "-" "Mozilla/5.0 (X11; Linux x86_64; rv:142.0) Gecko/20100101 Firefox/142.0"
144.126.212.71 - - [31/Aug/2026:09:17:43 -0400] "GET /ko.db3 HTTP/1.1" 200 83529728 "-" "Mozilla/5.0 (X11; Linux x86_64) AppleWebKit/537.36 (KHTML, like Gecko) Chrome/142.0.0.0 Safari/537.36"
144.126.212.71 - - [31/Aug/2026:09:18:05 -0400] "GET /ko_tm.html HTTP/1.1" 200 34934 "-" "Mozilla/5.0 (X11; Linux x86_64; rv:142.0) Gecko/20100101 Firefox/142.0"
144.126.212.71 - - [31/Aug/2026:09:18:06 -0400] "GET /ko_toggle_20211009_1200.html HTTP/1.1" 200 80158 "-" "Mozilla/5.0 (X11; Linux x86_64; rv:142.0) Gecko/20100101 Firefox/142.0"
144.126.212.71 - - [31/Aug/2026:09:18:07 -0400] "GET /koblobs.html HTTP/1.1" 200 398591 "-" "Mozilla/5.0 (X11; Linux x86_64; rv:142.0) Gecko/20100101 Firefox/142.0"
144.126.212.71 - - [31/Aug/2026:09:18:08 -0400] "GET /kodata.html HTTP/1.1" 200 8155 "-" "Mozilla/5.0 (X11; Linux x86_64; rv:142.0) Gecko/20100101 Firefox/142.0"
144.126.212.71 - - [31/Aug/2026:09:18:08 -0400] "GET /koeyeb.png HTTP/1.1" 200 5282 "-" "Mozilla/5.0 (X11; Linux x86_64; rv:142.0) Gecko/20100101 Firefox/142.0"
144.126.212.71 - - [31/Aug/2026:09:18:09 -0400] "GET /koform.htm HTTP/1.1" 200 268 "-" "Mozilla/5.0 (X11; Linux x86_64; rv:142.0) Gecko/20100101 Firefox/142.0"
144.126.212.71 - - [31/Aug/2026:09:18:10 -0400] "GET /kog0.html HTTP/1.1" 200 3679401 "-" "Mozilla/5.0 (X11; Linux x86_64; rv:142.0) Gecko/20100101 Firefox/142.0"
144.126.212.71 - - [31/Aug/2026:09:18:14 -0400] "GET /kog_20180708.html HTTP/1.1" 200 3679401 "-" "Mozilla/5.0 (X11; Linux x86_64; rv:142.0) Gecko/20100101 Firefox/142.0"
144.126.212.71 - - [31/Aug/2026:09:18:14 -0400] "GET /kog_best.html HTTP/1.1" 200 3679401 "-" "Mozilla/5.0 (X11; Linux x86_64) AppleWebKit/537.36 (KHTML, like Gecko) Chrome/142.0.0.0 Safari/537.36"
144.126.212.71 - - [31/Aug/2026:09:18:16 -0400] "GET /kogrid.html HTTP/1.1" 200 815854 "-" "Mozilla/5.0 (X11; Linux x86_64; rv:142.0) Gecko/20100101 Firefox/142.0"
144.126.212.71 - - [31/Aug/2026:09:18:17 -0400] "GET /kogrids_best.html HTTP/1.1" 200 528379 "-" "Mozilla/5.0 (X11; Linux x86_64) AppleWebKit/537.36 (KHTML, like Gecko) Chrome/142.0.0.0 Safari/537.36"
144.126.212.71 - - [31/Aug/2026:09:18:17 -0400] "GET /kogrids_bugs.html HTTP/1.1" 200 559724 "-" "Mozilla/5.0 (X11; Linux x86_64; rv:142.0) Gecko/20100101 Firefox/142.0"
144.126.212.71 - - [31/Aug/2026:09:18:18 -0400] "GET /koh5.html HTTP/1.1" 200 94126 "-" "Mozilla/5.0 (X11; Linux x86_64) AppleWebKit/537.36 (KHTML, like Gecko) Chrome/142.0.0.0 Safari/537.36"
144.126.212.71 - - [31/Aug/2026:09:18:19 -0400] "GET /koh5_fileapi.html HTTP/1.1" 200 12311 "-" "Mozilla/5.0 (X11; Linux x86_64; rv:142.0) Gecko/20100101 Firefox/142.0"
144.126.212.71 - - [31/Aug/2026:09:18:19 -0400] "GET /kohideshow.html HTTP/1.1" 200 78030 "-" "Mozilla/5.0 (X11; Linux x86_64) AppleWebKit/537.36 (KHTML, like Gecko) Chrome/142.0.0.0 Safari/537.36"
144.126.212.71 - - [31/Aug/2026:09:18:19 -0400] "GET /kohideshpw_lists.html HTTP/1.1" 200 20285 "-" "Mozilla/5.0 (X11; Linux x86_64; rv:142.0) Gecko/20100101 Firefox/142.0"
144.126.212.71 - - [31/Aug/2026:09:18:19 -0400] "GET /kojaks.html HTTP/1.1" 200 519708 "-" "Mozilla/5.0 (X11; Linux x86_64) AppleWebKit/537.36 (KHTML, like Gecko) Chrome/142.0.0.0 Safari/537.36"
144.126.212.71 - - [31/Aug/2026:09:18:20 -0400] "GET /kojqgrid.html HTTP/1.1" 200 423250 "-" "Mozilla/5.0 (X11; Linux x86_64; rv:142.0) Gecko/20100101 Firefox/142.0"
144.126.212.71 - - [31/Aug/2026:09:18:20 -0400] "GET /kolists.html HTTP/1.1" 200 96579 "-" "Mozilla/5.0 (X11; Linux x86_64) AppleWebKit/537.36 (KHTML, like Gecko) Chrome/142.0.0.0 Safari/537.36"
144.126.212.71 - - [31/Aug/2026:09:18:21 -0400] "GET /kopn.html HTTP/1.1" 200 108646 "-" "Mozilla/5.0 (X11; Linux x86_64) AppleWebKit/537.36 (KHTML, like Gecko) Chrome/142.0.0.0 Safari/537.36"
144.126.212.71 - - [31/Aug/2026:09:18:17 -0400] "GET /kogrids.html HTTP/1.1" 200 528379 "-" "Mozilla/5.0 (X11; Linux x86_64; rv:142.0) Gecko/20100101 Firefox/142.0"
