216.73.217.52 - - [31/Aug/2026:11:52:28 -0400] "GET /cropex/node/node_modules/micromark-core-commonmark/dev/lib/html-flow.d.ts HTTP/2" 200 153 "-" "Mozilla/5.0 AppleWebKit/537.36 (KHTML, like Gecko; compatible; ClaudeBot/1.0; +claudebot@anthropic.com)"
66.249.69.228 - - [31/Aug/2026:11:52:33 -0400] "GET /imgs/btn/btn_tls.png HTTP/1.1" 404 1251 "-" "Googlebot-Image/1.0"
216.73.217.52 - - [31/Aug/2026:11:52:33 -0400] "GET /cropex/node/node_modules/reusify/reusify.d.ts HTTP/2" 200 212 "-" "Mozilla/5.0 AppleWebKit/537.36 (KHTML, like Gecko; compatible; ClaudeBot/1.0; +claudebot@anthropic.com)"
74.7.227.147 - - [31/Aug/2026:11:52:36 -0400] "GET /imgs/btn/koeyeb_kov_jtfdcr.png HTTP/2" 429 0 "https://ko0.us/imgs/btn/?MD" "Mozilla/5.0 AppleWebKit/537.36 (KHTML, like Gecko; compatible; GPTBot/1.4; +https://openai.com/gptbot)"
216.73.217.52 - - [31/Aug/2026:11:52:38 -0400] "GET /cropex/node/node_modules/drizzle-orm/mysql-core/view-base.cjs HTTP/2" 200 1286 "-" "Mozilla/5.0 AppleWebKit/537.36 (KHTML, like Gecko; compatible; ClaudeBot/1.0; +claudebot@anthropic.com)"
216.73.217.52 - - [31/Aug/2026:11:52:43 -0400] "GET /cropex/node/node_modules/drizzle-orm/pglite/migrator.js HTTP/2" 429 0 "-" "Mozilla/5.0 AppleWebKit/537.36 (KHTML, like Gecko; compatible; ClaudeBot/1.0; +claudebot@anthropic.com)"
216.73.217.52 - - [31/Aug/2026:11:52:49 -0400] "GET /pn/ko_pn.php?dir=%2Fhome%2Fkozerus%2Fpublic_html%2Fcropex%2Fnode%2Fnode_modules%2F%40babel%2Fparser%2Fpackage.json HTTP/2" 403 1242 "-" "Mozilla/5.0 AppleWebKit/537.36 (KHTML, like Gecko; compatible; ClaudeBot/1.0; +claudebot@anthropic.com)"
216.73.217.52 - - [31/Aug/2026:11:52:53 -0400] "GET /pn/ko_pn.php?dir=%2Fhome%2Fkozerus%2Fpublic_html%2Fcropex%2Fnode%2Fnode_modules%2Fdrizzle-orm%2Fpg-core%2Fcolumns%2Ftime.js.map HTTP/2" 429 0 "-" "Mozilla/5.0 AppleWebKit/537.36 (KHTML, like Gecko; compatible; ClaudeBot/1.0; +claudebot@anthropic.com)"
74.7.227.147 - - [31/Aug/2026:11:52:56 -0400] "GET /imgs/btn/ko_flurish_shadow.png HTTP/2" 429 0 "https://ko0.us/imgs/btn/?MD" "Mozilla/5.0 AppleWebKit/537.36 (KHTML, like Gecko; compatible; GPTBot/1.4; +https://openai.com/gptbot)"
216.73.217.52 - - [31/Aug/2026:11:52:58 -0400] "GET /pn/ko_pn.php?dir=%2Fhome%2Fkozerus%2Fpublic_html%2Fcropex%2Fnode%2Fnode_modules%2F%40esbuild-kit%2Fesm-loader%2Fnode_modules HTTP/2" 200 3984 "-" "Mozilla/5.0 AppleWebKit/537.36 (KHTML, like Gecko; compatible; ClaudeBot/1.0; +claudebot@anthropic.com)"
17.166.151.239 - - [31/Aug/2026:11:53:02 -0400] "GET /js/wz/wz_dragdrop.js HTTP/2" 200 11064 "https://ko0.us/ko_anims.htm" "Mozilla/5.0 (Macintosh; Intel Mac OS X 10_15_7) AppleWebKit/605.1.15 (KHTML, like Gecko) Version/17.4 Safari/605.1.15 (Applebot/0.1; +http://www.apple.com/go/applebot)"
216.73.217.52 - - [31/Aug/2026:11:53:03 -0400] "GET /pn/ko_pn.php?dir=%2Fhome%2Fkozerus%2Fpublic_html%2Fcropex%2Fnode%2Fnode_modules%2Fdrizzle-orm%2Fpg-core%2Fquery-builders%2Fraw.cjs.map HTTP/2" 429 0 "-" "Mozilla/5.0 AppleWebKit/537.36 (KHTML, like Gecko; compatible; ClaudeBot/1.0; +claudebot@anthropic.com)"
17.166.151.239 - - [31/Aug/2026:11:53:04 -0400] "GET /js/wz/wz_library.js HTTP/2" 200 1044 "https://ko0.us/ko_anims.htm" "Mozilla/5.0 (Macintosh; Intel Mac OS X 10_15_7) AppleWebKit/605.1.15 (KHTML, like Gecko) Version/17.4 Safari/605.1.15 (Applebot/0.1; +http://www.apple.com/go/applebot)"
17.166.151.239 - - [31/Aug/2026:11:53:05 -0400] "GET /js/wz/wz_graphics.js HTTP/2" 200 6188 "https://ko0.us/ko_anims.htm" "Mozilla/5.0 (Macintosh; Intel Mac OS X 10_15_7) AppleWebKit/605.1.15 (KHTML, like Gecko) Version/17.4 Safari/605.1.15 (Applebot/0.1; +http://www.apple.com/go/applebot)"
85.208.96.201 - - [31/Aug/2026:11:53:06 -0400] "GET /ko.php?form HTTP/1.1" 200 5055 "-" "Mozilla/5.0 (compatible; SemrushBot/7~bl; +http://www.semrush.com/bot.html)"
216.73.217.52 - - [31/Aug/2026:11:53:08 -0400] "GET /pn/ko_pn.php?dir=%2Fhome%2Fkozerus%2Fpublic_html%2Fcropex%2Fnode%2Fnode_modules%2Funicode-properties%2Fdist%2Fmodule.mjs HTTP/2" 200 16762 "-" "Mozilla/5.0 AppleWebKit/537.36 (KHTML, like Gecko; compatible; ClaudeBot/1.0; +claudebot@anthropic.com)"
216.73.217.52 - - [31/Aug/2026:11:53:13 -0400] "GET /pn/ko_pn.php?dir=%2Fhome%2Fkozerus%2Fpublic_html%2Fcropex%2Fnode%2Fnode_modules%2Freact%2Fcjs%2Freact-jsx-dev-runtime.profiling.min.js HTTP/2" 429 0 "-" "Mozilla/5.0 AppleWebKit/537.36 (KHTML, like Gecko; compatible; ClaudeBot/1.0; +claudebot@anthropic.com)"
74.7.227.147 - - [31/Aug/2026:11:53:16 -0400] "GET /imgs/btn/koeyew_kov_kassil.png HTTP/2" 200 4996 "https://ko0.us/imgs/btn/?MD" "Mozilla/5.0 AppleWebKit/537.36 (KHTML, like Gecko; compatible; GPTBot/1.4; +https://openai.com/gptbot)"
185.191.171.15 - - [31/Aug/2026:11:53:17 -0400] "GET /svc/jqgrid/cmultiex.html HTTP/1.1" 404 1251 "-" "Mozilla/5.0 (compatible; SemrushBot/7~bl; +http://www.semrush.com/bot.html)"
216.73.217.52 - - [31/Aug/2026:11:53:18 -0400] "GET /pn/ko_pn.php?dir=%2Fhome%2Fkozerus%2Fpublic_html%2Fcropex%2Fnode%2Fnode_modules%2Fdrizzle-orm%2Fpg-core%2Fcolumns%2Ftext.js HTTP/2" 200 4298 "-" "Mozilla/5.0 AppleWebKit/537.36 (KHTML, like Gecko; compatible; ClaudeBot/1.0; +claudebot@anthropic.com)"
216.73.217.52 - - [31/Aug/2026:11:53:23 -0400] "GET /pn/ko_pn.php?dir=%2Fhome%2Fkozerus%2Fpublic_html%2Fcropex%2Fnode%2Fnode_modules%2Fcmdk%2Fdist HTTP/2" 429 0 "-" "Mozilla/5.0 AppleWebKit/537.36 (KHTML, like Gecko; compatible; ClaudeBot/1.0; +claudebot@anthropic.com)"
216.73.217.52 - - [31/Aug/2026:11:53:28 -0400] "GET /go/dgs/tournaments/list_tournaments.php HTTP/2" 500 20 "-" "Mozilla/5.0 AppleWebKit/537.36 (KHTML, like Gecko; compatible; ClaudeBot/1.0; +claudebot@anthropic.com)"
216.73.217.52 - - [31/Aug/2026:11:53:33 -0400] "GET /pn/ko_pn.php?dir=%2Fhome%2Fkozerus%2Fpublic_html%2Fcropex%2Fnode%2Fnode_modules%2Fdrizzle-orm%2Fpg-core%2Fcolumns%2Fsmallserial.cjs.map HTTP/2" 429 0 "-" "Mozilla/5.0 AppleWebKit/537.36 (KHTML, like Gecko; compatible; ClaudeBot/1.0; +claudebot@anthropic.com)"
74.7.227.147 - - [31/Aug/2026:11:53:36 -0400] "GET /imgs/btn/koeye_kov_protect.png HTTP/2" 200 3944 "https://ko0.us/imgs/btn/?MD" "Mozilla/5.0 AppleWebKit/537.36 (KHTML, like Gecko; compatible; GPTBot/1.4; +https://openai.com/gptbot)"
216.73.217.52 - - [31/Aug/2026:11:53:38 -0400] "GET /pn/ko_pn.php?dir=%2Fhome%2Fkozerus%2Fpublic_html%2Fcropex%2Fnode%2Fnode_modules%2Fdrizzle-orm%2Fgel%2Fsession.cjs HTTP/2" 200 5685 "-" "Mozilla/5.0 AppleWebKit/537.36 (KHTML, like Gecko; compatible; ClaudeBot/1.0; +claudebot@anthropic.com)"
66.249.69.227 - - [31/Aug/2026:11:53:43 -0400] "GET /fb/birthday/bd_20200814_0634/pages/zn/zn_Screenshot_2020-08-14-17-42-16.jpg HTTP/1.1" 404 1251 "-" "Googlebot-Image/1.0"
216.73.217.52 - - [31/Aug/2026:11:53:43 -0400] "GET /js/turnjs4/samples/jkwii/pages/page9.html HTTP/2" 429 0 "-" "Mozilla/5.0 AppleWebKit/537.36 (KHTML, like Gecko; compatible; ClaudeBot/1.0; +claudebot@anthropic.com)"
216.73.217.52 - - [31/Aug/2026:11:53:48 -0400] "GET /pn/ko_pn.php?dir=%2Fhome%2Fkozerus%2Fpublic_html%2Fcropex%2Fnode%2Fnode_modules%2Flodash%2FisInteger.js HTTP/2" 200 4234 "-" "Mozilla/5.0 AppleWebKit/537.36 (KHTML, like Gecko; compatible; ClaudeBot/1.0; +claudebot@anthropic.com)"
74.7.227.147 - - [31/Aug/2026:11:53:52 -0400] "GET /imgs/btn/koeyew_kov_jtfinc.png HTTP/2" 200 4979 "https://ko0.us/imgs/btn/?MD" "Mozilla/5.0 AppleWebKit/537.36 (KHTML, like Gecko; compatible; GPTBot/1.4; +https://openai.com/gptbot)"
216.73.217.52 - - [31/Aug/2026:11:53:53 -0400] "GET /pn/ko_pn.php?dir=%2Fhome%2Fkozerus%2Fpublic_html%2Fcropex%2Fnode%2Fnode_modules%2Flodash%2FtoSafeInteger.js HTTP/2" 429 0 "-" "Mozilla/5.0 AppleWebKit/537.36 (KHTML, like Gecko; compatible; ClaudeBot/1.0; +claudebot@anthropic.com)"
216.73.217.52 - - [31/Aug/2026:11:53:58 -0400] "GET /pn/ko_pn.php?dir=%2Fhome%2Fkozerus%2Fpublic_html%2Fcropex%2Fnode%2Fnode_modules%2Fprop-types%2F HTTP/2" 200 4273 "-" "Mozilla/5.0 AppleWebKit/537.36 (KHTML, like Gecko; compatible; ClaudeBot/1.0; +claudebot@anthropic.com)"
216.73.217.52 - - [31/Aug/2026:11:54:04 -0400] "GET /go/dgs0/images/13/dld.gif HTTP/2" 429 0 "-" "Mozilla/5.0 AppleWebKit/537.36 (KHTML, like Gecko; compatible; ClaudeBot/1.0; +claudebot@anthropic.com)"
74.7.227.147 - - [31/Aug/2026:11:54:04 -0400] "GET /imgs/btn/gjw_titles_shadow.png HTTP/2" 200 157126 "https://ko0.us/imgs/btn/?MD" "Mozilla/5.0 AppleWebKit/537.36 (KHTML, like Gecko; compatible; GPTBot/1.4; +https://openai.com/gptbot)"
216.73.217.52 - - [31/Aug/2026:11:54:08 -0400] "GET /pn/ko_pn.php?dir=%2Fhome%2Fkozerus%2Fpublic_html%2Fcropex%2Fnode%2Fnode_modules%2Flodash%2F_customOmitClone.js HTTP/2" 200 4162 "-" "Mozilla/5.0 AppleWebKit/537.36 (KHTML, like Gecko; compatible; ClaudeBot/1.0; +claudebot@anthropic.com)"
85.208.96.195 - - [31/Aug/2026:11:54:19 -0400] "GET /svc/jqgrid/search2.html HTTP/1.1" 404 1251 "-" "Mozilla/5.0 (compatible; SemrushBot/7~bl; +http://www.semrush.com/bot.html)"
74.7.227.147 - - [31/Aug/2026:11:54:39 -0400] "GET /imgs/gif/?ND HTTP/2" 200 674 "https://ko0.us/imgs/gif/" "Mozilla/5.0 AppleWebKit/537.36 (KHTML, like Gecko; compatible; GPTBot/1.4; +https://openai.com/gptbot)"
216.73.217.52 - - [31/Aug/2026:11:50:23 -0400] "GET /ko_center/zm5/hrc_dr21d42/TileGroup2/6-23-3.jpg HTTP/2" 200 2510 "-" "Mozilla/5.0 AppleWebKit/537.36 (KHTML, like Gecko; compatible; ClaudeBot/1.0; +claudebot@anthropic.com)"
216.73.217.52 - - [31/Aug/2026:11:50:28 -0400] "GET /ko_center/zm5/hrc_dr15d17/TileGroup2/6-4-0.jpg HTTP/2" 200 2193 "-" "Mozilla/5.0 AppleWebKit/537.36 (KHTML, like Gecko; compatible; ClaudeBot/1.0; +claudebot@anthropic.com)"
85.208.96.199 - - [31/Aug/2026:11:51:36 -0400] "GET /pdf/web/viewer.html?file=%2Fpdf%2Fpdf%2Flaw_keuhlig_alexander_jtf29_title_20160826.pdf HTTP/1.1" 200 4235 "-" "Mozilla/5.0 (compatible; SemrushBot/7~bl; +http://www.semrush.com/bot.html)"
66.249.69.227 - - [31/Aug/2026:11:52:09 -0400] "GET /fb/comics/dc/superman80/no004/pages/zn/zn_41.jpg HTTP/1.1" 404 1251 "-" "Googlebot-Image/1.0"
185.191.171.2 - - [31/Aug/2026:11:52:41 -0400] "GET /ko/svc/js/stemkoskijs/Three.js/index.html HTTP/1.1" 404 1251 "-" "Mozilla/5.0 (compatible; SemrushBot/7~bl; +http://www.semrush.com/bot.html)"
216.73.217.52 - - [31/Aug/2026:11:54:14 -0400] "GET /ko_center/imgs/ani/misc.gif HTTP/2" 200 90829 "-" "Mozilla/5.0 AppleWebKit/537.36 (KHTML, like Gecko; compatible; ClaudeBot/1.0; +claudebot@anthropic.com)"
216.73.217.52 - - [31/Aug/2026:11:54:19 -0400] "GET /pn/ko_pn.php?dir=%2Fhome%2Fkozerus%2Fpublic_html%2Fcropex%2Fnode%2Fnode_modules%2Fdrizzle-orm%2Fpg-core%2Fcolumns%2Fcidr.js HTTP/2" 429 0 "-" "Mozilla/5.0 AppleWebKit/537.36 (KHTML, like Gecko; compatible; ClaudeBot/1.0; +claudebot@anthropic.com)"
216.73.217.52 - - [31/Aug/2026:11:54:24 -0400] "GET /pn/ko_pn.php?dir=%2Fhome%2Fkozerus%2Fpublic_html%2Fcropex%2Fnode%2Fnode_modules%2Fenhanced-resolve%2FREADME.md HTTP/2" 200 19396 "-" "Mozilla/5.0 AppleWebKit/537.36 (KHTML, like Gecko; compatible; ClaudeBot/1.0; +claudebot@anthropic.com)"
216.73.217.52 - - [31/Aug/2026:11:54:29 -0400] "GET /pn/ko_pn.php?dir=%2Fhome%2Fkozerus%2Fpublic_html%2Fcropex%2Fnode%2Fnode_modules%2Fgopd%2FREADME.md HTTP/2" 429 0 "-" "Mozilla/5.0 AppleWebKit/537.36 (KHTML, like Gecko; compatible; ClaudeBot/1.0; +claudebot@anthropic.com)"
17.166.233.120 - - [31/Aug/2026:11:54:33 -0400] "GET /index_neave_im.htm HTTP/2" 200 72508 "-" "Mozilla/5.0 (Macintosh; Intel Mac OS X 10_15_7) AppleWebKit/605.1.15 (KHTML, like Gecko) Version/17.4 Safari/605.1.15 (Applebot/0.1; +http://www.apple.com/go/applebot)"
216.73.217.52 - - [31/Aug/2026:11:54:34 -0400] "GET /pn/ko_pn.php?dir=%2Fhome%2Fkozerus%2Fpublic_html%2Fcropex%2Fnode%2Fnode_modules%2F%40hookform%2Fresolvers%2Feffect-ts%2Fsrc HTTP/2" 200 4065 "-" "Mozilla/5.0 AppleWebKit/537.36 (KHTML, like Gecko; compatible; ClaudeBot/1.0; +claudebot@anthropic.com)"
216.73.217.52 - - [31/Aug/2026:11:54:39 -0400] "GET /pn/ko_pn.php?dir=%2Fhome%2Fkozerus%2Fpublic_html%2Fcropex%2Fnode%2Fnode_modules%2Fdrizzle-orm%2Fmysql-core%2Fcolumns%2Fmediumint.d.ts HTTP/2" 429 0 "-" "Mozilla/5.0 AppleWebKit/537.36 (KHTML, like Gecko; compatible; ClaudeBot/1.0; +claudebot@anthropic.com)"
216.73.217.52 - - [31/Aug/2026:11:54:44 -0400] "GET /pn/ko_pn.php?dir=%2Fhome%2Fkozerus%2Fpublic_html%2Fcropex%2Fnode%2Fnode_modules%2Fobject-assign%2Flicense HTTP/2" 200 4401 "-" "Mozilla/5.0 AppleWebKit/537.36 (KHTML, like Gecko; compatible; ClaudeBot/1.0; +claudebot@anthropic.com)"
66.249.69.227 - - [31/Aug/2026:11:51:23 -0400] "GET /fb/kolog/pages/zn/zn_58.jpg HTTP/1.1" 404 1251 "-" "Googlebot-Image/1.0"
85.208.96.207 - - [31/Aug/2026:11:52:49 -0400] "GET /index_vu_20200129_0300.html HTTP/1.1" 404 1251 "-" "Mozilla/5.0 (compatible; SemrushBot/7~bl; +http://www.semrush.com/bot.html)"
17.166.233.149 - - [31/Aug/2026:11:54:31 -0400] "GET /tl.db3%20OR%20EXTRACTVALUE%289875%2CCONCAT%280x7e%2C%28%28SELECT%20%28ELT%289875%3D9875%2C1%29%29%29%29%2C0x7e%29%29--%20- HTTP/2" 200 0 "-" "Mozilla/5.0 (Macintosh; Intel Mac OS X 10_15_7) AppleWebKit/605.1.15 (KHTML, like Gecko) Version/17.4 Safari/605.1.15 (Applebot/0.1; +http://www.apple.com/go/applebot)"
216.73.217.52 - - [31/Aug/2026:11:54:49 -0400] "GET /pn/ko_pn.php?dir=%2Fhome%2Fkozerus%2Fpublic_html%2Fcropex%2Fnode%2Fnode_modules%2Finline-style-parser%2Fcjs%2Findex.js.map HTTP/2" 429 0 "-" "Mozilla/5.0 AppleWebKit/537.36 (KHTML, like Gecko; compatible; ClaudeBot/1.0; +claudebot@anthropic.com)"
216.73.217.52 - - [31/Aug/2026:11:54:54 -0400] "GET /pn/ko_pn.php?dir=%2Fhome%2Fkozerus%2Fpublic_html%2Fcropex%2Fnode%2Fnode_modules%2Fdrizzle-orm%2Fmysql-core%2Funique-constraint.d.ts HTTP/2" 200 4266 "-" "Mozilla/5.0 AppleWebKit/537.36 (KHTML, like Gecko; compatible; ClaudeBot/1.0; +claudebot@anthropic.com)"
216.73.217.52 - - [31/Aug/2026:11:54:59 -0400] "GET /cropex/imgs/btn/eye2b.gif HTTP/2" 429 0 "-" "Mozilla/5.0 AppleWebKit/537.36 (KHTML, like Gecko; compatible; ClaudeBot/1.0; +claudebot@anthropic.com)"
216.73.217.52 - - [31/Aug/2026:11:55:04 -0400] "GET /pn/ko_pn.php?dir=%2Fhome%2Fkozerus%2Fpublic_html%2Fcropex%2Fnode%2Fnode_modules%2Fdrizzle-orm%2Fmysql-core%2Findexes.cjs HTTP/2" 200 4734 "-" "Mozilla/5.0 AppleWebKit/537.36 (KHTML, like Gecko; compatible; ClaudeBot/1.0; +claudebot@anthropic.com)"
216.73.217.52 - - [31/Aug/2026:11:55:09 -0400] "GET /go/allaboutgo/sgf/tsumego/intermediate-problem-4.sgf HTTP/2" 429 0 "-" "Mozilla/5.0 AppleWebKit/537.36 (KHTML, like Gecko; compatible; ClaudeBot/1.0; +claudebot@anthropic.com)"
216.73.217.52 - - [31/Aug/2026:11:55:14 -0400] "GET /pn/ko_pn.php?dir=%2Fhome%2Fkozerus%2Fpublic_html%2Fdgs%2Finclude%2Fpage_functions.php HTTP/2" 200 5723 "-" "Mozilla/5.0 AppleWebKit/537.36 (KHTML, like Gecko; compatible; ClaudeBot/1.0; +claudebot@anthropic.com)"
66.249.69.228 - - [31/Aug/2026:11:55:18 -0400] "GET /fb/comics/dc/superman80/no004/pages/zn/zn_3.jpg HTTP/1.1" 404 1251 "-" "Googlebot-Image/1.0"
216.73.217.52 - - [31/Aug/2026:11:55:19 -0400] "GET /js/turnjs4/samples/steve-jobs/pages HTTP/2" 301 795 "-" "Mozilla/5.0 AppleWebKit/537.36 (KHTML, like Gecko; compatible; ClaudeBot/1.0; +claudebot@anthropic.com)"
216.73.217.52 - - [31/Aug/2026:11:55:19 -0400] "GET /js/turnjs4/samples/steve-jobs/pages/ HTTP/2" 429 0 "https://ko0.us/js/turnjs4/samples/steve-jobs/pages" "Mozilla/5.0 AppleWebKit/537.36 (KHTML, like Gecko; compatible; ClaudeBot/1.0; +claudebot@anthropic.com)"
216.73.217.52 - - [31/Aug/2026:11:55:24 -0400] "GET /pn/ko_pn.php?dir=%2Fhome%2Fkozerus%2Fpublic_html%2Fcropex%2Fnode%2Fnode_modules%2Frecharts%2Ftypes%2FnumberAxis HTTP/2" 200 3957 "-" "Mozilla/5.0 AppleWebKit/537.36 (KHTML, like Gecko; compatible; ClaudeBot/1.0; +claudebot@anthropic.com)"
216.73.217.52 - - [31/Aug/2026:11:55:29 -0400] "GET /ko/fb/templets/book_test1/index_fb_jkwii.html HTTP/2" 404 1251 "-" "Mozilla/5.0 AppleWebKit/537.36 (KHTML, like Gecko; compatible; ClaudeBot/1.0; +claudebot@anthropic.com)"
216.73.217.52 - - [31/Aug/2026:11:55:34 -0400] "GET /pn/ko_pn.php?dir=%2Fhome%2Fkozerus%2Fpublic_html%2Fko_center%2Fsql%2Fkohw.sql HTTP/2" 200 3899 "-" "Mozilla/5.0 AppleWebKit/537.36 (KHTML, like Gecko; compatible; ClaudeBot/1.0; +claudebot@anthropic.com)"
216.73.217.52 - - [31/Aug/2026:11:55:39 -0400] "GET /pn/ko_pn.php?dir=%2Fhome%2Fkozerus%2Fpublic_html%2Fcropex%2Fnode%2Fnode_modules%2Fsucrase%2Fdist HTTP/2" 429 0 "-" "Mozilla/5.0 AppleWebKit/537.36 (KHTML, like Gecko; compatible; ClaudeBot/1.0; +claudebot@anthropic.com)"
216.73.217.52 - - [31/Aug/2026:11:55:44 -0400] "GET /cropex/node/node_modules/object-inspect/test/browser HTTP/2" 301 795 "-" "Mozilla/5.0 AppleWebKit/537.36 (KHTML, like Gecko; compatible; ClaudeBot/1.0; +claudebot@anthropic.com)"
216.73.217.52 - - [31/Aug/2026:11:55:44 -0400] "GET /cropex/node/node_modules/object-inspect/test/browser/ HTTP/2" 403 1242 "https://ko0.us/cropex/node/node_modules/object-inspect/test/browser" "Mozilla/5.0 AppleWebKit/537.36 (KHTML, like Gecko; compatible; ClaudeBot/1.0; +claudebot@anthropic.com)"
216.73.217.52 - - [31/Aug/2026:11:55:49 -0400] "GET /cropex/node/node_modules/object-inspect/test/element.js HTTP/2" 200 393 "-" "Mozilla/5.0 AppleWebKit/537.36 (KHTML, like Gecko; compatible; ClaudeBot/1.0; +claudebot@anthropic.com)"
216.73.217.52 - - [31/Aug/2026:11:55:54 -0400] "GET /cropex/node/node_modules/object-inspect/test/err.js HTTP/2" 200 498 "-" "Mozilla/5.0 AppleWebKit/537.36 (KHTML, like Gecko; compatible; ClaudeBot/1.0; +claudebot@anthropic.com)"
216.73.217.52 - - [31/Aug/2026:11:55:59 -0400] "GET /cropex/node/node_modules/object-inspect/test/values.js HTTP/2" 429 0 "-" "Mozilla/5.0 AppleWebKit/537.36 (KHTML, like Gecko; compatible; ClaudeBot/1.0; +claudebot@anthropic.com)"
216.73.217.52 - - [31/Aug/2026:11:56:04 -0400] "GET /cropex/node/node_modules/object-inspect/test/toStringTag.js HTTP/2" 200 454 "-" "Mozilla/5.0 AppleWebKit/537.36 (KHTML, like Gecko; compatible; ClaudeBot/1.0; +claudebot@anthropic.com)"
216.73.217.52 - - [31/Aug/2026:11:56:09 -0400] "GET /cropex/node/node_modules/object-inspect/test/deep.js HTTP/2" 429 0 "-" "Mozilla/5.0 AppleWebKit/537.36 (KHTML, like Gecko; compatible; ClaudeBot/1.0; +claudebot@anthropic.com)"
216.73.217.52 - - [31/Aug/2026:11:56:14 -0400] "GET /cropex/node/node_modules/object-inspect/test/lowbyte.js HTTP/2" 200 172 "-" "Mozilla/5.0 AppleWebKit/537.36 (KHTML, like Gecko; compatible; ClaudeBot/1.0; +claudebot@anthropic.com)"
216.73.217.52 - - [31/Aug/2026:11:56:19 -0400] "GET /cropex/node/node_modules/object-inspect/test/has.js HTTP/2" 429 0 "-" "Mozilla/5.0 AppleWebKit/537.36 (KHTML, like Gecko; compatible; ClaudeBot/1.0; +claudebot@anthropic.com)"
216.73.217.52 - - [31/Aug/2026:11:56:24 -0400] "GET /cropex/node/node_modules/object-inspect/test/circular.js HTTP/2" 200 212 "-" "Mozilla/5.0 AppleWebKit/537.36 (KHTML, like Gecko; compatible; ClaudeBot/1.0; +claudebot@anthropic.com)"
216.73.217.52 - - [31/Aug/2026:11:56:29 -0400] "GET /cropex/node/node_modules/object-inspect/test/number.js HTTP/2" 429 0 "-" "Mozilla/5.0 AppleWebKit/537.36 (KHTML, like Gecko; compatible; ClaudeBot/1.0; +claudebot@anthropic.com)"
66.249.69.229 - - [31/Aug/2026:11:56:29 -0400] "GET /fb/comics/dc/superman80/no004/pages/zn/zn_34.jpg HTTP/1.1" 404 1251 "-" "Googlebot-Image/1.0"
216.73.217.52 - - [31/Aug/2026:11:56:34 -0400] "GET /cropex/node/node_modules/object-inspect/test/global.js HTTP/2" 200 198 "-" "Mozilla/5.0 AppleWebKit/537.36 (KHTML, like Gecko; compatible; ClaudeBot/1.0; +claudebot@anthropic.com)"
216.73.217.52 - - [31/Aug/2026:11:56:39 -0400] "GET /cropex/node/node_modules/object-inspect/test/fn.js HTTP/2" 429 0 "-" "Mozilla/5.0 AppleWebKit/537.36 (KHTML, like Gecko; compatible; ClaudeBot/1.0; +claudebot@anthropic.com)"
216.73.217.52 - - [31/Aug/2026:11:56:44 -0400] "GET /cropex/node/node_modules/object-inspect/test/quoteStyle.js HTTP/2" 200 303 "-" "Mozilla/5.0 AppleWebKit/537.36 (KHTML, like Gecko; compatible; ClaudeBot/1.0; +claudebot@anthropic.com)"
216.73.217.52 - - [31/Aug/2026:11:56:49 -0400] "GET /cropex/node/node_modules/object-inspect/test/inspect.js HTTP/2" 429 0 "-" "Mozilla/5.0 AppleWebKit/537.36 (KHTML, like Gecko; compatible; ClaudeBot/1.0; +claudebot@anthropic.com)"
216.73.217.52 - - [31/Aug/2026:11:56:54 -0400] "GET /cropex/node/node_modules/object-inspect/test/fakes.js HTTP/2" 200 326 "-" "Mozilla/5.0 AppleWebKit/537.36 (KHTML, like Gecko; compatible; ClaudeBot/1.0; +claudebot@anthropic.com)"
216.73.217.52 - - [31/Aug/2026:11:56:59 -0400] "GET /cropex/node/node_modules/object-inspect/test/undef.js HTTP/2" 429 0 "-" "Mozilla/5.0 AppleWebKit/537.36 (KHTML, like Gecko; compatible; ClaudeBot/1.0; +claudebot@anthropic.com)"
216.73.217.52 - - [31/Aug/2026:11:57:04 -0400] "GET /cropex/node/node_modules/object-inspect/test/bigint.js HTTP/2" 200 511 "-" "Mozilla/5.0 AppleWebKit/537.36 (KHTML, like Gecko; compatible; ClaudeBot/1.0; +claudebot@anthropic.com)"
216.73.217.52 - - [31/Aug/2026:11:57:09 -0400] "GET /cropex/node/node_modules/object-inspect/test/holes.js HTTP/2" 429 0 "-" "Mozilla/5.0 AppleWebKit/537.36 (KHTML, like Gecko; compatible; ClaudeBot/1.0; +claudebot@anthropic.com)"
74.7.227.147 - - [31/Aug/2026:11:55:23 -0400] "GET /pdf/build/?SA HTTP/2" 200 724 "https://ko0.us/pdf/build/" "Mozilla/5.0 AppleWebKit/537.36 (KHTML, like Gecko; compatible; GPTBot/1.4; +https://openai.com/gptbot)"
74.7.227.147 - - [31/Aug/2026:11:55:34 -0400] "GET /imgs/gif/?MA HTTP/2" 200 675 "https://ko0.us/imgs/gif/" "Mozilla/5.0 AppleWebKit/537.36 (KHTML, like Gecko; compatible; GPTBot/1.4; +https://openai.com/gptbot)"
74.7.227.147 - - [31/Aug/2026:11:55:43 -0400] "GET /pdf/build/?NA HTTP/2" 429 0 "https://ko0.us/pdf/build/?ND" "Mozilla/5.0 AppleWebKit/537.36 (KHTML, like Gecko; compatible; GPTBot/1.4; +https://openai.com/gptbot)"
185.191.171.19 - - [31/Aug/2026:11:55:47 -0400] "GET /index_sl_kb-books-kids-schruvelpeter.html HTTP/1.1" 404 1251 "-" "Mozilla/5.0 (compatible; SemrushBot/7~bl; +http://www.semrush.com/bot.html)"
17.166.151.23 - - [31/Aug/2026:11:56:14 -0400] "GET /index_pntl.html HTTP/2" 200 539623 "-" "Mozilla/5.0 (Macintosh; Intel Mac OS X 10_15_7) AppleWebKit/605.1.15 (KHTML, like Gecko) Version/17.4 Safari/605.1.15 (Applebot/0.1; +http://www.apple.com/go/applebot)"
74.7.227.147 - - [31/Aug/2026:11:56:18 -0400] "GET /pdf/build/?MD HTTP/2" 429 0 "https://ko0.us/pdf/build/?MA" "Mozilla/5.0 AppleWebKit/537.36 (KHTML, like Gecko; compatible; GPTBot/1.4; +https://openai.com/gptbot)"
85.208.96.198 - - [31/Aug/2026:11:56:23 -0400] "GET /index_20200110_1915.html HTTP/1.1" 404 1251 "-" "Mozilla/5.0 (compatible; SemrushBot/7~bl; +http://www.semrush.com/bot.html)"
185.191.171.4 - - [31/Aug/2026:11:56:35 -0400] "GET /archive.html HTTP/1.1" 404 1251 "-" "Mozilla/5.0 (compatible; SemrushBot/7~bl; +http://www.semrush.com/bot.html)"
74.7.227.147 - - [31/Aug/2026:11:56:58 -0400] "GET /imgs/gif/?NA HTTP/2" 429 0 "https://ko0.us/imgs/gif/?ND" "Mozilla/5.0 AppleWebKit/537.36 (KHTML, like Gecko; compatible; GPTBot/1.4; +https://openai.com/gptbot)"
17.166.150.229 - - [31/Aug/2026:11:57:14 -0400] "GET /index_wobble.html HTTP/2" 404 1251 "https://ko0.us/index_pntl.html" "Mozilla/5.0 (Macintosh; Intel Mac OS X 10_15_7) AppleWebKit/605.1.15 (KHTML, like Gecko) Version/17.4 Safari/605.1.15 (Applebot/0.1; +http://www.apple.com/go/applebot)"
17.166.150.229 - - [31/Aug/2026:11:57:15 -0400] "GET /zm/space_2018/bennu_face/ImageProperties.xml HTTP/2" 404 1251 "https://ko0.us/index_pntl.html" "Mozilla/5.0 (Macintosh; Intel Mac OS X 10_15_7) AppleWebKit/605.1.15 (KHTML, like Gecko) Version/17.4 Safari/605.1.15 (Applebot/0.1; +http://www.apple.com/go/applebot)"
66.249.69.227 - - [31/Aug/2026:11:57:17 -0400] "GET /images/dragdrop/button_outset.gif HTTP/1.1" 404 1251 "-" "Googlebot-Image/1.0"
17.166.150.229 - - [31/Aug/2026:11:57:17 -0400] "GET /tl.json?callback=onJSONP_Data HTTP/2" 200 486 "https://ko0.us/index_pntl.html" "Mozilla/5.0 (Macintosh; Intel Mac OS X 10_15_7) AppleWebKit/605.1.15 (KHTML, like Gecko) Version/17.4 Safari/605.1.15 (Applebot/0.1; +http://www.apple.com/go/applebot)"
74.7.227.147 - - [31/Aug/2026:11:57:18 -0400] "GET /jkwii/js/?MD HTTP/2" 200 608 "https://ko0.us/jkwii/js/?MA" "Mozilla/5.0 AppleWebKit/537.36 (KHTML, like Gecko; compatible; GPTBot/1.4; +https://openai.com/gptbot)"
66.249.69.227 - - [31/Aug/2026:11:57:40 -0400] "GET /fb/comics/dc/superman80/no004/pages/zn/zn_72.jpg HTTP/1.1" 404 1251 "-" "Googlebot-Image/1.0"
74.7.227.147 - - [31/Aug/2026:11:58:06 -0400] "GET /pdf/build/?SD HTTP/2" 200 711 "https://ko0.us/pdf/build/?SA" "Mozilla/5.0 AppleWebKit/537.36 (KHTML, like Gecko; compatible; GPTBot/1.4; +https://openai.com/gptbot)"
74.7.227.147 - - [31/Aug/2026:11:58:17 -0400] "GET /imgs/btn/?NA HTTP/2" 200 25130 "https://ko0.us/imgs/btn/?MA" "Mozilla/5.0 AppleWebKit/537.36 (KHTML, like Gecko; compatible; GPTBot/1.4; +https://openai.com/gptbot)"
66.249.77.6 - - [31/Aug/2026:11:58:22 -0400] "GET /go/konva_save.html HTTP/1.1" 304 0 "-" "Mozilla/5.0 (Linux; Android 6.0.1; Nexus 5X Build/MMB29P) AppleWebKit/537.36 (KHTML, like Gecko) Chrome/151.0.7922.173 Mobile Safari/537.36 (compatible; Googlebot/2.1; +http://www.google.com/bot.html)"
216.73.217.52 - - [31/Aug/2026:11:57:14 -0400] "GET /cropex/node/node_modules/object-inspect/test/indent-option.js HTTP/2" 200 1192 "-" "Mozilla/5.0 AppleWebKit/537.36 (KHTML, like Gecko; compatible; ClaudeBot/1.0; +claudebot@anthropic.com)"
216.73.217.52 - - [31/Aug/2026:11:57:19 -0400] "GET /pn/ko_pn.php?dir=%2Fhome%2Fkozerus%2Fpublic_html%2Fcropex%2Fnode%2Fnode_modules%2Fobject-inspect%2Ftest%2FtoStringTag.js HTTP/2" 429 0 "-" "Mozilla/5.0 AppleWebKit/537.36 (KHTML, like Gecko; compatible; ClaudeBot/1.0; +claudebot@anthropic.com)"
216.73.217.52 - - [31/Aug/2026:11:57:24 -0400] "GET /pn/ko_pn.php?dir=%2Fhome%2Fkozerus%2Fpublic_html%2Fcropex%2Fnode%2Fnode_modules%2Fobject-inspect%2Ftest%2Flowbyte.js HTTP/2" 200 4070 "-" "Mozilla/5.0 AppleWebKit/537.36 (KHTML, like Gecko; compatible; ClaudeBot/1.0; +claudebot@anthropic.com)"
216.73.217.52 - - [31/Aug/2026:11:57:29 -0400] "GET /pn/ko_pn.php?dir=%2Fhome%2Fkozerus%2Fpublic_html%2Fcropex%2Fnode%2Fnode_modules%2Fobject-inspect%2Ftest%2Ferr.js HTTP/2" 429 0 "-" "Mozilla/5.0 AppleWebKit/537.36 (KHTML, like Gecko; compatible; ClaudeBot/1.0; +claudebot@anthropic.com)"
216.73.217.52 - - [31/Aug/2026:11:57:34 -0400] "GET /ko_center/zm5/hrc_cr10c42/TileGroup2/6-1-0.jpg HTTP/2" 200 2193 "-" "Mozilla/5.0 AppleWebKit/537.36 (KHTML, like Gecko; compatible; ClaudeBot/1.0; +claudebot@anthropic.com)"
216.73.217.52 - - [31/Aug/2026:11:57:40 -0400] "GET /dgs/scripts/tests/DeprecatedGameSetupTest.php HTTP/2" 429 0 "-" "Mozilla/5.0 AppleWebKit/537.36 (KHTML, like Gecko; compatible; ClaudeBot/1.0; +claudebot@anthropic.com)"
216.73.217.52 - - [31/Aug/2026:11:57:45 -0400] "GET /cropex/node/node_modules/use-callback-ref/package.json HTTP/2" 403 1242 "-" "Mozilla/5.0 AppleWebKit/537.36 (KHTML, like Gecko; compatible; ClaudeBot/1.0; +claudebot@anthropic.com)"
216.73.217.52 - - [31/Aug/2026:11:57:50 -0400] "GET /cropex/node/node_modules/reusify/package.json HTTP/2" 429 0 "-" "Mozilla/5.0 AppleWebKit/537.36 (KHTML, like Gecko; compatible; ClaudeBot/1.0; +claudebot@anthropic.com)"
216.73.217.52 - - [31/Aug/2026:11:57:55 -0400] "GET /pn/uize/site-source/examples/source-code/array-spread.html HTTP/2" 404 284 "-" "Mozilla/5.0 AppleWebKit/537.36 (KHTML, like Gecko; compatible; ClaudeBot/1.0; +claudebot@anthropic.com)"
216.73.217.52 - - [31/Aug/2026:11:58:00 -0400] "GET /cropex/node/node_modules/lodash/_isKeyable.js HTTP/2" 429 0 "-" "Mozilla/5.0 AppleWebKit/537.36 (KHTML, like Gecko; compatible; ClaudeBot/1.0; +claudebot@anthropic.com)"
216.73.217.52 - - [31/Aug/2026:11:58:05 -0400] "GET /cropex/node/node_modules/drizzle-orm/entity.cjs.map HTTP/2" 200 1889 "-" "Mozilla/5.0 AppleWebKit/537.36 (KHTML, like Gecko; compatible; ClaudeBot/1.0; +claudebot@anthropic.com)"
216.73.217.52 - - [31/Aug/2026:11:58:10 -0400] "GET /cropex/node/node_modules/react-style-singleton/README.md HTTP/2" 429 0 "-" "Mozilla/5.0 AppleWebKit/537.36 (KHTML, like Gecko; compatible; ClaudeBot/1.0; +claudebot@anthropic.com)"
216.73.217.52 - - [31/Aug/2026:11:58:15 -0400] "GET /cropex/node/node_modules/drizzle-orm/table.d.cts HTTP/2" 200 3947 "-" "Mozilla/5.0 AppleWebKit/537.36 (KHTML, like Gecko; compatible; ClaudeBot/1.0; +claudebot@anthropic.com)"
216.73.217.52 - - [31/Aug/2026:11:58:20 -0400] "GET /cropex/node/node_modules/deep-extend/README.md HTTP/2" 429 0 "-" "Mozilla/5.0 AppleWebKit/537.36 (KHTML, like Gecko; compatible; ClaudeBot/1.0; +claudebot@anthropic.com)"
216.73.217.52 - - [31/Aug/2026:11:58:25 -0400] "GET /go/dgs0/scripts/experiments/flush_test.php HTTP/2" 500 0 "-" "Mozilla/5.0 AppleWebKit/537.36 (KHTML, like Gecko; compatible; ClaudeBot/1.0; +claudebot@anthropic.com)"
216.73.217.52 - - [31/Aug/2026:11:58:30 -0400] "GET /cropex/node/node_modules/linebreak/readme.md HTTP/2" 429 0 "-" "Mozilla/5.0 AppleWebKit/537.36 (KHTML, like Gecko; compatible; ClaudeBot/1.0; +claudebot@anthropic.com)"
216.73.217.52 - - [31/Aug/2026:11:58:35 -0400] "GET /cropex/node/node_modules/lodash/eachRight.js HTTP/2" 200 44 "-" "Mozilla/5.0 AppleWebKit/537.36 (KHTML, like Gecko; compatible; ClaudeBot/1.0; +claudebot@anthropic.com)"
216.73.217.52 - - [31/Aug/2026:11:58:40 -0400] "GET /cropex/node/node_modules/drizzle-orm/query-builders/select.types.js HTTP/2" 429 0 "-" "Mozilla/5.0 AppleWebKit/537.36 (KHTML, like Gecko; compatible; ClaudeBot/1.0; +claudebot@anthropic.com)"
216.73.217.52 - - [31/Aug/2026:11:58:45 -0400] "GET /cropex/node/node_modules/@babel/helper-module-transforms/lib/index.js.map HTTP/2" 200 32016 "-" "Mozilla/5.0 AppleWebKit/537.36 (KHTML, like Gecko; compatible; ClaudeBot/1.0; +claudebot@anthropic.com)"
185.191.171.9 - - [31/Aug/2026:11:58:47 -0400] "GET /vi HTTP/1.1" 301 795 "-" "Mozilla/5.0 (compatible; SemrushBot/7~bl; +http://www.semrush.com/bot.html)"
66.249.69.227 - - [31/Aug/2026:11:58:48 -0400] "GET /fb/bookmarkusb/pages/zn/zn_46.jpg HTTP/1.1" 404 1251 "-" "Googlebot-Image/1.0"
185.191.171.12 - - [31/Aug/2026:11:58:48 -0400] "GET /vi/ HTTP/1.1" 200 2355 "-" "Mozilla/5.0 (compatible; SemrushBot/7~bl; +http://www.semrush.com/bot.html)"
216.73.217.52 - - [31/Aug/2026:11:58:50 -0400] "GET /cropex/node/node_modules/lodash/escape.js HTTP/2" 429 0 "-" "Mozilla/5.0 AppleWebKit/537.36 (KHTML, like Gecko; compatible; ClaudeBot/1.0; +claudebot@anthropic.com)"
216.73.217.52 - - [31/Aug/2026:11:58:55 -0400] "GET /cropex/node/node_modules/lodash/_createHybrid.js HTTP/2" 200 1034 "-" "Mozilla/5.0 AppleWebKit/537.36 (KHTML, like Gecko; compatible; ClaudeBot/1.0; +claudebot@anthropic.com)"
216.73.217.52 - - [31/Aug/2026:11:59:00 -0400] "GET /piwigo/include/functions_url.inc.php HTTP/2" 429 0 "-" "Mozilla/5.0 AppleWebKit/537.36 (KHTML, like Gecko; compatible; ClaudeBot/1.0; +claudebot@anthropic.com)"
216.73.217.52 - - [31/Aug/2026:11:59:05 -0400] "GET /cropex/node/node_modules/lodash/_baseXor.js HTTP/2" 200 440 "-" "Mozilla/5.0 AppleWebKit/537.36 (KHTML, like Gecko; compatible; ClaudeBot/1.0; +claudebot@anthropic.com)"
216.73.217.52 - - [31/Aug/2026:11:59:10 -0400] "GET /go/dgs0/scripts/experiments/grabout.php HTTP/2" 429 0 "-" "Mozilla/5.0 AppleWebKit/537.36 (KHTML, like Gecko; compatible; ClaudeBot/1.0; +claudebot@anthropic.com)"
216.73.217.52 - - [31/Aug/2026:11:59:15 -0400] "GET /cropex/node/node_modules/brotli/build/encode.js HTTP/2" 200 82569 "-" "Mozilla/5.0 AppleWebKit/537.36 (KHTML, like Gecko; compatible; ClaudeBot/1.0; +claudebot@anthropic.com)"
216.73.217.52 - - [31/Aug/2026:11:59:20 -0400] "GET /go/eidogo/upload.php HTTP/2" 429 0 "-" "Mozilla/5.0 AppleWebKit/537.36 (KHTML, like Gecko; compatible; ClaudeBot/1.0; +claudebot@anthropic.com)"
216.73.217.52 - - [31/Aug/2026:11:59:25 -0400] "GET /cropex/node/node_modules/lodash/fill.js HTTP/2" 200 477 "-" "Mozilla/5.0 AppleWebKit/537.36 (KHTML, like Gecko; compatible; ClaudeBot/1.0; +claudebot@anthropic.com)"
216.73.217.52 - - [31/Aug/2026:11:59:30 -0400] "GET /cropex/node/node_modules/drizzle-orm/pg-core/db.js.map HTTP/2" 429 0 "-" "Mozilla/5.0 AppleWebKit/537.36 (KHTML, like Gecko; compatible; ClaudeBot/1.0; +claudebot@anthropic.com)"
216.73.217.52 - - [31/Aug/2026:11:59:35 -0400] "GET /cropex/node/node_modules/tailwind-merge/package.json HTTP/2" 403 1242 "-" "Mozilla/5.0 AppleWebKit/537.36 (KHTML, like Gecko; compatible; ClaudeBot/1.0; +claudebot@anthropic.com)"
185.191.171.6 - - [31/Aug/2026:11:59:39 -0400] "GET /index_sl_20200304.html HTTP/1.1" 404 1251 "-" "Mozilla/5.0 (compatible; SemrushBot/7~bl; +http://www.semrush.com/bot.html)"
216.73.217.52 - - [31/Aug/2026:11:59:40 -0400] "GET /dgs/tournaments/ladder/edit_props.php HTTP/2" 429 0 "-" "Mozilla/5.0 AppleWebKit/537.36 (KHTML, like Gecko; compatible; ClaudeBot/1.0; +claudebot@anthropic.com)"
216.73.217.52 - - [31/Aug/2026:11:59:45 -0400] "GET /piwigo/themes/modus/language/km_KH/theme.lang.php HTTP/2" 200 0 "-" "Mozilla/5.0 AppleWebKit/537.36 (KHTML, like Gecko; compatible; ClaudeBot/1.0; +claudebot@anthropic.com)"
216.73.217.52 - - [31/Aug/2026:11:59:50 -0400] "GET /ka/pdf/web/locale/br/ HTTP/2" 429 0 "-" "Mozilla/5.0 AppleWebKit/537.36 (KHTML, like Gecko; compatible; ClaudeBot/1.0; +claudebot@anthropic.com)"
216.73.217.52 - - [31/Aug/2026:11:59:55 -0400] "GET /pn/uize/site-source/js/Uize/Str/Replace.js HTTP/2" 200 881 "-" "Mozilla/5.0 AppleWebKit/537.36 (KHTML, like Gecko; compatible; ClaudeBot/1.0; +claudebot@anthropic.com)"
216.73.217.52 - - [31/Aug/2026:12:00:00 -0400] "GET /pdf/web/locale/gu-IN/ HTTP/2" 429 0 "-" "Mozilla/5.0 AppleWebKit/537.36 (KHTML, like Gecko; compatible; ClaudeBot/1.0; +claudebot@anthropic.com)"
185.191.171.3 - - [31/Aug/2026:12:00:04 -0400] "GET /mob_20211013_1830.html HTTP/1.1" 200 1166016 "-" "Mozilla/5.0 (compatible; SemrushBot/7~bl; +http://www.semrush.com/bot.html)"
216.73.217.52 - - [31/Aug/2026:12:00:05 -0400] "GET /pn/uize/site-source/js/Uize/Widget/Drag.js HTTP/2" 200 3940 "-" "Mozilla/5.0 AppleWebKit/537.36 (KHTML, like Gecko; compatible; ClaudeBot/1.0; +claudebot@anthropic.com)"
216.73.217.52 - - [31/Aug/2026:12:00:10 -0400] "GET /pdf/web/locale/bn/viewer.properties HTTP/2" 429 0 "-" "Mozilla/5.0 AppleWebKit/537.36 (KHTML, like Gecko; compatible; ClaudeBot/1.0; +claudebot@anthropic.com)"
216.73.217.52 - - [31/Aug/2026:12:00:15 -0400] "GET /ko_center/js/jqgrid-4.4.0/plugins HTTP/2" 301 795 "-" "Mozilla/5.0 AppleWebKit/537.36 (KHTML, like Gecko; compatible; ClaudeBot/1.0; +claudebot@anthropic.com)"
216.73.217.52 - - [31/Aug/2026:12:00:15 -0400] "GET /ko_center/js/jqgrid-4.4.0/plugins/ HTTP/2" 200 1134 "https://ko0.us/ko_center/js/jqgrid-4.4.0/plugins" "Mozilla/5.0 AppleWebKit/537.36 (KHTML, like Gecko; compatible; ClaudeBot/1.0; +claudebot@anthropic.com)"
216.73.217.52 - - [31/Aug/2026:12:00:20 -0400] "GET /pn/uize/site-source/js/Uize/Widget/Swap HTTP/2" 301 795 "-" "Mozilla/5.0 AppleWebKit/537.36 (KHTML, like Gecko; compatible; ClaudeBot/1.0; +claudebot@anthropic.com)"
216.73.217.52 - - [31/Aug/2026:12:00:20 -0400] "GET /pn/uize/site-source/js/Uize/Widget/Swap/ HTTP/2" 429 0 "https://ko0.us/pn/uize/site-source/js/Uize/Widget/Swap" "Mozilla/5.0 AppleWebKit/537.36 (KHTML, like Gecko; compatible; ClaudeBot/1.0; +claudebot@anthropic.com)"
216.73.217.52 - - [31/Aug/2026:12:00:25 -0400] "GET /go/dgs0/tournaments/index.php HTTP/2" 303 0 "-" "Mozilla/5.0 AppleWebKit/537.36 (KHTML, like Gecko; compatible; ClaudeBot/1.0; +claudebot@anthropic.com)"
216.73.217.52 - - [31/Aug/2026:12:00:30 -0400] "GET /ko_center/zm5/Documentation/ HTTP/2" 429 0 "-" "Mozilla/5.0 AppleWebKit/537.36 (KHTML, like Gecko; compatible; ClaudeBot/1.0; +claudebot@anthropic.com)"
216.73.217.52 - - [31/Aug/2026:12:00:35 -0400] "GET /js/turnjs4/samples/steve-jobs/css/jquery.ui.css HTTP/2" 200 607 "-" "Mozilla/5.0 AppleWebKit/537.36 (KHTML, like Gecko; compatible; ClaudeBot/1.0; +claudebot@anthropic.com)"
216.73.217.52 - - [31/Aug/2026:12:00:40 -0400] "GET /pn/uize/site-source/js/Uize/Widget/Page HTTP/2" 301 795 "-" "Mozilla/5.0 AppleWebKit/537.36 (KHTML, like Gecko; compatible; ClaudeBot/1.0; +claudebot@anthropic.com)"
216.73.217.52 - - [31/Aug/2026:12:00:40 -0400] "GET /pn/uize/site-source/js/Uize/Widget/Page/ HTTP/2" 429 0 "https://ko0.us/pn/uize/site-source/js/Uize/Widget/Page" "Mozilla/5.0 AppleWebKit/537.36 (KHTML, like Gecko; compatible; ClaudeBot/1.0; +claudebot@anthropic.com)"
216.73.217.52 - - [31/Aug/2026:12:00:45 -0400] "GET /pdf/web/locale/nn-NO/ HTTP/2" 200 624 "-" "Mozilla/5.0 AppleWebKit/537.36 (KHTML, like Gecko; compatible; ClaudeBot/1.0; +claudebot@anthropic.com)"
216.73.217.52 - - [31/Aug/2026:12:00:50 -0400] "GET /pdf/web/cmaps/UniGB-UTF32-H.bcmap HTTP/2" 429 0 "-" "Mozilla/5.0 AppleWebKit/537.36 (KHTML, like Gecko; compatible; ClaudeBot/1.0; +claudebot@anthropic.com)"
216.73.217.52 - - [31/Aug/2026:12:00:55 -0400] "GET /pn/ko_pn.php?dir=%2Fhome%2Fkozerus%2Fpublic_html%2Fcropex%2Fnode%2Fnode_modules%2Fdrizzle-orm%2Fsql%2Fsql.d.ts HTTP/2" 200 6735 "-" "Mozilla/5.0 AppleWebKit/537.36 (KHTML, like Gecko; compatible; ClaudeBot/1.0; +claudebot@anthropic.com)"
216.73.217.52 - - [31/Aug/2026:12:01:00 -0400] "GET /ko_center/zm5/hrc_cr04c17/TileGroup1/5-4-8.jpg HTTP/2" 429 0 "-" "Mozilla/5.0 AppleWebKit/537.36 (KHTML, like Gecko; compatible; ClaudeBot/1.0; +claudebot@anthropic.com)"
74.7.227.147 - - [31/Aug/2026:11:58:31 -0400] "GET /imgs/btn/?ND HTTP/2" 429 0 "https://ko0.us/imgs/btn/" "Mozilla/5.0 AppleWebKit/537.36 (KHTML, like Gecko; compatible; GPTBot/1.4; +https://openai.com/gptbot)"
74.7.227.147 - - [31/Aug/2026:11:59:14 -0400] "GET /jkwii/js/?SA HTTP/2" 429 0 "https://ko0.us/jkwii/js/?MD" "Mozilla/5.0 AppleWebKit/537.36 (KHTML, like Gecko; compatible; GPTBot/1.4; +https://openai.com/gptbot)"
85.208.96.200 - - [31/Aug/2026:11:59:40 -0400] "GET /themes.html HTTP/1.1" 404 1251 "-" "Mozilla/5.0 (compatible; SemrushBot/7~bl; +http://www.semrush.com/bot.html)"
74.7.227.147 - - [31/Aug/2026:12:00:10 -0400] "GET /pdf/build/?NA HTTP/2" 200 716 "https://ko0.us/pdf/build/?SD" "Mozilla/5.0 AppleWebKit/537.36 (KHTML, like Gecko; compatible; GPTBot/1.4; +https://openai.com/gptbot)"
74.7.227.147 - - [31/Aug/2026:12:00:26 -0400] "GET /kb/v/kt/master_ken_Seminar_uk_2013.mp4 HTTP/2" 404 1251 "https://ko0.us/kt0.html" "Mozilla/5.0 AppleWebKit/537.36 (KHTML, like Gecko; compatible; GPTBot/1.4; +https://openai.com/gptbot)"
74.7.227.147 - - [31/Aug/2026:12:00:52 -0400] "GET /js/wz/germany.gif HTTP/2" 404 1251 "https://ko0.us/js/wz/wz_dragdrop.html" "Mozilla/5.0 AppleWebKit/537.36 (KHTML, like Gecko; compatible; GPTBot/1.4; +https://openai.com/gptbot)"
74.7.227.147 - - [31/Aug/2026:12:01:18 -0400] "GET /ka/fb/calendars/fb.html HTTP/2" 200 147817 "https://ko0.us/ka/" "Mozilla/5.0 AppleWebKit/537.36 (KHTML, like Gecko; compatible; GPTBot/1.4; +https://openai.com/gptbot)"
216.73.217.52 - - [31/Aug/2026:12:01:20 -0400] "GET /cropex/node/node_modules/recharts/types/container/Layer.d.ts HTTP/2" 429 0 "-" "Mozilla/5.0 AppleWebKit/537.36 (KHTML, like Gecko; compatible; ClaudeBot/1.0; +claudebot@anthropic.com)"
216.73.217.52 - - [31/Aug/2026:12:01:20 -0400] "GET /cropex/node/node_modules/recharts/types/container/Surface.d.ts HTTP/2" 200 548 "-" "Mozilla/5.0 AppleWebKit/537.36 (KHTML, like Gecko; compatible; ClaudeBot/1.0; +claudebot@anthropic.com)"
216.73.217.52 - - [31/Aug/2026:12:01:21 -0400] "GET /go/pages/26.jpg HTTP/2" 429 0 "-" "Mozilla/5.0 AppleWebKit/537.36 (KHTML, like Gecko; compatible; ClaudeBot/1.0; +claudebot@anthropic.com)"
216.73.217.52 - - [31/Aug/2026:12:01:21 -0400] "GET /pn/ko_pn.php?dir=%2Fhome%2Fkozerus%2Fpublic_html%2Fcropex%2Fnode%2Fnode_modules%2Ftar-fs%2FREADME.md HTTP/2" 200 5627 "-" "Mozilla/5.0 AppleWebKit/537.36 (KHTML, like Gecko; compatible; ClaudeBot/1.0; +claudebot@anthropic.com)"
216.73.217.52 - - [31/Aug/2026:12:01:22 -0400] "GET /pn/ko_pn.php?dir=%2Fhome%2Fkozerus%2Fpublic_html%2Fcropex%2Fnode%2Fnode_modules%2Fuse-callback-ref%2Fdist%2Fes2015%2FuseRef.d.ts HTTP/2" 429 0 "-" "Mozilla/5.0 AppleWebKit/537.36 (KHTML, like Gecko; compatible; ClaudeBot/1.0; +claudebot@anthropic.com)"
216.73.217.52 - - [31/Aug/2026:12:01:23 -0400] "GET /ko_center/js/themes/sunny/jquery-ui-1.7.2.custom.css HTTP/2" 200 4732 "-" "Mozilla/5.0 AppleWebKit/537.36 (KHTML, like Gecko; compatible; ClaudeBot/1.0; +claudebot@anthropic.com)"
216.73.217.52 - - [31/Aug/2026:12:01:27 -0400] "GET /pn/ko_pn.php?dir=%2Fhome%2Fkozerus%2Fpublic_html%2Fcropex%2Fnode%2Fnode_modules%2Fdrizzle-orm%2Fgel-core%2Findexes.cjs HTTP/2" 429 0 "-" "Mozilla/5.0 AppleWebKit/537.36 (KHTML, like Gecko; compatible; ClaudeBot/1.0; +claudebot@anthropic.com)"
216.73.217.52 - - [31/Aug/2026:12:01:32 -0400] "GET /pn/ko_pn.php?dir=%2Fhome%2Fkozerus%2Fpublic_html%2Fcropex%2Fnode%2Fnode_modules%2Frecharts%2Ftypes%2Fchart%2FPieChart.d.ts HTTP/2" 200 5682 "-" "Mozilla/5.0 AppleWebKit/537.36 (KHTML, like Gecko; compatible; ClaudeBot/1.0; +claudebot@anthropic.com)"
216.73.217.52 - - [31/Aug/2026:12:01:37 -0400] "GET /piwigo/themes/default/js/ui/i18n/jquery.ui.datepicker-cs.js HTTP/2" 200 483 "-" "Mozilla/5.0 AppleWebKit/537.36 (KHTML, like Gecko; compatible; ClaudeBot/1.0; +claudebot@anthropic.com)"
216.73.217.52 - - [31/Aug/2026:12:01:42 -0400] "GET /ko_center/imgs/cab/cu42.png HTTP/2" 429 0 "-" "Mozilla/5.0 AppleWebKit/537.36 (KHTML, like Gecko; compatible; ClaudeBot/1.0; +claudebot@anthropic.com)"
66.249.69.227 - - [31/Aug/2026:11:54:53 -0400] "GET /fb/comics/dc/superman80/no004/pages/zn/zn_69.jpg HTTP/1.1" 404 1251 "-" "Googlebot-Image/1.0"
47.77.224.240 - - [31/Aug/2026:11:56:36 -0400] "GET / HTTP/1.0" 403 1242 "-" "-"
66.249.69.227 - - [31/Aug/2026:11:56:54 -0400] "GET /fb/comics/dc/superman80/no004/pages/zn/zn_78.jpg HTTP/1.1" 404 1251 "-" "Googlebot-Image/1.0"
66.249.69.227 - - [31/Aug/2026:11:58:05 -0400] "GET /byrdbellvjk/imgs171.jpg HTTP/1.1" 404 1251 "-" "Googlebot-Image/1.0"
66.249.69.227 - - [31/Aug/2026:11:59:35 -0400] "GET /fb/jtfdc/jtf30/pages/zn/zn_5.jpg HTTP/1.1" 404 1251 "-" "Googlebot-Image/1.0"
216.73.217.52 - - [31/Aug/2026:12:01:50 -0400] "GET /pn/ko_pn.php?dir=%2Fhome%2Fkozerus%2Fpublic_html%2Fpn%2Fuize%2Fsite-source%2Fjs%2FUize%2FComm%2FIframe.js HTTP/2" 200 5614 "-" "Mozilla/5.0 AppleWebKit/537.36 (KHTML, like Gecko; compatible; ClaudeBot/1.0; +claudebot@anthropic.com)"
216.73.217.52 - - [31/Aug/2026:12:01:55 -0400] "GET /pn/ko_pn.php?dir=%2Fhome%2Fkozerus%2Fpublic_html%2Fpiwigo%2Flanguage%2Fzh_TW%2Fhelp%2Fquick_search.html HTTP/2" 429 0 "-" "Mozilla/5.0 AppleWebKit/537.36 (KHTML, like Gecko; compatible; ClaudeBot/1.0; +claudebot@anthropic.com)"
66.249.69.228 - - [31/Aug/2026:12:01:55 -0400] "GET /fb/jtfdcr/pages/zn/zn_35.jpg HTTP/1.1" 404 1251 "-" "Googlebot-Image/1.0"
216.73.217.52 - - [31/Aug/2026:12:02:00 -0400] "GET /cropex/imgs/btn/koeye_o.png HTTP/2" 200 3765 "-" "Mozilla/5.0 AppleWebKit/537.36 (KHTML, like Gecko; compatible; ClaudeBot/1.0; +claudebot@anthropic.com)"
216.73.217.52 - - [31/Aug/2026:12:02:05 -0400] "GET /go/dgs0/images/9/b146.gif HTTP/2" 429 0 "-" "Mozilla/5.0 AppleWebKit/537.36 (KHTML, like Gecko; compatible; ClaudeBot/1.0; +claudebot@anthropic.com)"
216.73.217.52 - - [31/Aug/2026:12:02:10 -0400] "GET /pn/ko_pn.php?dir=%2Fhome%2Fkozerus%2Fpublic_html%2Fcropex%2Fnode%2Fnode_modules%2Fpassport%2Fsponsors%2Fworkos.png HTTP/2" 200 4045 "-" "Mozilla/5.0 AppleWebKit/537.36 (KHTML, like Gecko; compatible; ClaudeBot/1.0; +claudebot@anthropic.com)"
216.73.217.52 - - [31/Aug/2026:12:02:15 -0400] "GET /go/dgs0/images/25/b11.gif HTTP/2" 429 0 "-" "Mozilla/5.0 AppleWebKit/537.36 (KHTML, like Gecko; compatible; ClaudeBot/1.0; +claudebot@anthropic.com)"
216.73.217.52 - - [31/Aug/2026:12:02:20 -0400] "GET /ko_center/imgs/cab/cz34a.png HTTP/2" 200 84234 "-" "Mozilla/5.0 AppleWebKit/537.36 (KHTML, like Gecko; compatible; ClaudeBot/1.0; +claudebot@anthropic.com)"
216.73.217.52 - - [31/Aug/2026:12:02:25 -0400] "GET /go/allaboutgo/sgf/xxqj/prob0073.sgf HTTP/2" 429 0 "-" "Mozilla/5.0 AppleWebKit/537.36 (KHTML, like Gecko; compatible; ClaudeBot/1.0; +claudebot@anthropic.com)"
216.73.217.52 - - [31/Aug/2026:12:02:30 -0400] "GET /js/turnjs4/samples/magazine/pages/6-thumb.jpg HTTP/2" 200 2911 "-" "Mozilla/5.0 AppleWebKit/537.36 (KHTML, like Gecko; compatible; ClaudeBot/1.0; +claudebot@anthropic.com)"
216.73.217.52 - - [31/Aug/2026:12:02:35 -0400] "GET /zc/imgs/steampunk/steampunk_balloon.jpg HTTP/2" 429 0 "-" "Mozilla/5.0 AppleWebKit/537.36 (KHTML, like Gecko; compatible; ClaudeBot/1.0; +claudebot@anthropic.com)"
216.73.217.52 - - [31/Aug/2026:12:02:40 -0400] "GET /imgs/links/tn/tn_gocorner.png HTTP/2" 200 19445 "-" "Mozilla/5.0 AppleWebKit/537.36 (KHTML, like Gecko; compatible; ClaudeBot/1.0; +claudebot@anthropic.com)"
66.249.77.98 - - [31/Aug/2026:12:02:43 -0400] "GET /imgs/btn/kob.png HTTP/1.1" 200 6407 "-" "Googlebot-Image/1.0"
216.73.217.52 - - [31/Aug/2026:12:02:45 -0400] "GET /pn/ko_pn.php?dir=%2Fhome%2Fkozerus%2Fpublic_html%2Fgo%2Fallaboutgo%2Fsgf%2Fxxqj%2Fprob0098.sgf HTTP/2" 429 0 "-" "Mozilla/5.0 AppleWebKit/537.36 (KHTML, like Gecko; compatible; ClaudeBot/1.0; +claudebot@anthropic.com)"
216.73.217.52 - - [31/Aug/2026:12:02:50 -0400] "GET /pn/ko_pn.php?dir=%2Fhome%2Fkozerus%2Fpublic_html%2Fka%2Fpdf%2Fweb%2Fimages%2FfindbarButton-previous.png HTTP/2" 200 3917 "-" "Mozilla/5.0 AppleWebKit/537.36 (KHTML, like Gecko; compatible; ClaudeBot/1.0; +claudebot@anthropic.com)"
216.73.217.52 - - [31/Aug/2026:12:02:55 -0400] "GET /pn/ko_pn.php?dir=%2Fhome%2Fkozerus%2Fpublic_html%2Fpiwigo%2Ftools%2Fws%2Fpiwigo-logo-minimal.svg HTTP/2" 429 0 "-" "Mozilla/5.0 AppleWebKit/537.36 (KHTML, like Gecko; compatible; ClaudeBot/1.0; +claudebot@anthropic.com)"
216.73.217.52 - - [31/Aug/2026:12:03:00 -0400] "GET /pn/ko_pn.php?dir=%2Fhome%2Fkozerus%2Fpublic_html%2Fdgs%2Fimages%2F5%2Fld.gif HTTP/2" 200 3928 "-" "Mozilla/5.0 AppleWebKit/537.36 (KHTML, like Gecko; compatible; ClaudeBot/1.0; +claudebot@anthropic.com)"
216.73.217.52 - - [31/Aug/2026:12:03:05 -0400] "GET /pn/ko_pn.php?dir=%2Fhome%2Fkozerus%2F.npm%2F_logs%2F2026-07-29T00_57_44_748Z-debug-0.log HTTP/2" 429 0 "-" "Mozilla/5.0 AppleWebKit/537.36 (KHTML, like Gecko; compatible; ClaudeBot/1.0; +claudebot@anthropic.com)"
216.73.217.52 - - [31/Aug/2026:12:03:10 -0400] "GET /pn/ko_pn.php?dir=%2Fhome%2Fkozerus%2Fpublic_html%2Fbirds%2Fimgs%2FIMG_6680.JPG HTTP/2" 200 3919 "-" "Mozilla/5.0 AppleWebKit/537.36 (KHTML, like Gecko; compatible; ClaudeBot/1.0; +claudebot@anthropic.com)"
216.73.217.52 - - [31/Aug/2026:12:03:15 -0400] "GET /pn/ko_pn.php?dir=%2Fhome%2Fkozerus%2Fpublic_html%2Fdgs%2Fimages%2F50%2Fw215.gif HTTP/2" 429 0 "-" "Mozilla/5.0 AppleWebKit/537.36 (KHTML, like Gecko; compatible; ClaudeBot/1.0; +claudebot@anthropic.com)"
216.73.217.52 - - [31/Aug/2026:12:03:20 -0400] "GET /zm/hrc2009stl/TileGroup11/6-13-35.jpg HTTP/2" 200 1651 "-" "Mozilla/5.0 AppleWebKit/537.36 (KHTML, like Gecko; compatible; ClaudeBot/1.0; +claudebot@anthropic.com)"
216.73.217.52 - - [31/Aug/2026:12:03:25 -0400] "GET /ko_center/zm5/hrc_dr13d09/TileGroup2/6-32-0.jpg HTTP/2" 429 0 "-" "Mozilla/5.0 AppleWebKit/537.36 (KHTML, like Gecko; compatible; ClaudeBot/1.0; +claudebot@anthropic.com)"
216.73.217.52 - - [31/Aug/2026:12:03:30 -0400] "GET /pn/ko_pn.php?dir=%2Fhome%2Fkozerus%2Fpublic_html%2Fzm%2Fhrc2011%2FTileGroup10%2F7-9-18.jpg HTTP/2" 200 3891 "-" "Mozilla/5.0 AppleWebKit/537.36 (KHTML, like Gecko; compatible; ClaudeBot/1.0; +claudebot@anthropic.com)"
216.73.217.52 - - [31/Aug/2026:12:03:35 -0400] "GET /ko_center/zm5/hrc_dr14d12/TileGroup2/6-5-4.jpg HTTP/2" 429 0 "-" "Mozilla/5.0 AppleWebKit/537.36 (KHTML, like Gecko; compatible; ClaudeBot/1.0; +claudebot@anthropic.com)"
216.73.217.52 - - [31/Aug/2026:12:03:40 -0400] "GET /ko_center/zm5/hrc_dr13d09/TileGroup5/6-7-18.jpg HTTP/2" 200 1651 "-" "Mozilla/5.0 AppleWebKit/537.36 (KHTML, like Gecko; compatible; ClaudeBot/1.0; +claudebot@anthropic.com)"
216.73.217.52 - - [31/Aug/2026:12:03:45 -0400] "GET /pn/ko_pn.php?dir=%2Fhome%2Fkozerus%2Fpublic_html%2Fjs%2Fwz_connect%2Fheadphone-e1589527073139.jpg HTTP/2" 429 0 "-" "Mozilla/5.0 AppleWebKit/537.36 (KHTML, like Gecko; compatible; ClaudeBot/1.0; +claudebot@anthropic.com)"
216.73.217.52 - - [31/Aug/2026:12:03:50 -0400] "GET /ko_center/zm5/hrc_c/TileGroup4/6-34-11.jpg HTTP/2" 200 1651 "-" "Mozilla/5.0 AppleWebKit/537.36 (KHTML, like Gecko; compatible; ClaudeBot/1.0; +claudebot@anthropic.com)"
85.208.96.208 - - [31/Aug/2026:12:03:55 -0400] "GET /fb/ajaks.html HTTP/1.1" 404 1251 "-" "Mozilla/5.0 (compatible; SemrushBot/7~bl; +http://www.semrush.com/bot.html)"
216.73.217.52 - - [31/Aug/2026:12:03:55 -0400] "GET /pn/ko_pn.php?dir=%2Fhome%2Fkozerus%2Fpublic_html%2Fzc%2Fimgs%2Fcategories%2Fsubcategory_grows_neutrients.jpg HTTP/2" 429 0 "-" "Mozilla/5.0 AppleWebKit/537.36 (KHTML, like Gecko; compatible; ClaudeBot/1.0; +claudebot@anthropic.com)"
216.73.217.52 - - [31/Aug/2026:12:04:00 -0400] "GET /ko_center/zm5/hrc_dr18d29/TileGroup3/6-5-10.jpg HTTP/2" 200 1651 "-" "Mozilla/5.0 AppleWebKit/537.36 (KHTML, like Gecko; compatible; ClaudeBot/1.0; +claudebot@anthropic.com)"
216.73.217.52 - - [31/Aug/2026:12:04:06 -0400] "GET /go/dgs0/images/9/b223.gif HTTP/2" 429 0 "-" "Mozilla/5.0 AppleWebKit/537.36 (KHTML, like Gecko; compatible; ClaudeBot/1.0; +claudebot@anthropic.com)"
216.73.217.52 - - [31/Aug/2026:12:04:10 -0400] "GET /go/dgs0/images/9/b406.gif HTTP/2" 200 298 "-" "Mozilla/5.0 AppleWebKit/537.36 (KHTML, like Gecko; compatible; ClaudeBot/1.0; +claudebot@anthropic.com)"
216.73.217.52 - - [31/Aug/2026:12:04:15 -0400] "GET /go/dgs0/images/5/b223.gif HTTP/2" 429 0 "-" "Mozilla/5.0 AppleWebKit/537.36 (KHTML, like Gecko; compatible; ClaudeBot/1.0; +claudebot@anthropic.com)"
66.249.69.228 - - [31/Aug/2026:12:04:17 -0400] "GET /fb/kolog/pages/zn/zn_79.jpg HTTP/1.1" 404 1251 "-" "Googlebot-Image/1.0"
216.73.217.52 - - [31/Aug/2026:12:04:20 -0400] "GET /pn/ko_pn.php?dir=%2Fhome%2Fkozerus%2Fpublic_html%2Fpiwigo%2Flanguage%2Ffi_FI%2Fupgrade.lang.php HTTP/2" 200 5034 "-" "Mozilla/5.0 AppleWebKit/537.36 (KHTML, like Gecko; compatible; ClaudeBot/1.0; +claudebot@anthropic.com)"
216.73.217.52 - - [31/Aug/2026:12:04:25 -0400] "GET /go/dgs0/images/5/b310.gif HTTP/2" 429 0 "-" "Mozilla/5.0 AppleWebKit/537.36 (KHTML, like Gecko; compatible; ClaudeBot/1.0; +claudebot@anthropic.com)"
