74.7.227.147 - - [31/Aug/2026:09:01:21 -0400] "GET /fb/jtfdcr/imgs/IMG_9696.JPG HTTP/2" 404 1251 "https://ko0.us/jk_f2d.html" "Mozilla/5.0 AppleWebKit/537.36 (KHTML, like Gecko; compatible; GPTBot/1.4; +https://openai.com/gptbot)"
74.7.227.147 - - [31/Aug/2026:09:01:23 -0400] "GET /fb/jtfdcr/imgs/IMG_9595.JPG HTTP/2" 404 1251 "https://ko0.us/jk_f2d.html" "Mozilla/5.0 AppleWebKit/537.36 (KHTML, like Gecko; compatible; GPTBot/1.4; +https://openai.com/gptbot)"
74.7.227.147 - - [31/Aug/2026:09:01:24 -0400] "GET /fb/jtfdcr/imgs/IMG_7979.JPG HTTP/2" 404 1251 "https://ko0.us/jk_f2d.html" "Mozilla/5.0 AppleWebKit/537.36 (KHTML, like Gecko; compatible; GPTBot/1.4; +https://openai.com/gptbot)"
74.7.227.147 - - [31/Aug/2026:09:01:27 -0400] "GET /fb/jtfdcr/imgs/IMG_9393.JPG HTTP/2" 404 1251 "https://ko0.us/jk_f2d.html" "Mozilla/5.0 AppleWebKit/537.36 (KHTML, like Gecko; compatible; GPTBot/1.4; +https://openai.com/gptbot)"
74.7.227.147 - - [31/Aug/2026:09:01:29 -0400] "GET /kb/v/kt/THE_DAY_THE_EARTH_STOOD_STILL_-_1951_KLAATU_S_FIMAL_SPEECJ.png HTTP/2" 404 1251 "https://ko0.us/kt0.html" "Mozilla/5.0 AppleWebKit/537.36 (KHTML, like Gecko; compatible; GPTBot/1.4; +https://openai.com/gptbot)"
74.7.227.147 - - [31/Aug/2026:09:01:29 -0400] "GET /kb/v/kt/THE_DAY_THE_EARTH_STOOD_STILL_-_1951_KLAATU_S_FIMAL_SPEECJ.webm HTTP/2" 404 1251 "https://ko0.us/kt0.html" "Mozilla/5.0 AppleWebKit/537.36 (KHTML, like Gecko; compatible; GPTBot/1.4; +https://openai.com/gptbot)"
74.7.227.147 - - [31/Aug/2026:09:01:31 -0400] "GET /imgs/btn/koeye_kov_jtfdcr.png HTTP/2" 200 3922 "https://ko0.us/imgs/btn/" "Mozilla/5.0 AppleWebKit/537.36 (KHTML, like Gecko; compatible; GPTBot/1.4; +https://openai.com/gptbot)"
74.7.227.147 - - [31/Aug/2026:09:01:32 -0400] "GET /imgs/btn/koeyew_kov_jtfdc.png HTTP/2" 429 0 "https://ko0.us/imgs/btn/" "Mozilla/5.0 AppleWebKit/537.36 (KHTML, like Gecko; compatible; GPTBot/1.4; +https://openai.com/gptbot)"
74.7.227.147 - - [31/Aug/2026:09:01:33 -0400] "GET /fb/jtfdcr/imgs/i.gif HTTP/2" 404 1251 "https://ko0.us/jk_f2d.html" "Mozilla/5.0 AppleWebKit/537.36 (KHTML, like Gecko; compatible; GPTBot/1.4; +https://openai.com/gptbot)"
74.7.227.147 - - [31/Aug/2026:09:01:35 -0400] "GET /birds/imgs/worms.png HTTP/2" 404 1251 "https://ko0.us/birds/" "Mozilla/5.0 AppleWebKit/537.36 (KHTML, like Gecko; compatible; GPTBot/1.4; +https://openai.com/gptbot)"
74.7.227.147 - - [31/Aug/2026:09:01:36 -0400] "GET /imgs/btn/sleeves.png HTTP/2" 429 0 "https://ko0.us/imgs/btn/" "Mozilla/5.0 AppleWebKit/537.36 (KHTML, like Gecko; compatible; GPTBot/1.4; +https://openai.com/gptbot)"
74.7.227.147 - - [31/Aug/2026:09:01:56 -0400] "GET /birds/imgs/moths.png HTTP/2" 404 1251 "https://ko0.us/birds/" "Mozilla/5.0 AppleWebKit/537.36 (KHTML, like Gecko; compatible; GPTBot/1.4; +https://openai.com/gptbot)"
123.26.232.231 - - [31/Aug/2026:09:02:04 -0400] "GET /ko_jukebox.html HTTP/1.1" 200 24896 "https://ko0.us/" "Mozilla/5.0 (X11; Linux x86_64; rv:127.0) Gecko/20100101 Firefox/127.0"
74.7.227.147 - - [31/Aug/2026:09:02:13 -0400] "GET /imgs/btn/tn_btn_kd_track.png HTTP/2" 429 0 "https://ko0.us/imgs/btn/" "Mozilla/5.0 AppleWebKit/537.36 (KHTML, like Gecko; compatible; GPTBot/1.4; +https://openai.com/gptbot)"
74.7.227.147 - - [31/Aug/2026:09:02:22 -0400] "GET /imgs/gif/disks/disk_trans.gif HTTP/2" 404 1251 "https://ko0.us/wz/" "Mozilla/5.0 AppleWebKit/537.36 (KHTML, like Gecko; compatible; GPTBot/1.4; +https://openai.com/gptbot)"
45.235.123.78 - - [31/Aug/2026:09:02:22 -0400] "GET /tl.db3%20union%20all%20select%20%27orgasbgpzmkytympbfxnxsjpjoazuqcz%27,null,null,null--%20y6y1k6 HTTP/1.1" 404 1251 "https://ko0.us/" "Mozilla/5.0 (Windows NT 10.0; Win64; x64) AppleWebKit/537.36 (KHTML, like Gecko) Chrome/125.0.6400.44 Safari/537.36"
45.188.121.34 - - [31/Aug/2026:09:02:48 -0400] "GET /snd5.html HTTP/1.1" 200 2262 "https://ko0.us/" "Mozilla/5.0 (Macintosh; Intel Mac OS X 10_15_7) AppleWebKit/537.36 (KHTML, like Gecko) Chrome/129.0.6668.59 Safari/537.36"
216.73.216.164 - - [31/Aug/2026:09:02:56 -0400] "GET /pn/ko_pn.php?dir=%2Fhome%2Fkozerus%2Fpublic_html%2Fcropex%2Fnode%2Fnode_modules%2Fuse-callback-ref%2Fdist%2F HTTP/2" 200 3972 "-" "Mozilla/5.0 AppleWebKit/537.36 (KHTML, like Gecko; compatible; ClaudeBot/1.0; +claudebot@anthropic.com)"
216.73.216.164 - - [31/Aug/2026:09:02:57 -0400] "GET /pn/ko_pn.php?dir=%2Fhome%2Fkozerus%2Fpublic_html%2Fcropex%2Fnode%2Fnode_modules%2Freact-hook-form%2Fpackage.json HTTP/2" 403 1242 "-" "Mozilla/5.0 AppleWebKit/537.36 (KHTML, like Gecko; compatible; ClaudeBot/1.0; +claudebot@anthropic.com)"
74.7.227.147 - - [31/Aug/2026:09:03:00 -0400] "GET /imgs/btn/btn_keyhole_oak.png HTTP/2" 200 568043 "https://ko0.us/imgs/btn/" "Mozilla/5.0 AppleWebKit/537.36 (KHTML, like Gecko; compatible; GPTBot/1.4; +https://openai.com/gptbot)"
216.73.216.164 - - [31/Aug/2026:09:03:02 -0400] "GET /go/eidogo/tourney/downloads.php HTTP/2" 400 93 "-" "Mozilla/5.0 AppleWebKit/537.36 (KHTML, like Gecko; compatible; ClaudeBot/1.0; +claudebot@anthropic.com)"
216.73.216.164 - - [31/Aug/2026:09:03:07 -0400] "GET /pn/ko_pn.php?dir=%2Fhome%2Fkozerus%2Fpublic_html%2Fcropex%2Fnode%2Fnode_modules%2Fdrizzle-orm%2Fpg-core%2Fcolumns%2Fjson.cjs HTTP/2" 200 4689 "-" "Mozilla/5.0 AppleWebKit/537.36 (KHTML, like Gecko; compatible; ClaudeBot/1.0; +claudebot@anthropic.com)"
74.7.227.147 - - [31/Aug/2026:09:03:10 -0400] "GET /imgs/btn/btn_keyhole_biz.png HTTP/2" 200 9385 "https://ko0.us/imgs/btn/" "Mozilla/5.0 AppleWebKit/537.36 (KHTML, like Gecko; compatible; GPTBot/1.4; +https://openai.com/gptbot)"
216.73.216.164 - - [31/Aug/2026:09:03:12 -0400] "GET /imgs/btn/tn_blobs_join.png HTTP/2" 429 0 "-" "Mozilla/5.0 AppleWebKit/537.36 (KHTML, like Gecko; compatible; ClaudeBot/1.0; +claudebot@anthropic.com)"
216.73.216.164 - - [31/Aug/2026:09:03:17 -0400] "GET /pn/ko_pn.php?dir=%2Fhome%2Fkozerus%2Fpublic_html%2Fcropex%2Fnode%2Fnode_modules%2Frecharts%2Ftypes%2Fcontext HTTP/2" 200 3957 "-" "Mozilla/5.0 AppleWebKit/537.36 (KHTML, like Gecko; compatible; ClaudeBot/1.0; +claudebot@anthropic.com)"
216.73.216.164 - - [31/Aug/2026:09:03:22 -0400] "GET /pn/ko_pn.php?dir=%2Fhome%2Fkozerus%2Fpublic_html%2Fcropex%2Fnode%2Fnode_modules%2Flinebreak%2Fpackage.json HTTP/2" 429 0 "-" "Mozilla/5.0 AppleWebKit/537.36 (KHTML, like Gecko; compatible; ClaudeBot/1.0; +claudebot@anthropic.com)"
74.7.227.147 - - [31/Aug/2026:09:03:25 -0400] "GET /imgs/btn/kiw_n.png HTTP/2" 429 0 "https://ko0.us/imgs/btn/" "Mozilla/5.0 AppleWebKit/537.36 (KHTML, like Gecko; compatible; GPTBot/1.4; +https://openai.com/gptbot)"
216.73.216.164 - - [31/Aug/2026:09:03:27 -0400] "GET /pn/ko_pn.php?dir=%2Fhome%2Fkozerus%2Fpublic_html%2Fcropex%2Fnode%2Fnode_modules%2Frc%2Ftest%2Ftest.js HTTP/2" 200 4398 "-" "Mozilla/5.0 AppleWebKit/537.36 (KHTML, like Gecko; compatible; ClaudeBot/1.0; +claudebot@anthropic.com)"
205.209.89.254 - - [31/Aug/2026:09:03:29 -0400] "GET /koform.html HTTP/1.1" 200 1016 "https://ko0.us/" "Mozilla/5.0 (Windows NT 10.0; Win64; x64) AppleWebKit/537.36 (KHTML, like Gecko) Chrome/127.0.6533.73 Safari/537.36"
216.73.216.164 - - [31/Aug/2026:09:03:32 -0400] "GET /pn/ko_pn.php?dir=%2Fhome%2Fkozerus%2Fpublic_html%2Fcropex%2Fnode%2Fnode_modules%2Fdrizzle-orm%2Fpg-core%2Fcolumns%2Fpoint.cjs.map HTTP/2" 429 0 "-" "Mozilla/5.0 AppleWebKit/537.36 (KHTML, like Gecko; compatible; ClaudeBot/1.0; +claudebot@anthropic.com)"
216.73.216.164 - - [31/Aug/2026:09:03:37 -0400] "GET /pn/ko_pn.php?dir=%2Fhome%2Fkozerus%2Fpublic_html%2Fcropex%2Fnode%2Fnode_modules%2Fdrizzle-orm%2Fmysql-core%2Futils.d.ts HTTP/2" 200 4617 "-" "Mozilla/5.0 AppleWebKit/537.36 (KHTML, like Gecko; compatible; ClaudeBot/1.0; +claudebot@anthropic.com)"
216.73.216.164 - - [31/Aug/2026:09:03:42 -0400] "GET /piwigo/themes/smartpocket/template/redirect.tpl HTTP/2" 429 0 "-" "Mozilla/5.0 AppleWebKit/537.36 (KHTML, like Gecko; compatible; ClaudeBot/1.0; +claudebot@anthropic.com)"
14.247.104.108 - - [31/Aug/2026:09:01:48 -0400] "GET /tl.db3%27%29%20or%20extractvalue%286730,concat%280x7e,%28%28select%20%28elt%286730=6730,1%29%29%29%29,0x7e%29%29--%20- HTTP/1.1" 404 1251 "https://ko0.us/" "Mozilla/5.0 (X11; Ubuntu; Linux x86_64) AppleWebKit/537.36 (KHTML, like Gecko) Chrome/124.0.6367.82 Safari/537.36"
216.73.216.164 - - [31/Aug/2026:09:01:50 -0400] "GET /pn/ko_pn.php?dir=%2Fhome%2Fkozerus%2Fpublic_html%2Fpiwigo%2Flanguage%2Fja_JP%2Fhelp HTTP/2" 200 4488 "-" "Mozilla/5.0 AppleWebKit/537.36 (KHTML, like Gecko; compatible; ClaudeBot/1.0; +claudebot@anthropic.com)"
216.73.216.164 - - [31/Aug/2026:09:01:55 -0400] "GET /tl.php?db3=tl%2Ftl.db3&tbl=kids HTTP/2" 200 1884 "-" "Mozilla/5.0 AppleWebKit/537.36 (KHTML, like Gecko; compatible; ClaudeBot/1.0; +claudebot@anthropic.com)"
216.73.216.164 - - [31/Aug/2026:09:02:00 -0400] "GET /pn/ko_pn.php?dir=%2Fhome%2Fkozerus%2Fpublic_html%2Fpn%2Fuize%2Fsite-source%2Fjs%2FUize%2FDom%2FNode.todo HTTP/2" 200 4780 "-" "Mozilla/5.0 AppleWebKit/537.36 (KHTML, like Gecko; compatible; ClaudeBot/1.0; +claudebot@anthropic.com)"
216.73.216.164 - - [31/Aug/2026:09:02:05 -0400] "GET /pn/ko_pn.php?dir=%2Fhome%2Fkozerus%2Fpublic_html%2Fko_center%2Fjs%2Ftablesorter1%2Fcss HTTP/2" 200 3943 "-" "Mozilla/5.0 AppleWebKit/537.36 (KHTML, like Gecko; compatible; ClaudeBot/1.0; +claudebot@anthropic.com)"
216.73.216.164 - - [31/Aug/2026:09:02:10 -0400] "GET /pn/ko_pn.php?dir=%2Fhome%2Fkozerus%2Fpublic_html%2Fpiwigo%2Flanguage%2Fcs_CZ%2F HTTP/2" 200 4168 "-" "Mozilla/5.0 AppleWebKit/537.36 (KHTML, like Gecko; compatible; ClaudeBot/1.0; +claudebot@anthropic.com)"
216.73.216.164 - - [31/Aug/2026:09:02:16 -0400] "GET /pn/ko_pn.php?dir=%2Fhome%2Fkozerus%2Fpublic_html%2Fcropex%2Fnode%2Fnode_modules%2Fdrizzle-orm%2Fgel-core%2Falias.cjs.map HTTP/2" 200 4334 "-" "Mozilla/5.0 AppleWebKit/537.36 (KHTML, like Gecko; compatible; ClaudeBot/1.0; +claudebot@anthropic.com)"
216.73.216.164 - - [31/Aug/2026:09:02:21 -0400] "GET /pn/ko_pn.php?dir=%2Fhome%2Fkozerus%2Fpublic_html%2Fcropex%2Fnode%2Fnode_modules%2Fdrizzle-orm%2Fmysql-core%2Fprimary-keys.cjs HTTP/2" 200 4695 "-" "Mozilla/5.0 AppleWebKit/537.36 (KHTML, like Gecko; compatible; ClaudeBot/1.0; +claudebot@anthropic.com)"
216.73.216.164 - - [31/Aug/2026:09:02:26 -0400] "GET /piwigo/plugins/TakeATour/language/el_GR/tour_2_9_0.lang.php HTTP/2" 200 0 "-" "Mozilla/5.0 AppleWebKit/537.36 (KHTML, like Gecko; compatible; ClaudeBot/1.0; +claudebot@anthropic.com)"
216.73.216.164 - - [31/Aug/2026:09:02:31 -0400] "GET /pn/ko_pn.php?dir=%2Fhome%2Fkozerus%2Fpublic_html%2Fcropex%2Fnode%2Fnode_modules%2F%40babel%2Fcompat-data%2Fplugins.js HTTP/2" 200 3936 "-" "Mozilla/5.0 AppleWebKit/537.36 (KHTML, like Gecko; compatible; ClaudeBot/1.0; +claudebot@anthropic.com)"
216.73.216.164 - - [31/Aug/2026:09:02:36 -0400] "GET /pn/ko_pn.php?dir=%2Fhome%2Fkozerus%2Fpublic_html%2Fcropex%2Fnode%2Fnode_modules%2Fdrizzle-orm%2Faws-data-api%2Fpg%2Fmigrator.d.ts HTTP/2" 200 4072 "-" "Mozilla/5.0 AppleWebKit/537.36 (KHTML, like Gecko; compatible; ClaudeBot/1.0; +claudebot@anthropic.com)"
216.73.216.164 - - [31/Aug/2026:09:02:41 -0400] "GET /ko_center/imgs/ani/Thumbs.db HTTP/2" 403 1242 "-" "Mozilla/5.0 AppleWebKit/537.36 (KHTML, like Gecko; compatible; ClaudeBot/1.0; +claudebot@anthropic.com)"
216.73.216.164 - - [31/Aug/2026:09:02:46 -0400] "GET /pn/ko_pn.php?dir=%2Fhome%2Fkozerus%2Fpublic_html%2Fcropex%2Fnode%2Fnode_modules%2Fd3-time-format%2Flocale%2Fru-RU.json HTTP/2" 200 4360 "-" "Mozilla/5.0 AppleWebKit/537.36 (KHTML, like Gecko; compatible; ClaudeBot/1.0; +claudebot@anthropic.com)"
216.73.216.164 - - [31/Aug/2026:09:02:51 -0400] "GET /pn/ko_pn.php?dir=%2Fhome%2Fkozerus%2Fpublic_html%2Fcropex%2Fnode%2Fnode_modules%2Fdrizzle-orm%2Fpg-core%2Fcolumns%2Fmacaddr.cjs HTTP/2" 200 4635 "-" "Mozilla/5.0 AppleWebKit/537.36 (KHTML, like Gecko; compatible; ClaudeBot/1.0; +claudebot@anthropic.com)"
66.249.69.227 - - [31/Aug/2026:09:03:34 -0400] "GET /fb/comics/dc/superman80/no004/pages/zn/zn_60.jpg HTTP/1.1" 404 1251 "-" "Googlebot-Image/1.0"
185.191.171.17 - - [31/Aug/2026:09:01:10 -0400] "GET /mob_indexmin.html HTTP/1.1" 200 522355 "-" "Mozilla/5.0 (compatible; SemrushBot/7~bl; +http://www.semrush.com/bot.html)"
66.249.69.227 - - [31/Aug/2026:09:01:33 -0400] "GET /fb/comics/dc/superman80/no004/pages/zn/zn_17.jpg HTTP/1.1" 404 1251 "-" "Googlebot-Image/1.0"
85.208.96.194 - - [31/Aug/2026:09:01:50 -0400] "GET /iperms/index_20260824_2300.htm HTTP/1.1" 200 3981 "-" "Mozilla/5.0 (compatible; SemrushBot/7~bl; +http://www.semrush.com/bot.html)"
66.249.69.227 - - [31/Aug/2026:09:02:34 -0400] "GET /fb/comics/dc/superman80/no004/pages/zn/zn_67.jpg HTTP/1.1" 404 1251 "-" "Googlebot-Image/1.0"
85.208.96.203 - - [31/Aug/2026:09:03:27 -0400] "GET /svc/jqgrid/localex.html HTTP/1.1" 404 1251 "-" "Mozilla/5.0 (compatible; SemrushBot/7~bl; +http://www.semrush.com/bot.html)"
216.73.216.164 - - [31/Aug/2026:09:03:57 -0400] "GET /cropex/node/node_modules/lodash/pick.js HTTP/2" 200 320 "-" "Mozilla/5.0 AppleWebKit/537.36 (KHTML, like Gecko; compatible; ClaudeBot/1.0; +claudebot@anthropic.com)"
216.73.216.164 - - [31/Aug/2026:09:04:03 -0400] "GET /cropex/node/node_modules/micromark-core-commonmark/dev/lib/block-quote.d.ts.map HTTP/2" 429 0 "-" "Mozilla/5.0 AppleWebKit/537.36 (KHTML, like Gecko; compatible; ClaudeBot/1.0; +claudebot@anthropic.com)"
216.73.216.164 - - [31/Aug/2026:09:04:07 -0400] "GET /cropex/node/node_modules/drizzle-orm/pg-core/policies.d.cts HTTP/2" 200 1030 "-" "Mozilla/5.0 AppleWebKit/537.36 (KHTML, like Gecko; compatible; ClaudeBot/1.0; +claudebot@anthropic.com)"
216.73.216.164 - - [31/Aug/2026:09:04:12 -0400] "GET /cropex/node/node_modules/micromark-core-commonmark/dev/lib/autolink.d.ts HTTP/2" 429 0 "-" "Mozilla/5.0 AppleWebKit/537.36 (KHTML, like Gecko; compatible; ClaudeBot/1.0; +claudebot@anthropic.com)"
216.73.216.164 - - [31/Aug/2026:09:04:17 -0400] "GET /cropex/node/node_modules/micromark-core-commonmark/dev/lib/hard-break-escape.js HTTP/2" 200 434 "-" "Mozilla/5.0 AppleWebKit/537.36 (KHTML, like Gecko; compatible; ClaudeBot/1.0; +claudebot@anthropic.com)"
216.73.216.164 - - [31/Aug/2026:09:04:22 -0400] "GET /cropex/node/node_modules/micromark-core-commonmark/dev/lib/blank-line.d.ts HTTP/2" 429 0 "-" "Mozilla/5.0 AppleWebKit/537.36 (KHTML, like Gecko; compatible; ClaudeBot/1.0; +claudebot@anthropic.com)"
185.191.171.12 - - [31/Aug/2026:09:04:25 -0400] "GET /fb/bookmarkusb/ HTTP/1.1" 404 1251 "-" "Mozilla/5.0 (compatible; SemrushBot/7~bl; +http://www.semrush.com/bot.html)"
216.73.216.164 - - [31/Aug/2026:09:04:27 -0400] "GET /pn/uize/site-source/examples/options-dynamic.html HTTP/2" 200 1990 "-" "Mozilla/5.0 AppleWebKit/537.36 (KHTML, like Gecko; compatible; ClaudeBot/1.0; +claudebot@anthropic.com)"
216.73.216.164 - - [31/Aug/2026:09:04:32 -0400] "GET /cropex/node/node_modules/drizzle-zod/constants.d.cts HTTP/2" 429 0 "-" "Mozilla/5.0 AppleWebKit/537.36 (KHTML, like Gecko; compatible; ClaudeBot/1.0; +claudebot@anthropic.com)"
216.73.216.164 - - [31/Aug/2026:09:04:37 -0400] "GET /piwigo/plugins/TakeATour/language/pl_PL HTTP/2" 301 795 "-" "Mozilla/5.0 AppleWebKit/537.36 (KHTML, like Gecko; compatible; ClaudeBot/1.0; +claudebot@anthropic.com)"
216.73.216.164 - - [31/Aug/2026:09:04:37 -0400] "GET /piwigo/plugins/TakeATour/language/pl_PL/ HTTP/2" 302 0 "https://ko0.us/piwigo/plugins/TakeATour/language/pl_PL" "Mozilla/5.0 AppleWebKit/537.36 (KHTML, like Gecko; compatible; ClaudeBot/1.0; +claudebot@anthropic.com)"
216.73.216.164 - - [31/Aug/2026:09:04:38 -0400] "GET /piwigo/plugins/TakeATour/language/ HTTP/2" 429 0 "https://ko0.us/piwigo/plugins/TakeATour/language/pl_PL/" "Mozilla/5.0 AppleWebKit/537.36 (KHTML, like Gecko; compatible; ClaudeBot/1.0; +claudebot@anthropic.com)"
216.73.216.164 - - [31/Aug/2026:09:04:42 -0400] "GET /ko_center/ko_center_best.php HTTP/2" 500 0 "-" "Mozilla/5.0 AppleWebKit/537.36 (KHTML, like Gecko; compatible; ClaudeBot/1.0; +claudebot@anthropic.com)"
216.73.216.164 - - [31/Aug/2026:09:03:47 -0400] "GET /pn/ko_pn.php?dir=%2Fhome%2Fkozerus%2Fpublic_html%2Fcropex%2Fnode%2Fnode_modules%2Flodash%2Fpackage.json HTTP/2" 403 1242 "-" "Mozilla/5.0 AppleWebKit/537.36 (KHTML, like Gecko; compatible; ClaudeBot/1.0; +claudebot@anthropic.com)"
216.73.216.164 - - [31/Aug/2026:09:03:52 -0400] "GET /dgs/images/flags/gt.gif HTTP/2" 429 0 "-" "Mozilla/5.0 AppleWebKit/537.36 (KHTML, like Gecko; compatible; ClaudeBot/1.0; +claudebot@anthropic.com)"
74.7.227.147 - - [31/Aug/2026:09:04:01 -0400] "GET /imgs/btn/tn_ko.png HTTP/2" 429 0 "https://ko0.us/imgs/btn/" "Mozilla/5.0 AppleWebKit/537.36 (KHTML, like Gecko; compatible; GPTBot/1.4; +https://openai.com/gptbot)"
2.76.245.40 - - [31/Aug/2026:09:04:16 -0400] "GET /tl.db3%27%29%20or%20extractvalue%286730,concat%280x7e,%28%28select%20%28elt%286730=6730,1%29%29%29%29,0x7e%29%29--%20- HTTP/1.1" 404 1251 "https://ko0.us/" "Mozilla/5.0 (Macintosh; Intel Mac OS X 10_15_7) AppleWebKit/537.36 (KHTML, like Gecko) Chrome/120.0.0.0 Safari/537.36 Edg/120.0.0.0"
85.208.96.209 - - [31/Aug/2026:09:04:17 -0400] "GET /gm/index.html?e=5&t=0&u=5&x=5&y=5 HTTP/1.1" 404 1251 "-" "Mozilla/5.0 (compatible; SemrushBot/7~bl; +http://www.semrush.com/bot.html)"
74.7.227.147 - - [31/Aug/2026:09:04:19 -0400] "GET /imgs/btn/kib_n.png HTTP/2" 429 0 "https://ko0.us/imgs/btn/" "Mozilla/5.0 AppleWebKit/537.36 (KHTML, like Gecko; compatible; GPTBot/1.4; +https://openai.com/gptbot)"
66.249.69.227 - - [31/Aug/2026:09:04:34 -0400] "GET /fb/jtfinc/jtf21/pages/zn/zn_2.jpg HTTP/1.1" 404 1251 "-" "Googlebot-Image/1.0"
74.7.227.147 - - [31/Aug/2026:09:04:39 -0400] "GET /imgs/btn/kib_s.png HTTP/2" 200 48728 "https://ko0.us/imgs/btn/" "Mozilla/5.0 AppleWebKit/537.36 (KHTML, like Gecko; compatible; GPTBot/1.4; +https://openai.com/gptbot)"
109.107.231.210 - - [31/Aug/2026:09:04:48 -0400] "GET /tl.db3%27%29%20or%20extractvalue%286730,concat%280x7e,%28%28select%20%28elt%286730=6730,1%29%29%29%29,0x7e%29%29--%20- HTTP/1.1" 404 1251 "https://ko0.us/" "Mozilla/5.0 (Windows NT 10.0; Win64; x64) AppleWebKit/537.36 (KHTML, like Gecko) Chrome/123.0.6312.122 Safari/537.36"
216.73.216.164 - - [31/Aug/2026:09:04:47 -0400] "GET /pn/uize/site-source/js/Uize/Widget/Collection HTTP/2" 301 795 "-" "Mozilla/5.0 AppleWebKit/537.36 (KHTML, like Gecko; compatible; ClaudeBot/1.0; +claudebot@anthropic.com)"
216.73.216.164 - - [31/Aug/2026:09:04:47 -0400] "GET /pn/uize/site-source/js/Uize/Widget/Collection/ HTTP/2" 429 0 "https://ko0.us/pn/uize/site-source/js/Uize/Widget/Collection" "Mozilla/5.0 AppleWebKit/537.36 (KHTML, like Gecko; compatible; ClaudeBot/1.0; +claudebot@anthropic.com)"
45.4.146.146 - - [31/Aug/2026:09:03:50 -0400] "GET /tl.py HTTP/1.1" 200 169554 "https://ko0.us/" "Mozilla/5.0 (X11; Ubuntu; Linux x86_64) AppleWebKit/537.36 (KHTML, like Gecko) Chrome/124.0.6367.82 Safari/537.36"
85.208.96.198 - - [31/Aug/2026:09:04:16 -0400] "GET /pdf/web/viewer.html?file=%2Fpdf%2Fpdf%2Femail_housatonic.pdf HTTP/1.1" 200 4235 "-" "Mozilla/5.0 (compatible; SemrushBot/7~bl; +http://www.semrush.com/bot.html)"
85.208.96.211 - - [31/Aug/2026:09:04:23 -0400] "GET /robots.txt HTTP/1.1" 404 1251 "-" "Mozilla/5.0 (compatible; SemrushBot/7~bl; +http://www.semrush.com/bot.html)"
45.7.250.102 - - [31/Aug/2026:09:04:22 -0400] "GET /tlp.html HTTP/1.1" 200 560995 "https://ko0.us/" "Mozilla/5.0 (Windows NT 10.0; Win64; x64) AppleWebKit/537.36 (KHTML, like Gecko) Chrome/122.0.0.0 Safari/537.36 Edg/122.0.0.0"
185.191.171.3 - - [31/Aug/2026:09:04:38 -0400] "GET /jkwii/js/ HTTP/1.1" 200 752 "-" "Mozilla/5.0 (compatible; SemrushBot/7~bl; +http://www.semrush.com/bot.html)"
216.73.216.164 - - [31/Aug/2026:09:04:53 -0400] "GET /cropex/node/node_modules/rc/LICENSE.APACHE2 HTTP/2" 200 586 "-" "Mozilla/5.0 AppleWebKit/537.36 (KHTML, like Gecko; compatible; ClaudeBot/1.0; +claudebot@anthropic.com)"
216.73.216.164 - - [31/Aug/2026:09:04:57 -0400] "GET /go/konva_images.html HTTP/2" 200 626 "-" "Mozilla/5.0 AppleWebKit/537.36 (KHTML, like Gecko; compatible; ClaudeBot/1.0; +claudebot@anthropic.com)"
216.73.216.164 - - [31/Aug/2026:09:05:02 -0400] "GET /pn/uize/site-source/examples/json-prettifier.html HTTP/2" 200 1316 "-" "Mozilla/5.0 AppleWebKit/537.36 (KHTML, like Gecko; compatible; ClaudeBot/1.0; +claudebot@anthropic.com)"
216.73.216.164 - - [31/Aug/2026:09:05:07 -0400] "GET /dgs/tournaments/edit_director.php HTTP/2" 303 20 "-" "Mozilla/5.0 AppleWebKit/537.36 (KHTML, like Gecko; compatible; ClaudeBot/1.0; +claudebot@anthropic.com)"
216.73.216.164 - - [31/Aug/2026:09:05:08 -0400] "GET /dgs/error.php?err=login_if_not_logged_in&debugmsg=Tournament.edit_director&page=tournaments%2Fedit_director.php HTTP/2" 303 974 "https://ko0.us/dgs/tournaments/edit_director.php" "Mozilla/5.0 AppleWebKit/537.36 (KHTML, like Gecko; compatible; ClaudeBot/1.0; +claudebot@anthropic.com)"
216.73.216.164 - - [31/Aug/2026:09:05:08 -0400] "GET /dgs/index.php?err=not_logged_in&eid=0&page=tournaments%2Fedit_director.php HTTP/2" 200 2013 "https://ko0.us/dgs/error.php?err=login_if_not_logged_in&debugmsg=Tournament.edit_director&page=tournaments%2Fedit_director.php" "Mozilla/5.0 AppleWebKit/537.36 (KHTML, like Gecko; compatible; ClaudeBot/1.0; +claudebot@anthropic.com)"
216.73.216.164 - - [31/Aug/2026:09:05:12 -0400] "GET /go/dgs0/tournaments/edit_rules.php HTTP/2" 500 0 "-" "Mozilla/5.0 AppleWebKit/537.36 (KHTML, like Gecko; compatible; ClaudeBot/1.0; +claudebot@anthropic.com)"
185.191.171.12 - - [31/Aug/2026:09:05:16 -0400] "GET /konet/ko_tmvi.html HTTP/1.1" 200 27406 "-" "Mozilla/5.0 (compatible; SemrushBot/7~bl; +http://www.semrush.com/bot.html)"
216.73.216.164 - - [31/Aug/2026:09:05:18 -0400] "GET /js/wz/wz_animitems.htm HTTP/2" 200 1542 "-" "Mozilla/5.0 AppleWebKit/537.36 (KHTML, like Gecko; compatible; ClaudeBot/1.0; +claudebot@anthropic.com)"
216.73.216.164 - - [31/Aug/2026:09:05:23 -0400] "GET /piwigo/language/ka_GE/help/index.php HTTP/2" 302 0 "-" "Mozilla/5.0 AppleWebKit/537.36 (KHTML, like Gecko; compatible; ClaudeBot/1.0; +claudebot@anthropic.com)"
216.73.216.164 - - [31/Aug/2026:09:05:23 -0400] "GET /piwigo/language/ka_GE/ HTTP/2" 302 0 "https://ko0.us/piwigo/language/ka_GE/help/index.php" "Mozilla/5.0 AppleWebKit/537.36 (KHTML, like Gecko; compatible; ClaudeBot/1.0; +claudebot@anthropic.com)"
216.73.216.164 - - [31/Aug/2026:09:05:23 -0400] "GET /piwigo/language/ HTTP/2" 302 0 "https://ko0.us/piwigo/language/ka_GE/" "Mozilla/5.0 AppleWebKit/537.36 (KHTML, like Gecko; compatible; ClaudeBot/1.0; +claudebot@anthropic.com)"
216.73.216.164 - - [31/Aug/2026:09:05:23 -0400] "GET /piwigo/ HTTP/2" 302 0 "https://ko0.us/piwigo/language/" "Mozilla/5.0 AppleWebKit/537.36 (KHTML, like Gecko; compatible; ClaudeBot/1.0; +claudebot@anthropic.com)"
216.73.216.164 - - [31/Aug/2026:09:05:23 -0400] "GET /piwigo/install.php HTTP/2" 200 3263 "https://ko0.us/piwigo/" "Mozilla/5.0 AppleWebKit/537.36 (KHTML, like Gecko; compatible; ClaudeBot/1.0; +claudebot@anthropic.com)"
216.73.216.164 - - [31/Aug/2026:09:05:27 -0400] "GET /pn/uize/site-source/reference/Uize.Widget.Swap.Image.Cycle.html HTTP/2" 404 284 "-" "Mozilla/5.0 AppleWebKit/537.36 (KHTML, like Gecko; compatible; ClaudeBot/1.0; +claudebot@anthropic.com)"
216.73.216.164 - - [31/Aug/2026:09:05:33 -0400] "GET /pn/uize/site-source/examples/population-structured-record.html HTTP/2" 200 1979 "-" "Mozilla/5.0 AppleWebKit/537.36 (KHTML, like Gecko; compatible; ClaudeBot/1.0; +claudebot@anthropic.com)"
66.249.69.229 - - [31/Aug/2026:09:05:35 -0400] "GET /fb/kitiworks/mag/pages/zn/zn_2.jpg HTTP/1.1" 404 1251 "-" "Googlebot-Image/1.0"
66.249.69.227 - - [31/Aug/2026:09:05:36 -0400] "GET /fb/comics/dc/superman80/no004/pages/zn/zn_81.jpg HTTP/1.1" 404 1251 "-" "Googlebot-Image/1.0"
74.7.227.147 - - [31/Aug/2026:09:05:38 -0400] "GET /fl/flexmedia/fmp_vas/fmp_vas21.swf HTTP/2" 404 1251 "https://ko0.us/index_all.html" "Mozilla/5.0 AppleWebKit/537.36 (KHTML, like Gecko; compatible; GPTBot/1.4; +https://openai.com/gptbot)"
74.7.227.147 - - [31/Aug/2026:09:05:55 -0400] "GET /kb/aud/mp3/nancy_wilson-when_october_goes.mp3 HTTP/2" 404 1251 "https://ko0.us/index_bk.htm" "Mozilla/5.0 AppleWebKit/537.36 (KHTML, like Gecko; compatible; GPTBot/1.4; +https://openai.com/gptbot)"
216.73.216.164 - - [31/Aug/2026:09:05:58 -0400] "GET /pn/ko_pn.php?dir=%2Fhome%2Fkozerus%2Fpublic_html%2Fcropex%2Fnode%2Fnode_modules%2Fyallist%2Fpackage.json HTTP/2" 403 1242 "-" "Mozilla/5.0 AppleWebKit/537.36 (KHTML, like Gecko; compatible; ClaudeBot/1.0; +claudebot@anthropic.com)"
181.115.161.126 - - [31/Aug/2026:09:06:00 -0400] "GET /index_vu2big4most.html HTTP/1.1" 200 797203 "https://ko0.us/" "Mozilla/5.0 (Macintosh; Intel Mac OS X 10_15_7) AppleWebKit/537.36 (KHTML, like Gecko) Chrome/126.0.6478.127 Safari/537.36"
216.73.216.164 - - [31/Aug/2026:09:06:03 -0400] "GET /pn/uize/site-source/js/Uize/Widgets/Buttons/Clear/Loc/fr_FR.loc HTTP/2" 200 14 "-" "Mozilla/5.0 AppleWebKit/537.36 (KHTML, like Gecko; compatible; ClaudeBot/1.0; +claudebot@anthropic.com)"
216.73.216.164 - - [31/Aug/2026:09:06:08 -0400] "GET /pn/ko_pn.php?dir=%2Fhome%2Fkozerus%2Fpublic_html%2Fcropex%2Fnode%2Fnode_modules%2Fenhanced-resolve%2Flib%2FPnpPlugin.js HTTP/2" 200 5352 "-" "Mozilla/5.0 AppleWebKit/537.36 (KHTML, like Gecko; compatible; ClaudeBot/1.0; +claudebot@anthropic.com)"
216.73.216.164 - - [31/Aug/2026:09:06:13 -0400] "GET /pn/ko_pn.php?dir=%2Fhome%2Fkozerus%2Fpublic_html%2Fcropex%2Fnode%2Fnode_modules%2Fmicromark-util-character%2Fpackage.json HTTP/2" 403 1242 "-" "Mozilla/5.0 AppleWebKit/537.36 (KHTML, like Gecko; compatible; ClaudeBot/1.0; +claudebot@anthropic.com)"
66.249.69.229 - - [31/Aug/2026:09:06:14 -0400] "GET /fb/comics/dc/superman80/no004/pages/zn/zn_29.jpg HTTP/1.1" 404 1251 "-" "Googlebot-Image/1.0"
216.73.216.164 - - [31/Aug/2026:09:06:18 -0400] "GET /pn/ko_pn.php?dir=%2Fhome%2Fkozerus%2Fpublic_html%2Fcropex%2Fnode%2Fnode_modules%2Fdrizzle-orm%2Fmysql-core%2Fcolumns%2Ftime.d.cts HTTP/2" 200 4409 "-" "Mozilla/5.0 AppleWebKit/537.36 (KHTML, like Gecko; compatible; ClaudeBot/1.0; +claudebot@anthropic.com)"
74.7.227.147 - - [31/Aug/2026:09:06:19 -0400] "GET /imgs/btn/btn_keyhole_key.png HTTP/2" 200 15167 "https://ko0.us/imgs/btn/" "Mozilla/5.0 AppleWebKit/537.36 (KHTML, like Gecko; compatible; GPTBot/1.4; +https://openai.com/gptbot)"
216.73.216.164 - - [31/Aug/2026:09:06:23 -0400] "GET /pn/ko_pn.php?dir=%2Fhome%2Fkozerus%2Fpublic_html%2Fcropex%2Fnode%2Fnode_modules%2Fembla-carousel-reactive-utils%2FREADME.md HTTP/2" 200 6440 "-" "Mozilla/5.0 AppleWebKit/537.36 (KHTML, like Gecko; compatible; ClaudeBot/1.0; +claudebot@anthropic.com)"
216.73.216.164 - - [31/Aug/2026:09:06:28 -0400] "GET /piwigo/themes/default/js/ui/i18n/jquery.ui.timepicker-th.js HTTP/2" 200 322 "-" "Mozilla/5.0 AppleWebKit/537.36 (KHTML, like Gecko; compatible; ClaudeBot/1.0; +claudebot@anthropic.com)"
74.7.227.147 - - [31/Aug/2026:09:06:31 -0400] "GET /imgs/btn/koeyew_edu.png HTTP/2" 200 4850 "https://ko0.us/imgs/btn/" "Mozilla/5.0 AppleWebKit/537.36 (KHTML, like Gecko; compatible; GPTBot/1.4; +https://openai.com/gptbot)"
216.73.216.164 - - [31/Aug/2026:09:06:33 -0400] "GET /pn/ko_pn.php?dir=%2Fhome%2Fkozerus%2Fpublic_html%2Fcropex%2Fnode%2Fnode_modules%2Flinebreak%2Fdist%2Fmain.cjs.map HTTP/2" 200 8332 "-" "Mozilla/5.0 AppleWebKit/537.36 (KHTML, like Gecko; compatible; ClaudeBot/1.0; +claudebot@anthropic.com)"
74.7.227.147 - - [31/Aug/2026:09:06:35 -0400] "GET /imgs/btn/koeyeb_law.png HTTP/2" 200 5499 "https://ko0.us/mob_best.html" "Mozilla/5.0 AppleWebKit/537.36 (KHTML, like Gecko; compatible; GPTBot/1.4; +https://openai.com/gptbot)"
216.73.216.164 - - [31/Aug/2026:09:06:38 -0400] "GET /imgs/postturtle_moneytrap/monkeytrap54.jpg HTTP/2" 200 106614 "-" "Mozilla/5.0 AppleWebKit/537.36 (KHTML, like Gecko; compatible; ClaudeBot/1.0; +claudebot@anthropic.com)"
216.73.216.164 - - [31/Aug/2026:09:06:43 -0400] "GET /ko_center/js/jqgrid-4.4.0/src/i18n/ HTTP/2" 200 1597 "-" "Mozilla/5.0 AppleWebKit/537.36 (KHTML, like Gecko; compatible; ClaudeBot/1.0; +claudebot@anthropic.com)"
74.7.227.147 - - [31/Aug/2026:09:06:45 -0400] "GET /imgs/btn/koeye_head.png HTTP/2" 200 3688 "https://ko0.us/imgs/btn/" "Mozilla/5.0 AppleWebKit/537.36 (KHTML, like Gecko; compatible; GPTBot/1.4; +https://openai.com/gptbot)"
74.7.227.147 - - [31/Aug/2026:09:06:47 -0400] "GET /imgs/btn/koeye_hand.gif HTTP/2" 200 55983 "https://ko0.us/kup.html?q=kup" "Mozilla/5.0 AppleWebKit/537.36 (KHTML, like Gecko; compatible; GPTBot/1.4; +https://openai.com/gptbot)"
216.73.216.164 - - [31/Aug/2026:09:06:48 -0400] "GET /pn/ko_pn.php?dir=%2Fhome%2Fkozerus%2Fpublic_html%2Fcropex%2Fnode%2Fnode_modules%2Frecharts%2Fes6%2Fcomponent%2FDefaultLegendContent.js HTTP/2" 200 7229 "-" "Mozilla/5.0 AppleWebKit/537.36 (KHTML, like Gecko; compatible; ClaudeBot/1.0; +claudebot@anthropic.com)"
74.7.227.147 - - [31/Aug/2026:09:06:48 -0400] "GET /imgs/btn/koeyew_pdf.png HTTP/2" 200 4849 "https://ko0.us/imgs/btn/" "Mozilla/5.0 AppleWebKit/537.36 (KHTML, like Gecko; compatible; GPTBot/1.4; +https://openai.com/gptbot)"
74.7.227.147 - - [31/Aug/2026:09:06:49 -0400] "GET /imgs/btn/koeyew_hoa.png HTTP/2" 200 4850 "https://ko0.us/imgs/btn/" "Mozilla/5.0 AppleWebKit/537.36 (KHTML, like Gecko; compatible; GPTBot/1.4; +https://openai.com/gptbot)"
74.7.227.147 - - [31/Aug/2026:09:06:52 -0400] "GET /imgs/btn/ko_flurish.png HTTP/2" 200 6984 "https://ko0.us/imgs/btn/" "Mozilla/5.0 AppleWebKit/537.36 (KHTML, like Gecko; compatible; GPTBot/1.4; +https://openai.com/gptbot)"
74.7.227.147 - - [31/Aug/2026:09:06:53 -0400] "GET /imgs/btn/koeyew_all.png HTTP/2" 200 4863 "https://ko0.us/imgs/btn/" "Mozilla/5.0 AppleWebKit/537.36 (KHTML, like Gecko; compatible; GPTBot/1.4; +https://openai.com/gptbot)"
216.73.216.164 - - [31/Aug/2026:09:06:53 -0400] "GET /pn/ko_pn.php?dir=%2Fhome%2Fkozerus%2Fpublic_html%2Fcropex%2Fnode%2Fnode_modules%2Fautoprefixer%2Flib HTTP/2" 200 4421 "-" "Mozilla/5.0 AppleWebKit/537.36 (KHTML, like Gecko; compatible; ClaudeBot/1.0; +claudebot@anthropic.com)"
74.7.227.147 - - [31/Aug/2026:09:06:54 -0400] "GET /js/wz/wz_connect/tn_connectors18.png HTTP/2" 404 1251 "https://ko0.us/js/wz_connect/" "Mozilla/5.0 AppleWebKit/537.36 (KHTML, like Gecko; compatible; GPTBot/1.4; +https://openai.com/gptbot)"
74.7.227.147 - - [31/Aug/2026:09:06:55 -0400] "GET /fb/kt/ HTTP/2" 404 1251 "https://ko0.us/index2big4most.html" "Mozilla/5.0 AppleWebKit/537.36 (KHTML, like Gecko; compatible; GPTBot/1.4; +https://openai.com/gptbot)"
74.7.227.147 - - [31/Aug/2026:09:06:56 -0400] "GET /im/fc/ HTTP/2" 404 1251 "https://ko0.us/index_im.html" "Mozilla/5.0 AppleWebKit/537.36 (KHTML, like Gecko; compatible; GPTBot/1.4; +https://openai.com/gptbot)"
74.7.227.147 - - [31/Aug/2026:09:06:56 -0400] "GET /js/wz/ HTTP/2" 200 37134 "https://ko0.us/js/" "Mozilla/5.0 AppleWebKit/537.36 (KHTML, like Gecko; compatible; GPTBot/1.4; +https://openai.com/gptbot)"
74.7.227.147 - - [31/Aug/2026:09:06:57 -0400] "GET /im/wc/ HTTP/2" 404 1251 "https://ko0.us/index_im.html" "Mozilla/5.0 AppleWebKit/537.36 (KHTML, like Gecko; compatible; GPTBot/1.4; +https://openai.com/gptbot)"
216.73.216.164 - - [31/Aug/2026:09:06:58 -0400] "GET /pn/ko_pn.php?dir=%2Fhome%2Fkozerus%2Fpublic_html%2Fcropex%2Fnode%2Fnode_modules%2Fside-channel-map%2Ftsconfig.json HTTP/2" 403 1242 "-" "Mozilla/5.0 AppleWebKit/537.36 (KHTML, like Gecko; compatible; ClaudeBot/1.0; +claudebot@anthropic.com)"
74.7.227.147 - - [31/Aug/2026:09:07:00 -0400] "GET /js/wz/wz_graphics.js HTTP/2" 200 6188 "https://ko0.us/ko_anims.html" "Mozilla/5.0 AppleWebKit/537.36 (KHTML, like Gecko; compatible; GPTBot/1.4; +https://openai.com/gptbot)"
74.7.227.147 - - [31/Aug/2026:09:07:01 -0400] "GET /js/wz/wz_dragdrop.js HTTP/2" 200 11064 "https://ko0.us/ko_anims.html" "Mozilla/5.0 AppleWebKit/537.36 (KHTML, like Gecko; compatible; GPTBot/1.4; +https://openai.com/gptbot)"
74.7.227.147 - - [31/Aug/2026:09:07:02 -0400] "GET /js/wz/fb/jsk2/pages/tn/tn_2.png HTTP/2" 404 1251 "https://ko0.us/js/wz/" "Mozilla/5.0 AppleWebKit/537.36 (KHTML, like Gecko; compatible; GPTBot/1.4; +https://openai.com/gptbot)"
74.7.227.147 - - [31/Aug/2026:09:07:03 -0400] "GET /fb/birthday/bd_20200814_0634/pages/16.jpg HTTP/2" 404 1251 "https://ko0.us/js/wz/" "Mozilla/5.0 AppleWebKit/537.36 (KHTML, like Gecko; compatible; GPTBot/1.4; +https://openai.com/gptbot)"
74.7.227.147 - - [31/Aug/2026:09:07:03 -0400] "GET /ka/fb/jtfdcr_cohena/pages/2.jpg HTTP/2" 404 1251 "https://ko0.us/js/wz/" "Mozilla/5.0 AppleWebKit/537.36 (KHTML, like Gecko; compatible; GPTBot/1.4; +https://openai.com/gptbot)"
216.73.216.164 - - [31/Aug/2026:09:07:03 -0400] "GET /pn/ko_pn.php?dir=%2Fhome%2Fkozerus%2Fpublic_html%2Fcropex%2Fnode%2Fnode_modules%2Fraw-body%2FREADME.md HTTP/2" 429 0 "-" "Mozilla/5.0 AppleWebKit/537.36 (KHTML, like Gecko; compatible; ClaudeBot/1.0; +claudebot@anthropic.com)"
74.7.227.147 - - [31/Aug/2026:09:07:06 -0400] "GET /law HTTP/2" 404 1251 "https://ko0.us/js/wz/" "Mozilla/5.0 AppleWebKit/537.36 (KHTML, like Gecko; compatible; GPTBot/1.4; +https://openai.com/gptbot)"
74.7.227.147 - - [31/Aug/2026:09:07:07 -0400] "GET /js/wz/fb/kofeshop/pages/1.jpg HTTP/2" 404 1251 "https://ko0.us/js/wz/" "Mozilla/5.0 AppleWebKit/537.36 (KHTML, like Gecko; compatible; GPTBot/1.4; +https://openai.com/gptbot)"
216.73.216.164 - - [31/Aug/2026:09:07:08 -0400] "GET /pn/ko_pn.php?dir=%2Fhome%2Fkozerus%2Fpublic_html%2Fcropex%2Fnode%2Fnode_modules%2Fnanoid%2Findex.browser.cjs HTTP/2" 200 4406 "-" "Mozilla/5.0 AppleWebKit/537.36 (KHTML, like Gecko; compatible; ClaudeBot/1.0; +claudebot@anthropic.com)"
74.7.227.147 - - [31/Aug/2026:09:07:09 -0400] "GET /ka/fb/jtfdcr/pages/1.jpg HTTP/2" 404 1251 "https://ko0.us/js/wz/" "Mozilla/5.0 AppleWebKit/537.36 (KHTML, like Gecko; compatible; GPTBot/1.4; +https://openai.com/gptbot)"
74.7.227.147 - - [31/Aug/2026:09:07:10 -0400] "GET /ka/fb/jtfdcr_cohena/pages/13.jpg HTTP/2" 404 1251 "https://ko0.us/js/wz/" "Mozilla/5.0 AppleWebKit/537.36 (KHTML, like Gecko; compatible; GPTBot/1.4; +https://openai.com/gptbot)"
74.7.227.147 - - [31/Aug/2026:09:07:12 -0400] "GET /ka/mp4/tn_jtfdc_byrd_20180606_1648_threats_bucket_theft.png HTTP/2" 404 1251 "https://ko0.us/js/wz/" "Mozilla/5.0 AppleWebKit/537.36 (KHTML, like Gecko; compatible; GPTBot/1.4; +https://openai.com/gptbot)"
216.73.216.164 - - [31/Aug/2026:09:07:13 -0400] "GET /pn/ko_pn.php?dir=%2Fhome%2Fkozerus%2Fpublic_html%2Fcropex%2Fnode%2Fnode_modules%2Fmdast-util-to-string%2Flib HTTP/2" 429 0 "-" "Mozilla/5.0 AppleWebKit/537.36 (KHTML, like Gecko; compatible; ClaudeBot/1.0; +claudebot@anthropic.com)"
74.7.227.147 - - [31/Aug/2026:09:07:14 -0400] "GET /ka/fb/jtfdcr/pages/31.jpg HTTP/2" 404 1251 "https://ko0.us/js/wz/" "Mozilla/5.0 AppleWebKit/537.36 (KHTML, like Gecko; compatible; GPTBot/1.4; +https://openai.com/gptbot)"
5.34.57.169 - - [31/Aug/2026:09:07:14 -0400] "GET /mobmax.html HTTP/1.1" 200 1005797 "https://ko0.us/" "Mozilla/5.0 (Windows NT 10.0; Win64; x64; rv:123.0) Gecko/20100101 Firefox/123.0"
74.7.227.147 - - [31/Aug/2026:09:07:15 -0400] "GET /ka/fb/jtfdcr/pages/35.jpg HTTP/2" 404 1251 "https://ko0.us/js/wz/" "Mozilla/5.0 AppleWebKit/537.36 (KHTML, like Gecko; compatible; GPTBot/1.4; +https://openai.com/gptbot)"
74.7.227.147 - - [31/Aug/2026:09:07:16 -0400] "GET /ka/fb/jtfdcr/pages/37.jpg HTTP/2" 404 1251 "https://ko0.us/js/wz/" "Mozilla/5.0 AppleWebKit/537.36 (KHTML, like Gecko; compatible; GPTBot/1.4; +https://openai.com/gptbot)"
74.7.227.147 - - [31/Aug/2026:09:07:17 -0400] "GET /ka/fb/jtfdcr/pages/73.jpg HTTP/2" 404 1251 "https://ko0.us/js/wz/" "Mozilla/5.0 AppleWebKit/537.36 (KHTML, like Gecko; compatible; GPTBot/1.4; +https://openai.com/gptbot)"
216.73.216.164 - - [31/Aug/2026:09:07:18 -0400] "GET /go/dgs0/images/13/cf.gif HTTP/2" 200 83 "-" "Mozilla/5.0 AppleWebKit/537.36 (KHTML, like Gecko; compatible; ClaudeBot/1.0; +claudebot@anthropic.com)"
74.7.227.147 - - [31/Aug/2026:09:07:20 -0400] "GET /fb/jak2/pages/1.jpg HTTP/2" 404 1251 "https://ko0.us/js/wz/" "Mozilla/5.0 AppleWebKit/537.36 (KHTML, like Gecko; compatible; GPTBot/1.4; +https://openai.com/gptbot)"
74.7.227.147 - - [31/Aug/2026:09:07:21 -0400] "GET /fb/jak2 HTTP/2" 404 1251 "https://ko0.us/js/wz/" "Mozilla/5.0 AppleWebKit/537.36 (KHTML, like Gecko; compatible; GPTBot/1.4; +https://openai.com/gptbot)"
216.73.216.164 - - [31/Aug/2026:09:07:23 -0400] "GET /pn/ko_pn.php?dir=%2Fhome%2Fkozerus%2Fpublic_html%2Fcropex%2Fnode%2Fnode_modules%2Fpassport%2Flib HTTP/2" 429 0 "-" "Mozilla/5.0 AppleWebKit/537.36 (KHTML, like Gecko; compatible; ClaudeBot/1.0; +claudebot@anthropic.com)"
74.7.227.147 - - [31/Aug/2026:09:07:24 -0400] "GET /js/wz/fb/pages/2.jpg HTTP/2" 404 1251 "https://ko0.us/js/wz/" "Mozilla/5.0 AppleWebKit/537.36 (KHTML, like Gecko; compatible; GPTBot/1.4; +https://openai.com/gptbot)"
74.7.227.147 - - [31/Aug/2026:09:07:26 -0400] "GET /js/wz/fb/pages/1.jpg HTTP/2" 404 1251 "https://ko0.us/js/wz/" "Mozilla/5.0 AppleWebKit/537.36 (KHTML, like Gecko; compatible; GPTBot/1.4; +https://openai.com/gptbot)"
216.73.216.164 - - [31/Aug/2026:09:07:28 -0400] "GET /pn/ko_pn.php?dir=%2Fhome%2Fkozerus%2Fpublic_html%2Fcropex%2Fnode%2Fnode_modules%2Ftw-animate-css%2Fdist%2Ftw-animate-prefix.css HTTP/2" 200 5785 "-" "Mozilla/5.0 AppleWebKit/537.36 (KHTML, like Gecko; compatible; ClaudeBot/1.0; +claudebot@anthropic.com)"
74.7.227.147 - - [31/Aug/2026:09:07:28 -0400] "GET /js/wz/fb/pages/3.jpg HTTP/2" 404 1251 "https://ko0.us/js/wz/" "Mozilla/5.0 AppleWebKit/537.36 (KHTML, like Gecko; compatible; GPTBot/1.4; +https://openai.com/gptbot)"
74.7.227.147 - - [31/Aug/2026:09:07:30 -0400] "GET /ka/mp4/tn_jtfdc_20160530_1327_byrd_trustee_threat.png HTTP/2" 404 1251 "https://ko0.us/js/wz/" "Mozilla/5.0 AppleWebKit/537.36 (KHTML, like Gecko; compatible; GPTBot/1.4; +https://openai.com/gptbot)"
74.7.227.147 - - [31/Aug/2026:09:07:33 -0400] "GET /ka/mp4/tn_jtfdc_byrd_20180423_1320_trespass_bullies.png HTTP/2" 404 1251 "https://ko0.us/js/wz/" "Mozilla/5.0 AppleWebKit/537.36 (KHTML, like Gecko; compatible; GPTBot/1.4; +https://openai.com/gptbot)"
216.73.216.164 - - [31/Aug/2026:09:07:33 -0400] "GET /pn/ko_pn.php?dir=%2Fhome%2Fkozerus%2Fpublic_html%2Fcropex%2Fnode%2Fnode_modules%2F%40hookform%2Fresolvers%2Farktype HTTP/2" 429 0 "-" "Mozilla/5.0 AppleWebKit/537.36 (KHTML, like Gecko; compatible; ClaudeBot/1.0; +claudebot@anthropic.com)"
74.7.227.147 - - [31/Aug/2026:09:07:34 -0400] "GET /js/wz/ko.php?kup HTTP/2" 404 1251 "https://ko0.us/js/wz/" "Mozilla/5.0 AppleWebKit/537.36 (KHTML, like Gecko; compatible; GPTBot/1.4; +https://openai.com/gptbot)"
74.7.227.147 - - [31/Aug/2026:09:07:36 -0400] "GET /ka/mp4/tn_jtfdc_20190528_1636_stalkaround_byrd_siegrist_dogs_marshal_yourself.png HTTP/2" 404 1251 "https://ko0.us/js/wz/" "Mozilla/5.0 AppleWebKit/537.36 (KHTML, like Gecko; compatible; GPTBot/1.4; +https://openai.com/gptbot)"
216.73.216.164 - - [31/Aug/2026:09:07:38 -0400] "GET /pn/ko_pn.php?dir=%2Fhome%2Fkozerus%2Fpublic_html%2Fcropex%2Fnode%2Fnode_modules%2F%40hookform%2Fresolvers%2Ftypebox%2Fpackage.json HTTP/2" 403 1242 "-" "Mozilla/5.0 AppleWebKit/537.36 (KHTML, like Gecko; compatible; ClaudeBot/1.0; +claudebot@anthropic.com)"
74.7.227.147 - - [31/Aug/2026:09:07:38 -0400] "GET /newz/pages/1.jpg HTTP/2" 404 1251 "https://ko0.us/js/wz/" "Mozilla/5.0 AppleWebKit/537.36 (KHTML, like Gecko; compatible; GPTBot/1.4; +https://openai.com/gptbot)"
74.7.227.147 - - [31/Aug/2026:09:07:40 -0400] "GET /neuz/pages/1.jpg HTTP/2" 404 1251 "https://ko0.us/js/wz/" "Mozilla/5.0 AppleWebKit/537.36 (KHTML, like Gecko; compatible; GPTBot/1.4; +https://openai.com/gptbot)"
185.191.171.5 - - [31/Aug/2026:09:07:41 -0400] "GET /index_jtfdc_stalkarounds.html HTTP/1.1" 200 553179 "-" "Mozilla/5.0 (compatible; SemrushBot/7~bl; +http://www.semrush.com/bot.html)"
41.124.87.72 - - [31/Aug/2026:09:06:04 -0400] "GET /tl.db3%27%29%20or%20extractvalue%286730,concat%280x7e,%28%28select%20%28elt%286730=6730,1%29%29%29%29,0x7e%29%29--%20- HTTP/1.1" 404 1251 "https://ko0.us/" "Mozilla/5.0 (Windows NT 10.0; Win64; x64; rv:126.0) Gecko/20100101 Firefox/126.0"
216.73.216.164 - - [31/Aug/2026:09:07:28 -0400] "GET /robots.txt HTTP/2" 404 1251 "-" "Mozilla/5.0 AppleWebKit/537.36 (KHTML, like Gecko; compatible; ClaudeBot/1.0; +claudebot@anthropic.com)"
216.73.216.164 - - [31/Aug/2026:09:07:44 -0400] "GET /cropex/node/node_modules/@radix-ui/react-use-layout-effect/package.json HTTP/2" 429 0 "-" "Mozilla/5.0 AppleWebKit/537.36 (KHTML, like Gecko; compatible; ClaudeBot/1.0; +claudebot@anthropic.com)"
216.73.216.164 - - [31/Aug/2026:09:07:49 -0400] "GET /cropex/node/node_modules/@radix-ui/react-use-layout-effect/dist HTTP/2" 301 795 "-" "Mozilla/5.0 AppleWebKit/537.36 (KHTML, like Gecko; compatible; ClaudeBot/1.0; +claudebot@anthropic.com)"
216.73.216.164 - - [31/Aug/2026:09:07:49 -0400] "GET /cropex/node/node_modules/@radix-ui/react-use-layout-effect/dist/ HTTP/2" 403 1242 "https://ko0.us/cropex/node/node_modules/@radix-ui/react-use-layout-effect/dist" "Mozilla/5.0 AppleWebKit/537.36 (KHTML, like Gecko; compatible; ClaudeBot/1.0; +claudebot@anthropic.com)"
66.249.69.229 - - [31/Aug/2026:09:07:52 -0400] "GET /imgs/gif/time/giphy_timespiral_gold.gif HTTP/1.1" 404 1251 "-" "Googlebot-Image/1.0"
216.73.216.164 - - [31/Aug/2026:09:07:54 -0400] "GET /cropex/node/node_modules/@babel/runtime/helpers/wrapRegExp.js HTTP/2" 200 670 "-" "Mozilla/5.0 AppleWebKit/537.36 (KHTML, like Gecko; compatible; ClaudeBot/1.0; +claudebot@anthropic.com)"
216.73.216.164 - - [31/Aug/2026:09:07:59 -0400] "GET /cropex/node/node_modules/get-proto/test HTTP/2" 301 795 "-" "Mozilla/5.0 AppleWebKit/537.36 (KHTML, like Gecko; compatible; ClaudeBot/1.0; +claudebot@anthropic.com)"
216.73.216.164 - - [31/Aug/2026:09:07:59 -0400] "GET /cropex/node/node_modules/get-proto/test/ HTTP/2" 403 1242 "https://ko0.us/cropex/node/node_modules/get-proto/test" "Mozilla/5.0 AppleWebKit/537.36 (KHTML, like Gecko; compatible; ClaudeBot/1.0; +claudebot@anthropic.com)"
203.31.169.69 - - [31/Aug/2026:09:07:58 -0400] "GET /mob_lists_20211013_1530.html HTTP/1.1" 200 1332486 "https://ko0.us/" "Mozilla/5.0 (Macintosh; Intel Mac OS X 10_15_7) AppleWebKit/537.36 (KHTML, like Gecko) Chrome/121.0.0.0 Safari/537.36 Edg/121.0.0.0"
216.73.216.164 - - [31/Aug/2026:09:08:04 -0400] "GET /go/dgs/users.php HTTP/2" 500 0 "-" "Mozilla/5.0 AppleWebKit/537.36 (KHTML, like Gecko; compatible; ClaudeBot/1.0; +claudebot@anthropic.com)"
216.73.216.164 - - [31/Aug/2026:09:08:09 -0400] "GET /cropex/node/node_modules/@babel/runtime/helpers/classPrivateFieldInitSpec.js HTTP/2" 429 0 "-" "Mozilla/5.0 AppleWebKit/537.36 (KHTML, like Gecko; compatible; ClaudeBot/1.0; +claudebot@anthropic.com)"
216.73.216.164 - - [31/Aug/2026:09:08:14 -0400] "GET /cropex/node/node_modules/buffer/LICENSE HTTP/2" 200 1106 "-" "Mozilla/5.0 AppleWebKit/537.36 (KHTML, like Gecko; compatible; ClaudeBot/1.0; +claudebot@anthropic.com)"
216.73.216.164 - - [31/Aug/2026:09:08:19 -0400] "GET /cropex/node/node_modules/@babel/runtime/helpers/classStaticPrivateFieldSpecGet.js HTTP/2" 429 0 "-" "Mozilla/5.0 AppleWebKit/537.36 (KHTML, like Gecko; compatible; ClaudeBot/1.0; +claudebot@anthropic.com)"
185.191.171.19 - - [31/Aug/2026:09:08:20 -0400] "GET /iperms/winwz_20260822_1845.html HTTP/1.1" 200 4276 "-" "Mozilla/5.0 (compatible; SemrushBot/7~bl; +http://www.semrush.com/bot.html)"
216.73.216.164 - - [31/Aug/2026:09:08:24 -0400] "GET /cropex/node/node_modules/dfa/index.js.map HTTP/2" 200 4505 "-" "Mozilla/5.0 AppleWebKit/537.36 (KHTML, like Gecko; compatible; ClaudeBot/1.0; +claudebot@anthropic.com)"
216.73.216.164 - - [31/Aug/2026:09:08:29 -0400] "GET /cropex/node/node_modules/simple-concat/package.json HTTP/2" 429 0 "-" "Mozilla/5.0 AppleWebKit/537.36 (KHTML, like Gecko; compatible; ClaudeBot/1.0; +claudebot@anthropic.com)"
200.217.143.54 - - [31/Aug/2026:09:04:58 -0400] "GET /pnmin_best.html HTTP/1.1" 200 3743 "https://ko0.us/" "Mozilla/5.0 (iPhone; CPU iPhone OS 17_1 like Mac OS X) AppleWebKit/605.1.15 (KHTML, like Gecko) Version/17.1 Mobile/15E148 Safari/604.1"
216.73.216.164 - - [31/Aug/2026:09:05:48 -0400] "GET /pn/ko_pn.php?dir=%2Fhome%2Fkozerus%2Fpublic_html%2Fpn%2Fuize%2Fsite-source%2Fcss%2Fwidget.slideshow.css HTTP/2" 200 4681 "-" "Mozilla/5.0 AppleWebKit/537.36 (KHTML, like Gecko; compatible; ClaudeBot/1.0; +claudebot@anthropic.com)"
216.73.216.164 - - [31/Aug/2026:09:05:53 -0400] "GET /ko_center/imgs/cab/cu20.png HTTP/2" 200 75654 "-" "Mozilla/5.0 AppleWebKit/537.36 (KHTML, like Gecko; compatible; ClaudeBot/1.0; +claudebot@anthropic.com)"
45.226.229.32 - - [31/Aug/2026:09:06:33 -0400] "GET /tlp.html HTTP/1.1" 200 532312 "https://ko0.us/" "Mozilla/5.0 (Macintosh; Intel Mac OS X 10_15_7) AppleWebKit/605.1.15 (KHTML, like Gecko) Version/17.1 Safari/605.1.15"
185.191.171.16 - - [31/Aug/2026:09:06:42 -0400] "GET /help.html?q HTTP/1.1" 200 193665 "-" "Mozilla/5.0 (compatible; SemrushBot/7~bl; +http://www.semrush.com/bot.html)"
17.166.154.141 - - [31/Aug/2026:09:07:42 -0400] "GET /dd6.html HTTP/2" 200 2330 "-" "Mozilla/5.0 (Macintosh; Intel Mac OS X 10_15_7) AppleWebKit/605.1.15 (KHTML, like Gecko) Version/17.4 Safari/605.1.15 (Applebot/0.1; +http://www.apple.com/go/applebot)"
185.191.171.6 - - [31/Aug/2026:09:07:57 -0400] "GET /konet/hangman.html HTTP/1.1" 200 27134 "-" "Mozilla/5.0 (compatible; SemrushBot/7~bl; +http://www.semrush.com/bot.html)"
185.191.171.12 - - [31/Aug/2026:09:08:18 -0400] "GET /index_ko2_best.html HTTP/1.1" 404 1251 "-" "Mozilla/5.0 (compatible; SemrushBot/7~bl; +http://www.semrush.com/bot.html)"
216.73.216.164 - - [31/Aug/2026:09:08:49 -0400] "GET /zc/docs/changed_files-v1-5-7.html HTTP/2" 429 0 "-" "Mozilla/5.0 AppleWebKit/537.36 (KHTML, like Gecko; compatible; ClaudeBot/1.0; +claudebot@anthropic.com)"
216.73.216.164 - - [31/Aug/2026:09:08:54 -0400] "GET /pn/uize/site-source/js/Uize/Widget/Dialog/Form.js HTTP/2" 200 1036 "-" "Mozilla/5.0 AppleWebKit/537.36 (KHTML, like Gecko; compatible; ClaudeBot/1.0; +claudebot@anthropic.com)"
216.73.216.164 - - [31/Aug/2026:09:08:59 -0400] "GET /pdf/web/cmaps/UniKS-UTF16-V.bcmap HTTP/2" 429 0 "-" "Mozilla/5.0 AppleWebKit/537.36 (KHTML, like Gecko; compatible; ClaudeBot/1.0; +claudebot@anthropic.com)"
216.73.216.164 - - [31/Aug/2026:09:09:04 -0400] "GET /pdf/web/cmaps/GBT-EUC-V.bcmap HTTP/2" 200 180 "-" "Mozilla/5.0 AppleWebKit/537.36 (KHTML, like Gecko; compatible; ClaudeBot/1.0; +claudebot@anthropic.com)"
216.73.216.164 - - [31/Aug/2026:09:09:09 -0400] "GET /piwigo/themes/elegant/admin/jquery.ui.button.css HTTP/2" 429 0 "-" "Mozilla/5.0 AppleWebKit/537.36 (KHTML, like Gecko; compatible; ClaudeBot/1.0; +claudebot@anthropic.com)"
185.191.171.12 - - [31/Aug/2026:09:09:14 -0400] "GET /index_vu_20200219_1515.html HTTP/1.1" 404 1251 "-" "Mozilla/5.0 (compatible; SemrushBot/7~bl; +http://www.semrush.com/bot.html)"
216.73.216.164 - - [31/Aug/2026:09:09:14 -0400] "GET /pn/uize/site-source/examples/source-code/~SOURCE-CODE-TEMPLATE.html.jst HTTP/2" 200 1302 "-" "Mozilla/5.0 AppleWebKit/537.36 (KHTML, like Gecko; compatible; ClaudeBot/1.0; +claudebot@anthropic.com)"
216.73.216.164 - - [31/Aug/2026:09:09:19 -0400] "GET /pn/uize/site-source/js/Uize/Widget/Count.js HTTP/2" 429 0 "-" "Mozilla/5.0 AppleWebKit/537.36 (KHTML, like Gecko; compatible; ClaudeBot/1.0; +claudebot@anthropic.com)"
216.73.216.164 - - [31/Aug/2026:09:09:24 -0400] "GET /pn/uize/site-source/js/Uize/Loc/FileFormats/Po.js HTTP/2" 200 1377 "-" "Mozilla/5.0 AppleWebKit/537.36 (KHTML, like Gecko; compatible; ClaudeBot/1.0; +claudebot@anthropic.com)"
185.191.171.1 - - [31/Aug/2026:09:09:28 -0400] "GET /index_20200110_085.html HTTP/1.1" 404 1251 "-" "Mozilla/5.0 (compatible; SemrushBot/7~bl; +http://www.semrush.com/bot.html)"
74.7.227.147 - - [31/Aug/2026:09:07:43 -0400] "GET /kofeshop/pages/1.jpg HTTP/2" 404 1251 "https://ko0.us/js/wz/" "Mozilla/5.0 AppleWebKit/537.36 (KHTML, like Gecko; compatible; GPTBot/1.4; +https://openai.com/gptbot)"
74.7.227.147 - - [31/Aug/2026:09:07:46 -0400] "GET /ka/fb/ka/pages/13.jpg HTTP/2" 404 1251 "https://ko0.us/js/wz/" "Mozilla/5.0 AppleWebKit/537.36 (KHTML, like Gecko; compatible; GPTBot/1.4; +https://openai.com/gptbot)"
74.7.227.147 - - [31/Aug/2026:09:07:49 -0400] "GET /ka/zm HTTP/2" 301 795 "https://ko0.us/js/wz/" "Mozilla/5.0 AppleWebKit/537.36 (KHTML, like Gecko; compatible; GPTBot/1.4; +https://openai.com/gptbot)"
74.7.227.147 - - [31/Aug/2026:09:07:49 -0400] "GET /ka/zm/ HTTP/2" 429 0 "https://ko0.us/ka/zm" "Mozilla/5.0 AppleWebKit/537.36 (KHTML, like Gecko; compatible; GPTBot/1.4; +https://openai.com/gptbot)"
74.7.227.147 - - [31/Aug/2026:09:07:50 -0400] "GET /ka/tl HTTP/2" 301 795 "https://ko0.us/js/wz/" "Mozilla/5.0 AppleWebKit/537.36 (KHTML, like Gecko; compatible; GPTBot/1.4; +https://openai.com/gptbot)"
74.7.227.147 - - [31/Aug/2026:09:07:50 -0400] "GET /ka/tl/ HTTP/2" 429 0 "https://ko0.us/ka/tl" "Mozilla/5.0 AppleWebKit/537.36 (KHTML, like Gecko; compatible; GPTBot/1.4; +https://openai.com/gptbot)"
74.7.227.147 - - [31/Aug/2026:09:07:57 -0400] "GET /ka/fb HTTP/2" 301 795 "https://ko0.us/js/wz/" "Mozilla/5.0 AppleWebKit/537.36 (KHTML, like Gecko; compatible; GPTBot/1.4; +https://openai.com/gptbot)"
74.7.227.147 - - [31/Aug/2026:09:07:57 -0400] "GET /ka/fb/ HTTP/2" 429 0 "https://ko0.us/ka/fb" "Mozilla/5.0 AppleWebKit/537.36 (KHTML, like Gecko; compatible; GPTBot/1.4; +https://openai.com/gptbot)"
74.7.227.147 - - [31/Aug/2026:09:08:24 -0400] "GET /js/wz/index_sailboat.html HTTP/2" 404 1251 "https://ko0.us/js/wz/" "Mozilla/5.0 AppleWebKit/537.36 (KHTML, like Gecko; compatible; GPTBot/1.4; +https://openai.com/gptbot)"
190.72.155.243 - - [31/Aug/2026:09:08:27 -0400] "GET /dbdata.html HTTP/1.1" 200 7697 "https://ko0.us/" "Mozilla/5.0 (Windows NT 10.0; Win64; x64) AppleWebKit/537.36 (KHTML, like Gecko) Chrome/125.0.6400.44 Safari/537.36"
74.7.227.147 - - [31/Aug/2026:09:08:37 -0400] "GET /ka/mp4/tn_jtfdc_byrd_20190516_0830.png HTTP/2" 404 1251 "https://ko0.us/js/wz/" "Mozilla/5.0 AppleWebKit/537.36 (KHTML, like Gecko; compatible; GPTBot/1.4; +https://openai.com/gptbot)"
190.114.38.202 - - [31/Aug/2026:09:08:50 -0400] "GET /tl.db3%20union%20all%20select%20%27orgasbgpzmkytympbfxnxsjpjoazuqcz%27,null--%20wpua0m HTTP/1.1" 404 1251 "https://ko0.us/" "Mozilla/5.0 (Windows NT 10.0; Win64; x64; rv:128.0) Gecko/20100101 Firefox/128.0"
