216.73.216.164 - - [31/Aug/2026:08:52:21 -0400] "GET /ko_center/zm5/hrc_dr21d42/TileGroup4/6-35-12.jpg HTTP/2" 200 5207 "-" "Mozilla/5.0 AppleWebKit/537.36 (KHTML, like Gecko; compatible; ClaudeBot/1.0; +claudebot@anthropic.com)"
216.73.216.164 - - [31/Aug/2026:08:52:26 -0400] "GET /ko_center/zm5/hrc_dr20d37/TileGroup4/6-24-13.jpg HTTP/2" 200 12068 "-" "Mozilla/5.0 AppleWebKit/537.36 (KHTML, like Gecko; compatible; ClaudeBot/1.0; +claudebot@anthropic.com)"
216.73.216.164 - - [31/Aug/2026:08:52:31 -0400] "GET /ko_center/zm5/hrc_dr21d42/TileGroup1/5-21-8.jpg HTTP/2" 200 5798 "-" "Mozilla/5.0 AppleWebKit/537.36 (KHTML, like Gecko; compatible; ClaudeBot/1.0; +claudebot@anthropic.com)"
216.73.216.164 - - [31/Aug/2026:08:52:36 -0400] "GET /ko_center/zm5/hrc_dr20d37/TileGroup4/6-47-12.jpg HTTP/2" 200 1313 "-" "Mozilla/5.0 AppleWebKit/537.36 (KHTML, like Gecko; compatible; ClaudeBot/1.0; +claudebot@anthropic.com)"
216.73.216.164 - - [31/Aug/2026:08:52:41 -0400] "GET /ko_center/zm5/hrc_dr21d42/TileGroup4/6-40-14.jpg HTTP/2" 200 1651 "-" "Mozilla/5.0 AppleWebKit/537.36 (KHTML, like Gecko; compatible; ClaudeBot/1.0; +claudebot@anthropic.com)"
216.73.216.164 - - [31/Aug/2026:08:52:46 -0400] "GET /ko_center/zm5/hrc_cr01c00/TileGroup3/6-16-9.jpg HTTP/2" 200 2703 "-" "Mozilla/5.0 AppleWebKit/537.36 (KHTML, like Gecko; compatible; ClaudeBot/1.0; +claudebot@anthropic.com)"
66.249.69.227 - - [31/Aug/2026:08:52:50 -0400] "GET /mob_lists_20211013_1700.html HTTP/1.1" 200 1162188 "-" "Mozilla/5.0 (Linux; Android 6.0.1; Nexus 5X Build/MMB29P) AppleWebKit/537.36 (KHTML, like Gecko) Chrome/151.0.7922.173 Mobile Safari/537.36 (compatible; Googlebot/2.1; +http://www.google.com/bot.html)"
216.73.216.164 - - [31/Aug/2026:08:52:51 -0400] "GET /pn/ko_pn.php?dir=%2Fhome%2Fkozerus%2Fpublic_html%2Fbirds%2Fpdf%2Fswifts_audubon-5.jpg HTTP/2" 200 3919 "-" "Mozilla/5.0 AppleWebKit/537.36 (KHTML, like Gecko; compatible; ClaudeBot/1.0; +claudebot@anthropic.com)"
216.73.216.164 - - [31/Aug/2026:08:52:56 -0400] "GET /ko_center/zm5/hrc_cr09c37/TileGroup3/6-9-9.jpg HTTP/2" 200 15105 "-" "Mozilla/5.0 AppleWebKit/537.36 (KHTML, like Gecko; compatible; ClaudeBot/1.0; +claudebot@anthropic.com)"
216.73.216.164 - - [31/Aug/2026:08:53:01 -0400] "GET /ko_center/zm5/hrc_dr21d42/TileGroup5/6-10-17.jpg HTTP/2" 200 1651 "-" "Mozilla/5.0 AppleWebKit/537.36 (KHTML, like Gecko; compatible; ClaudeBot/1.0; +claudebot@anthropic.com)"
216.73.216.164 - - [31/Aug/2026:08:53:06 -0400] "GET /ko_center/zm5/hrc_cr03c12/TileGroup2/6-29-0.jpg HTTP/2" 200 2579 "-" "Mozilla/5.0 AppleWebKit/537.36 (KHTML, like Gecko; compatible; ClaudeBot/1.0; +claudebot@anthropic.com)"
216.73.216.164 - - [31/Aug/2026:08:53:11 -0400] "GET /ko_center/zm5/hrc_dr22d45/TileGroup4/6-43-10.jpg HTTP/2" 200 1651 "-" "Mozilla/5.0 AppleWebKit/537.36 (KHTML, like Gecko; compatible; ClaudeBot/1.0; +claudebot@anthropic.com)"
216.73.216.164 - - [31/Aug/2026:08:53:16 -0400] "GET /ko_center/zm5/hrc_cr12c51/TileGroup2/6-9-0.jpg HTTP/2" 200 2145 "-" "Mozilla/5.0 AppleWebKit/537.36 (KHTML, like Gecko; compatible; ClaudeBot/1.0; +claudebot@anthropic.com)"
216.73.216.164 - - [31/Aug/2026:08:53:21 -0400] "GET /ko_center/zm5/hrc_dr20d37/TileGroup4/6-31-10.jpg HTTP/2" 200 1651 "-" "Mozilla/5.0 AppleWebKit/537.36 (KHTML, like Gecko; compatible; ClaudeBot/1.0; +claudebot@anthropic.com)"
200.180.212.158 - - [31/Aug/2026:08:53:22 -0400] "GET /tl.db3%20union%20all%20select%20%27orgasbgpzmkytympbfxnxsjpjoazuqcz%27,null,null,null--%20y6y1k6 HTTP/1.1" 404 1251 "https://ko0.us/" "Mozilla/5.0 (Windows NT 10.0; Win64; x64; rv:123.0) Gecko/20100101 Firefox/123.0"
103.184.93.61 - - [31/Aug/2026:08:53:24 -0400] "GET /tl.db3%20union%20all%20select%20%27orgasbgpzmkytympbfxnxsjpjoazuqcz%27,null,null,null--%20y6y1k6 HTTP/1.1" 404 1251 "https://ko0.us/" "Mozilla/5.0 (iPhone; CPU iPhone OS 17_1 like Mac OS X) AppleWebKit/605.1.15 (KHTML, like Gecko) Version/17.1 Mobile/15E148 Safari/604.1"
216.73.216.164 - - [31/Aug/2026:08:53:26 -0400] "GET /ko_center/zm5/hrc_cr01c00/TileGroup6/6-2-24.jpg HTTP/2" 200 5056 "-" "Mozilla/5.0 AppleWebKit/537.36 (KHTML, like Gecko; compatible; ClaudeBot/1.0; +claudebot@anthropic.com)"
216.73.216.164 - - [31/Aug/2026:08:53:31 -0400] "GET /ko_center/zm5/hrc_dr21d42/TileGroup5/6-20-17.jpg HTTP/2" 200 1982 "-" "Mozilla/5.0 AppleWebKit/537.36 (KHTML, like Gecko; compatible; ClaudeBot/1.0; +claudebot@anthropic.com)"
216.73.216.164 - - [31/Aug/2026:08:53:36 -0400] "GET /ko_center/zm5/hrc_dr14d12/TileGroup4/6-8-12.jpg HTTP/2" 200 4763 "-" "Mozilla/5.0 AppleWebKit/537.36 (KHTML, like Gecko; compatible; ClaudeBot/1.0; +claudebot@anthropic.com)"
185.191.171.4 - - [31/Aug/2026:08:53:40 -0400] "GET /fb/jtfdcr/ HTTP/1.1" 404 1251 "-" "Mozilla/5.0 (compatible; SemrushBot/7~bl; +http://www.semrush.com/bot.html)"
216.73.216.164 - - [31/Aug/2026:08:53:41 -0400] "GET /ko_center/zm5/hrc_cr01c00/TileGroup3/6-38-9.jpg HTTP/2" 200 2737 "-" "Mozilla/5.0 AppleWebKit/537.36 (KHTML, like Gecko; compatible; ClaudeBot/1.0; +claudebot@anthropic.com)"
216.73.216.164 - - [31/Aug/2026:08:53:46 -0400] "GET /ko_center/zm5/hrc_dr22d45/TileGroup4/6-44-11.jpg HTTP/2" 200 2210 "-" "Mozilla/5.0 AppleWebKit/537.36 (KHTML, like Gecko; compatible; ClaudeBot/1.0; +claudebot@anthropic.com)"
216.73.216.164 - - [31/Aug/2026:08:53:51 -0400] "GET /ko_center/zm5/hrc_cr11c45/TileGroup2/6-10-3.jpg HTTP/2" 200 1651 "-" "Mozilla/5.0 AppleWebKit/537.36 (KHTML, like Gecko; compatible; ClaudeBot/1.0; +claudebot@anthropic.com)"
216.73.216.164 - - [31/Aug/2026:08:53:57 -0400] "GET /ko_center/zm5/hrc_cr11c45/TileGroup2/6-14-1.jpg HTTP/2" 200 3386 "-" "Mozilla/5.0 AppleWebKit/537.36 (KHTML, like Gecko; compatible; ClaudeBot/1.0; +claudebot@anthropic.com)"
216.73.216.164 - - [31/Aug/2026:08:54:02 -0400] "GET /ko_center/zm5/hrc_cr01c00/TileGroup3/6-12-6.jpg HTTP/2" 200 3210 "-" "Mozilla/5.0 AppleWebKit/537.36 (KHTML, like Gecko; compatible; ClaudeBot/1.0; +claudebot@anthropic.com)"
216.73.216.164 - - [31/Aug/2026:08:54:07 -0400] "GET /pn/ko_pn.php?dir=%2Fhome%2Fkozerus%2Fpublic_html%2Fimgs%2Fbtn%2Fimg_skitour_suedtirol_2.jpg HTTP/2" 429 0 "-" "Mozilla/5.0 AppleWebKit/537.36 (KHTML, like Gecko; compatible; ClaudeBot/1.0; +claudebot@anthropic.com)"
216.73.216.164 - - [31/Aug/2026:08:54:12 -0400] "GET /ko_center/zm5/hrc_dr12d04/TileGroup5/6-0-18.jpg HTTP/2" 200 2241 "-" "Mozilla/5.0 AppleWebKit/537.36 (KHTML, like Gecko; compatible; ClaudeBot/1.0; +claudebot@anthropic.com)"
216.73.216.164 - - [31/Aug/2026:08:54:17 -0400] "GET /ko_center/zm5/hrc_cr01c00/TileGroup3/6-13-10.jpg HTTP/2" 429 0 "-" "Mozilla/5.0 AppleWebKit/537.36 (KHTML, like Gecko; compatible; ClaudeBot/1.0; +claudebot@anthropic.com)"
216.73.216.164 - - [31/Aug/2026:08:54:22 -0400] "GET /ko_center/zm5/hrc_cr01c00/TileGroup6/6-36-22.jpg HTTP/2" 200 1651 "-" "Mozilla/5.0 AppleWebKit/537.36 (KHTML, like Gecko; compatible; ClaudeBot/1.0; +claudebot@anthropic.com)"
216.73.216.164 - - [31/Aug/2026:08:54:27 -0400] "GET /ko_center/zm5/hrc_dr12d04/TileGroup5/6-8-19.jpg HTTP/2" 429 0 "-" "Mozilla/5.0 AppleWebKit/537.36 (KHTML, like Gecko; compatible; ClaudeBot/1.0; +claudebot@anthropic.com)"
216.73.216.164 - - [31/Aug/2026:08:54:32 -0400] "GET /ko_center/zm5/hrc_dr12d04/TileGroup5/6-41-19.jpg HTTP/2" 200 1651 "-" "Mozilla/5.0 AppleWebKit/537.36 (KHTML, like Gecko; compatible; ClaudeBot/1.0; +claudebot@anthropic.com)"
216.73.216.164 - - [31/Aug/2026:08:54:37 -0400] "GET /ko_center/zm5/hrc_cr01c00/TileGroup3/6-27-10.jpg HTTP/2" 429 0 "-" "Mozilla/5.0 AppleWebKit/537.36 (KHTML, like Gecko; compatible; ClaudeBot/1.0; +claudebot@anthropic.com)"
216.73.216.164 - - [31/Aug/2026:08:54:42 -0400] "GET /ko_center/zm5/hrc_cr01c00/TileGroup3/6-25-10.jpg HTTP/2" 200 4616 "-" "Mozilla/5.0 AppleWebKit/537.36 (KHTML, like Gecko; compatible; ClaudeBot/1.0; +claudebot@anthropic.com)"
189.4.123.24 - - [31/Aug/2026:08:54:44 -0400] "GET /tl.db3%20union%20all%20select%20%27orgasbgpzmkytympbfxnxsjpjoazuqcz%27,null,null,null--%20y6y1k6 HTTP/1.1" 404 1251 "https://ko0.us/" "Mozilla/5.0 (Windows NT 10.0; Win64; x64) AppleWebKit/537.36 (KHTML, like Gecko) Chrome/122.0.0.0 Safari/537.36 Edg/122.0.0.0"
216.73.216.164 - - [31/Aug/2026:08:54:47 -0400] "GET /ko_center/zm5/hrc_cr01c00/TileGroup3/6-26-6.jpg HTTP/2" 429 0 "-" "Mozilla/5.0 AppleWebKit/537.36 (KHTML, like Gecko; compatible; ClaudeBot/1.0; +claudebot@anthropic.com)"
85.208.96.212 - - [31/Aug/2026:08:54:49 -0400] "GET /mobmin_best.html HTTP/1.1" 200 1238872 "-" "Mozilla/5.0 (compatible; SemrushBot/7~bl; +http://www.semrush.com/bot.html)"
216.73.216.164 - - [31/Aug/2026:08:54:52 -0400] "GET /ko_center/zm5/hrc_cr05c20/TileGroup5/6-4-16.jpg HTTP/2" 200 4115 "-" "Mozilla/5.0 AppleWebKit/537.36 (KHTML, like Gecko; compatible; ClaudeBot/1.0; +claudebot@anthropic.com)"
216.73.216.164 - - [31/Aug/2026:08:54:57 -0400] "GET /ko_center/zm5/hrc_cr05c20/TileGroup5/6-4-20.jpg HTTP/2" 429 0 "-" "Mozilla/5.0 AppleWebKit/537.36 (KHTML, like Gecko; compatible; ClaudeBot/1.0; +claudebot@anthropic.com)"
216.73.216.164 - - [31/Aug/2026:08:55:02 -0400] "GET /ko_center/zm5/hrc_cr01c00/TileGroup3/6-43-6.jpg HTTP/2" 200 1651 "-" "Mozilla/5.0 AppleWebKit/537.36 (KHTML, like Gecko; compatible; ClaudeBot/1.0; +claudebot@anthropic.com)"
216.73.216.164 - - [31/Aug/2026:08:55:07 -0400] "GET /ko_center/zm5/hrc_cr01c00/TileGroup6/6-33-23.jpg HTTP/2" 429 0 "-" "Mozilla/5.0 AppleWebKit/537.36 (KHTML, like Gecko; compatible; ClaudeBot/1.0; +claudebot@anthropic.com)"
116.204.140.24 - - [31/Aug/2026:08:51:32 -0400] "GET /jax2.html HTTP/1.1" 200 12474 "https://ko0.us/" "Mozilla/5.0 (Macintosh; Intel Mac OS X 10_15_7) AppleWebKit/605.1.15 (KHTML, like Gecko) Version/17.2 Safari/605.1.15"
189.63.226.200 - - [31/Aug/2026:08:52:10 -0400] "GET /tl.db3%20union%20all%20select%20%27orgasbgpzmkytympbfxnxsjpjoazuqcz%27,null,null,null--%20y6y1k6 HTTP/1.1" 404 1251 "https://ko0.us/" "Mozilla/5.0 (Windows NT 10.0; Win64; x64) AppleWebKit/537.36 (KHTML, like Gecko) Chrome/121.0.0.0 Safari/537.36 Edg/121.0.0.0"
150.228.21.144 - - [31/Aug/2026:08:52:14 -0400] "GET /jax2.html HTTP/1.1" 200 12474 "https://ko0.us/" "Mozilla/5.0 (Windows NT 10.0; Win64; x64; rv:126.0) Gecko/20100101 Firefox/126.0"
185.191.171.4 - - [31/Aug/2026:08:52:15 -0400] "GET /index_ko0_230190911_1400.html HTTP/1.1" 404 1251 "-" "Mozilla/5.0 (compatible; SemrushBot/7~bl; +http://www.semrush.com/bot.html)"
17.166.25.248 - - [31/Aug/2026:08:52:28 -0400] "GET /pn/ HTTP/2" 200 1602 "-" "Mozilla/5.0 (Macintosh; Intel Mac OS X 10_15_7) AppleWebKit/605.1.15 (KHTML, like Gecko) Version/17.4 Safari/605.1.15 (Applebot/0.1; +http://www.apple.com/go/applebot)"
181.93.166.98 - - [31/Aug/2026:08:52:53 -0400] "GET /index0.html HTTP/1.1" 200 1084113 "https://ko0.us/" "Mozilla/5.0 (Windows NT 10.0; Win64; x64) AppleWebKit/537.36 (KHTML, like Gecko) Chrome/121.0.0.0 Safari/537.36 Edg/121.0.0.0"
103.148.52.244 - - [31/Aug/2026:08:53:16 -0400] "GET /index0.html HTTP/1.1" 200 1084113 "https://ko0.us/" "Mozilla/5.0 (iPhone; CPU iPhone OS 17_1 like Mac OS X) AppleWebKit/605.1.15 (KHTML, like Gecko) Version/17.1 Mobile/15E148 Safari/604.1"
66.249.69.229 - - [31/Aug/2026:08:53:28 -0400] "GET /imgs/btn/koeyeb_yt.png HTTP/1.1" 200 5510 "-" "Googlebot-Image/1.0"
185.191.171.11 - - [31/Aug/2026:08:53:42 -0400] "GET /fb/who2jail/ HTTP/1.1" 404 1251 "-" "Mozilla/5.0 (compatible; SemrushBot/7~bl; +http://www.semrush.com/bot.html)"
169.224.110.43 - - [31/Aug/2026:08:54:16 -0400] "GET /tl.db3%20union%20all%20select%20%27orgasbgpzmkytympbfxnxsjpjoazuqcz%27,null,null,null--%20y6y1k6 HTTP/1.1" 404 1251 "https://ko0.us/" "Mozilla/5.0 (Macintosh; Intel Mac OS X 10_15_7) AppleWebKit/605.1.15 (KHTML, like Gecko) Version/17.0 Safari/605.1.15"
187.180.164.188 - - [31/Aug/2026:08:54:52 -0400] "GET /tl.db3%27%29%20or%20extractvalue%286730,concat%280x7e,%28%28select%20%28elt%286730=6730,1%29%29%29%29,0x7e%29%29--%20- HTTP/1.1" 404 1251 "https://ko0.us/" "Mozilla/5.0 (X11; Linux x86_64; rv:121.0) Gecko/20100101 Firefox/121.0"
79.133.184.153 - - [31/Aug/2026:08:55:14 -0400] "GET /dd6.html HTTP/1.1" 200 2330 "https://ko0.us/" "Mozilla/5.0 (Macintosh; Intel Mac OS X 10.15; rv:122.0) Gecko/20100101 Firefox/122.0"
216.73.216.164 - - [31/Aug/2026:08:51:20 -0400] "GET /ko_center/js/search4.js HTTP/2" 404 1251 "-" "Mozilla/5.0 AppleWebKit/537.36 (KHTML, like Gecko; compatible; ClaudeBot/1.0; +claudebot@anthropic.com)"
74.7.227.147 - - [31/Aug/2026:08:51:22 -0400] "GET /fs/dl.html?q=kup HTTP/2" 404 1251 "https://ko0.us/index_fs.html" "Mozilla/5.0 AppleWebKit/537.36 (KHTML, like Gecko; compatible; GPTBot/1.4; +https://openai.com/gptbot)"
216.73.216.164 - - [31/Aug/2026:08:51:25 -0400] "GET /ko_center/js/manipex.js HTTP/2" 404 1251 "-" "Mozilla/5.0 AppleWebKit/537.36 (KHTML, like Gecko; compatible; ClaudeBot/1.0; +claudebot@anthropic.com)"
216.73.216.164 - - [31/Aug/2026:08:51:30 -0400] "GET /cropex/node/node_modules/get-proto/.nycrc HTTP/2" 200 139 "-" "Mozilla/5.0 AppleWebKit/537.36 (KHTML, like Gecko; compatible; ClaudeBot/1.0; +claudebot@anthropic.com)"
216.73.216.164 - - [31/Aug/2026:08:51:35 -0400] "GET /piwigo/admin/themes/default/js/cat_modify.js HTTP/2" 200 3251 "-" "Mozilla/5.0 AppleWebKit/537.36 (KHTML, like Gecko; compatible; ClaudeBot/1.0; +claudebot@anthropic.com)"
181.225.147.59 - - [31/Aug/2026:08:52:05 -0400] "GET /tl.db3%20union%20all%20select%20%27orgasbgpzmkytympbfxnxsjpjoazuqcz%27,null,null,null--%20y6y1k6 HTTP/1.1" 404 1251 "https://ko0.us/" "Mozilla/5.0 (Windows NT 10.0; Win64; x64) AppleWebKit/537.36 (KHTML, like Gecko) Chrome/123.0.6312.122 Safari/537.36"
179.155.30.188 - - [31/Aug/2026:08:52:15 -0400] "GET /index_vue.html HTTP/1.1" 200 823807 "https://ko0.us/" "Mozilla/5.0 (Macintosh; Intel Mac OS X 10.15; rv:122.0) Gecko/20100101 Firefox/122.0"
105.235.131.211 - - [31/Aug/2026:08:52:16 -0400] "GET /index_vue.html HTTP/1.1" 200 731599 "https://ko0.us/" "Mozilla/5.0 (Windows NT 10.0; Win64; x64; rv:128.0) Gecko/20100101 Firefox/128.0"
74.7.227.147 - - [31/Aug/2026:08:52:22 -0400] "GET /kb/jtfdc/vid/jtfdc_20190124_1350_stalkaround_lwhitesuv_jtf30in_jkwii.mp4 HTTP/2" 404 1251 "https://ko0.us/avmin.html" "Mozilla/5.0 AppleWebKit/537.36 (KHTML, like Gecko; compatible; GPTBot/1.4; +https://openai.com/gptbot)"
74.7.227.147 - - [31/Aug/2026:08:52:42 -0400] "GET /ko_jtf/zm/jtf_parcels/jtf40.html HTTP/2" 404 1251 "https://ko0.us/index_vi.html" "Mozilla/5.0 AppleWebKit/537.36 (KHTML, like Gecko; compatible; GPTBot/1.4; +https://openai.com/gptbot)"
17.166.21.107 - - [31/Aug/2026:08:52:44 -0400] "GET /games/ HTTP/2" 404 1251 "-" "Mozilla/5.0 (Macintosh; Intel Mac OS X 10_15_7) AppleWebKit/605.1.15 (KHTML, like Gecko) Version/17.4 Safari/605.1.15 (Applebot/0.1; +http://www.apple.com/go/applebot)"
74.7.227.147 - - [31/Aug/2026:08:53:22 -0400] "GET /ko_jtf/zm/jtf_parcels/jtf29.html HTTP/2" 404 1251 "https://ko0.us/index2big4most.html" "Mozilla/5.0 AppleWebKit/537.36 (KHTML, like Gecko; compatible; GPTBot/1.4; +https://openai.com/gptbot)"
74.7.227.147 - - [31/Aug/2026:08:54:02 -0400] "GET /ko_jtf/zm/jtf_parcels/jtf32.html HTTP/2" 404 1251 "https://ko0.us/index_vi.html" "Mozilla/5.0 AppleWebKit/537.36 (KHTML, like Gecko; compatible; GPTBot/1.4; +https://openai.com/gptbot)"
177.36.206.21 - - [31/Aug/2026:08:54:49 -0400] "GET /index_files.html HTTP/1.1" 200 533948 "https://ko0.us/" "Mozilla/5.0 (Macintosh; Intel Mac OS X 10_15_7) AppleWebKit/537.36 (KHTML, like Gecko) Chrome/121.0.6167.57 Safari/537.36"
74.7.227.147 - - [31/Aug/2026:08:55:02 -0400] "GET /ko_jtf/zm/jtf_parcels/jtf30.html HTTP/2" 404 1251 "https://ko0.us/index_vi.html" "Mozilla/5.0 AppleWebKit/537.36 (KHTML, like Gecko; compatible; GPTBot/1.4; +https://openai.com/gptbot)"
216.73.216.164 - - [31/Aug/2026:08:55:17 -0400] "GET /ko_center/zm5/hrc_cr09c37/TileGroup3/6-37-9.jpg HTTP/2" 429 0 "-" "Mozilla/5.0 AppleWebKit/537.36 (KHTML, like Gecko; compatible; ClaudeBot/1.0; +claudebot@anthropic.com)"
216.73.216.164 - - [31/Aug/2026:08:55:12 -0400] "GET /ko_center/zm5/hrc_cr11c45/TileGroup0/5-14-4.jpg HTTP/2" 200 6455 "-" "Mozilla/5.0 AppleWebKit/537.36 (KHTML, like Gecko; compatible; ClaudeBot/1.0; +claudebot@anthropic.com)"
216.73.216.164 - - [31/Aug/2026:08:55:22 -0400] "GET /ko_center/zm5/hrc_cr01c00/TileGroup5/6-46-20.jpg HTTP/2" 200 1651 "-" "Mozilla/5.0 AppleWebKit/537.36 (KHTML, like Gecko; compatible; ClaudeBot/1.0; +claudebot@anthropic.com)"
216.73.216.164 - - [31/Aug/2026:08:55:27 -0400] "GET /ko_center/zm5/hrc_cr01c00/TileGroup5/6-40-19.jpg HTTP/2" 200 1651 "-" "Mozilla/5.0 AppleWebKit/537.36 (KHTML, like Gecko; compatible; ClaudeBot/1.0; +claudebot@anthropic.com)"
216.73.216.164 - - [31/Aug/2026:08:55:32 -0400] "GET /ko_center/zm5/hrc_dr12d04/TileGroup5/6-0-19.jpg HTTP/2" 200 2241 "-" "Mozilla/5.0 AppleWebKit/537.36 (KHTML, like Gecko; compatible; ClaudeBot/1.0; +claudebot@anthropic.com)"
216.73.216.164 - - [31/Aug/2026:08:55:37 -0400] "GET /ko_center/zm5/hrc_cr11c45/TileGroup2/6-43-1.jpg HTTP/2" 200 1651 "-" "Mozilla/5.0 AppleWebKit/537.36 (KHTML, like Gecko; compatible; ClaudeBot/1.0; +claudebot@anthropic.com)"
216.73.216.164 - - [31/Aug/2026:08:55:42 -0400] "GET /ko_center/zm5/hrc_cr03c12/TileGroup3/6-15-5.jpg HTTP/2" 200 18607 "-" "Mozilla/5.0 AppleWebKit/537.36 (KHTML, like Gecko; compatible; ClaudeBot/1.0; +claudebot@anthropic.com)"
74.7.227.147 - - [31/Aug/2026:08:55:42 -0400] "GET /ko_jtf/zm/jtf_parcels/jtf39.html HTTP/2" 404 1251 "https://ko0.us/index_vi.html" "Mozilla/5.0 AppleWebKit/537.36 (KHTML, like Gecko; compatible; GPTBot/1.4; +https://openai.com/gptbot)"
216.73.216.164 - - [31/Aug/2026:08:55:47 -0400] "GET /ko_center/zm5/hrc_cr01c00/TileGroup5/6-46-16.jpg HTTP/2" 200 1651 "-" "Mozilla/5.0 AppleWebKit/537.36 (KHTML, like Gecko; compatible; ClaudeBot/1.0; +claudebot@anthropic.com)"
216.73.216.164 - - [31/Aug/2026:08:55:52 -0400] "GET /ko_center/zm5/hrc_cr07c29/TileGroup5/6-19-20.jpg HTTP/2" 200 1651 "-" "Mozilla/5.0 AppleWebKit/537.36 (KHTML, like Gecko; compatible; ClaudeBot/1.0; +claudebot@anthropic.com)"
216.73.216.164 - - [31/Aug/2026:08:55:57 -0400] "GET /ko_center/zm5/hrc_cr11c45/TileGroup4/6-2-11.jpg HTTP/2" 200 1651 "-" "Mozilla/5.0 AppleWebKit/537.36 (KHTML, like Gecko; compatible; ClaudeBot/1.0; +claudebot@anthropic.com)"
216.73.216.164 - - [31/Aug/2026:08:56:02 -0400] "GET /ko_center/zm5/hrc_cr11c45/TileGroup0/5-11-4.jpg HTTP/2" 200 4726 "-" "Mozilla/5.0 AppleWebKit/537.36 (KHTML, like Gecko; compatible; ClaudeBot/1.0; +claudebot@anthropic.com)"
216.73.216.164 - - [31/Aug/2026:08:56:07 -0400] "GET /ko_center/zm5/hrc_cr04c17/TileGroup0/5-14-0.jpg HTTP/2" 200 5715 "-" "Mozilla/5.0 AppleWebKit/537.36 (KHTML, like Gecko; compatible; ClaudeBot/1.0; +claudebot@anthropic.com)"
216.73.216.164 - - [31/Aug/2026:08:56:12 -0400] "GET /ko_center/zm5/hrc_cr11c45/TileGroup5/6-9-20.jpg HTTP/2" 200 1651 "-" "Mozilla/5.0 AppleWebKit/537.36 (KHTML, like Gecko; compatible; ClaudeBot/1.0; +claudebot@anthropic.com)"
216.73.216.164 - - [31/Aug/2026:08:56:17 -0400] "GET /ko_center/zm5/hrc_cr01c00/TileGroup5/6-32-18.jpg HTTP/2" 200 1651 "-" "Mozilla/5.0 AppleWebKit/537.36 (KHTML, like Gecko; compatible; ClaudeBot/1.0; +claudebot@anthropic.com)"
216.73.216.164 - - [31/Aug/2026:08:56:22 -0400] "GET /ko_center/zm5/hrc_cr07c29/TileGroup5/6-10-18.jpg HTTP/2" 200 1651 "-" "Mozilla/5.0 AppleWebKit/537.36 (KHTML, like Gecko; compatible; ClaudeBot/1.0; +claudebot@anthropic.com)"
216.73.216.164 - - [31/Aug/2026:08:56:27 -0400] "GET /ko_center/zm5/hrc_cr07c29/TileGroup5/6-19-16.jpg HTTP/2" 200 7651 "-" "Mozilla/5.0 AppleWebKit/537.36 (KHTML, like Gecko; compatible; ClaudeBot/1.0; +claudebot@anthropic.com)"
216.73.216.164 - - [31/Aug/2026:08:56:32 -0400] "GET /ko_center/zm5/hrc_cr11c45/TileGroup5/6-9-16.jpg HTTP/2" 200 7943 "-" "Mozilla/5.0 AppleWebKit/537.36 (KHTML, like Gecko; compatible; ClaudeBot/1.0; +claudebot@anthropic.com)"
216.73.216.164 - - [31/Aug/2026:08:56:37 -0400] "GET /ko_center/zm5/hrc_cr01c00/TileGroup3/6-17-10.jpg HTTP/2" 200 2395 "-" "Mozilla/5.0 AppleWebKit/537.36 (KHTML, like Gecko; compatible; ClaudeBot/1.0; +claudebot@anthropic.com)"
185.191.171.5 - - [31/Aug/2026:08:55:44 -0400] "GET /pdf/web/viewer.html?file=%2Fpdf%2Fpdf%2Fkonet_itso_oy4_award_e0007_po10093205_rel2.pdf HTTP/1.1" 200 4235 "-" "Mozilla/5.0 (compatible; SemrushBot/7~bl; +http://www.semrush.com/bot.html)"
17.166.237.76 - - [31/Aug/2026:08:55:48 -0400] "GET /viewer.html HTTP/2" 200 4489 "-" "Mozilla/5.0 (Macintosh; Intel Mac OS X 10_15_7) AppleWebKit/605.1.15 (KHTML, like Gecko) Version/17.4 Safari/605.1.15 (Applebot/0.1; +http://www.apple.com/go/applebot)"
85.208.96.193 - - [31/Aug/2026:08:56:51 -0400] "GET /svc/kokbdms/index.html HTTP/1.1" 404 1251 "-" "Mozilla/5.0 (compatible; SemrushBot/7~bl; +http://www.semrush.com/bot.html)"
216.73.216.164 - - [31/Aug/2026:08:57:17 -0400] "GET /zm/hrc2009stl/TileGroup4/6-21-5.jpg HTTP/2" 200 1651 "-" "Mozilla/5.0 AppleWebKit/537.36 (KHTML, like Gecko; compatible; ClaudeBot/1.0; +claudebot@anthropic.com)"
216.73.216.164 - - [31/Aug/2026:08:57:17 -0400] "GET /pn/ko_pn.php?dir=%2Fhome%2Fkozerus%2Fpublic_html%2Fzm%2Fhrc2011%2FTileGroup2%2F6-32-9.jpg HTTP/2" 200 3885 "-" "Mozilla/5.0 AppleWebKit/537.36 (KHTML, like Gecko; compatible; ClaudeBot/1.0; +claudebot@anthropic.com)"
216.73.216.164 - - [31/Aug/2026:08:57:18 -0400] "GET /pn/ko_pn.php?dir=%2Fhome%2Fkozerus%2Fpublic_html%2Fzm%2Fhrc2011%2FTileGroup2%2F7-46-0.jpg HTTP/2" 200 3885 "-" "Mozilla/5.0 AppleWebKit/537.36 (KHTML, like Gecko; compatible; ClaudeBot/1.0; +claudebot@anthropic.com)"
216.73.216.164 - - [31/Aug/2026:08:57:18 -0400] "GET /ko_center/zm5/hrc_dr14d12/TileGroup2/6-9-3.jpg HTTP/2" 200 1651 "-" "Mozilla/5.0 AppleWebKit/537.36 (KHTML, like Gecko; compatible; ClaudeBot/1.0; +claudebot@anthropic.com)"
216.73.216.164 - - [31/Aug/2026:08:57:19 -0400] "GET /pn/ko_pn.php?dir=%2Fhome%2Fkozerus%2Fpublic_html%2Fzm%2Fhrc2011%2FTileGroup2%2F7-53-0.jpg HTTP/2" 200 3885 "-" "Mozilla/5.0 AppleWebKit/537.36 (KHTML, like Gecko; compatible; ClaudeBot/1.0; +claudebot@anthropic.com)"
216.73.216.164 - - [31/Aug/2026:08:57:19 -0400] "GET /js/turnjs4/samples/magazine/pages/zn/zn_41.jpg HTTP/2" 200 316761 "-" "Mozilla/5.0 AppleWebKit/537.36 (KHTML, like Gecko; compatible; ClaudeBot/1.0; +claudebot@anthropic.com)"
216.73.216.164 - - [31/Aug/2026:08:57:20 -0400] "GET /ko_center/zm5/hrc_dr18d29/TileGroup0/5-3-2.jpg HTTP/2" 200 5378 "-" "Mozilla/5.0 AppleWebKit/537.36 (KHTML, like Gecko; compatible; ClaudeBot/1.0; +claudebot@anthropic.com)"
216.73.216.164 - - [31/Aug/2026:08:57:20 -0400] "GET /pn/ko_pn.php?dir=%2Fhome%2Fkozerus%2Fpublic_html%2Fzm%2Fhrc2011%2FTileGroup2%2F7-22-0.jpg HTTP/2" 429 0 "-" "Mozilla/5.0 AppleWebKit/537.36 (KHTML, like Gecko; compatible; ClaudeBot/1.0; +claudebot@anthropic.com)"
216.73.216.164 - - [31/Aug/2026:08:57:21 -0400] "GET /pn/ko_pn.php?dir=%2Fhome%2Fkozerus%2Fpublic_html%2Fzm%2Fhrc2011%2FTileGroup2%2F7-45-0.jpg HTTP/2" 200 3885 "-" "Mozilla/5.0 AppleWebKit/537.36 (KHTML, like Gecko; compatible; ClaudeBot/1.0; +claudebot@anthropic.com)"
216.73.216.164 - - [31/Aug/2026:08:57:22 -0400] "GET /ko_center/zm5/hrc_dr13d09/TileGroup2/6-9-1.jpg HTTP/2" 429 0 "-" "Mozilla/5.0 AppleWebKit/537.36 (KHTML, like Gecko; compatible; ClaudeBot/1.0; +claudebot@anthropic.com)"
216.73.216.164 - - [31/Aug/2026:08:57:22 -0400] "GET /pn/ko_pn.php?dir=%2Fhome%2Fkozerus%2Fpublic_html%2Fimgs%2Fbtn%2Fkoeyeb_kov_kassil.png HTTP/2" 200 3914 "-" "Mozilla/5.0 AppleWebKit/537.36 (KHTML, like Gecko; compatible; ClaudeBot/1.0; +claudebot@anthropic.com)"
216.73.216.164 - - [31/Aug/2026:08:57:23 -0400] "GET /ko_center/zm5/hrc_dr17d26/TileGroup2/6-41-2.jpg HTTP/2" 429 0 "-" "Mozilla/5.0 AppleWebKit/537.36 (KHTML, like Gecko; compatible; ClaudeBot/1.0; +claudebot@anthropic.com)"
216.73.216.164 - - [31/Aug/2026:08:57:23 -0400] "GET /zm/hrc2009stl/TileGroup11/6-5-37.jpg HTTP/2" 200 6576 "-" "Mozilla/5.0 AppleWebKit/537.36 (KHTML, like Gecko; compatible; ClaudeBot/1.0; +claudebot@anthropic.com)"
216.73.216.164 - - [31/Aug/2026:08:57:23 -0400] "GET /pn/ko_pn.php?dir=%2Fhome%2Fkozerus%2Fpublic_html%2Fzm%2Fhrc2011%2FTileGroup2%2F7-48-0.jpg HTTP/2" 429 0 "-" "Mozilla/5.0 AppleWebKit/537.36 (KHTML, like Gecko; compatible; ClaudeBot/1.0; +claudebot@anthropic.com)"
216.73.216.164 - - [31/Aug/2026:08:57:24 -0400] "GET /ko_center/zm5/hrc_dr13d09/TileGroup0/4-9-5.jpg HTTP/2" 200 2765 "-" "Mozilla/5.0 AppleWebKit/537.36 (KHTML, like Gecko; compatible; ClaudeBot/1.0; +claudebot@anthropic.com)"
216.73.216.164 - - [31/Aug/2026:08:57:25 -0400] "GET /ko_center/zm5/hrc_dr13d09/TileGroup2/6-11-2.jpg HTTP/2" 429 0 "-" "Mozilla/5.0 AppleWebKit/537.36 (KHTML, like Gecko; compatible; ClaudeBot/1.0; +claudebot@anthropic.com)"
216.73.216.164 - - [31/Aug/2026:08:57:25 -0400] "GET /pn/ko_pn.php?dir=%2Fhome%2Fkozerus%2Fpublic_html%2Fzm%2Fhrc2011%2FTileGroup1%2F6-2-4.jpg HTTP/2" 200 3884 "-" "Mozilla/5.0 AppleWebKit/537.36 (KHTML, like Gecko; compatible; ClaudeBot/1.0; +claudebot@anthropic.com)"
216.73.216.164 - - [31/Aug/2026:08:57:25 -0400] "GET /pn/ko_pn.php?dir=%2Fhome%2Fkozerus%2Fpublic_html%2Fzm%2Fhrc2011%2FTileGroup1%2F6-4-2.jpg HTTP/2" 429 0 "-" "Mozilla/5.0 AppleWebKit/537.36 (KHTML, like Gecko; compatible; ClaudeBot/1.0; +claudebot@anthropic.com)"
216.73.216.164 - - [31/Aug/2026:08:57:26 -0400] "GET /ko_center/zm5/hrc_d/TileGroup1/5-6-7.jpg HTTP/2" 200 3128 "-" "Mozilla/5.0 AppleWebKit/537.36 (KHTML, like Gecko; compatible; ClaudeBot/1.0; +claudebot@anthropic.com)"
216.73.216.164 - - [31/Aug/2026:08:57:27 -0400] "GET /ko_center/zm5/hrc_dr13d09/TileGroup2/6-5-5.jpg HTTP/2" 429 0 "-" "Mozilla/5.0 AppleWebKit/537.36 (KHTML, like Gecko; compatible; ClaudeBot/1.0; +claudebot@anthropic.com)"
216.73.216.164 - - [31/Aug/2026:08:57:27 -0400] "GET /zm/hrc2009stl/TileGroup6/6-20-11.jpg HTTP/2" 200 22413 "-" "Mozilla/5.0 AppleWebKit/537.36 (KHTML, like Gecko; compatible; ClaudeBot/1.0; +claudebot@anthropic.com)"
216.73.216.164 - - [31/Aug/2026:08:57:28 -0400] "GET /ko_center/zm5/hrc_dr20d37/TileGroup0/4-2-5.jpg HTTP/2" 429 0 "-" "Mozilla/5.0 AppleWebKit/537.36 (KHTML, like Gecko; compatible; ClaudeBot/1.0; +claudebot@anthropic.com)"
66.249.69.227 - - [31/Aug/2026:08:57:31 -0400] "GET /fb/kolog/pages/zn/zn_0.jpg HTTP/1.1" 404 1251 "-" "Googlebot-Image/1.0"
216.73.216.164 - - [31/Aug/2026:08:57:33 -0400] "GET /ko_center/zm5/hrc_d/TileGroup6/6-4-23.jpg HTTP/2" 200 1651 "-" "Mozilla/5.0 AppleWebKit/537.36 (KHTML, like Gecko; compatible; ClaudeBot/1.0; +claudebot@anthropic.com)"
216.73.216.164 - - [31/Aug/2026:08:57:37 -0400] "GET /pn/ko_pn.php?dir=%2Fhome%2Fkozerus%2Fpublic_html%2Fimgs%2Fbtn%2Fbtn_keys_clipart2.png HTTP/2" 200 3897 "-" "Mozilla/5.0 AppleWebKit/537.36 (KHTML, like Gecko; compatible; ClaudeBot/1.0; +claudebot@anthropic.com)"
216.73.216.164 - - [31/Aug/2026:08:57:43 -0400] "GET /pn/ko_pn.php?dir=%2Fhome%2Fkozerus%2Fpublic_html%2Fzm%2Fhrc2011%2FTileGroup2%2F6-36-9.jpg HTTP/2" 429 0 "-" "Mozilla/5.0 AppleWebKit/537.36 (KHTML, like Gecko; compatible; ClaudeBot/1.0; +claudebot@anthropic.com)"
216.73.216.164 - - [31/Aug/2026:08:57:48 -0400] "GET /pn/ko_pn.php?dir=%2Fhome%2Fkozerus%2Fpublic_html%2Fzm%2Fapollo17%2FTileGroup1%2F6-37-2.jpg HTTP/2" 200 3891 "-" "Mozilla/5.0 AppleWebKit/537.36 (KHTML, like Gecko; compatible; ClaudeBot/1.0; +claudebot@anthropic.com)"
216.73.216.164 - - [31/Aug/2026:08:57:53 -0400] "GET /pn/ko_pn.php?dir=%2Fhome%2Fkozerus%2Fpublic_html%2Fzc%2Fimgs%2Fcategories%2Fsubcategory_media_cds.jpg HTTP/2" 429 0 "-" "Mozilla/5.0 AppleWebKit/537.36 (KHTML, like Gecko; compatible; ClaudeBot/1.0; +claudebot@anthropic.com)"
216.73.216.164 - - [31/Aug/2026:08:57:58 -0400] "GET /pn/ko_pn.php?dir=%2Fhome%2Fkozerus%2Fpublic_html%2Fcropex%2Fjs%2Fwz%2Fwz_connect%2Fusb-768x446.png HTTP/2" 200 3889 "-" "Mozilla/5.0 AppleWebKit/537.36 (KHTML, like Gecko; compatible; ClaudeBot/1.0; +claudebot@anthropic.com)"
216.73.216.164 - - [31/Aug/2026:08:58:03 -0400] "GET /ko_center/zm5/hrc_dr17d26/TileGroup1/5-4-11.jpg HTTP/2" 429 0 "-" "Mozilla/5.0 AppleWebKit/537.36 (KHTML, like Gecko; compatible; ClaudeBot/1.0; +claudebot@anthropic.com)"
216.73.216.164 - - [31/Aug/2026:08:58:08 -0400] "GET /zm/hrc2009stl/TileGroup3/5-16-21.jpg HTTP/2" 200 1651 "-" "Mozilla/5.0 AppleWebKit/537.36 (KHTML, like Gecko; compatible; ClaudeBot/1.0; +claudebot@anthropic.com)"
216.73.216.164 - - [31/Aug/2026:08:58:13 -0400] "GET /ko_center/zm5/hrc_d/TileGroup2/6-26-1.jpg HTTP/2" 429 0 "-" "Mozilla/5.0 AppleWebKit/537.36 (KHTML, like Gecko; compatible; ClaudeBot/1.0; +claudebot@anthropic.com)"
216.73.216.164 - - [31/Aug/2026:08:58:18 -0400] "GET /mking/imgs/mkingbook_teddy_terrible.jpg HTTP/2" 200 205421 "-" "Mozilla/5.0 AppleWebKit/537.36 (KHTML, like Gecko; compatible; ClaudeBot/1.0; +claudebot@anthropic.com)"
216.73.216.164 - - [31/Aug/2026:08:58:23 -0400] "GET /zm/hrc2009stl/TileGroup3/5-6-21.jpg HTTP/2" 429 0 "-" "Mozilla/5.0 AppleWebKit/537.36 (KHTML, like Gecko; compatible; ClaudeBot/1.0; +claudebot@anthropic.com)"
216.73.216.164 - - [31/Aug/2026:08:58:28 -0400] "GET /js/turnjs4/samples/magazine/pages/zn/zn_35.jpg HTTP/2" 200 220127 "-" "Mozilla/5.0 AppleWebKit/537.36 (KHTML, like Gecko; compatible; ClaudeBot/1.0; +claudebot@anthropic.com)"
66.249.69.229 - - [31/Aug/2026:08:58:32 -0400] "GET /fb/comics/dc/superman80/no004/pages/zn/zn_28.jpg HTTP/1.1" 404 1251 "-" "Googlebot-Image/1.0"
216.73.216.164 - - [31/Aug/2026:08:58:34 -0400] "GET /bk/book/iperms HTTP/2" 404 1251 "-" "Mozilla/5.0 AppleWebKit/537.36 (KHTML, like Gecko; compatible; ClaudeBot/1.0; +claudebot@anthropic.com)"
216.73.216.164 - - [31/Aug/2026:08:58:35 -0400] "GET /pn/ko_pn.php?dir=%2Fhome%2Fkozerus%2Fpublic_html%2Fgo%2Fdgs0%2Fscripts%2Fupdates%2Froadmap_1_0_14_to_1_0_15.txt HTTP/2" 429 0 "-" "Mozilla/5.0 AppleWebKit/537.36 (KHTML, like Gecko; compatible; ClaudeBot/1.0; +claudebot@anthropic.com)"
85.208.96.210 - - [31/Aug/2026:08:58:36 -0400] "GET /ka/fb/sk/fb.html HTTP/1.1" 404 1251 "-" "Mozilla/5.0 (compatible; SemrushBot/7~bl; +http://www.semrush.com/bot.html)"
216.73.216.164 - - [31/Aug/2026:08:58:39 -0400] "GET /pn/ko_pn.php?dir=%2Fhome%2Fkozerus%2Fpublic_html%2Fdgs%2Fimages%2F5%2Fb46.gif HTTP/2" 200 3941 "-" "Mozilla/5.0 AppleWebKit/537.36 (KHTML, like Gecko; compatible; ClaudeBot/1.0; +claudebot@anthropic.com)"
216.73.216.164 - - [31/Aug/2026:08:58:44 -0400] "GET /pn/ko_pn.php?dir=%2Fhome%2Fkozerus%2Fpublic_html%2Fimgs%2Fbtn%2Femail.gif HTTP/2" 429 0 "-" "Mozilla/5.0 AppleWebKit/537.36 (KHTML, like Gecko; compatible; ClaudeBot/1.0; +claudebot@anthropic.com)"
216.73.216.164 - - [31/Aug/2026:08:58:49 -0400] "GET /pn/ko_pn.php?dir=%2Fhome%2Fkozerus%2Fpublic_html%2Fcropex%2Fjs%2Fwz%2Ftrails.png HTTP/2" 200 3918 "-" "Mozilla/5.0 AppleWebKit/537.36 (KHTML, like Gecko; compatible; ClaudeBot/1.0; +claudebot@anthropic.com)"
216.73.216.164 - - [31/Aug/2026:08:58:55 -0400] "GET /imgs/links/tn/tn_tatesauto2.jpg HTTP/2" 429 0 "-" "Mozilla/5.0 AppleWebKit/537.36 (KHTML, like Gecko; compatible; ClaudeBot/1.0; +claudebot@anthropic.com)"
216.73.216.164 - - [31/Aug/2026:08:58:59 -0400] "GET /ko_center/zm5/hrc_d/TileGroup0/4-2-3.jpg HTTP/2" 200 6841 "-" "Mozilla/5.0 AppleWebKit/537.36 (KHTML, like Gecko; compatible; ClaudeBot/1.0; +claudebot@anthropic.com)"
216.73.216.164 - - [31/Aug/2026:08:59:04 -0400] "GET /pn/ko_pn.php?dir=%2Fhome%2Fkozerus%2Fpublic_html%2Fpiwigo%2Fthemes%2Fsmartpocket%2Fpem_metadata.txt HTTP/2" 429 0 "-" "Mozilla/5.0 AppleWebKit/537.36 (KHTML, like Gecko; compatible; ClaudeBot/1.0; +claudebot@anthropic.com)"
216.73.216.164 - - [31/Aug/2026:08:59:09 -0400] "GET /pn/ko_pn.php?dir=%2Fhome%2Fkozerus%2Fpublic_html%2Fimgs%2Fbtn%2Fapplep.gif HTTP/2" 200 3902 "-" "Mozilla/5.0 AppleWebKit/537.36 (KHTML, like Gecko; compatible; ClaudeBot/1.0; +claudebot@anthropic.com)"
216.73.216.164 - - [31/Aug/2026:08:59:15 -0400] "GET /pn/ko_pn.php?dir=%2Fhome%2Fkozerus%2Fpublic_html%2Fimgs%2Fbtn%2Ftn_blobs_gravity.gif HTTP/2" 429 0 "-" "Mozilla/5.0 AppleWebKit/537.36 (KHTML, like Gecko; compatible; ClaudeBot/1.0; +claudebot@anthropic.com)"
216.73.216.164 - - [31/Aug/2026:08:59:20 -0400] "GET /imgs/links/tn/tn_pano_falls.png HTTP/2" 200 43606 "-" "Mozilla/5.0 AppleWebKit/537.36 (KHTML, like Gecko; compatible; ClaudeBot/1.0; +claudebot@anthropic.com)"
216.73.216.164 - - [31/Aug/2026:08:59:24 -0400] "GET /zm/hrc2009stl/TileGroup13/6-49-42.jpg HTTP/2" 429 0 "-" "Mozilla/5.0 AppleWebKit/537.36 (KHTML, like Gecko; compatible; ClaudeBot/1.0; +claudebot@anthropic.com)"
216.73.216.164 - - [31/Aug/2026:08:59:29 -0400] "GET /pn/ko_pn.php?dir=%2Fhome%2Fkozerus%2Fpublic_html%2Fdgs%2Fimages%2F5%2Fb33.gif HTTP/2" 200 3940 "-" "Mozilla/5.0 AppleWebKit/537.36 (KHTML, like Gecko; compatible; ClaudeBot/1.0; +claudebot@anthropic.com)"
216.73.216.164 - - [31/Aug/2026:08:59:35 -0400] "GET /imgs/links/tn/tn_AmyLogo_arp_100.png HTTP/2" 429 0 "-" "Mozilla/5.0 AppleWebKit/537.36 (KHTML, like Gecko; compatible; ClaudeBot/1.0; +claudebot@anthropic.com)"
216.73.216.164 - - [31/Aug/2026:08:59:39 -0400] "GET /go/dgs0/images/50/ug.gif HTTP/2" 200 166 "-" "Mozilla/5.0 AppleWebKit/537.36 (KHTML, like Gecko; compatible; ClaudeBot/1.0; +claudebot@anthropic.com)"
216.73.216.164 - - [31/Aug/2026:08:59:45 -0400] "GET /pn/ko_pn.php?dir=%2Fhome%2Fkozerus%2Fpublic_html%2Fdgs%2Fdgs%2Ftranslations HTTP/2" 429 0 "-" "Mozilla/5.0 AppleWebKit/537.36 (KHTML, like Gecko; compatible; ClaudeBot/1.0; +claudebot@anthropic.com)"
216.73.216.164 - - [31/Aug/2026:08:59:50 -0400] "GET /zm/hrc2009stl/TileGroup13/6-34-44.jpg HTTP/2" 200 1203 "-" "Mozilla/5.0 AppleWebKit/537.36 (KHTML, like Gecko; compatible; ClaudeBot/1.0; +claudebot@anthropic.com)"
216.73.216.164 - - [31/Aug/2026:08:59:55 -0400] "GET /pn/ko_pn.php?dir=%2Fhome%2Fkozerus%2Fpublic_html%2Fcropex%2Fjs%2Fwz%2Fwz_connects%2Findex.html HTTP/2" 429 0 "-" "Mozilla/5.0 AppleWebKit/537.36 (KHTML, like Gecko; compatible; ClaudeBot/1.0; +claudebot@anthropic.com)"
216.73.216.164 - - [31/Aug/2026:09:00:00 -0400] "GET /pn/ko_pn.php?dir=%2Fhome%2Fkozerus%2Fpublic_html%2Fjs%2Fwz_connect%2Fcable_hdmi_c.png HTTP/2" 200 3950 "-" "Mozilla/5.0 AppleWebKit/537.36 (KHTML, like Gecko; compatible; ClaudeBot/1.0; +claudebot@anthropic.com)"
216.73.216.164 - - [31/Aug/2026:09:00:05 -0400] "GET /konet/zm/komap/TileGroup0/4-2-5.jpg HTTP/2" 429 0 "-" "Mozilla/5.0 AppleWebKit/537.36 (KHTML, like Gecko; compatible; ClaudeBot/1.0; +claudebot@anthropic.com)"
216.73.216.164 - - [31/Aug/2026:09:00:10 -0400] "GET /zm/hrc2009stl/TileGroup2/5-7-10.jpg HTTP/2" 200 27997 "-" "Mozilla/5.0 AppleWebKit/537.36 (KHTML, like Gecko; compatible; ClaudeBot/1.0; +claudebot@anthropic.com)"
17.166.232.162 - - [31/Aug/2026:09:00:12 -0400] "GET /viewer.css HTTP/2" 404 1251 "https://ko0.us/viewer.html" "Mozilla/5.0 (Macintosh; Intel Mac OS X 10_15_7) AppleWebKit/605.1.15 (KHTML, like Gecko) Version/17.4 Safari/605.1.15 (Applebot/0.1; +http://www.apple.com/go/applebot)"
17.166.232.162 - - [31/Aug/2026:09:00:13 -0400] "GET /node_modules/es-module-shims/dist/es-module-shims.js HTTP/2" 404 1251 "https://ko0.us/viewer.html" "Mozilla/5.0 (Macintosh; Intel Mac OS X 10_15_7) AppleWebKit/605.1.15 (KHTML, like Gecko) Version/17.4 Safari/605.1.15 (Applebot/0.1; +http://www.apple.com/go/applebot)"
216.73.216.164 - - [31/Aug/2026:09:00:15 -0400] "GET /imgs/gif/orbs/kali15.gif HTTP/2" 429 0 "-" "Mozilla/5.0 AppleWebKit/537.36 (KHTML, like Gecko; compatible; ClaudeBot/1.0; +claudebot@anthropic.com)"
216.73.216.164 - - [31/Aug/2026:09:00:20 -0400] "GET /zc/logs/myDEBUG-20211118-053639-248618-warning.log HTTP/2" 403 1242 "-" "Mozilla/5.0 AppleWebKit/537.36 (KHTML, like Gecko; compatible; ClaudeBot/1.0; +claudebot@anthropic.com)"
216.73.216.164 - - [31/Aug/2026:09:00:25 -0400] "GET /zm/hrc2009stl/TileGroup13/6-47-42.jpg HTTP/2" 429 0 "-" "Mozilla/5.0 AppleWebKit/537.36 (KHTML, like Gecko; compatible; ClaudeBot/1.0; +claudebot@anthropic.com)"
185.191.171.5 - - [31/Aug/2026:09:00:25 -0400] "GET /konet/kd0.html HTTP/1.1" 200 3096 "-" "Mozilla/5.0 (compatible; SemrushBot/7~bl; +http://www.semrush.com/bot.html)"
85.208.96.212 - - [31/Aug/2026:08:56:40 -0400] "GET /fl/iperms/iperms_typo/iperms_typo.html HTTP/1.1" 404 1251 "-" "Mozilla/5.0 (compatible; SemrushBot/7~bl; +http://www.semrush.com/bot.html)"
216.73.216.164 - - [31/Aug/2026:08:56:42 -0400] "GET /ko_center/zm5/hrc_cr04c17/TileGroup1/5-7-13.jpg HTTP/2" 200 1651 "-" "Mozilla/5.0 AppleWebKit/537.36 (KHTML, like Gecko; compatible; ClaudeBot/1.0; +claudebot@anthropic.com)"
74.7.227.147 - - [31/Aug/2026:08:56:42 -0400] "GET /ko_jtf/zm/jtf_parcels/jtf31.html HTTP/2" 404 1251 "https://ko0.us/index_vi.html" "Mozilla/5.0 AppleWebKit/537.36 (KHTML, like Gecko; compatible; GPTBot/1.4; +https://openai.com/gptbot)"
216.73.216.164 - - [31/Aug/2026:08:56:47 -0400] "GET /ko_center/zm5/hrc_cr07c29/TileGroup5/6-23-20.jpg HTTP/2" 200 5438 "-" "Mozilla/5.0 AppleWebKit/537.36 (KHTML, like Gecko; compatible; ClaudeBot/1.0; +claudebot@anthropic.com)"
216.73.216.164 - - [31/Aug/2026:08:56:52 -0400] "GET /ko_center/zm5/hrc_cr07c29/TileGroup5/6-20-19.jpg HTTP/2" 200 1651 "-" "Mozilla/5.0 AppleWebKit/537.36 (KHTML, like Gecko; compatible; ClaudeBot/1.0; +claudebot@anthropic.com)"
216.73.216.164 - - [31/Aug/2026:08:56:57 -0400] "GET /ko_center/zm5/hrc_dr12d04/TileGroup5/6-5-17.jpg HTTP/2" 200 1651 "-" "Mozilla/5.0 AppleWebKit/537.36 (KHTML, like Gecko; compatible; ClaudeBot/1.0; +claudebot@anthropic.com)"
216.73.216.164 - - [31/Aug/2026:08:57:02 -0400] "GET /ko_center/zm5/hrc_cr07c29/TileGroup5/6-23-16.jpg HTTP/2" 200 7865 "-" "Mozilla/5.0 AppleWebKit/537.36 (KHTML, like Gecko; compatible; ClaudeBot/1.0; +claudebot@anthropic.com)"
74.7.227.147 - - [31/Aug/2026:08:57:02 -0400] "GET /ko_jtf/zm/jtf_parcels/jtf28.html HTTP/2" 404 1251 "https://ko0.us/index_vi.html" "Mozilla/5.0 AppleWebKit/537.36 (KHTML, like Gecko; compatible; GPTBot/1.4; +https://openai.com/gptbot)"
216.73.216.164 - - [31/Aug/2026:08:57:07 -0400] "GET /ko_center/zm5/hrc_cr04c17/TileGroup0/5-11-0.jpg HTTP/2" 200 5458 "-" "Mozilla/5.0 AppleWebKit/537.36 (KHTML, like Gecko; compatible; ClaudeBot/1.0; +claudebot@anthropic.com)"
216.73.216.164 - - [31/Aug/2026:08:57:12 -0400] "GET /ko_center/zm5/hrc_cr01c00/TileGroup5/6-45-18.jpg HTTP/2" 200 1651 "-" "Mozilla/5.0 AppleWebKit/537.36 (KHTML, like Gecko; compatible; ClaudeBot/1.0; +claudebot@anthropic.com)"
74.7.227.147 - - [31/Aug/2026:08:58:02 -0400] "GET /birds/imgs/gif/giphy_birds.gif HTTP/2" 404 1251 "https://ko0.us/birds/" "Mozilla/5.0 AppleWebKit/537.36 (KHTML, like Gecko; compatible; GPTBot/1.4; +https://openai.com/gptbot)"
74.7.227.147 - - [31/Aug/2026:08:58:22 -0400] "GET /tl/tn/tn_jtfdc_20200725_1119_stalkaround_police_wagon_A132_jkwii_outreach_IMG_0038.png HTTP/2" 404 1251 "https://ko0.us/jk_f2d.html" "Mozilla/5.0 AppleWebKit/537.36 (KHTML, like Gecko; compatible; GPTBot/1.4; +https://openai.com/gptbot)"
185.191.171.10 - - [31/Aug/2026:08:58:49 -0400] "GET /contacts.html HTTP/1.1" 404 1251 "-" "Mozilla/5.0 (compatible; SemrushBot/7~bl; +http://www.semrush.com/bot.html)"
74.7.227.147 - - [31/Aug/2026:08:59:22 -0400] "GET /imgs/btn/kow1_ne.png HTTP/2" 200 487305 "https://ko0.us/imgs/btn/" "Mozilla/5.0 AppleWebKit/537.36 (KHTML, like Gecko; compatible; GPTBot/1.4; +https://openai.com/gptbot)"
66.249.69.227 - - [31/Aug/2026:08:59:33 -0400] "GET /fb/comics/dc/superman80/no004/pages/zn/zn_54.jpg HTTP/1.1" 404 1251 "-" "Googlebot-Image/1.0"
74.7.227.147 - - [31/Aug/2026:09:00:11 -0400] "GET /imgs/btn/kob1_nw.png HTTP/2" 200 484892 "https://ko0.us/imgs/btn/" "Mozilla/5.0 AppleWebKit/537.36 (KHTML, like Gecko; compatible; GPTBot/1.4; +https://openai.com/gptbot)"
74.7.227.147 - - [31/Aug/2026:09:00:36 -0400] "GET /imgs/btn/kob1_sw.png HTTP/2" 200 1950537 "https://ko0.us/imgs/btn/" "Mozilla/5.0 AppleWebKit/537.36 (KHTML, like Gecko; compatible; GPTBot/1.4; +https://openai.com/gptbot)"
216.73.216.164 - - [31/Aug/2026:09:00:30 -0400] "GET /pn/ko_pn.php?dir=%2Fhome%2Fkozerus%2Fpublic_html%2Fcropex%2Fnode%2Fnode_modules%2Fdrizzle-orm%2Fcache%2F HTTP/2" 200 3964 "-" "Mozilla/5.0 AppleWebKit/537.36 (KHTML, like Gecko; compatible; ClaudeBot/1.0; +claudebot@anthropic.com)"
216.73.216.164 - - [31/Aug/2026:09:00:35 -0400] "GET /pn/ko_pn.php?dir=%2Fhome%2Fkozerus%2Fpublic_html%2Fcropex%2Fnode%2Fnode_modules%2Fdrizzle-orm%2Fprisma%2Fsqlite%2Fdriver.js HTTP/2" 429 0 "-" "Mozilla/5.0 AppleWebKit/537.36 (KHTML, like Gecko; compatible; ClaudeBot/1.0; +claudebot@anthropic.com)"
17.166.232.243 - - [31/Aug/2026:08:55:46 -0400] "GET /tl.json?callback=onJSONP_Data HTTP/2" 200 486 "https://ko0.us/mob_lists.htm" "Mozilla/5.0 (Macintosh; Intel Mac OS X 10_15_7) AppleWebKit/605.1.15 (KHTML, like Gecko) Version/17.4 Safari/605.1.15 (Applebot/0.1; +http://www.apple.com/go/applebot)"
91.106.47.7 - - [31/Aug/2026:08:56:01 -0400] "GET /jax2.html HTTP/1.1" 200 13195 "https://ko0.us/" "Mozilla/5.0 (Windows NT 10.0; Win64; x64) AppleWebKit/537.36 (KHTML, like Gecko) Chrome/120.0.0.0 Safari/537.36 Edg/120.0.0.0"
102.219.25.112 - - [31/Aug/2026:08:56:24 -0400] "GET /snd5.html HTTP/1.1" 200 2579 "https://ko0.us/" "Mozilla/5.0 (Windows NT 10.0; Win64; x64; rv:123.0) Gecko/20100101 Firefox/123.0"
187.111.206.11 - - [31/Aug/2026:08:56:50 -0400] "GET /jtfdcr_flyers.html HTTP/1.1" 200 78666 "https://ko0.us/" "Mozilla/5.0 (Macintosh; Intel Mac OS X 10_15_7) AppleWebKit/537.36 (KHTML, like Gecko) Chrome/126.0.6478.127 Safari/537.36"
74.7.244.62 - - [31/Aug/2026:08:57:02 -0400] "GET /robots.txt HTTP/2" 404 1251 "-" "Mozilla/5.0 (Macintosh; Intel Mac OS X 10_15_7) AppleWebKit/537.36 (KHTML, like Gecko) Chrome/131.0.0.0 Safari/537.36; compatible; OAI-SearchBot/1.4; robots.txt; +https://openai.com/searchbot"
85.208.96.200 - - [31/Aug/2026:08:57:24 -0400] "GET /jkwii/aud/keybd/index.html HTTP/1.1" 404 1251 "-" "Mozilla/5.0 (compatible; SemrushBot/7~bl; +http://www.semrush.com/bot.html)"
181.1.236.56 - - [31/Aug/2026:08:59:55 -0400] "GET /tl.db3%27%29%20or%20extractvalue%286730,concat%280x7e,%28%28select%20%28elt%286730=6730,1%29%29%29%29,0x7e%29%29--%20- HTTP/1.1" 404 1251 "https://ko0.us/" "Mozilla/5.0 (Macintosh; Intel Mac OS X 10_15_7) AppleWebKit/537.36 (KHTML, like Gecko) Chrome/120.0.0.0 Safari/537.36 Edg/120.0.0.0"
74.7.227.147 - - [31/Aug/2026:09:00:41 -0400] "GET /imgs/btn/kob1_se.png HTTP/2" 200 7824487 "https://ko0.us/imgs/btn/" "Mozilla/5.0 AppleWebKit/537.36 (KHTML, like Gecko; compatible; GPTBot/1.4; +https://openai.com/gptbot)"
74.7.227.147 - - [31/Aug/2026:09:00:45 -0400] "GET /imgs/btn/kob1_ne.png HTTP/2" 200 119288 "https://ko0.us/imgs/btn/" "Mozilla/5.0 AppleWebKit/537.36 (KHTML, like Gecko; compatible; GPTBot/1.4; +https://openai.com/gptbot)"
74.7.227.147 - - [31/Aug/2026:09:00:51 -0400] "GET /imgs/btn/kow1_se.png HTTP/2" 200 119292 "https://ko0.us/imgs/btn/" "Mozilla/5.0 AppleWebKit/537.36 (KHTML, like Gecko; compatible; GPTBot/1.4; +https://openai.com/gptbot)"
74.7.227.147 - - [31/Aug/2026:09:00:59 -0400] "GET /imgs/btn/kow1_nw.png HTTP/2" 200 1965089 "https://ko0.us/imgs/btn/" "Mozilla/5.0 AppleWebKit/537.36 (KHTML, like Gecko; compatible; GPTBot/1.4; +https://openai.com/gptbot)"
74.7.227.147 - - [31/Aug/2026:09:01:00 -0400] "GET /js/wz/wz_library.js HTTP/2" 200 1044 "https://ko0.us/ko_anims.html" "Mozilla/5.0 AppleWebKit/537.36 (KHTML, like Gecko; compatible; GPTBot/1.4; +https://openai.com/gptbot)"
74.7.227.147 - - [31/Aug/2026:09:01:01 -0400] "GET /imgs/mp4gifs/chapelcrosswalkers.gif HTTP/2" 404 1251 "https://ko0.us/index_blob.html" "Mozilla/5.0 AppleWebKit/537.36 (KHTML, like Gecko; compatible; GPTBot/1.4; +https://openai.com/gptbot)"
74.7.227.147 - - [31/Aug/2026:09:01:03 -0400] "GET /fb/jtfdcr/imgs/IMG_1885_property_map.JPG HTTP/2" 404 1251 "https://ko0.us/jk_f2d.html" "Mozilla/5.0 AppleWebKit/537.36 (KHTML, like Gecko; compatible; GPTBot/1.4; +https://openai.com/gptbot)"
74.7.227.147 - - [31/Aug/2026:09:01:09 -0400] "GET /stl/imgs/tn/tn_abby_spoonlady_teeth.png HTTP/2" 200 96150 "https://ko0.us/stl/" "Mozilla/5.0 AppleWebKit/537.36 (KHTML, like Gecko; compatible; GPTBot/1.4; +https://openai.com/gptbot)"
74.7.227.147 - - [31/Aug/2026:09:01:11 -0400] "GET /kb/v/kt/Shaolin_Monk_Master_Super_Speed.mp4 HTTP/2" 404 1251 "https://ko0.us/kt0.html" "Mozilla/5.0 AppleWebKit/537.36 (KHTML, like Gecko; compatible; GPTBot/1.4; +https://openai.com/gptbot)"
74.7.227.147 - - [31/Aug/2026:09:01:12 -0400] "GET /boilerplate/bootstrap HTTP/2" 404 1251 "https://ko0.us/trigger3.html" "Mozilla/5.0 AppleWebKit/537.36 (KHTML, like Gecko; compatible; GPTBot/1.4; +https://openai.com/gptbot)"
74.7.227.147 - - [31/Aug/2026:09:01:17 -0400] "GET /fb/jtfdcr/imgs/IMG_9669.JPG HTTP/2" 404 1251 "https://ko0.us/jk_f2d.html" "Mozilla/5.0 AppleWebKit/537.36 (KHTML, like Gecko; compatible; GPTBot/1.4; +https://openai.com/gptbot)"
74.7.227.147 - - [31/Aug/2026:09:01:18 -0400] "GET /fb/jtfdcr/imgs/IMG_9559.JPG HTTP/2" 404 1251 "https://ko0.us/jk_f2d.html" "Mozilla/5.0 AppleWebKit/537.36 (KHTML, like Gecko; compatible; GPTBot/1.4; +https://openai.com/gptbot)"
74.7.227.147 - - [31/Aug/2026:09:01:18 -0400] "GET /fb/jtfdcr/imgs/IMG_5959.JPG HTTP/2" 404 1251 "https://ko0.us/jk_f2d.html" "Mozilla/5.0 AppleWebKit/537.36 (KHTML, like Gecko; compatible; GPTBot/1.4; +https://openai.com/gptbot)"
74.7.227.147 - - [31/Aug/2026:09:01:19 -0400] "GET /fb/jtfdcr/imgs/IMG_0110.JPG HTTP/2" 404 1251 "https://ko0.us/jk_f2d.html" "Mozilla/5.0 AppleWebKit/537.36 (KHTML, like Gecko; compatible; GPTBot/1.4; +https://openai.com/gptbot)"
74.7.227.147 - - [31/Aug/2026:09:01:19 -0400] "GET /fb/jtfdcr/imgs/IMG_6868.JPG HTTP/2" 404 1251 "https://ko0.us/jk_f2d.html" "Mozilla/5.0 AppleWebKit/537.36 (KHTML, like Gecko; compatible; GPTBot/1.4; +https://openai.com/gptbot)"
74.7.227.147 - - [31/Aug/2026:09:01:20 -0400] "GET /fb/jtfdcr/imgs/IMG_0330.JPG HTTP/2" 404 1251 "https://ko0.us/jk_f2d.html" "Mozilla/5.0 AppleWebKit/537.36 (KHTML, like Gecko; compatible; GPTBot/1.4; +https://openai.com/gptbot)"
74.7.227.147 - - [31/Aug/2026:09:01:21 -0400] "GET /fb/jtfdcr/imgs/IMG_0505.JPG HTTP/2" 404 1251 "https://ko0.us/jk_f2d.html" "Mozilla/5.0 AppleWebKit/537.36 (KHTML, like Gecko; compatible; GPTBot/1.4; +https://openai.com/gptbot)"
216.73.216.164 - - [31/Aug/2026:09:00:40 -0400] "GET /pn/ko_pn.php?dir=%2Fhome%2Fkozerus%2Fpublic_html%2Fcropex%2Fnode%2Fnode_modules%2Fmagic-string%2F HTTP/2" 200 4034 "-" "Mozilla/5.0 AppleWebKit/537.36 (KHTML, like Gecko; compatible; ClaudeBot/1.0; +claudebot@anthropic.com)"
216.73.216.164 - - [31/Aug/2026:09:00:45 -0400] "GET /piwigo/themes/smartpocket/template/notification.tpl HTTP/2" 200 806 "-" "Mozilla/5.0 AppleWebKit/537.36 (KHTML, like Gecko; compatible; ClaudeBot/1.0; +claudebot@anthropic.com)"
216.73.216.164 - - [31/Aug/2026:09:00:50 -0400] "GET /piwigo/language/es_ES/help/help_add_photos.html HTTP/2" 200 488 "-" "Mozilla/5.0 AppleWebKit/537.36 (KHTML, like Gecko; compatible; ClaudeBot/1.0; +claudebot@anthropic.com)"
216.73.216.164 - - [31/Aug/2026:09:00:55 -0400] "GET /pn/ko_pn.php?dir=%2Fhome%2Fkozerus%2Fpublic_html%2Fcropex%2Fnode%2Fnode_modules%2Fdrizzle-orm%2Fcache%2Fcore%2Fcache.cjs HTTP/2" 200 4790 "-" "Mozilla/5.0 AppleWebKit/537.36 (KHTML, like Gecko; compatible; ClaudeBot/1.0; +claudebot@anthropic.com)"
216.73.216.164 - - [31/Aug/2026:09:01:00 -0400] "GET /ko_center/imgs/cab/cab_bottom.png HTTP/2" 200 1182 "-" "Mozilla/5.0 AppleWebKit/537.36 (KHTML, like Gecko; compatible; ClaudeBot/1.0; +claudebot@anthropic.com)"
216.73.216.164 - - [31/Aug/2026:09:01:05 -0400] "GET /ko/fb/templets/stlc/pages/page60.html HTTP/2" 404 1251 "-" "Mozilla/5.0 AppleWebKit/537.36 (KHTML, like Gecko; compatible; ClaudeBot/1.0; +claudebot@anthropic.com)"
223.123.93.19 - - [31/Aug/2026:09:01:05 -0400] "GET /mobmax.html HTTP/1.1" 200 1063732 "https://ko0.us/" "Mozilla/5.0 (Windows NT 10.0; Win64; x64) AppleWebKit/537.36 (KHTML, like Gecko) Chrome/121.0.0.0 Safari/537.36 Edg/121.0.0.0"
216.73.216.164 - - [31/Aug/2026:09:01:10 -0400] "GET /ka/pdf/web/locale/ar/viewer.properties HTTP/2" 200 12809 "-" "Mozilla/5.0 AppleWebKit/537.36 (KHTML, like Gecko; compatible; ClaudeBot/1.0; +claudebot@anthropic.com)"
216.73.216.164 - - [31/Aug/2026:09:01:15 -0400] "GET /ko_center/zm5/hrc_c/ImageProperties.xml HTTP/2" 200 107 "-" "Mozilla/5.0 AppleWebKit/537.36 (KHTML, like Gecko; compatible; ClaudeBot/1.0; +claudebot@anthropic.com)"
216.73.216.164 - - [31/Aug/2026:09:01:20 -0400] "GET /pn/ko_pn.php?dir=%2Fhome%2Fkozerus%2Fpublic_html%2Fpiwigo%2Fthemes%2Felegant%2Fscripts_pp.js HTTP/2" 200 5089 "-" "Mozilla/5.0 AppleWebKit/537.36 (KHTML, like Gecko; compatible; ClaudeBot/1.0; +claudebot@anthropic.com)"
216.73.216.164 - - [31/Aug/2026:09:01:25 -0400] "GET /pn/ko_pn.php?dir=%2Fhome%2Fkozerus%2Fpublic_html%2Fgo%2Fkogo_bugs.html HTTP/2" 200 90785 "-" "Mozilla/5.0 AppleWebKit/537.36 (KHTML, like Gecko; compatible; ClaudeBot/1.0; +claudebot@anthropic.com)"
216.73.216.164 - - [31/Aug/2026:09:01:30 -0400] "GET /go/dgs0/images/5/b20.gif HTTP/2" 200 152 "-" "Mozilla/5.0 AppleWebKit/537.36 (KHTML, like Gecko; compatible; ClaudeBot/1.0; +claudebot@anthropic.com)"
216.73.216.164 - - [31/Aug/2026:09:01:35 -0400] "GET /pn/ko_pn.php?dir=%2Fhome%2Fkozerus%2Fpublic_html%2Fpiwigo%2Flanguage%2Fel_GR%2Fhelp%2Fcat_move.html HTTP/2" 200 4563 "-" "Mozilla/5.0 AppleWebKit/537.36 (KHTML, like Gecko; compatible; ClaudeBot/1.0; +claudebot@anthropic.com)"
216.73.216.164 - - [31/Aug/2026:09:01:40 -0400] "GET /pn/ko_pn.php?dir=%2Fhome%2Fkozerus%2Fpublic_html%2Fpiwigo%2Fthemes%2Felegant%2Ftheme.css HTTP/2" 200 6401 "-" "Mozilla/5.0 AppleWebKit/537.36 (KHTML, like Gecko; compatible; ClaudeBot/1.0; +claudebot@anthropic.com)"
168.195.165.161 - - [31/Aug/2026:09:01:41 -0400] "GET /btns_av_jtf.html HTTP/1.1" 200 402122 "https://ko0.us/" "Mozilla/5.0 (iPhone; CPU iPhone OS 17_0 like Mac OS X) AppleWebKit/605.1.15 (KHTML, like Gecko) Version/17.0 Mobile/15E148 Safari/604.1"
216.73.216.164 - - [31/Aug/2026:09:01:45 -0400] "GET /pn/uize/site-source/examples/~EXPERIMENTAL-drag-move-with-release-travel.html HTTP/2" 200 1719 "-" "Mozilla/5.0 AppleWebKit/537.36 (KHTML, like Gecko; compatible; ClaudeBot/1.0; +claudebot@anthropic.com)"
