85.208.96.206 - - [31/Aug/2026:09:47:35 -0400] "GET /dl/dlc HTTP/1.1" 404 1251 "-" "Mozilla/5.0 (compatible; SemrushBot/7~bl; +http://www.semrush.com/bot.html)"
216.73.216.164 - - [31/Aug/2026:09:47:36 -0400] "GET /pn/ko_pn.php?dir=%2Fhome%2Fkozerus%2Fpublic_html%2Fcropex%2Fnode%2Fnode_modules%2F%40floating-ui%2Futils%2Fdist HTTP/2" 200 4155 "-" "Mozilla/5.0 AppleWebKit/537.36 (KHTML, like Gecko; compatible; ClaudeBot/1.0; +claudebot@anthropic.com)"
216.73.216.164 - - [31/Aug/2026:09:47:41 -0400] "GET /pn/ko_pn.php?dir=%2Fhome%2Fkozerus%2Fpublic_html%2Fcropex%2Fnode%2Fnode_modules%2F%40babel%2Ftraverse HTTP/2" 429 0 "-" "Mozilla/5.0 AppleWebKit/537.36 (KHTML, like Gecko; compatible; ClaudeBot/1.0; +claudebot@anthropic.com)"
216.73.216.164 - - [31/Aug/2026:09:47:46 -0400] "GET /pn/ko_pn.php?dir=%2Fhome%2Fkozerus%2Fpublic_html%2Fcropex%2Fnode%2Fnode_modules%2Fenhanced-resolve%2Flib%2FParsePlugin.js HTTP/2" 200 4828 "-" "Mozilla/5.0 AppleWebKit/537.36 (KHTML, like Gecko; compatible; ClaudeBot/1.0; +claudebot@anthropic.com)"
216.73.216.164 - - [31/Aug/2026:09:47:51 -0400] "GET /imgs/btn/btn_pdfs5.png HTTP/2" 429 0 "-" "Mozilla/5.0 AppleWebKit/537.36 (KHTML, like Gecko; compatible; ClaudeBot/1.0; +claudebot@anthropic.com)"
216.73.216.164 - - [31/Aug/2026:09:47:56 -0400] "GET /pn/ko_pn.php?dir=%2Fhome%2Fkozerus%2Fpublic_html%2Fcropex%2Fnode%2Fnode_modules%2F%40babel%2Fcompat-data%2FREADME.md HTTP/2" 200 4028 "-" "Mozilla/5.0 AppleWebKit/537.36 (KHTML, like Gecko; compatible; ClaudeBot/1.0; +claudebot@anthropic.com)"
74.7.227.147 - - [31/Aug/2026:09:47:00 -0400] "GET /kb/books/jmh/jmh71/jmh71b/tn/tn_IMG_1340.png HTTP/2" 404 1251 "https://ko0.us/jmh71b.htm" "Mozilla/5.0 AppleWebKit/537.36 (KHTML, like Gecko; compatible; GPTBot/1.4; +https://openai.com/gptbot)"
74.7.227.147 - - [31/Aug/2026:09:47:08 -0400] "GET /kb/books/jmh/jmh71/jmh71b/tn/tn_IMG_0701.png HTTP/2" 404 1251 "https://ko0.us/jmh71b.htm" "Mozilla/5.0 AppleWebKit/537.36 (KHTML, like Gecko; compatible; GPTBot/1.4; +https://openai.com/gptbot)"
74.7.227.147 - - [31/Aug/2026:09:47:14 -0400] "GET /kb/books/jmh/jmh71/jmh71b/tn/tn_IMG_0742.png HTTP/2" 404 1251 "https://ko0.us/jmh71b.htm" "Mozilla/5.0 AppleWebKit/537.36 (KHTML, like Gecko; compatible; GPTBot/1.4; +https://openai.com/gptbot)"
74.7.227.147 - - [31/Aug/2026:09:47:26 -0400] "GET /kb/books/jmh/jmh71/jmh71b/tn/tn_IMG_1434.png HTTP/2" 404 1251 "https://ko0.us/jmh71b.htm" "Mozilla/5.0 AppleWebKit/537.36 (KHTML, like Gecko; compatible; GPTBot/1.4; +https://openai.com/gptbot)"
74.7.227.147 - - [31/Aug/2026:09:47:29 -0400] "GET /kb/books/jmh/jmh71/jmh71b/tn/tn_IMG_1320.png HTTP/2" 404 1251 "https://ko0.us/jmh71b.htm" "Mozilla/5.0 AppleWebKit/537.36 (KHTML, like Gecko; compatible; GPTBot/1.4; +https://openai.com/gptbot)"
74.7.227.147 - - [31/Aug/2026:09:47:43 -0400] "GET /kb/books/jmh/jmh71/jmh71b/tn/tn_IMG_0519.png HTTP/2" 404 1251 "https://ko0.us/jmh71b.htm" "Mozilla/5.0 AppleWebKit/537.36 (KHTML, like Gecko; compatible; GPTBot/1.4; +https://openai.com/gptbot)"
74.7.227.147 - - [31/Aug/2026:09:47:44 -0400] "GET /kb/books/jmh/jmh71/jmh71b/tn/tn_IMG_0951.png HTTP/2" 404 1251 "https://ko0.us/jmh71b.htm" "Mozilla/5.0 AppleWebKit/537.36 (KHTML, like Gecko; compatible; GPTBot/1.4; +https://openai.com/gptbot)"
74.7.227.147 - - [31/Aug/2026:09:47:46 -0400] "GET /kb/books/jmh/jmh71/jmh71b/tn/tn_IMG_0173.png HTTP/2" 404 1251 "https://ko0.us/jmh71b.htm" "Mozilla/5.0 AppleWebKit/537.36 (KHTML, like Gecko; compatible; GPTBot/1.4; +https://openai.com/gptbot)"
74.7.227.147 - - [31/Aug/2026:09:47:48 -0400] "GET /kb/books/jmh/jmh71/jmh71b/tn/tn_IMG_0347.png HTTP/2" 404 1251 "https://ko0.us/jmh71b.htm" "Mozilla/5.0 AppleWebKit/537.36 (KHTML, like Gecko; compatible; GPTBot/1.4; +https://openai.com/gptbot)"
74.7.227.147 - - [31/Aug/2026:09:47:50 -0400] "GET /kb/books/jmh/jmh71/jmh71b/tn/tn_IMG_1283.png HTTP/2" 404 1251 "https://ko0.us/jmh71b.htm" "Mozilla/5.0 AppleWebKit/537.36 (KHTML, like Gecko; compatible; GPTBot/1.4; +https://openai.com/gptbot)"
74.7.227.147 - - [31/Aug/2026:09:47:55 -0400] "GET /kb/books/jmh/jmh71/jmh71b/tn/tn_IMG_0241.png HTTP/2" 404 1251 "https://ko0.us/jmh71b.htm" "Mozilla/5.0 AppleWebKit/537.36 (KHTML, like Gecko; compatible; GPTBot/1.4; +https://openai.com/gptbot)"
74.7.227.147 - - [31/Aug/2026:09:48:00 -0400] "GET /kb/books/jmh/jmh71/jmh71b/tn/tn_IMG_1295.png HTTP/2" 404 1251 "https://ko0.us/jmh71b.htm" "Mozilla/5.0 AppleWebKit/537.36 (KHTML, like Gecko; compatible; GPTBot/1.4; +https://openai.com/gptbot)"
66.249.69.229 - - [31/Aug/2026:09:48:03 -0400] "GET /fb/kolog/pages/zn/zn_72.jpg HTTP/1.1" 404 1251 "-" "Googlebot-Image/1.0"
85.208.96.195 - - [31/Aug/2026:09:48:04 -0400] "GET /ko_jtf/zm/jtf_parcels/jtf31.html HTTP/1.1" 404 1251 "-" "Mozilla/5.0 (compatible; SemrushBot/7~bl; +http://www.semrush.com/bot.html)"
74.7.227.147 - - [31/Aug/2026:09:48:10 -0400] "GET /kb/books/jmh/jmh71/jmh71b/tn/tn_IMG_1424.png HTTP/2" 404 1251 "https://ko0.us/jmh71b.htm" "Mozilla/5.0 AppleWebKit/537.36 (KHTML, like Gecko; compatible; GPTBot/1.4; +https://openai.com/gptbot)"
216.73.216.164 - - [31/Aug/2026:09:48:12 -0400] "GET /pn/ko_pn.php?dir=%2Fhome%2Fkozerus%2Fpublic_html%2Fcropex%2Fnode%2Fnode_modules%2Fmicromark-util-subtokenize%2Flicense HTTP/2" 429 0 "-" "Mozilla/5.0 AppleWebKit/537.36 (KHTML, like Gecko; compatible; ClaudeBot/1.0; +claudebot@anthropic.com)"
74.7.227.147 - - [31/Aug/2026:09:48:14 -0400] "GET /kb/books/jmh/jmh71/jmh71b/tn/tn_IMG_1062.png HTTP/2" 404 1251 "https://ko0.us/jmh71b.htm" "Mozilla/5.0 AppleWebKit/537.36 (KHTML, like Gecko; compatible; GPTBot/1.4; +https://openai.com/gptbot)"
216.73.216.164 - - [31/Aug/2026:09:48:17 -0400] "GET /pn/ko_pn.php?dir=%2Fhome%2Fkozerus%2Fpublic_html%2Fcropex%2Fnode%2Fnode_modules%2F%40babel%2Fcompat-data%2Fcorejs2-built-ins.js HTTP/2" 200 3928 "-" "Mozilla/5.0 AppleWebKit/537.36 (KHTML, like Gecko; compatible; ClaudeBot/1.0; +claudebot@anthropic.com)"
74.7.227.147 - - [31/Aug/2026:09:48:19 -0400] "GET /kb/books/jmh/jmh71/jmh71b/tn/tn_IMG_1416.png HTTP/2" 404 1251 "https://ko0.us/jmh71b.htm" "Mozilla/5.0 AppleWebKit/537.36 (KHTML, like Gecko; compatible; GPTBot/1.4; +https://openai.com/gptbot)"
74.7.227.147 - - [31/Aug/2026:09:48:21 -0400] "GET /kb/books/jmh/jmh71/jmh71b/tn/tn_IMG_0783.png HTTP/2" 404 1251 "https://ko0.us/jmh71b.htm" "Mozilla/5.0 AppleWebKit/537.36 (KHTML, like Gecko; compatible; GPTBot/1.4; +https://openai.com/gptbot)"
216.73.216.164 - - [31/Aug/2026:09:48:22 -0400] "GET /pn/ko_pn.php?dir=%2Fhome%2Fkozerus%2Fpublic_html%2Fcropex%2Fnode%2Fnode_modules%2Fautoprefixer%2Flib%2Fold-value.js HTTP/2" 429 0 "-" "Mozilla/5.0 AppleWebKit/537.36 (KHTML, like Gecko; compatible; ClaudeBot/1.0; +claudebot@anthropic.com)"
216.73.216.164 - - [31/Aug/2026:09:48:27 -0400] "GET /pn/ko_pn.php?dir=%2Fhome%2Fkozerus%2Fpublic_html%2Fcropex%2Fnode%2Fnode_modules%2F%40babel%2Fruntime%2Fhelpers%2Fidentity.js HTTP/2" 200 3935 "-" "Mozilla/5.0 AppleWebKit/537.36 (KHTML, like Gecko; compatible; ClaudeBot/1.0; +claudebot@anthropic.com)"
74.7.227.147 - - [31/Aug/2026:09:48:27 -0400] "GET /kb/books/jmh/jmh71/jmh71b/tn/tn_IMG_0157.png HTTP/2" 404 1251 "https://ko0.us/jmh71b.htm" "Mozilla/5.0 AppleWebKit/537.36 (KHTML, like Gecko; compatible; GPTBot/1.4; +https://openai.com/gptbot)"
74.7.227.147 - - [31/Aug/2026:09:48:29 -0400] "GET /kb/books/jmh/jmh71/jmh71b/tn/tn_IMG_1051.png HTTP/2" 404 1251 "https://ko0.us/jmh71b.htm" "Mozilla/5.0 AppleWebKit/537.36 (KHTML, like Gecko; compatible; GPTBot/1.4; +https://openai.com/gptbot)"
74.7.227.147 - - [31/Aug/2026:09:48:31 -0400] "GET /kb/books/jmh/jmh71/jmh71b/tn/tn_IMG_0414.png HTTP/2" 404 1251 "https://ko0.us/jmh71b.htm" "Mozilla/5.0 AppleWebKit/537.36 (KHTML, like Gecko; compatible; GPTBot/1.4; +https://openai.com/gptbot)"
216.73.216.164 - - [31/Aug/2026:09:48:32 -0400] "GET /ko_center/zm5/hrc_dr13d09/TileGroup3/ HTTP/2" 429 0 "-" "Mozilla/5.0 AppleWebKit/537.36 (KHTML, like Gecko; compatible; ClaudeBot/1.0; +claudebot@anthropic.com)"
74.7.227.147 - - [31/Aug/2026:09:48:33 -0400] "GET /kb/books/jmh/jmh71/jmh71b/tn/tn_IMG_1346.png HTTP/2" 404 1251 "https://ko0.us/jmh71b.htm" "Mozilla/5.0 AppleWebKit/537.36 (KHTML, like Gecko; compatible; GPTBot/1.4; +https://openai.com/gptbot)"
216.73.216.164 - - [31/Aug/2026:09:48:37 -0400] "GET /go/allaboutgo/sgf/EvL65wdK.sgf HTTP/2" 200 851 "-" "Mozilla/5.0 AppleWebKit/537.36 (KHTML, like Gecko; compatible; ClaudeBot/1.0; +claudebot@anthropic.com)"
74.7.227.147 - - [31/Aug/2026:09:48:39 -0400] "GET /kb/books/jmh/jmh71/jmh71b/tn/tn_IMG_0107.png HTTP/2" 404 1251 "https://ko0.us/jmh71b.htm" "Mozilla/5.0 AppleWebKit/537.36 (KHTML, like Gecko; compatible; GPTBot/1.4; +https://openai.com/gptbot)"
74.7.227.147 - - [31/Aug/2026:09:48:41 -0400] "GET /kb/books/jmh/jmh71/jmh71b/tn/tn_IMG_0154.png HTTP/2" 404 1251 "https://ko0.us/jmh71b.htm" "Mozilla/5.0 AppleWebKit/537.36 (KHTML, like Gecko; compatible; GPTBot/1.4; +https://openai.com/gptbot)"
216.73.216.164 - - [31/Aug/2026:09:48:42 -0400] "GET /pdf/web/images/secondaryToolbarButton-firstPage.png HTTP/2" 429 0 "-" "Mozilla/5.0 AppleWebKit/537.36 (KHTML, like Gecko; compatible; ClaudeBot/1.0; +claudebot@anthropic.com)"
74.7.227.147 - - [31/Aug/2026:09:48:46 -0400] "GET /kb/books/jmh/jmh71/jmh71b/tn/tn_IMG_0303.png HTTP/2" 404 1251 "https://ko0.us/jmh71b.htm" "Mozilla/5.0 AppleWebKit/537.36 (KHTML, like Gecko; compatible; GPTBot/1.4; +https://openai.com/gptbot)"
216.73.216.164 - - [31/Aug/2026:09:48:47 -0400] "GET /pn/ko_pn.php?dir=%2Fhome%2Fkozerus%2Fpublic_html%2Fcropex%2Fnode%2Fnode_modules%2Freact-day-picker%2FREADME.md HTTP/2" 200 5235 "-" "Mozilla/5.0 AppleWebKit/537.36 (KHTML, like Gecko; compatible; ClaudeBot/1.0; +claudebot@anthropic.com)"
216.73.216.164 - - [31/Aug/2026:09:48:52 -0400] "GET /pn/ko_pn.php?dir=%2Fhome%2Fkozerus%2Fpublic_html%2Fcropex%2Fnode%2Fnode_modules%2Funist-util-visit%2Flicense HTTP/2" 429 0 "-" "Mozilla/5.0 AppleWebKit/537.36 (KHTML, like Gecko; compatible; ClaudeBot/1.0; +claudebot@anthropic.com)"
74.7.227.147 - - [31/Aug/2026:09:48:53 -0400] "GET /kb/books/jmh/jmh71/jmh71b/tn/tn_IMG_1337.png HTTP/2" 404 1251 "https://ko0.us/jmh71b.htm" "Mozilla/5.0 AppleWebKit/537.36 (KHTML, like Gecko; compatible; GPTBot/1.4; +https://openai.com/gptbot)"
74.7.227.147 - - [31/Aug/2026:09:48:55 -0400] "GET /kb/books/jmh/jmh71/jmh71b/tn/tn_IMG_0517.png HTTP/2" 404 1251 "https://ko0.us/jmh71b.htm" "Mozilla/5.0 AppleWebKit/537.36 (KHTML, like Gecko; compatible; GPTBot/1.4; +https://openai.com/gptbot)"
74.7.227.147 - - [31/Aug/2026:09:48:57 -0400] "GET /kb/books/jmh/jmh71/jmh71b/tn/tn_IMG_1453.png HTTP/2" 404 1251 "https://ko0.us/jmh71b.htm" "Mozilla/5.0 AppleWebKit/537.36 (KHTML, like Gecko; compatible; GPTBot/1.4; +https://openai.com/gptbot)"
216.73.216.164 - - [31/Aug/2026:09:48:57 -0400] "GET /imgs/jsdoit/paw_dog.png HTTP/2" 200 41836 "-" "Mozilla/5.0 AppleWebKit/537.36 (KHTML, like Gecko; compatible; ClaudeBot/1.0; +claudebot@anthropic.com)"
74.7.227.147 - - [31/Aug/2026:09:48:58 -0400] "GET /kb/books/jmh/jmh71/jmh71b/tn/tn_IMG_1341.png HTTP/2" 404 1251 "https://ko0.us/jmh71b.htm" "Mozilla/5.0 AppleWebKit/537.36 (KHTML, like Gecko; compatible; GPTBot/1.4; +https://openai.com/gptbot)"
216.73.216.164 - - [31/Aug/2026:09:49:02 -0400] "GET /pn/ko_pn.php?dir=%2Fhome%2Fkozerus%2Fpublic_html%2Fcropex%2Fnode%2Fnode_modules%2Frecharts%2Fes6%2Fcomponent%2FCell.js HTTP/2" 429 0 "-" "Mozilla/5.0 AppleWebKit/537.36 (KHTML, like Gecko; compatible; ClaudeBot/1.0; +claudebot@anthropic.com)"
85.208.96.209 - - [31/Aug/2026:09:49:03 -0400] "GET /imgs/kogrids HTTP/1.1" 200 195384 "-" "Mozilla/5.0 (compatible; SemrushBot/7~bl; +http://www.semrush.com/bot.html)"
74.7.227.147 - - [31/Aug/2026:09:49:04 -0400] "GET /kb/books/jmh/jmh71/jmh71b/tn/tn_IMG_1064.png HTTP/2" 404 1251 "https://ko0.us/jmh71b.htm" "Mozilla/5.0 AppleWebKit/537.36 (KHTML, like Gecko; compatible; GPTBot/1.4; +https://openai.com/gptbot)"
74.7.227.147 - - [31/Aug/2026:09:49:05 -0400] "GET /kb/books/jmh/jmh71/jmh71b/tn/tn_IMG_0741.png HTTP/2" 404 1251 "https://ko0.us/jmh71b.htm" "Mozilla/5.0 AppleWebKit/537.36 (KHTML, like Gecko; compatible; GPTBot/1.4; +https://openai.com/gptbot)"
216.73.216.164 - - [31/Aug/2026:09:49:07 -0400] "GET /pdf/web/images/toolbarButton-print%402x.png HTTP/2" 200 464 "-" "Mozilla/5.0 AppleWebKit/537.36 (KHTML, like Gecko; compatible; ClaudeBot/1.0; +claudebot@anthropic.com)"
74.7.227.147 - - [31/Aug/2026:09:49:09 -0400] "GET /kb/books/jmh/jmh71/jmh71b/tn/tn_IMG_0788.png HTTP/2" 404 1251 "https://ko0.us/jmh71b.htm" "Mozilla/5.0 AppleWebKit/537.36 (KHTML, like Gecko; compatible; GPTBot/1.4; +https://openai.com/gptbot)"
74.7.227.147 - - [31/Aug/2026:09:49:10 -0400] "GET /kb/books/jmh/jmh71/jmh71b/tn/tn_IMG_0378.png HTTP/2" 404 1251 "https://ko0.us/jmh71b.htm" "Mozilla/5.0 AppleWebKit/537.36 (KHTML, like Gecko; compatible; GPTBot/1.4; +https://openai.com/gptbot)"
216.73.216.164 - - [31/Aug/2026:09:49:12 -0400] "GET /pn/ko_pn.php?dir=%2Fhome%2Fkozerus%2Fpublic_html%2Fcropex%2Fnode%2Fnode_modules%2Fbrotli%2Fdec%2Fhuffman.js HTTP/2" 429 0 "-" "Mozilla/5.0 AppleWebKit/537.36 (KHTML, like Gecko; compatible; ClaudeBot/1.0; +claudebot@anthropic.com)"
74.7.227.147 - - [31/Aug/2026:09:49:16 -0400] "GET /kb/books/jmh/jmh71/jmh71b/tn/tn_IMG_0879.png HTTP/2" 404 1251 "https://ko0.us/jmh71b.htm" "Mozilla/5.0 AppleWebKit/537.36 (KHTML, like Gecko; compatible; GPTBot/1.4; +https://openai.com/gptbot)"
216.73.216.164 - - [31/Aug/2026:09:49:17 -0400] "GET /cropex/imgs/btn/koeyew_fb_head.png HTTP/2" 200 5023 "-" "Mozilla/5.0 AppleWebKit/537.36 (KHTML, like Gecko; compatible; ClaudeBot/1.0; +claudebot@anthropic.com)"
74.7.227.147 - - [31/Aug/2026:09:49:17 -0400] "GET /kb/books/jmh/jmh71/jmh71b/tn/tn_IMG_1004.png HTTP/2" 404 1251 "https://ko0.us/jmh71b.htm" "Mozilla/5.0 AppleWebKit/537.36 (KHTML, like Gecko; compatible; GPTBot/1.4; +https://openai.com/gptbot)"
74.7.227.147 - - [31/Aug/2026:09:49:19 -0400] "GET /kb/books/jmh/jmh71/jmh71b/tn/tn_IMG_1225.png HTTP/2" 404 1251 "https://ko0.us/jmh71b.htm" "Mozilla/5.0 AppleWebKit/537.36 (KHTML, like Gecko; compatible; GPTBot/1.4; +https://openai.com/gptbot)"
74.7.227.147 - - [31/Aug/2026:09:49:21 -0400] "GET /kb/books/jmh/jmh71/jmh71b/tn/tn_IMG_0687.png HTTP/2" 404 1251 "https://ko0.us/jmh71b.htm" "Mozilla/5.0 AppleWebKit/537.36 (KHTML, like Gecko; compatible; GPTBot/1.4; +https://openai.com/gptbot)"
216.73.216.164 - - [31/Aug/2026:09:49:22 -0400] "GET /pn/ko_pn.php?dir=%2Fhome%2Fkozerus%2Fpublic_html%2Fcropex%2Fnode%2Fnode_modules%2Fd3-time-format%2Flocale%2Fit-IT.json HTTP/2" 429 0 "-" "Mozilla/5.0 AppleWebKit/537.36 (KHTML, like Gecko; compatible; ClaudeBot/1.0; +claudebot@anthropic.com)"
17.166.154.22 - - [31/Aug/2026:09:49:22 -0400] "GET /mob1.html HTTP/2" 200 1252 "-" "Mozilla/5.0 (Macintosh; Intel Mac OS X 10_15_7) AppleWebKit/605.1.15 (KHTML, like Gecko) Version/17.4 Safari/605.1.15 (Applebot/0.1; +http://www.apple.com/go/applebot)"
74.7.227.147 - - [31/Aug/2026:09:49:22 -0400] "GET /kb/books/jmh/jmh71/jmh71b/tn/tn_IMG_0678.png HTTP/2" 404 1251 "https://ko0.us/jmh71b.htm" "Mozilla/5.0 AppleWebKit/537.36 (KHTML, like Gecko; compatible; GPTBot/1.4; +https://openai.com/gptbot)"
216.73.216.164 - - [31/Aug/2026:09:49:27 -0400] "GET /pn/ko_pn.php?dir=%2Fhome%2Fkozerus%2Fpublic_html%2Fcropex%2Fnode%2Fnode_modules%2Frandom-bytes%2FLICENSE HTTP/2" 200 4388 "-" "Mozilla/5.0 AppleWebKit/537.36 (KHTML, like Gecko; compatible; ClaudeBot/1.0; +claudebot@anthropic.com)"
74.7.227.147 - - [31/Aug/2026:09:49:28 -0400] "GET /kb/books/jmh/jmh71/jmh71b/tn/tn_IMG_1159.png HTTP/2" 404 1251 "https://ko0.us/jmh71b.htm" "Mozilla/5.0 AppleWebKit/537.36 (KHTML, like Gecko; compatible; GPTBot/1.4; +https://openai.com/gptbot)"
74.7.227.147 - - [31/Aug/2026:09:49:31 -0400] "GET /kb/books/jmh/jmh71/jmh71b/tn/tn_IMG_0136.png HTTP/2" 404 1251 "https://ko0.us/jmh71b.htm" "Mozilla/5.0 AppleWebKit/537.36 (KHTML, like Gecko; compatible; GPTBot/1.4; +https://openai.com/gptbot)"
216.73.216.164 - - [31/Aug/2026:09:49:32 -0400] "GET /cropex/js/wz/wz_connect/cable-dc-jack.webp HTTP/2" 429 0 "-" "Mozilla/5.0 AppleWebKit/537.36 (KHTML, like Gecko; compatible; ClaudeBot/1.0; +claudebot@anthropic.com)"
74.7.227.147 - - [31/Aug/2026:09:49:36 -0400] "GET /kb/books/jmh/jmh71/jmh71b/tn/tn_IMG_1206.png HTTP/2" 404 1251 "https://ko0.us/jmh71b.htm" "Mozilla/5.0 AppleWebKit/537.36 (KHTML, like Gecko; compatible; GPTBot/1.4; +https://openai.com/gptbot)"
216.73.216.164 - - [31/Aug/2026:09:49:37 -0400] "GET /piwigo/language/pl_PL/help/admin.php?page=photos_add§ion=applications HTTP/2" 404 1251 "-" "Mozilla/5.0 AppleWebKit/537.36 (KHTML, like Gecko; compatible; ClaudeBot/1.0; +claudebot@anthropic.com)"
74.7.227.147 - - [31/Aug/2026:09:49:40 -0400] "GET /kb/books/jmh/jmh71/jmh71b/tn/tn_IMG_0113.png HTTP/2" 404 1251 "https://ko0.us/jmh71b.htm" "Mozilla/5.0 AppleWebKit/537.36 (KHTML, like Gecko; compatible; GPTBot/1.4; +https://openai.com/gptbot)"
74.7.227.147 - - [31/Aug/2026:09:49:41 -0400] "GET /kb/books/jmh/jmh71/jmh71b/tn/tn_IMG_0807.png HTTP/2" 404 1251 "https://ko0.us/jmh71b.htm" "Mozilla/5.0 AppleWebKit/537.36 (KHTML, like Gecko; compatible; GPTBot/1.4; +https://openai.com/gptbot)"
216.73.216.164 - - [31/Aug/2026:09:49:42 -0400] "GET /ko/imgs/doc/20100709ko.png HTTP/2" 200 192336 "-" "Mozilla/5.0 AppleWebKit/537.36 (KHTML, like Gecko; compatible; ClaudeBot/1.0; +claudebot@anthropic.com)"
66.249.69.228 - - [31/Aug/2026:09:49:42 -0400] "GET /fb/myco/homestead/book1/pages/zn/zn_7.jpg HTTP/1.1" 404 1251 "-" "Googlebot-Image/1.0"
74.7.227.147 - - [31/Aug/2026:09:49:43 -0400] "GET /kb/books/jmh/jmh71/jmh71b/tn/tn_IMG_1382.png HTTP/2" 404 1251 "https://ko0.us/jmh71b.htm" "Mozilla/5.0 AppleWebKit/537.36 (KHTML, like Gecko; compatible; GPTBot/1.4; +https://openai.com/gptbot)"
74.7.227.147 - - [31/Aug/2026:09:49:45 -0400] "GET /kb/books/jmh/jmh71/jmh71b/tn/tn_IMG_0919.png HTTP/2" 404 1251 "https://ko0.us/jmh71b.htm" "Mozilla/5.0 AppleWebKit/537.36 (KHTML, like Gecko; compatible; GPTBot/1.4; +https://openai.com/gptbot)"
216.73.216.164 - - [31/Aug/2026:09:49:47 -0400] "GET /ko/imgs/doc/20081031ko.png HTTP/2" 429 0 "-" "Mozilla/5.0 AppleWebKit/537.36 (KHTML, like Gecko; compatible; ClaudeBot/1.0; +claudebot@anthropic.com)"
74.7.227.147 - - [31/Aug/2026:09:49:50 -0400] "GET /kb/books/jmh/jmh71/jmh71b/tn/tn_IMG_1294.png HTTP/2" 404 1251 "https://ko0.us/jmh71b.htm" "Mozilla/5.0 AppleWebKit/537.36 (KHTML, like Gecko; compatible; GPTBot/1.4; +https://openai.com/gptbot)"
74.7.227.147 - - [31/Aug/2026:09:49:52 -0400] "GET /kb/books/jmh/jmh71/jmh71b/tn/tn_IMG_1182.png HTTP/2" 404 1251 "https://ko0.us/jmh71b.htm" "Mozilla/5.0 AppleWebKit/537.36 (KHTML, like Gecko; compatible; GPTBot/1.4; +https://openai.com/gptbot)"
216.73.216.164 - - [31/Aug/2026:09:49:52 -0400] "GET /canvasjs/canvasjs-stockchart-1.12.13/examples/03-technical-indicators/exponential-moving-average-stockchart.html HTTP/2" 404 1251 "-" "Mozilla/5.0 AppleWebKit/537.36 (KHTML, like Gecko; compatible; ClaudeBot/1.0; +claudebot@anthropic.com)"
216.73.216.164 - - [31/Aug/2026:09:49:57 -0400] "GET /pn/ko_pn.php?dir=%2Fhome%2Fkozerus%2Fpublic_html%2Fcropex%2Fnode%2Fnode_modules%2Fd3-time-format%2Flocale%2Ftr-TR.json HTTP/2" 200 4275 "-" "Mozilla/5.0 AppleWebKit/537.36 (KHTML, like Gecko; compatible; ClaudeBot/1.0; +claudebot@anthropic.com)"
74.7.227.147 - - [31/Aug/2026:09:49:58 -0400] "GET /kb/books/jmh/jmh71/jmh71b/tn/tn_IMG_1310.png HTTP/2" 404 1251 "https://ko0.us/jmh71b.htm" "Mozilla/5.0 AppleWebKit/537.36 (KHTML, like Gecko; compatible; GPTBot/1.4; +https://openai.com/gptbot)"
74.7.227.147 - - [31/Aug/2026:09:50:00 -0400] "GET /kb/books/jmh/jmh71/jmh71b/tn/tn_IMG_0816.png HTTP/2" 404 1251 "https://ko0.us/jmh71b.htm" "Mozilla/5.0 AppleWebKit/537.36 (KHTML, like Gecko; compatible; GPTBot/1.4; +https://openai.com/gptbot)"
216.73.216.164 - - [31/Aug/2026:09:50:02 -0400] "GET /piwigo/themes/default/js/ui/i18n/jquery.ui.datepicker-tr.js HTTP/2" 200 461 "-" "Mozilla/5.0 AppleWebKit/537.36 (KHTML, like Gecko; compatible; ClaudeBot/1.0; +claudebot@anthropic.com)"
74.7.227.147 - - [31/Aug/2026:09:50:02 -0400] "GET /kb/books/jmh/jmh71/jmh71b/tn/tn_IMG_1392.png HTTP/2" 404 1251 "https://ko0.us/jmh71b.htm" "Mozilla/5.0 AppleWebKit/537.36 (KHTML, like Gecko; compatible; GPTBot/1.4; +https://openai.com/gptbot)"
74.7.227.147 - - [31/Aug/2026:09:50:04 -0400] "GET /kb/books/jmh/jmh71/jmh71b/tn/tn_IMG_0827.png HTTP/2" 404 1251 "https://ko0.us/jmh71b.htm" "Mozilla/5.0 AppleWebKit/537.36 (KHTML, like Gecko; compatible; GPTBot/1.4; +https://openai.com/gptbot)"
216.73.216.164 - - [31/Aug/2026:09:50:07 -0400] "GET /piwigo/themes/default/js/ui/i18n/jquery.ui.timepicker-no.js HTTP/2" 429 0 "-" "Mozilla/5.0 AppleWebKit/537.36 (KHTML, like Gecko; compatible; ClaudeBot/1.0; +claudebot@anthropic.com)"
74.7.227.147 - - [31/Aug/2026:09:50:09 -0400] "GET /kb/books/jmh/jmh71/jmh71b/tn/tn_IMG_0675.png HTTP/2" 404 1251 "https://ko0.us/jmh71b.htm" "Mozilla/5.0 AppleWebKit/537.36 (KHTML, like Gecko; compatible; GPTBot/1.4; +https://openai.com/gptbot)"
74.7.227.147 - - [31/Aug/2026:09:50:11 -0400] "GET /kb/books/jmh/jmh71/jmh71b/tn/tn_IMG_0220.png HTTP/2" 404 1251 "https://ko0.us/jmh71b.htm" "Mozilla/5.0 AppleWebKit/537.36 (KHTML, like Gecko; compatible; GPTBot/1.4; +https://openai.com/gptbot)"
216.73.216.164 - - [31/Aug/2026:09:50:12 -0400] "GET /pn/ko_pn.php?dir=%2Fhome%2Fkozerus%2Fpublic_html%2Fcropex%2Fnode%2Fnode_modules%2Fd3-time-format%2Flocale%2Fda-DK.json HTTP/2" 200 4210 "-" "Mozilla/5.0 AppleWebKit/537.36 (KHTML, like Gecko; compatible; ClaudeBot/1.0; +claudebot@anthropic.com)"
74.7.227.147 - - [31/Aug/2026:09:50:14 -0400] "GET /kb/books/jmh/jmh71/jmh71b/tn/tn_IMG_1345.png HTTP/2" 404 1251 "https://ko0.us/jmh71b.htm" "Mozilla/5.0 AppleWebKit/537.36 (KHTML, like Gecko; compatible; GPTBot/1.4; +https://openai.com/gptbot)"
74.7.227.147 - - [31/Aug/2026:09:50:16 -0400] "GET /kb/books/jmh/jmh71/jmh71b/tn/tn_IMG_0331.png HTTP/2" 404 1251 "https://ko0.us/jmh71b.htm" "Mozilla/5.0 AppleWebKit/537.36 (KHTML, like Gecko; compatible; GPTBot/1.4; +https://openai.com/gptbot)"
216.73.216.164 - - [31/Aug/2026:09:50:17 -0400] "GET /pn/ko_pn.php?dir=%2Fhome%2Fkozerus%2Fpublic_html%2Fcropex%2Fnode%2Fnode_modules%2Frecharts%2Ftypes%2Fcomponent%2FLegend.d.ts HTTP/2" 429 0 "-" "Mozilla/5.0 AppleWebKit/537.36 (KHTML, like Gecko; compatible; ClaudeBot/1.0; +claudebot@anthropic.com)"
74.7.227.147 - - [31/Aug/2026:09:50:19 -0400] "GET /kb/books/jmh/jmh71/jmh71b/tn/tn_IMG_1199.png HTTP/2" 404 1251 "https://ko0.us/jmh71b.htm" "Mozilla/5.0 AppleWebKit/537.36 (KHTML, like Gecko; compatible; GPTBot/1.4; +https://openai.com/gptbot)"
216.73.216.164 - - [31/Aug/2026:09:50:22 -0400] "GET /pn/ko_pn.php?dir=%2Fhome%2Fkozerus%2Fpublic_html%2Fcropex%2Fnode%2Fnode_modules%2Fobject-inspect%2FCHANGELOG.md HTTP/2" 200 14854 "-" "Mozilla/5.0 AppleWebKit/537.36 (KHTML, like Gecko; compatible; ClaudeBot/1.0; +claudebot@anthropic.com)"
216.73.216.164 - - [31/Aug/2026:09:50:27 -0400] "GET /pn/ko_pn.php?dir=%2Fhome%2Fkozerus%2Fpublic_html%2Fcropex%2Fnode%2Fnode_modules%2Fuse-callback-ref%2Fdist%2Fes2015%2Findex.js HTTP/2" 429 0 "-" "Mozilla/5.0 AppleWebKit/537.36 (KHTML, like Gecko; compatible; ClaudeBot/1.0; +claudebot@anthropic.com)"
74.7.227.147 - - [31/Aug/2026:09:50:29 -0400] "GET /kb/books/jmh/jmh71/jmh71b/tn/tn_IMG_1234.png HTTP/2" 404 1251 "https://ko0.us/jmh71b.htm" "Mozilla/5.0 AppleWebKit/537.36 (KHTML, like Gecko; compatible; GPTBot/1.4; +https://openai.com/gptbot)"
74.7.227.147 - - [31/Aug/2026:09:50:31 -0400] "GET /kb/books/jmh/jmh71/jmh71b/tn/tn_IMG_0756.png HTTP/2" 404 1251 "https://ko0.us/jmh71b.htm" "Mozilla/5.0 AppleWebKit/537.36 (KHTML, like Gecko; compatible; GPTBot/1.4; +https://openai.com/gptbot)"
216.73.216.164 - - [31/Aug/2026:09:50:32 -0400] "GET /pn/ko_pn.php?dir=%2Fhome%2Fkozerus%2Fpublic_html%2Fcropex%2Fnode%2Fnode_modules%2Fside-channel-map%2F.nycrc HTTP/2" 200 3989 "-" "Mozilla/5.0 AppleWebKit/537.36 (KHTML, like Gecko; compatible; ClaudeBot/1.0; +claudebot@anthropic.com)"
74.7.227.147 - - [31/Aug/2026:09:50:35 -0400] "GET /kb/books/jmh/jmh71/jmh71b/tn/tn_IMG_1428.png HTTP/2" 404 1251 "https://ko0.us/jmh71b.htm" "Mozilla/5.0 AppleWebKit/537.36 (KHTML, like Gecko; compatible; GPTBot/1.4; +https://openai.com/gptbot)"
216.73.216.164 - - [31/Aug/2026:09:50:37 -0400] "GET /pn/ko_pn.php?dir=%2Fhome%2Fkozerus%2Fpublic_html%2Fcropex%2Fnode%2Fnode_modules%2Fnanoid%2Findex.d.ts HTTP/2" 429 0 "-" "Mozilla/5.0 AppleWebKit/537.36 (KHTML, like Gecko; compatible; ClaudeBot/1.0; +claudebot@anthropic.com)"
74.7.227.147 - - [31/Aug/2026:09:50:38 -0400] "GET /kb/books/jmh/jmh71/jmh71b/tn/tn_IMG_1298.png HTTP/2" 404 1251 "https://ko0.us/jmh71b.htm" "Mozilla/5.0 AppleWebKit/537.36 (KHTML, like Gecko; compatible; GPTBot/1.4; +https://openai.com/gptbot)"
66.249.69.227 - - [31/Aug/2026:09:50:39 -0400] "GET /fb/weds/wed_20220528_gjw/01_20220528_gjw/pages/zn/zn_24.jpg HTTP/1.1" 404 1251 "-" "Googlebot-Image/1.0"
74.7.227.147 - - [31/Aug/2026:09:50:41 -0400] "GET /kb/books/jmh/jmh71/jmh71b/tn/tn_IMG_0108.png HTTP/2" 404 1251 "https://ko0.us/jmh71b.htm" "Mozilla/5.0 AppleWebKit/537.36 (KHTML, like Gecko; compatible; GPTBot/1.4; +https://openai.com/gptbot)"
216.73.216.164 - - [31/Aug/2026:09:50:42 -0400] "GET /go/eidogo/tourney/tourney.html HTTP/2" 200 14634 "-" "Mozilla/5.0 AppleWebKit/537.36 (KHTML, like Gecko; compatible; ClaudeBot/1.0; +claudebot@anthropic.com)"
74.7.227.147 - - [31/Aug/2026:09:50:43 -0400] "GET /kb/books/jmh/jmh71/jmh71b/tn/tn_IMG_1245.png HTTP/2" 404 1251 "https://ko0.us/jmh71b.htm" "Mozilla/5.0 AppleWebKit/537.36 (KHTML, like Gecko; compatible; GPTBot/1.4; +https://openai.com/gptbot)"
216.73.216.164 - - [31/Aug/2026:09:42:49 -0400] "GET /piwigo/themes/default/js/ui/jquery.ui.spinner.js HTTP/2" 200 3535 "-" "Mozilla/5.0 AppleWebKit/537.36 (KHTML, like Gecko; compatible; ClaudeBot/1.0; +claudebot@anthropic.com)"
216.73.216.164 - - [31/Aug/2026:09:42:54 -0400] "GET /piwigo/language/da_DK/help/notification_by_mail.html HTTP/2" 200 321 "-" "Mozilla/5.0 AppleWebKit/537.36 (KHTML, like Gecko; compatible; ClaudeBot/1.0; +claudebot@anthropic.com)"
216.73.216.164 - - [31/Aug/2026:09:42:59 -0400] "GET /piwigo/themes/default/js/ui/minified/ HTTP/2" 200 1723 "-" "Mozilla/5.0 AppleWebKit/537.36 (KHTML, like Gecko; compatible; ClaudeBot/1.0; +claudebot@anthropic.com)"
85.208.96.206 - - [31/Aug/2026:09:43:10 -0400] "GET /index_buttons.html HTTP/1.1" 200 1088643 "-" "Mozilla/5.0 (compatible; SemrushBot/7~bl; +http://www.semrush.com/bot.html)"
185.191.171.8 - - [31/Aug/2026:09:43:38 -0400] "GET /index.php HTTP/1.1" 404 1251 "-" "Mozilla/5.0 (compatible; SemrushBot/7~bl; +http://www.semrush.com/bot.html)"
185.191.171.4 - - [31/Aug/2026:09:43:45 -0400] "GET /konet/ko_kojax.html HTTP/1.1" 200 91997 "-" "Mozilla/5.0 (compatible; SemrushBot/7~bl; +http://www.semrush.com/bot.html)"
85.208.96.204 - - [31/Aug/2026:09:43:59 -0400] "GET /tl_jtfinc_neighbors.html HTTP/1.1" 404 1251 "-" "Mozilla/5.0 (compatible; SemrushBot/7~bl; +http://www.semrush.com/bot.html)"
85.208.96.206 - - [31/Aug/2026:09:44:20 -0400] "GET /index_zm.html?zmid=%2Fzm%2Fjtfdc_plans%2Fjtfdc_byrdpuckers_dogpony_campus HTTP/1.1" 200 358435 "-" "Mozilla/5.0 (compatible; SemrushBot/7~bl; +http://www.semrush.com/bot.html)"
85.208.96.209 - - [31/Aug/2026:09:44:44 -0400] "GET /svc/jqgrid/tbltogrid.html HTTP/1.1" 404 1251 "-" "Mozilla/5.0 (compatible; SemrushBot/7~bl; +http://www.semrush.com/bot.html)"
185.191.171.2 - - [31/Aug/2026:09:45:05 -0400] "GET /sl/index_h5g_kup_new.html HTTP/1.1" 404 1251 "-" "Mozilla/5.0 (compatible; SemrushBot/7~bl; +http://www.semrush.com/bot.html)"
85.208.96.208 - - [31/Aug/2026:09:45:21 -0400] "GET /index_sl_kb-intl-ein_hundes_leben.html HTTP/1.1" 404 1251 "-" "Mozilla/5.0 (compatible; SemrushBot/7~bl; +http://www.semrush.com/bot.html)"
66.249.69.227 - - [31/Aug/2026:09:45:23 -0400] "GET /imgs/gif/spacers/giphy_spacer_02.gif HTTP/1.1" 404 1251 "-" "Googlebot-Image/1.0"
66.249.69.227 - - [31/Aug/2026:09:45:43 -0400] "GET /fb/kolog/pages/zn/zn_22.jpg HTTP/1.1" 404 1251 "-" "Googlebot-Image/1.0"
66.249.69.228 - - [31/Aug/2026:09:46:59 -0400] "GET /js/wz/wz_library.js HTTP/1.1" 200 1044 "https://ko0.us/ko_anims.html" "Mozilla/5.0 (Linux; Android 6.0.1; Nexus 5X Build/MMB29P) AppleWebKit/537.36 (KHTML, like Gecko) Chrome/151.0.7922.173 Mobile Safari/537.36 (compatible; Googlebot/2.1; +http://www.google.com/bot.html)"
66.249.69.227 - - [31/Aug/2026:09:47:05 -0400] "GET /pages/js/4-regions.json HTTP/1.1" 404 1251 "https://ko0.us/ko_anims.html" "Mozilla/5.0 (Linux; Android 6.0.1; Nexus 5X Build/MMB29P) AppleWebKit/537.36 (KHTML, like Gecko) Chrome/151.0.7922.173 Mobile Safari/537.36 (compatible; Googlebot/2.1; +http://www.google.com/bot.html)"
85.208.96.196 - - [31/Aug/2026:09:47:46 -0400] "GET /dropzone.php HTTP/1.1" 404 1251 "-" "Mozilla/5.0 (compatible; SemrushBot/7~bl; +http://www.semrush.com/bot.html)"
85.208.96.194 - - [31/Aug/2026:09:48:43 -0400] "GET /iperms/ko.php HTTP/1.1" 200 5055 "-" "Mozilla/5.0 (compatible; SemrushBot/7~bl; +http://www.semrush.com/bot.html)"
66.249.69.228 - - [31/Aug/2026:09:50:04 -0400] "GET /fb/jtfdc/shoebox/zn/zn_IMG_2908.jpg HTTP/1.1" 404 1251 "-" "Googlebot-Image/1.0"
17.166.236.57 - - [31/Aug/2026:09:50:20 -0400] "GET /ajax2db.html HTTP/2" 200 2638 "-" "Mozilla/5.0 (Macintosh; Intel Mac OS X 10_15_7) AppleWebKit/605.1.15 (KHTML, like Gecko) Version/17.4 Safari/605.1.15 (Applebot/0.1; +http://www.apple.com/go/applebot)"
216.73.216.164 - - [31/Aug/2026:09:50:57 -0400] "GET /js/wz/wz_connect/cable-tel.png HTTP/2" 404 1251 "-" "Mozilla/5.0 AppleWebKit/537.36 (KHTML, like Gecko; compatible; ClaudeBot/1.0; +claudebot@anthropic.com)"
216.73.216.164 - - [31/Aug/2026:09:50:47 -0400] "GET /pn/ko_pn.php?dir=%2Fhome%2Fkozerus%2Fpublic_html%2Fcropex%2Fnode%2Fnode_modules%2Fuse-callback-ref%2Fdist%2Fes5%2Findex.js HTTP/2" 429 0 "-" "Mozilla/5.0 AppleWebKit/537.36 (KHTML, like Gecko; compatible; ClaudeBot/1.0; +claudebot@anthropic.com)"
74.7.227.147 - - [31/Aug/2026:09:50:48 -0400] "GET /kb/books/jmh/jmh71/jmh71b/tn/tn_IMG_0122.png HTTP/2" 404 1251 "https://ko0.us/jmh71b.htm" "Mozilla/5.0 AppleWebKit/537.36 (KHTML, like Gecko; compatible; GPTBot/1.4; +https://openai.com/gptbot)"
216.73.216.164 - - [31/Aug/2026:09:50:52 -0400] "GET /pn/ko_pn.php?dir=%2Fhome%2Fkozerus%2Fpublic_html%2Fcropex%2Fnode%2Fnode_modules%2F%40hookform%2Fresolvers%2Fvine%2Fpackage.json HTTP/2" 403 1242 "-" "Mozilla/5.0 AppleWebKit/537.36 (KHTML, like Gecko; compatible; ClaudeBot/1.0; +claudebot@anthropic.com)"
74.7.227.147 - - [31/Aug/2026:09:50:57 -0400] "GET /kb/books/jmh/jmh71/jmh71b/tn/tn_IMG_0410.png HTTP/2" 404 1251 "https://ko0.us/jmh71b.htm" "Mozilla/5.0 AppleWebKit/537.36 (KHTML, like Gecko; compatible; GPTBot/1.4; +https://openai.com/gptbot)"
74.7.227.147 - - [31/Aug/2026:09:50:59 -0400] "GET /kb/books/jmh/jmh71/jmh71b/tn/tn_IMG_0200.png HTTP/2" 404 1251 "https://ko0.us/jmh71b.htm" "Mozilla/5.0 AppleWebKit/537.36 (KHTML, like Gecko; compatible; GPTBot/1.4; +https://openai.com/gptbot)"
74.7.227.147 - - [31/Aug/2026:09:51:00 -0400] "GET /kb/books/jmh/jmh71/jmh71b/tn/tn_IMG_1391.png HTTP/2" 404 1251 "https://ko0.us/jmh71b.htm" "Mozilla/5.0 AppleWebKit/537.36 (KHTML, like Gecko; compatible; GPTBot/1.4; +https://openai.com/gptbot)"
74.7.227.147 - - [31/Aug/2026:09:51:04 -0400] "GET /kb/books/jmh/jmh71/jmh71b/tn/tn_IMG_1344.png HTTP/2" 404 1251 "https://ko0.us/jmh71b.htm" "Mozilla/5.0 AppleWebKit/537.36 (KHTML, like Gecko; compatible; GPTBot/1.4; +https://openai.com/gptbot)"
74.7.227.147 - - [31/Aug/2026:09:51:05 -0400] "GET /kb/books/jmh/jmh71/jmh71b/tn/tn_IMG_1202.png HTTP/2" 404 1251 "https://ko0.us/jmh71b.htm" "Mozilla/5.0 AppleWebKit/537.36 (KHTML, like Gecko; compatible; GPTBot/1.4; +https://openai.com/gptbot)"
74.7.227.147 - - [31/Aug/2026:09:51:09 -0400] "GET /kb/books/jmh/jmh71/jmh71b/tn/tn_IMG_1149.png HTTP/2" 404 1251 "https://ko0.us/jmh71b.htm" "Mozilla/5.0 AppleWebKit/537.36 (KHTML, like Gecko; compatible; GPTBot/1.4; +https://openai.com/gptbot)"
74.7.227.147 - - [31/Aug/2026:09:51:12 -0400] "GET /kb/books/jmh/jmh71/jmh71b/tn/tn_IMG_1455.png HTTP/2" 404 1251 "https://ko0.us/jmh71b.htm" "Mozilla/5.0 AppleWebKit/537.36 (KHTML, like Gecko; compatible; GPTBot/1.4; +https://openai.com/gptbot)"
74.7.227.147 - - [31/Aug/2026:09:51:14 -0400] "GET /kb/books/jmh/jmh71/jmh71b/tn/tn_IMG_0175.png HTTP/2" 404 1251 "https://ko0.us/jmh71b.htm" "Mozilla/5.0 AppleWebKit/537.36 (KHTML, like Gecko; compatible; GPTBot/1.4; +https://openai.com/gptbot)"
74.7.227.147 - - [31/Aug/2026:09:51:17 -0400] "GET /kb/books/jmh/jmh71/jmh71b/tn/tn_IMG_1419.png HTTP/2" 404 1251 "https://ko0.us/jmh71b.htm" "Mozilla/5.0 AppleWebKit/537.36 (KHTML, like Gecko; compatible; GPTBot/1.4; +https://openai.com/gptbot)"
74.7.227.147 - - [31/Aug/2026:09:51:19 -0400] "GET /kb/books/jmh/jmh71/jmh71b/tn/tn_IMG_1012.png HTTP/2" 404 1251 "https://ko0.us/jmh71b.htm" "Mozilla/5.0 AppleWebKit/537.36 (KHTML, like Gecko; compatible; GPTBot/1.4; +https://openai.com/gptbot)"
74.7.227.147 - - [31/Aug/2026:09:51:21 -0400] "GET /kb/books/jmh/jmh71/jmh71b/tn/tn_IMG_0735.png HTTP/2" 404 1251 "https://ko0.us/jmh71b.htm" "Mozilla/5.0 AppleWebKit/537.36 (KHTML, like Gecko; compatible; GPTBot/1.4; +https://openai.com/gptbot)"
74.7.227.147 - - [31/Aug/2026:09:51:26 -0400] "GET /kb/books/jmh/jmh71/jmh71b/tn/tn_IMG_1435.png HTTP/2" 404 1251 "https://ko0.us/jmh71b.htm" "Mozilla/5.0 AppleWebKit/537.36 (KHTML, like Gecko; compatible; GPTBot/1.4; +https://openai.com/gptbot)"
216.73.216.164 - - [31/Aug/2026:09:51:27 -0400] "GET /pn/ko_pn.php?dir=%2Fhome%2Fkozerus%2Fpublic_html%2Fgo%2Fdgs0%2Fscripts%2Fforum_consistency.php HTTP/2" 200 7414 "-" "Mozilla/5.0 AppleWebKit/537.36 (KHTML, like Gecko; compatible; ClaudeBot/1.0; +claudebot@anthropic.com)"
74.7.227.147 - - [31/Aug/2026:09:51:28 -0400] "GET /kb/books/jmh/jmh71/jmh71b/tn/tn_IMG_1145.png HTTP/2" 404 1251 "https://ko0.us/jmh71b.htm" "Mozilla/5.0 AppleWebKit/537.36 (KHTML, like Gecko; compatible; GPTBot/1.4; +https://openai.com/gptbot)"
74.7.227.147 - - [31/Aug/2026:09:51:31 -0400] "GET /kb/books/jmh/jmh71/jmh71b/tn/tn_IMG_1029.png HTTP/2" 404 1251 "https://ko0.us/jmh71b.htm" "Mozilla/5.0 AppleWebKit/537.36 (KHTML, like Gecko; compatible; GPTBot/1.4; +https://openai.com/gptbot)"
74.7.227.147 - - [31/Aug/2026:09:51:35 -0400] "GET /kb/books/jmh/jmh71/jmh71b/tn/tn_IMG_1073.png HTTP/2" 404 1251 "https://ko0.us/jmh71b.htm" "Mozilla/5.0 AppleWebKit/537.36 (KHTML, like Gecko; compatible; GPTBot/1.4; +https://openai.com/gptbot)"
216.73.216.164 - - [31/Aug/2026:09:51:37 -0400] "GET /cropex/imgs/btn/kobubbleb.png HTTP/2" 429 0 "-" "Mozilla/5.0 AppleWebKit/537.36 (KHTML, like Gecko; compatible; ClaudeBot/1.0; +claudebot@anthropic.com)"
74.7.227.147 - - [31/Aug/2026:09:51:40 -0400] "GET /kb/books/jmh/jmh71/jmh71b/tn/tn_IMG_0758.png HTTP/2" 404 1251 "https://ko0.us/jmh71b.htm" "Mozilla/5.0 AppleWebKit/537.36 (KHTML, like Gecko; compatible; GPTBot/1.4; +https://openai.com/gptbot)"
216.73.216.164 - - [31/Aug/2026:09:51:42 -0400] "GET /go/dgs0/images/7/erg.gif HTTP/2" 200 59 "-" "Mozilla/5.0 AppleWebKit/537.36 (KHTML, like Gecko; compatible; ClaudeBot/1.0; +claudebot@anthropic.com)"
74.7.227.147 - - [31/Aug/2026:09:51:43 -0400] "GET /kb/books/jmh/jmh71/jmh71b/tn/tn_IMG_0737.png HTTP/2" 404 1251 "https://ko0.us/jmh71b.htm" "Mozilla/5.0 AppleWebKit/537.36 (KHTML, like Gecko; compatible; GPTBot/1.4; +https://openai.com/gptbot)"
74.7.227.147 - - [31/Aug/2026:09:51:47 -0400] "GET /kb/books/jmh/jmh71/jmh71b/tn/tn_IMG_0155.png HTTP/2" 404 1251 "https://ko0.us/jmh71b.htm" "Mozilla/5.0 AppleWebKit/537.36 (KHTML, like Gecko; compatible; GPTBot/1.4; +https://openai.com/gptbot)"
216.73.216.164 - - [31/Aug/2026:09:51:47 -0400] "GET /ko/imgs/doc/20101029.jpg HTTP/2" 200 95919 "-" "Mozilla/5.0 AppleWebKit/537.36 (KHTML, like Gecko; compatible; ClaudeBot/1.0; +claudebot@anthropic.com)"
216.73.216.164 - - [31/Aug/2026:09:51:52 -0400] "GET /pn/ko_pn.php?dir=%2Fhome%2Fkozerus%2Fpublic_html%2Fcropex%2Fnode%2Fnode_modules%2F%40radix-ui%2Freact-id%2FREADME.md HTTP/2" 429 0 "-" "Mozilla/5.0 AppleWebKit/537.36 (KHTML, like Gecko; compatible; ClaudeBot/1.0; +claudebot@anthropic.com)"
74.7.227.147 - - [31/Aug/2026:09:51:57 -0400] "GET /kb/books/jmh/jmh71/jmh71b/tn/tn_IMG_0370.png HTTP/2" 404 1251 "https://ko0.us/jmh71b.htm" "Mozilla/5.0 AppleWebKit/537.36 (KHTML, like Gecko; compatible; GPTBot/1.4; +https://openai.com/gptbot)"
216.73.216.164 - - [31/Aug/2026:09:51:57 -0400] "GET /pn/ko_pn.php?dir=%2Fhome%2Fkozerus%2Fpublic_html%2Fcropex%2Fnode%2Fnode_modules%2Fmicromark-factory-title%2Findex.d.ts.map HTTP/2" 200 4044 "-" "Mozilla/5.0 AppleWebKit/537.36 (KHTML, like Gecko; compatible; ClaudeBot/1.0; +claudebot@anthropic.com)"
74.7.227.147 - - [31/Aug/2026:09:52:00 -0400] "GET /kb/books/jmh/jmh71/jmh71b/tn/tn_IMG_1287.png HTTP/2" 404 1251 "https://ko0.us/jmh71b.htm" "Mozilla/5.0 AppleWebKit/537.36 (KHTML, like Gecko; compatible; GPTBot/1.4; +https://openai.com/gptbot)"
66.249.69.229 - - [31/Aug/2026:09:52:01 -0400] "GET /imgs/gif/spacers/giphy_spacer_01.gif HTTP/1.1" 404 1251 "-" "Googlebot-Image/1.0"
216.73.216.164 - - [31/Aug/2026:09:52:02 -0400] "GET /go/dgs0/images/9/d.gif HTTP/2" 429 0 "-" "Mozilla/5.0 AppleWebKit/537.36 (KHTML, like Gecko; compatible; ClaudeBot/1.0; +claudebot@anthropic.com)"
74.7.227.147 - - [31/Aug/2026:09:52:06 -0400] "GET /kb/books/jmh/jmh71/jmh71b/tn/tn_IMG_0379.png HTTP/2" 404 1251 "https://ko0.us/jmh71b.htm" "Mozilla/5.0 AppleWebKit/537.36 (KHTML, like Gecko; compatible; GPTBot/1.4; +https://openai.com/gptbot)"
216.73.216.164 - - [31/Aug/2026:09:52:07 -0400] "GET /pn/ko_pn.php?dir=%2Fhome%2Fkozerus%2Fpublic_html%2Fpn%2Fuize%2Fsite-source%2Fexamples%2Fslider.html HTTP/2" 200 4928 "-" "Mozilla/5.0 AppleWebKit/537.36 (KHTML, like Gecko; compatible; ClaudeBot/1.0; +claudebot@anthropic.com)"
74.7.227.147 - - [31/Aug/2026:09:52:07 -0400] "GET /kb/books/jmh/jmh71/jmh71b/tn/tn_IMG_1445.png HTTP/2" 404 1251 "https://ko0.us/jmh71b.htm" "Mozilla/5.0 AppleWebKit/537.36 (KHTML, like Gecko; compatible; GPTBot/1.4; +https://openai.com/gptbot)"
74.7.227.147 - - [31/Aug/2026:09:52:09 -0400] "GET /kb/books/jmh/jmh71/jmh71b/tn/tn_IMG_1305.png HTTP/2" 404 1251 "https://ko0.us/jmh71b.htm" "Mozilla/5.0 AppleWebKit/537.36 (KHTML, like Gecko; compatible; GPTBot/1.4; +https://openai.com/gptbot)"
216.73.216.164 - - [31/Aug/2026:09:52:12 -0400] "GET /go/allaboutgo/sgf/4wLZlk9Z.sgf HTTP/2" 429 0 "-" "Mozilla/5.0 AppleWebKit/537.36 (KHTML, like Gecko; compatible; ClaudeBot/1.0; +claudebot@anthropic.com)"
74.7.227.147 - - [31/Aug/2026:09:52:12 -0400] "GET /kb/books/jmh/jmh71/jmh71b/tn/tn_IMG_0778.png HTTP/2" 404 1251 "https://ko0.us/jmh71b.htm" "Mozilla/5.0 AppleWebKit/537.36 (KHTML, like Gecko; compatible; GPTBot/1.4; +https://openai.com/gptbot)"
74.7.227.147 - - [31/Aug/2026:09:52:14 -0400] "GET /kb/books/jmh/jmh71/jmh71b/tn/tn_IMG_0281.png HTTP/2" 404 1251 "https://ko0.us/jmh71b.htm" "Mozilla/5.0 AppleWebKit/537.36 (KHTML, like Gecko; compatible; GPTBot/1.4; +https://openai.com/gptbot)"
74.7.227.147 - - [31/Aug/2026:09:52:16 -0400] "GET /kb/books/jmh/jmh71/jmh71b/tn/tn_IMG_0119.png HTTP/2" 404 1251 "https://ko0.us/jmh71b.htm" "Mozilla/5.0 AppleWebKit/537.36 (KHTML, like Gecko; compatible; GPTBot/1.4; +https://openai.com/gptbot)"
216.73.216.164 - - [31/Aug/2026:09:52:17 -0400] "GET /pn/ko_pn.php?dir=%2Fhome%2Fkozerus%2Fpublic_html%2Fgo%2Fallaboutgo%2Fsgf%2Fexample.sgf HTTP/2" 200 6216 "-" "Mozilla/5.0 AppleWebKit/537.36 (KHTML, like Gecko; compatible; ClaudeBot/1.0; +claudebot@anthropic.com)"
74.7.227.147 - - [31/Aug/2026:09:52:18 -0400] "GET /kb/books/jmh/jmh71/jmh71b/tn/tn_IMG_1247.png HTTP/2" 404 1251 "https://ko0.us/jmh71b.htm" "Mozilla/5.0 AppleWebKit/537.36 (KHTML, like Gecko; compatible; GPTBot/1.4; +https://openai.com/gptbot)"
74.7.227.147 - - [31/Aug/2026:09:52:19 -0400] "GET /kb/books/jmh/jmh71/jmh71b/tn/tn_IMG_0976.png HTTP/2" 404 1251 "https://ko0.us/jmh71b.htm" "Mozilla/5.0 AppleWebKit/537.36 (KHTML, like Gecko; compatible; GPTBot/1.4; +https://openai.com/gptbot)"
216.73.216.164 - - [31/Aug/2026:09:52:22 -0400] "GET /go/dgs0/images/7/b59.gif HTTP/2" 429 0 "-" "Mozilla/5.0 AppleWebKit/537.36 (KHTML, like Gecko; compatible; ClaudeBot/1.0; +claudebot@anthropic.com)"
216.73.216.164 - - [31/Aug/2026:09:52:27 -0400] "GET /pn/ko_pn.php?dir=%2Fhome%2Fkozerus%2Fpublic_html%2Fcropex%2Fnode%2Fnode_modules%2Fmicromark-core-commonmark%2Flib%2Fheading-atx.d.ts HTTP/2" 200 3977 "-" "Mozilla/5.0 AppleWebKit/537.36 (KHTML, like Gecko; compatible; ClaudeBot/1.0; +claudebot@anthropic.com)"
74.7.227.147 - - [31/Aug/2026:09:52:28 -0400] "GET /kb/books/jmh/jmh71/jmh71b/tn/tn_IMG_1235.png HTTP/2" 404 1251 "https://ko0.us/jmh71b.htm" "Mozilla/5.0 AppleWebKit/537.36 (KHTML, like Gecko; compatible; GPTBot/1.4; +https://openai.com/gptbot)"
216.73.216.164 - - [31/Aug/2026:09:52:32 -0400] "GET /pn/ko_pn.php?dir=%2Fhome%2Fkozerus%2Fpublic_html%2Fdgs%2Fdgs%2Fedit_contact.php HTTP/2" 429 0 "-" "Mozilla/5.0 AppleWebKit/537.36 (KHTML, like Gecko; compatible; ClaudeBot/1.0; +claudebot@anthropic.com)"
74.7.227.147 - - [31/Aug/2026:09:52:37 -0400] "GET /kb/books/jmh/jmh71/jmh71b/tn/tn_IMG_0474.png HTTP/2" 404 1251 "https://ko0.us/jmh71b.htm" "Mozilla/5.0 AppleWebKit/537.36 (KHTML, like Gecko; compatible; GPTBot/1.4; +https://openai.com/gptbot)"
216.73.216.164 - - [31/Aug/2026:09:52:37 -0400] "GET /pn/ko_pn.php?dir=%2Fhome%2Fkozerus%2Fpublic_html%2Fzc%2Fcache%2F.gitignore HTTP/2" 200 3922 "-" "Mozilla/5.0 AppleWebKit/537.36 (KHTML, like Gecko; compatible; ClaudeBot/1.0; +claudebot@anthropic.com)"
216.73.216.164 - - [31/Aug/2026:09:48:01 -0400] "GET /pn/ko_pn.php?dir=%2Fhome%2Fkozerus%2Fpublic_html%2Fcropex%2Fnode%2Fnode_modules%2Flodash%2FmeanBy.js HTTP/2" 429 0 "-" "Mozilla/5.0 AppleWebKit/537.36 (KHTML, like Gecko; compatible; ClaudeBot/1.0; +claudebot@anthropic.com)"
216.73.216.164 - - [31/Aug/2026:09:48:06 -0400] "GET /pn/ko_pn.php?dir=%2Fhome%2Fkozerus%2Fpublic_html%2Fcropex%2Fnode%2Fnode_modules%2Fpassport-strategy HTTP/2" 200 4117 "-" "Mozilla/5.0 AppleWebKit/537.36 (KHTML, like Gecko; compatible; ClaudeBot/1.0; +claudebot@anthropic.com)"
185.191.171.1 - - [31/Aug/2026:09:48:11 -0400] "GET /ka/tl1.php?tlid HTTP/1.1" 200 5125 "-" "Mozilla/5.0 (compatible; SemrushBot/7~bl; +http://www.semrush.com/bot.html)"
85.208.96.197 - - [31/Aug/2026:09:49:05 -0400] "GET /index_av_20190401_1400.html HTTP/1.1" 404 1251 "-" "Mozilla/5.0 (compatible; SemrushBot/7~bl; +http://www.semrush.com/bot.html)"
66.249.69.229 - - [31/Aug/2026:09:49:21 -0400] "GET /fb/space/pages/zn/zn_68.jpg HTTP/1.1" 404 1251 "-" "Googlebot-Image/1.0"
17.166.154.183 - - [31/Aug/2026:09:50:43 -0400] "GET /index_neave_im.html HTTP/2" 200 68211 "https://ko0.us/kog0_best.html" "Mozilla/5.0 (Macintosh; Intel Mac OS X 10_15_7) AppleWebKit/605.1.15 (KHTML, like Gecko) Version/17.4 Safari/605.1.15 (Applebot/0.1; +http://www.apple.com/go/applebot)"
17.166.154.183 - - [31/Aug/2026:09:50:44 -0400] "GET /index_neave_wobble.html HTTP/2" 200 22819 "https://ko0.us/kog0_best.html" "Mozilla/5.0 (Macintosh; Intel Mac OS X 10_15_7) AppleWebKit/605.1.15 (KHTML, like Gecko) Version/17.4 Safari/605.1.15 (Applebot/0.1; +http://www.apple.com/go/applebot)"
17.166.154.183 - - [31/Aug/2026:09:50:46 -0400] "GET /ko/svc/js/stemkoskijs/Three.js/index.html HTTP/2" 404 1251 "https://ko0.us/kog0_best.html" "Mozilla/5.0 (Macintosh; Intel Mac OS X 10_15_7) AppleWebKit/605.1.15 (KHTML, like Gecko) Version/17.4 Safari/605.1.15 (Applebot/0.1; +http://www.apple.com/go/applebot)"
17.166.20.252 - - [31/Aug/2026:09:51:12 -0400] "GET /getheaders.html HTTP/2" 200 1236 "https://ko0.us/getheaders.html" "Mozilla/5.0 (Macintosh; Intel Mac OS X 10_15_7) AppleWebKit/605.1.15 (KHTML, like Gecko) Version/17.4 Safari/605.1.15 (Applebot/0.1; +http://www.apple.com/go/applebot)"
17.166.232.35 - - [31/Aug/2026:09:52:19 -0400] "GET /mkingbooks HTTP/2" 200 7233246 "-" "Mozilla/5.0 (Macintosh; Intel Mac OS X 10_15_7) AppleWebKit/605.1.15 (KHTML, like Gecko) Version/17.4 Safari/605.1.15 (Applebot/0.1; +http://www.apple.com/go/applebot)"
216.73.216.164 - - [31/Aug/2026:09:52:42 -0400] "GET /go/dgs0/images/35/w88.gif HTTP/2" 429 0 "-" "Mozilla/5.0 AppleWebKit/537.36 (KHTML, like Gecko; compatible; ClaudeBot/1.0; +claudebot@anthropic.com)"
216.73.216.164 - - [31/Aug/2026:09:52:47 -0400] "GET /cropex/imgs/btn/btn_kokeys1.png HTTP/2" 200 106074 "-" "Mozilla/5.0 AppleWebKit/537.36 (KHTML, like Gecko; compatible; ClaudeBot/1.0; +claudebot@anthropic.com)"
216.73.216.164 - - [31/Aug/2026:09:52:52 -0400] "GET /pn/ko_pn.php?dir=%2Fhome%2Fkozerus%2Fpublic_html%2Fgo%2Fallaboutgo%2Fsgf%2F1equGVZR7.sgf HTTP/2" 429 0 "-" "Mozilla/5.0 AppleWebKit/537.36 (KHTML, like Gecko; compatible; ClaudeBot/1.0; +claudebot@anthropic.com)"
216.73.216.164 - - [31/Aug/2026:09:52:57 -0400] "GET /zc/logs/myDEBUG-20211117-214928-993759-warning.log HTTP/2" 403 1242 "-" "Mozilla/5.0 AppleWebKit/537.36 (KHTML, like Gecko; compatible; ClaudeBot/1.0; +claudebot@anthropic.com)"
216.73.216.164 - - [31/Aug/2026:09:53:02 -0400] "GET /pn/ko_pn.php?dir=%2Fhome%2Fkozerus%2Fpublic_html%2Fko%2Findex_20230108_0100.html HTTP/2" 429 0 "-" "Mozilla/5.0 AppleWebKit/537.36 (KHTML, like Gecko; compatible; ClaudeBot/1.0; +claudebot@anthropic.com)"
216.73.216.164 - - [31/Aug/2026:09:53:07 -0400] "GET /pn/ko_pn.php?dir=%2Fhome%2Fkozerus%2Fpublic_html%2Fjs%2Fwz_jtfinc HTTP/2" 200 3950 "-" "Mozilla/5.0 AppleWebKit/537.36 (KHTML, like Gecko; compatible; ClaudeBot/1.0; +claudebot@anthropic.com)"
74.7.227.147 - - [31/Aug/2026:09:52:40 -0400] "GET /kb/books/jmh/jmh71/jmh71b/tn/tn_IMG_0404.png HTTP/2" 404 1251 "https://ko0.us/jmh71b.htm" "Mozilla/5.0 AppleWebKit/537.36 (KHTML, like Gecko; compatible; GPTBot/1.4; +https://openai.com/gptbot)"
74.7.227.147 - - [31/Aug/2026:09:52:42 -0400] "GET /kb/books/jmh/jmh71/jmh71b/tn/tn_IMG_0497.png HTTP/2" 404 1251 "https://ko0.us/jmh71b.htm" "Mozilla/5.0 AppleWebKit/537.36 (KHTML, like Gecko; compatible; GPTBot/1.4; +https://openai.com/gptbot)"
74.7.227.147 - - [31/Aug/2026:09:52:43 -0400] "GET /kb/books/jmh/jmh71/jmh71b/tn/tn_IMG_0671.png HTTP/2" 404 1251 "https://ko0.us/jmh71b.htm" "Mozilla/5.0 AppleWebKit/537.36 (KHTML, like Gecko; compatible; GPTBot/1.4; +https://openai.com/gptbot)"
74.7.227.147 - - [31/Aug/2026:09:52:45 -0400] "GET /kb/books/jmh/jmh71/jmh71b/tn/tn_IMG_0146.png HTTP/2" 404 1251 "https://ko0.us/jmh71b.htm" "Mozilla/5.0 AppleWebKit/537.36 (KHTML, like Gecko; compatible; GPTBot/1.4; +https://openai.com/gptbot)"
74.7.227.147 - - [31/Aug/2026:09:52:49 -0400] "GET /kb/books/jmh/jmh71/jmh71b/tn/tn_IMG_0148.png HTTP/2" 404 1251 "https://ko0.us/jmh71b.htm" "Mozilla/5.0 AppleWebKit/537.36 (KHTML, like Gecko; compatible; GPTBot/1.4; +https://openai.com/gptbot)"
74.7.227.147 - - [31/Aug/2026:09:52:50 -0400] "GET /kb/books/jmh/jmh71/jmh71b/tn/tn_IMG_0202.png HTTP/2" 404 1251 "https://ko0.us/jmh71b.htm" "Mozilla/5.0 AppleWebKit/537.36 (KHTML, like Gecko; compatible; GPTBot/1.4; +https://openai.com/gptbot)"
74.7.227.147 - - [31/Aug/2026:09:52:52 -0400] "GET /kb/books/jmh/jmh71/jmh71b/tn/tn_IMG_0547.png HTTP/2" 404 1251 "https://ko0.us/jmh71b.htm" "Mozilla/5.0 AppleWebKit/537.36 (KHTML, like Gecko; compatible; GPTBot/1.4; +https://openai.com/gptbot)"
74.7.227.147 - - [31/Aug/2026:09:52:55 -0400] "GET /kb/books/jmh/jmh71/jmh71b/tn/tn_IMG_1349.png HTTP/2" 404 1251 "https://ko0.us/jmh71b.htm" "Mozilla/5.0 AppleWebKit/537.36 (KHTML, like Gecko; compatible; GPTBot/1.4; +https://openai.com/gptbot)"
74.7.227.147 - - [31/Aug/2026:09:52:57 -0400] "GET /kb/books/jmh/jmh71/jmh71b/tn/tn_IMG_0670.png HTTP/2" 404 1251 "https://ko0.us/jmh71b.htm" "Mozilla/5.0 AppleWebKit/537.36 (KHTML, like Gecko; compatible; GPTBot/1.4; +https://openai.com/gptbot)"
74.7.227.147 - - [31/Aug/2026:09:52:59 -0400] "GET /kb/books/jmh/jmh71/jmh71b/tn/tn_IMG_0774.png HTTP/2" 404 1251 "https://ko0.us/jmh71b.htm" "Mozilla/5.0 AppleWebKit/537.36 (KHTML, like Gecko; compatible; GPTBot/1.4; +https://openai.com/gptbot)"
74.7.227.147 - - [31/Aug/2026:09:53:01 -0400] "GET /kb/books/jmh/jmh71/jmh71b/tn/tn_IMG_0375.png HTTP/2" 404 1251 "https://ko0.us/jmh71b.htm" "Mozilla/5.0 AppleWebKit/537.36 (KHTML, like Gecko; compatible; GPTBot/1.4; +https://openai.com/gptbot)"
74.7.227.147 - - [31/Aug/2026:09:53:02 -0400] "GET /kb/books/jmh/jmh71/jmh71b/tn/tn_IMG_1397.png HTTP/2" 404 1251 "https://ko0.us/jmh71b.htm" "Mozilla/5.0 AppleWebKit/537.36 (KHTML, like Gecko; compatible; GPTBot/1.4; +https://openai.com/gptbot)"
74.7.227.147 - - [31/Aug/2026:09:53:04 -0400] "GET /kb/books/jmh/jmh71/jmh71b/tn/tn_IMG_0134.png HTTP/2" 404 1251 "https://ko0.us/jmh71b.htm" "Mozilla/5.0 AppleWebKit/537.36 (KHTML, like Gecko; compatible; GPTBot/1.4; +https://openai.com/gptbot)"
74.7.227.147 - - [31/Aug/2026:09:53:07 -0400] "GET /kb/books/jmh/jmh71/jmh71b/tn/tn_IMG_0400.png HTTP/2" 404 1251 "https://ko0.us/jmh71b.htm" "Mozilla/5.0 AppleWebKit/537.36 (KHTML, like Gecko; compatible; GPTBot/1.4; +https://openai.com/gptbot)"
74.7.227.147 - - [31/Aug/2026:09:53:11 -0400] "GET /kb/books/jmh/jmh71/jmh71b/tn/tn_IMG_0317.png HTTP/2" 404 1251 "https://ko0.us/jmh71b.htm" "Mozilla/5.0 AppleWebKit/537.36 (KHTML, like Gecko; compatible; GPTBot/1.4; +https://openai.com/gptbot)"
74.7.227.147 - - [31/Aug/2026:09:53:13 -0400] "GET /kb/books/jmh/jmh71/jmh71b/tn/tn_IMG_0782.png HTTP/2" 404 1251 "https://ko0.us/jmh71b.htm" "Mozilla/5.0 AppleWebKit/537.36 (KHTML, like Gecko; compatible; GPTBot/1.4; +https://openai.com/gptbot)"
74.7.227.147 - - [31/Aug/2026:09:53:14 -0400] "GET /kb/books/jmh/jmh71/jmh71b/tn/tn_IMG_0574.png HTTP/2" 404 1251 "https://ko0.us/jmh71b.htm" "Mozilla/5.0 AppleWebKit/537.36 (KHTML, like Gecko; compatible; GPTBot/1.4; +https://openai.com/gptbot)"
74.7.227.147 - - [31/Aug/2026:09:53:16 -0400] "GET /kb/books/jmh/jmh71/jmh71b/tn/tn_IMG_1334.png HTTP/2" 404 1251 "https://ko0.us/jmh71b.htm" "Mozilla/5.0 AppleWebKit/537.36 (KHTML, like Gecko; compatible; GPTBot/1.4; +https://openai.com/gptbot)"
