17.166.21.60 - - [31/Aug/2026:10:00:10 -0400] "GET /txt/pnlist.txt HTTP/2" 404 1251 "https://ko0.us/index_mothersday.htm" "Mozilla/5.0 (Macintosh; Intel Mac OS X 10_15_7) AppleWebKit/605.1.15 (KHTML, like Gecko) Version/17.4 Safari/605.1.15 (Applebot/0.1; +http://www.apple.com/go/applebot)"
185.191.171.8 - - [31/Aug/2026:10:00:11 -0400] "GET /index_new.html HTTP/1.1" 200 401012 "-" "Mozilla/5.0 (compatible; SemrushBot/7~bl; +http://www.semrush.com/bot.html)"
17.166.21.60 - - [31/Aug/2026:10:00:12 -0400] "GET /txt/sllist.txt HTTP/2" 404 1251 "https://ko0.us/index_mothersday.htm" "Mozilla/5.0 (Macintosh; Intel Mac OS X 10_15_7) AppleWebKit/605.1.15 (KHTML, like Gecko) Version/17.4 Safari/605.1.15 (Applebot/0.1; +http://www.apple.com/go/applebot)"
17.166.21.60 - - [31/Aug/2026:10:00:13 -0400] "GET /txt/tllist.txt HTTP/2" 404 1251 "https://ko0.us/index_mothersday.htm" "Mozilla/5.0 (Macintosh; Intel Mac OS X 10_15_7) AppleWebKit/605.1.15 (KHTML, like Gecko) Version/17.4 Safari/605.1.15 (Applebot/0.1; +http://www.apple.com/go/applebot)"
17.166.21.60 - - [31/Aug/2026:10:00:15 -0400] "GET /txt/ytlist_today.txt HTTP/2" 404 1251 "https://ko0.us/index_mothersday.htm" "Mozilla/5.0 (Macintosh; Intel Mac OS X 10_15_7) AppleWebKit/605.1.15 (KHTML, like Gecko) Version/17.4 Safari/605.1.15 (Applebot/0.1; +http://www.apple.com/go/applebot)"
216.73.216.164 - - [31/Aug/2026:09:58:04 -0400] "GET /pn/ko_pn.php?dir=%2Fhome%2Fkozerus%2Fpublic_html%2Fcropex%2Fnode%2Fnode_modules%2F%40radix-ui%2Freact-arrow%2Fdist%2Findex.d.mts HTTP/2" 429 0 "-" "Mozilla/5.0 AppleWebKit/537.36 (KHTML, like Gecko; compatible; ClaudeBot/1.0; +claudebot@anthropic.com)"
216.73.216.164 - - [31/Aug/2026:09:58:09 -0400] "GET /pn/ko_pn.php?dir=%2Fhome%2Fkozerus%2Fpublic_html%2Fpiwigo%2Flanguage%2Fes_ES%2Fhelp%2Fmaintenance.html HTTP/2" 200 5178 "-" "Mozilla/5.0 AppleWebKit/537.36 (KHTML, like Gecko; compatible; ClaudeBot/1.0; +claudebot@anthropic.com)"
216.73.216.164 - - [31/Aug/2026:09:59:39 -0400] "GET /ko_center/imgs/btn/smbe1.png HTTP/2" 200 6062 "-" "Mozilla/5.0 AppleWebKit/537.36 (KHTML, like Gecko; compatible; ClaudeBot/1.0; +claudebot@anthropic.com)"
216.73.216.164 - - [31/Aug/2026:09:59:44 -0400] "GET /ko_center/imgs/btn/go2top2.png HTTP/2" 429 0 "-" "Mozilla/5.0 AppleWebKit/537.36 (KHTML, like Gecko; compatible; ClaudeBot/1.0; +claudebot@anthropic.com)"
216.73.216.164 - - [31/Aug/2026:09:59:49 -0400] "GET /pn/ko_pn.php?dir=%2Fhome%2Fkozerus%2Fpublic_html%2Fzc%2Fzc_installed%2Fsql%2Fupdates%2Fmysql_upgrade_zencart_152.sql HTTP/2" 200 6957 "-" "Mozilla/5.0 AppleWebKit/537.36 (KHTML, like Gecko; compatible; ClaudeBot/1.0; +claudebot@anthropic.com)"
216.73.216.164 - - [31/Aug/2026:09:59:54 -0400] "GET /piwigo/themes/modus/images/img_next.png HTTP/2" 429 0 "-" "Mozilla/5.0 AppleWebKit/537.36 (KHTML, like Gecko; compatible; ClaudeBot/1.0; +claudebot@anthropic.com)"
216.73.216.164 - - [31/Aug/2026:10:00:09 -0400] "GET /go/dgs0/images/9/w326.gif HTTP/2" 200 297 "-" "Mozilla/5.0 AppleWebKit/537.36 (KHTML, like Gecko; compatible; ClaudeBot/1.0; +claudebot@anthropic.com)"
66.249.69.229 - - [31/Aug/2026:10:00:13 -0400] "GET /fb/comics/dc/superman80/no004/pages/zn/zn_59.jpg HTTP/1.1" 404 1251 "-" "Googlebot-Image/1.0"
216.73.216.164 - - [31/Aug/2026:10:00:14 -0400] "GET /pn/ko_pn.php?dir=%2Fhome%2Fkozerus%2Fpublic_html%2Fjs%2Fwz_connect%2Fcable-dvi.webp HTTP/2" 429 0 "-" "Mozilla/5.0 AppleWebKit/537.36 (KHTML, like Gecko; compatible; ClaudeBot/1.0; +claudebot@anthropic.com)"
17.166.21.60 - - [31/Aug/2026:10:00:16 -0400] "GET /txt/zmlist.txt HTTP/2" 404 1251 "https://ko0.us/index_mothersday.htm" "Mozilla/5.0 (Macintosh; Intel Mac OS X 10_15_7) AppleWebKit/605.1.15 (KHTML, like Gecko) Version/17.4 Safari/605.1.15 (Applebot/0.1; +http://www.apple.com/go/applebot)"
74.7.227.147 - - [31/Aug/2026:10:00:19 -0400] "GET /kb/books/jmh/jmh71/jmh71b/tn/tn_IMG_1429.png HTTP/2" 404 1251 "https://ko0.us/jmh71b.htm" "Mozilla/5.0 AppleWebKit/537.36 (KHTML, like Gecko; compatible; GPTBot/1.4; +https://openai.com/gptbot)"
216.73.216.164 - - [31/Aug/2026:10:00:19 -0400] "GET /go/dgs0/images/9/w218.gif HTTP/2" 200 297 "-" "Mozilla/5.0 AppleWebKit/537.36 (KHTML, like Gecko; compatible; ClaudeBot/1.0; +claudebot@anthropic.com)"
17.166.22.77 - - [31/Aug/2026:10:00:21 -0400] "GET /pages/js/3-regions.json HTTP/2" 404 1251 "https://ko0.us/index_mothersday.htm" "Mozilla/5.0 (Macintosh; Intel Mac OS X 10_15_7) AppleWebKit/605.1.15 (KHTML, like Gecko) Version/17.4 Safari/605.1.15 (Applebot/0.1; +http://www.apple.com/go/applebot)"
17.166.22.77 - - [31/Aug/2026:10:00:22 -0400] "GET /pages/js/4-regions.json HTTP/2" 404 1251 "https://ko0.us/index_mothersday.htm" "Mozilla/5.0 (Macintosh; Intel Mac OS X 10_15_7) AppleWebKit/605.1.15 (KHTML, like Gecko) Version/17.4 Safari/605.1.15 (Applebot/0.1; +http://www.apple.com/go/applebot)"
17.166.22.77 - - [31/Aug/2026:10:00:23 -0400] "GET /pages/js/5-regions.json HTTP/2" 404 1251 "https://ko0.us/index_mothersday.htm" "Mozilla/5.0 (Macintosh; Intel Mac OS X 10_15_7) AppleWebKit/605.1.15 (KHTML, like Gecko) Version/17.4 Safari/605.1.15 (Applebot/0.1; +http://www.apple.com/go/applebot)"
74.7.227.147 - - [31/Aug/2026:10:00:24 -0400] "GET /kb/books/jmh/jmh71/jmh71b/tn/tn_IMG_1266.png HTTP/2" 404 1251 "https://ko0.us/jmh71b.htm" "Mozilla/5.0 AppleWebKit/537.36 (KHTML, like Gecko; compatible; GPTBot/1.4; +https://openai.com/gptbot)"
216.73.216.164 - - [31/Aug/2026:10:00:24 -0400] "GET /go/dgs0/images/5/w218.gif HTTP/2" 200 152 "-" "Mozilla/5.0 AppleWebKit/537.36 (KHTML, like Gecko; compatible; ClaudeBot/1.0; +claudebot@anthropic.com)"
17.166.22.77 - - [31/Aug/2026:10:00:25 -0400] "GET /pages/js/6-regions.json HTTP/2" 404 1251 "https://ko0.us/index_mothersday.htm" "Mozilla/5.0 (Macintosh; Intel Mac OS X 10_15_7) AppleWebKit/605.1.15 (KHTML, like Gecko) Version/17.4 Safari/605.1.15 (Applebot/0.1; +http://www.apple.com/go/applebot)"
74.7.227.147 - - [31/Aug/2026:10:00:27 -0400] "GET /kb/books/jmh/jmh71/jmh71b/tn/tn_IMG_0798.png HTTP/2" 404 1251 "https://ko0.us/jmh71b.htm" "Mozilla/5.0 AppleWebKit/537.36 (KHTML, like Gecko; compatible; GPTBot/1.4; +https://openai.com/gptbot)"
216.73.216.164 - - [31/Aug/2026:10:00:29 -0400] "GET /go/dgs0/images/50/b20.gif HTTP/2" 200 1337 "-" "Mozilla/5.0 AppleWebKit/537.36 (KHTML, like Gecko; compatible; ClaudeBot/1.0; +claudebot@anthropic.com)"
74.7.227.147 - - [31/Aug/2026:10:00:32 -0400] "GET /kb/books/jmh/jmh71/jmh71b/tn/tn_IMG_1198.png HTTP/2" 404 1251 "https://ko0.us/jmh71b.htm" "Mozilla/5.0 AppleWebKit/537.36 (KHTML, like Gecko; compatible; GPTBot/1.4; +https://openai.com/gptbot)"
216.73.216.164 - - [31/Aug/2026:10:00:34 -0400] "GET /go/dgs0/images/25/w27.gif HTTP/2" 200 607 "-" "Mozilla/5.0 AppleWebKit/537.36 (KHTML, like Gecko; compatible; ClaudeBot/1.0; +claudebot@anthropic.com)"
74.7.227.147 - - [31/Aug/2026:10:00:36 -0400] "GET /kb/books/jmh/jmh71/jmh71b/tn/tn_IMG_0975.png HTTP/2" 404 1251 "https://ko0.us/jmh71b.htm" "Mozilla/5.0 AppleWebKit/537.36 (KHTML, like Gecko; compatible; GPTBot/1.4; +https://openai.com/gptbot)"
216.73.216.164 - - [31/Aug/2026:10:00:39 -0400] "GET /cropex/imgs/btn/ko_center2.jpg HTTP/2" 200 74516 "-" "Mozilla/5.0 AppleWebKit/537.36 (KHTML, like Gecko; compatible; ClaudeBot/1.0; +claudebot@anthropic.com)"
216.73.216.164 - - [31/Aug/2026:10:00:44 -0400] "GET /go/dgs0/images/9/elg.gif HTTP/2" 200 64 "-" "Mozilla/5.0 AppleWebKit/537.36 (KHTML, like Gecko; compatible; ClaudeBot/1.0; +claudebot@anthropic.com)"
74.7.227.147 - - [31/Aug/2026:10:00:44 -0400] "GET /kb/books/jmh/jmh71/jmh71b/tn/tn_IMG_0720.png HTTP/2" 404 1251 "https://ko0.us/jmh71b.htm" "Mozilla/5.0 AppleWebKit/537.36 (KHTML, like Gecko; compatible; GPTBot/1.4; +https://openai.com/gptbot)"
74.7.227.147 - - [31/Aug/2026:10:00:46 -0400] "GET /kb/books/jmh/jmh71/jmh71b/tn/tn_IMG_1205.png HTTP/2" 404 1251 "https://ko0.us/jmh71b.htm" "Mozilla/5.0 AppleWebKit/537.36 (KHTML, like Gecko; compatible; GPTBot/1.4; +https://openai.com/gptbot)"
74.7.227.147 - - [31/Aug/2026:10:00:48 -0400] "GET /kb/books/jmh/jmh71/jmh71b/tn/tn_IMG_1162.png HTTP/2" 404 1251 "https://ko0.us/jmh71b.htm" "Mozilla/5.0 AppleWebKit/537.36 (KHTML, like Gecko; compatible; GPTBot/1.4; +https://openai.com/gptbot)"
216.73.216.164 - - [31/Aug/2026:10:00:49 -0400] "GET /go/dgs0/images/9/w272.gif HTTP/2" 200 298 "-" "Mozilla/5.0 AppleWebKit/537.36 (KHTML, like Gecko; compatible; ClaudeBot/1.0; +claudebot@anthropic.com)"
74.7.227.147 - - [31/Aug/2026:10:00:51 -0400] "GET /kb/books/jmh/jmh71/jmh71b/tn/tn_IMG_1090.png HTTP/2" 404 1251 "https://ko0.us/jmh71b.htm" "Mozilla/5.0 AppleWebKit/537.36 (KHTML, like Gecko; compatible; GPTBot/1.4; +https://openai.com/gptbot)"
216.73.216.164 - - [31/Aug/2026:10:00:54 -0400] "GET /go/dgs0/images/25/w94.gif HTTP/2" 200 623 "-" "Mozilla/5.0 AppleWebKit/537.36 (KHTML, like Gecko; compatible; ClaudeBot/1.0; +claudebot@anthropic.com)"
74.7.227.147 - - [31/Aug/2026:10:00:58 -0400] "GET /kb/books/jmh/jmh71/jmh71b/tn/tn_IMG_1031.png HTTP/2" 404 1251 "https://ko0.us/jmh71b.htm" "Mozilla/5.0 AppleWebKit/537.36 (KHTML, like Gecko; compatible; GPTBot/1.4; +https://openai.com/gptbot)"
216.73.216.164 - - [31/Aug/2026:10:00:59 -0400] "GET /go/dgs0/images/5/w272.gif HTTP/2" 200 152 "-" "Mozilla/5.0 AppleWebKit/537.36 (KHTML, like Gecko; compatible; ClaudeBot/1.0; +claudebot@anthropic.com)"
74.7.227.147 - - [31/Aug/2026:10:01:00 -0400] "GET /kb/books/jmh/jmh71/jmh71b/tn/tn_IMG_0733.png HTTP/2" 404 1251 "https://ko0.us/jmh71b.htm" "Mozilla/5.0 AppleWebKit/537.36 (KHTML, like Gecko; compatible; GPTBot/1.4; +https://openai.com/gptbot)"
74.7.227.147 - - [31/Aug/2026:10:01:03 -0400] "GET /kb/books/jmh/jmh71/jmh71b/tn/tn_IMG_0818.png HTTP/2" 404 1251 "https://ko0.us/jmh71b.htm" "Mozilla/5.0 AppleWebKit/537.36 (KHTML, like Gecko; compatible; GPTBot/1.4; +https://openai.com/gptbot)"
216.73.216.164 - - [31/Aug/2026:10:01:04 -0400] "GET /piwigo/themes/elegant/icon/arrows_fff.png HTTP/2" 200 562 "-" "Mozilla/5.0 AppleWebKit/537.36 (KHTML, like Gecko; compatible; ClaudeBot/1.0; +claudebot@anthropic.com)"
74.7.227.147 - - [31/Aug/2026:10:01:05 -0400] "GET /kb/books/jmh/jmh71/jmh71b/tn/tn_IMG_1200.png HTTP/2" 404 1251 "https://ko0.us/jmh71b.htm" "Mozilla/5.0 AppleWebKit/537.36 (KHTML, like Gecko; compatible; GPTBot/1.4; +https://openai.com/gptbot)"
74.7.227.147 - - [31/Aug/2026:10:01:07 -0400] "GET /kb/books/jmh/jmh71/jmh71b/tn/tn_IMG_0837.png HTTP/2" 404 1251 "https://ko0.us/jmh71b.htm" "Mozilla/5.0 AppleWebKit/537.36 (KHTML, like Gecko; compatible; GPTBot/1.4; +https://openai.com/gptbot)"
74.7.227.147 - - [31/Aug/2026:10:01:10 -0400] "GET /kb/books/jmh/jmh71/jmh71b/tn/tn_IMG_0170.png HTTP/2" 404 1251 "https://ko0.us/jmh71b.htm" "Mozilla/5.0 AppleWebKit/537.36 (KHTML, like Gecko; compatible; GPTBot/1.4; +https://openai.com/gptbot)"
74.7.227.147 - - [31/Aug/2026:10:01:22 -0400] "GET /kb/books/jmh/jmh71/jmh71b/tn/tn_IMG_1044.png HTTP/2" 404 1251 "https://ko0.us/jmh71b.htm" "Mozilla/5.0 AppleWebKit/537.36 (KHTML, like Gecko; compatible; GPTBot/1.4; +https://openai.com/gptbot)"
74.7.227.147 - - [31/Aug/2026:10:01:26 -0400] "GET /kb/books/jmh/jmh71/jmh71b/tn/tn_IMG_0745.png HTTP/2" 404 1251 "https://ko0.us/jmh71b.htm" "Mozilla/5.0 AppleWebKit/537.36 (KHTML, like Gecko; compatible; GPTBot/1.4; +https://openai.com/gptbot)"
74.7.227.147 - - [31/Aug/2026:10:01:27 -0400] "GET /kb/books/jmh/jmh71/jmh71b/tn/tn_IMG_0381.png HTTP/2" 404 1251 "https://ko0.us/jmh71b.htm" "Mozilla/5.0 AppleWebKit/537.36 (KHTML, like Gecko; compatible; GPTBot/1.4; +https://openai.com/gptbot)"
74.7.227.147 - - [31/Aug/2026:10:01:29 -0400] "GET /kb/books/jmh/jmh71/jmh71b/tn/tn_IMG_1092.png HTTP/2" 404 1251 "https://ko0.us/jmh71b.htm" "Mozilla/5.0 AppleWebKit/537.36 (KHTML, like Gecko; compatible; GPTBot/1.4; +https://openai.com/gptbot)"
85.208.96.203 - - [31/Aug/2026:10:00:47 -0400] "GET /sl/html/index_sl_kb-books-mil-korea74.html HTTP/1.1" 404 1251 "-" "Mozilla/5.0 (compatible; SemrushBot/7~bl; +http://www.semrush.com/bot.html)"
185.191.171.15 - - [31/Aug/2026:10:01:04 -0400] "GET /pn/ko_uize.html HTTP/1.1" 200 2899 "-" "Mozilla/5.0 (compatible; SemrushBot/7~bl; +http://www.semrush.com/bot.html)"
216.73.216.164 - - [31/Aug/2026:10:01:09 -0400] "GET /pn/ko_pn.php?dir=%2Fhome%2Fkozerus%2Fpublic_html%2Fgo%2Fpages%2Fzn%2Fzn_63.jpg HTTP/2" 200 3907 "-" "Mozilla/5.0 AppleWebKit/537.36 (KHTML, like Gecko; compatible; ClaudeBot/1.0; +claudebot@anthropic.com)"
216.73.216.164 - - [31/Aug/2026:10:01:14 -0400] "GET /ko_center/zm5/hrc_d/TileGroup5/6-14-19.jpg HTTP/2" 200 1651 "-" "Mozilla/5.0 AppleWebKit/537.36 (KHTML, like Gecko; compatible; ClaudeBot/1.0; +claudebot@anthropic.com)"
66.249.69.229 - - [31/Aug/2026:10:01:15 -0400] "GET /fb/comics/dc/superman80/no004/pages/zn/zn_33.jpg HTTP/1.1" 404 1251 "-" "Googlebot-Image/1.0"
216.73.216.164 - - [31/Aug/2026:10:01:19 -0400] "GET /ko_center/zm5/hrc_c/TileGroup4/6-46-10.jpg HTTP/2" 200 1651 "-" "Mozilla/5.0 AppleWebKit/537.36 (KHTML, like Gecko; compatible; ClaudeBot/1.0; +claudebot@anthropic.com)"
216.73.216.164 - - [31/Aug/2026:10:01:24 -0400] "GET /imgs/links/tn/tn_av_music.png HTTP/2" 200 15733 "-" "Mozilla/5.0 AppleWebKit/537.36 (KHTML, like Gecko; compatible; ClaudeBot/1.0; +claudebot@anthropic.com)"
216.73.216.164 - - [31/Aug/2026:10:01:29 -0400] "GET /ko_center/zm5/hrc_dr18d29/TileGroup2/6-32-1.jpg HTTP/2" 200 5206 "-" "Mozilla/5.0 AppleWebKit/537.36 (KHTML, like Gecko; compatible; ClaudeBot/1.0; +claudebot@anthropic.com)"
216.73.216.164 - - [31/Aug/2026:10:01:34 -0400] "GET /ko_center/zm5/hrc_dr20d37/TileGroup3/6-41-5.jpg HTTP/2" 200 6199 "-" "Mozilla/5.0 AppleWebKit/537.36 (KHTML, like Gecko; compatible; ClaudeBot/1.0; +claudebot@anthropic.com)"
66.249.69.228 - - [31/Aug/2026:10:01:35 -0400] "GET /fb/kolog/pages/zn/zn_49.jpg HTTP/1.1" 404 1251 "-" "Googlebot-Image/1.0"
216.73.216.164 - - [31/Aug/2026:10:01:39 -0400] "GET /ko_center/zm5/hrc_c/TileGroup5/6-18-16.jpg HTTP/2" 200 3667 "-" "Mozilla/5.0 AppleWebKit/537.36 (KHTML, like Gecko; compatible; ClaudeBot/1.0; +claudebot@anthropic.com)"
216.73.216.164 - - [31/Aug/2026:10:01:44 -0400] "GET /ko_center/zm5/hrc_dr20d37/TileGroup0/5-20-3.jpg HTTP/2" 200 12717 "-" "Mozilla/5.0 AppleWebKit/537.36 (KHTML, like Gecko; compatible; ClaudeBot/1.0; +claudebot@anthropic.com)"
216.73.216.164 - - [31/Aug/2026:10:01:49 -0400] "GET /ko_center/zm5/hrc_dr21d42/TileGroup2/6-30-4.jpg HTTP/2" 200 2691 "-" "Mozilla/5.0 AppleWebKit/537.36 (KHTML, like Gecko; compatible; ClaudeBot/1.0; +claudebot@anthropic.com)"
216.73.216.164 - - [31/Aug/2026:10:01:54 -0400] "GET /pn/ko_pn.php?dir=%2Fhome%2Fkozerus%2Fpublic_html%2Fzm%2Fhrc2011%2FTileGroup10%2F7-74-18.jpg HTTP/2" 200 3897 "-" "Mozilla/5.0 AppleWebKit/537.36 (KHTML, like Gecko; compatible; ClaudeBot/1.0; +claudebot@anthropic.com)"
17.166.25.82 - - [31/Aug/2026:10:01:59 -0400] "GET /mking/anyt.txt HTTP/2" 200 532 "https://ko0.us/mking/" "Mozilla/5.0 (Macintosh; Intel Mac OS X 10_15_7) AppleWebKit/605.1.15 (KHTML, like Gecko) Version/17.4 Safari/605.1.15 (Applebot/0.1; +http://www.apple.com/go/applebot)"
216.73.216.164 - - [31/Aug/2026:10:01:59 -0400] "GET /pn/ko_pn.php?dir=%2Fhome%2Fkozerus%2Fpublic_html%2Fimgs%2Fbtn%2Fkoeye_truthsocial.png HTTP/2" 200 3914 "-" "Mozilla/5.0 AppleWebKit/537.36 (KHTML, like Gecko; compatible; ClaudeBot/1.0; +claudebot@anthropic.com)"
216.73.216.164 - - [31/Aug/2026:10:02:04 -0400] "GET /zc/imgs/steampunk/steampunk_tablegirl.jpg HTTP/2" 200 572360 "-" "Mozilla/5.0 AppleWebKit/537.36 (KHTML, like Gecko; compatible; ClaudeBot/1.0; +claudebot@anthropic.com)"
216.73.216.164 - - [31/Aug/2026:10:02:09 -0400] "GET /ko_center/zm5/hrc_dr17d26/TileGroup2/6-14-3.jpg HTTP/2" 200 1651 "-" "Mozilla/5.0 AppleWebKit/537.36 (KHTML, like Gecko; compatible; ClaudeBot/1.0; +claudebot@anthropic.com)"
74.7.227.147 - - [31/Aug/2026:10:01:32 -0400] "GET /kb/books/jmh/jmh71/jmh71b/tn/tn_IMG_0677.png HTTP/2" 404 1251 "https://ko0.us/jmh71b.htm" "Mozilla/5.0 AppleWebKit/537.36 (KHTML, like Gecko; compatible; GPTBot/1.4; +https://openai.com/gptbot)"
74.7.227.147 - - [31/Aug/2026:10:01:36 -0400] "GET /kb/books/jmh/jmh71/jmh71b/tn/tn_IMG_1186.png HTTP/2" 404 1251 "https://ko0.us/jmh71b.htm" "Mozilla/5.0 AppleWebKit/537.36 (KHTML, like Gecko; compatible; GPTBot/1.4; +https://openai.com/gptbot)"
185.191.171.6 - - [31/Aug/2026:10:01:39 -0400] "GET /konet/ko_tm_best.html HTTP/1.1" 200 35954 "-" "Mozilla/5.0 (compatible; SemrushBot/7~bl; +http://www.semrush.com/bot.html)"
74.7.227.147 - - [31/Aug/2026:10:01:43 -0400] "GET /kb/books/jmh/jmh71/jmh71b/tn/tn_IMG_1275.png HTTP/2" 404 1251 "https://ko0.us/jmh71b.htm" "Mozilla/5.0 AppleWebKit/537.36 (KHTML, like Gecko; compatible; GPTBot/1.4; +https://openai.com/gptbot)"
74.7.227.147 - - [31/Aug/2026:10:01:45 -0400] "GET /kb/books/jmh/jmh71/jmh71b/tn/tn_IMG_0476.png HTTP/2" 404 1251 "https://ko0.us/jmh71b.htm" "Mozilla/5.0 AppleWebKit/537.36 (KHTML, like Gecko; compatible; GPTBot/1.4; +https://openai.com/gptbot)"
74.7.227.147 - - [31/Aug/2026:10:01:48 -0400] "GET /kb/books/jmh/jmh71/jmh71b/tn/tn_IMG_1408.png HTTP/2" 404 1251 "https://ko0.us/jmh71b.htm" "Mozilla/5.0 AppleWebKit/537.36 (KHTML, like Gecko; compatible; GPTBot/1.4; +https://openai.com/gptbot)"
74.7.227.147 - - [31/Aug/2026:10:01:53 -0400] "GET /kb/books/jmh/jmh71/jmh71b/tn/tn_IMG_0971.png HTTP/2" 404 1251 "https://ko0.us/jmh71b.htm" "Mozilla/5.0 AppleWebKit/537.36 (KHTML, like Gecko; compatible; GPTBot/1.4; +https://openai.com/gptbot)"
74.7.227.147 - - [31/Aug/2026:10:02:00 -0400] "GET /kb/books/jmh/jmh71/jmh71b/tn/tn_IMG_0581.png HTTP/2" 404 1251 "https://ko0.us/jmh71b.htm" "Mozilla/5.0 AppleWebKit/537.36 (KHTML, like Gecko; compatible; GPTBot/1.4; +https://openai.com/gptbot)"
74.7.227.147 - - [31/Aug/2026:10:02:02 -0400] "GET /kb/books/jmh/jmh71/jmh71b/tn/tn_IMG_0166.png HTTP/2" 404 1251 "https://ko0.us/jmh71b.htm" "Mozilla/5.0 AppleWebKit/537.36 (KHTML, like Gecko; compatible; GPTBot/1.4; +https://openai.com/gptbot)"
74.7.227.147 - - [31/Aug/2026:10:02:07 -0400] "GET /kb/books/jmh/jmh71/jmh71b/tn/tn_IMG_0470.png HTTP/2" 404 1251 "https://ko0.us/jmh71b.htm" "Mozilla/5.0 AppleWebKit/537.36 (KHTML, like Gecko; compatible; GPTBot/1.4; +https://openai.com/gptbot)"
74.7.227.147 - - [31/Aug/2026:10:02:19 -0400] "GET /kb/books/jmh/jmh71/jmh71b/tn/tn_IMG_0487.png HTTP/2" 404 1251 "https://ko0.us/jmh71b.htm" "Mozilla/5.0 AppleWebKit/537.36 (KHTML, like Gecko; compatible; GPTBot/1.4; +https://openai.com/gptbot)"
74.7.227.147 - - [31/Aug/2026:10:02:21 -0400] "GET /kb/books/jmh/jmh71/jmh71b/tn/tn_IMG_1054.png HTTP/2" 404 1251 "https://ko0.us/jmh71b.htm" "Mozilla/5.0 AppleWebKit/537.36 (KHTML, like Gecko; compatible; GPTBot/1.4; +https://openai.com/gptbot)"
74.7.227.147 - - [31/Aug/2026:10:02:22 -0400] "GET /kb/books/jmh/jmh71/jmh71b/tn/tn_IMG_0914.png HTTP/2" 404 1251 "https://ko0.us/jmh71b.htm" "Mozilla/5.0 AppleWebKit/537.36 (KHTML, like Gecko; compatible; GPTBot/1.4; +https://openai.com/gptbot)"
74.7.227.147 - - [31/Aug/2026:10:02:24 -0400] "GET /kb/books/jmh/jmh71/jmh71b/tn/tn_IMG_0321.png HTTP/2" 404 1251 "https://ko0.us/jmh71b.htm" "Mozilla/5.0 AppleWebKit/537.36 (KHTML, like Gecko; compatible; GPTBot/1.4; +https://openai.com/gptbot)"
74.7.227.147 - - [31/Aug/2026:10:02:26 -0400] "GET /kb/books/jmh/jmh71/jmh71b/tn/tn_IMG_1125.png HTTP/2" 404 1251 "https://ko0.us/jmh71b.htm" "Mozilla/5.0 AppleWebKit/537.36 (KHTML, like Gecko; compatible; GPTBot/1.4; +https://openai.com/gptbot)"
74.7.227.147 - - [31/Aug/2026:10:02:27 -0400] "GET /kb/books/jmh/jmh71/jmh71b/tn/tn_IMG_1180.png HTTP/2" 404 1251 "https://ko0.us/jmh71b.htm" "Mozilla/5.0 AppleWebKit/537.36 (KHTML, like Gecko; compatible; GPTBot/1.4; +https://openai.com/gptbot)"
216.73.216.164 - - [31/Aug/2026:10:02:14 -0400] "GET /ko_center/zm5/hrc_d/TileGroup6/6-13-26.jpg HTTP/2" 200 1651 "-" "Mozilla/5.0 AppleWebKit/537.36 (KHTML, like Gecko; compatible; ClaudeBot/1.0; +claudebot@anthropic.com)"
66.249.69.227 - - [31/Aug/2026:10:02:15 -0400] "GET /fb/comics/dc/superman80/no004/pages/zn/zn_50.jpg HTTP/1.1" 404 1251 "-" "Googlebot-Image/1.0"
216.73.216.164 - - [31/Aug/2026:10:02:19 -0400] "GET /ko_center/zm5/hrc_dr18d29/TileGroup0/4-5-1.jpg HTTP/2" 200 10458 "-" "Mozilla/5.0 AppleWebKit/537.36 (KHTML, like Gecko; compatible; ClaudeBot/1.0; +claudebot@anthropic.com)"
216.73.216.164 - - [31/Aug/2026:10:02:24 -0400] "GET /ko_center/zm5/hrc_d/TileGroup6/6-12-24.jpg HTTP/2" 200 1651 "-" "Mozilla/5.0 AppleWebKit/537.36 (KHTML, like Gecko; compatible; ClaudeBot/1.0; +claudebot@anthropic.com)"
216.73.216.164 - - [31/Aug/2026:10:02:29 -0400] "GET /zm/hrc2009stl/TileGroup11/6-43-34.jpg HTTP/2" 200 9208 "-" "Mozilla/5.0 AppleWebKit/537.36 (KHTML, like Gecko; compatible; ClaudeBot/1.0; +claudebot@anthropic.com)"
216.73.216.164 - - [31/Aug/2026:10:02:34 -0400] "GET /ko_center/zm5/hrc_dr22d45/TileGroup3/6-6-7.jpg HTTP/2" 200 1651 "-" "Mozilla/5.0 AppleWebKit/537.36 (KHTML, like Gecko; compatible; ClaudeBot/1.0; +claudebot@anthropic.com)"
216.73.216.164 - - [31/Aug/2026:10:02:39 -0400] "GET /ko_center/zm5/hrc_dr21d42/TileGroup2/6-35-0.jpg HTTP/2" 200 3152 "-" "Mozilla/5.0 AppleWebKit/537.36 (KHTML, like Gecko; compatible; ClaudeBot/1.0; +claudebot@anthropic.com)"
216.73.216.164 - - [31/Aug/2026:10:02:44 -0400] "GET /ko_center/zm5/hrc_dr20d37/TileGroup0/5-8-0.jpg HTTP/2" 200 6426 "-" "Mozilla/5.0 AppleWebKit/537.36 (KHTML, like Gecko; compatible; ClaudeBot/1.0; +claudebot@anthropic.com)"
216.73.216.164 - - [31/Aug/2026:10:02:49 -0400] "GET /ko_center/zm5/hrc_dr20d37/TileGroup0/5-23-3.jpg HTTP/2" 200 1789 "-" "Mozilla/5.0 AppleWebKit/537.36 (KHTML, like Gecko; compatible; ClaudeBot/1.0; +claudebot@anthropic.com)"
216.73.216.164 - - [31/Aug/2026:10:02:54 -0400] "GET /ko_center/zm5/hrc_dr20d37/TileGroup0/5-19-3.jpg HTTP/2" 429 0 "-" "Mozilla/5.0 AppleWebKit/537.36 (KHTML, like Gecko; compatible; ClaudeBot/1.0; +claudebot@anthropic.com)"
216.73.216.164 - - [31/Aug/2026:10:02:59 -0400] "GET /ko_center/zm5/hrc_dr20d37/TileGroup0/5-0-0.jpg HTTP/2" 200 2718 "-" "Mozilla/5.0 AppleWebKit/537.36 (KHTML, like Gecko; compatible; ClaudeBot/1.0; +claudebot@anthropic.com)"
216.73.216.164 - - [31/Aug/2026:10:03:04 -0400] "GET /ko_center/zm5/hrc_dr18d29/TileGroup0/4-3-6.jpg HTTP/2" 429 0 "-" "Mozilla/5.0 AppleWebKit/537.36 (KHTML, like Gecko; compatible; ClaudeBot/1.0; +claudebot@anthropic.com)"
216.73.216.164 - - [31/Aug/2026:10:03:09 -0400] "GET /zc/imgs/steampunk/steampunk_neuschwanstien.jpg HTTP/2" 200 147583 "-" "Mozilla/5.0 AppleWebKit/537.36 (KHTML, like Gecko; compatible; ClaudeBot/1.0; +claudebot@anthropic.com)"
216.73.216.164 - - [31/Aug/2026:10:03:14 -0400] "GET /pn/ko_pn.php?dir=%2Fhome%2Fkozerus%2Fpublic_html%2Fzm%2Fhrc2011%2FTileGroup10%2F7-38-18.jpg HTTP/2" 429 0 "-" "Mozilla/5.0 AppleWebKit/537.36 (KHTML, like Gecko; compatible; ClaudeBot/1.0; +claudebot@anthropic.com)"
17.166.153.23 - - [31/Aug/2026:10:03:17 -0400] "GET /index_neave_wobble.html HTTP/2" 200 22819 "https://ko0.us/index_kovall.html" "Mozilla/5.0 (Macintosh; Intel Mac OS X 10_15_7) AppleWebKit/605.1.15 (KHTML, like Gecko) Version/17.4 Safari/605.1.15 (Applebot/0.1; +http://www.apple.com/go/applebot)"
17.166.153.23 - - [31/Aug/2026:10:03:19 -0400] "GET /index_neave_im.html HTTP/2" 200 68211 "https://ko0.us/index_kovall.html" "Mozilla/5.0 (Macintosh; Intel Mac OS X 10_15_7) AppleWebKit/605.1.15 (KHTML, like Gecko) Version/17.4 Safari/605.1.15 (Applebot/0.1; +http://www.apple.com/go/applebot)"
216.73.216.164 - - [31/Aug/2026:10:03:19 -0400] "GET /ko_center/zm5/hrc_d/TileGroup6/6-26-24.jpg HTTP/2" 200 1651 "-" "Mozilla/5.0 AppleWebKit/537.36 (KHTML, like Gecko; compatible; ClaudeBot/1.0; +claudebot@anthropic.com)"
74.7.227.147 - - [31/Aug/2026:10:02:31 -0400] "GET /kb/books/jmh/jmh71/jmh71b/tn/tn_IMG_0196.png HTTP/2" 404 1251 "https://ko0.us/jmh71b.htm" "Mozilla/5.0 AppleWebKit/537.36 (KHTML, like Gecko; compatible; GPTBot/1.4; +https://openai.com/gptbot)"
74.7.227.147 - - [31/Aug/2026:10:02:36 -0400] "GET /kb/books/jmh/jmh71/jmh71b/tn/tn_IMG_1163.png HTTP/2" 404 1251 "https://ko0.us/jmh71b.htm" "Mozilla/5.0 AppleWebKit/537.36 (KHTML, like Gecko; compatible; GPTBot/1.4; +https://openai.com/gptbot)"
74.7.227.147 - - [31/Aug/2026:10:02:38 -0400] "GET /kb/books/jmh/jmh71/jmh71b/tn/tn_IMG_0743.png HTTP/2" 404 1251 "https://ko0.us/jmh71b.htm" "Mozilla/5.0 AppleWebKit/537.36 (KHTML, like Gecko; compatible; GPTBot/1.4; +https://openai.com/gptbot)"
74.7.227.147 - - [31/Aug/2026:10:02:41 -0400] "GET /kb/books/jmh/jmh71/jmh71b/tn/tn_IMG_1016.png HTTP/2" 404 1251 "https://ko0.us/jmh71b.htm" "Mozilla/5.0 AppleWebKit/537.36 (KHTML, like Gecko; compatible; GPTBot/1.4; +https://openai.com/gptbot)"
74.7.227.147 - - [31/Aug/2026:10:02:45 -0400] "GET /kb/books/jmh/jmh71/jmh71b/tn/tn_IMG_0319.png HTTP/2" 404 1251 "https://ko0.us/jmh71b.htm" "Mozilla/5.0 AppleWebKit/537.36 (KHTML, like Gecko; compatible; GPTBot/1.4; +https://openai.com/gptbot)"
74.7.227.147 - - [31/Aug/2026:10:02:57 -0400] "GET /kb/books/jmh/jmh71/jmh71b/tn/tn_IMG_1203.png HTTP/2" 404 1251 "https://ko0.us/jmh71b.htm" "Mozilla/5.0 AppleWebKit/537.36 (KHTML, like Gecko; compatible; GPTBot/1.4; +https://openai.com/gptbot)"
74.7.227.147 - - [31/Aug/2026:10:02:58 -0400] "GET /kb/books/jmh/jmh71/jmh71b/tn/tn_IMG_0267.png HTTP/2" 404 1251 "https://ko0.us/jmh71b.htm" "Mozilla/5.0 AppleWebKit/537.36 (KHTML, like Gecko; compatible; GPTBot/1.4; +https://openai.com/gptbot)"
74.7.227.147 - - [31/Aug/2026:10:03:00 -0400] "GET /kb/books/jmh/jmh71/jmh71b/tn/tn_IMG_0740.png HTTP/2" 404 1251 "https://ko0.us/jmh71b.htm" "Mozilla/5.0 AppleWebKit/537.36 (KHTML, like Gecko; compatible; GPTBot/1.4; +https://openai.com/gptbot)"
74.7.227.147 - - [31/Aug/2026:10:03:04 -0400] "GET /kb/books/jmh/jmh71/jmh71b/tn/tn_IMG_1312.png HTTP/2" 404 1251 "https://ko0.us/jmh71b.htm" "Mozilla/5.0 AppleWebKit/537.36 (KHTML, like Gecko; compatible; GPTBot/1.4; +https://openai.com/gptbot)"
74.7.227.147 - - [31/Aug/2026:10:03:05 -0400] "GET /kb/books/jmh/jmh71/jmh71b/tn/tn_IMG_1250.png HTTP/2" 404 1251 "https://ko0.us/jmh71b.htm" "Mozilla/5.0 AppleWebKit/537.36 (KHTML, like Gecko; compatible; GPTBot/1.4; +https://openai.com/gptbot)"
74.7.227.147 - - [31/Aug/2026:10:03:09 -0400] "GET /kb/books/jmh/jmh71/jmh71b/tn/tn_IMG_1436.png HTTP/2" 404 1251 "https://ko0.us/jmh71b.htm" "Mozilla/5.0 AppleWebKit/537.36 (KHTML, like Gecko; compatible; GPTBot/1.4; +https://openai.com/gptbot)"
74.7.227.147 - - [31/Aug/2026:10:03:10 -0400] "GET /kb/books/jmh/jmh71/jmh71b/tn/tn_IMG_1153.png HTTP/2" 404 1251 "https://ko0.us/jmh71b.htm" "Mozilla/5.0 AppleWebKit/537.36 (KHTML, like Gecko; compatible; GPTBot/1.4; +https://openai.com/gptbot)"
74.7.227.147 - - [31/Aug/2026:10:03:16 -0400] "GET /kb/books/jmh/jmh71/jmh71b/tn/tn_IMG_1033.png HTTP/2" 404 1251 "https://ko0.us/jmh71b.htm" "Mozilla/5.0 AppleWebKit/537.36 (KHTML, like Gecko; compatible; GPTBot/1.4; +https://openai.com/gptbot)"
74.7.227.147 - - [31/Aug/2026:10:03:19 -0400] "GET /kb/books/jmh/jmh71/jmh71b/tn/tn_IMG_0750.png HTTP/2" 404 1251 "https://ko0.us/jmh71b.htm" "Mozilla/5.0 AppleWebKit/537.36 (KHTML, like Gecko; compatible; GPTBot/1.4; +https://openai.com/gptbot)"
74.7.227.147 - - [31/Aug/2026:10:03:22 -0400] "GET /kb/books/jmh/jmh71/jmh71b/tn/tn_IMG_1255.png HTTP/2" 404 1251 "https://ko0.us/jmh71b.htm" "Mozilla/5.0 AppleWebKit/537.36 (KHTML, like Gecko; compatible; GPTBot/1.4; +https://openai.com/gptbot)"
74.7.227.147 - - [31/Aug/2026:10:03:28 -0400] "GET /kb/books/jmh/jmh71/jmh71b/tn/tn_IMG_1152.png HTTP/2" 404 1251 "https://ko0.us/jmh71b.htm" "Mozilla/5.0 AppleWebKit/537.36 (KHTML, like Gecko; compatible; GPTBot/1.4; +https://openai.com/gptbot)"
74.7.227.147 - - [31/Aug/2026:10:03:29 -0400] "GET /kb/books/jmh/jmh71/jmh71b/tn/tn_IMG_0814.png HTTP/2" 404 1251 "https://ko0.us/jmh71b.htm" "Mozilla/5.0 AppleWebKit/537.36 (KHTML, like Gecko; compatible; GPTBot/1.4; +https://openai.com/gptbot)"
74.7.227.147 - - [31/Aug/2026:10:03:31 -0400] "GET /kb/books/jmh/jmh71/jmh71b/tn/tn_IMG_1013.png HTTP/2" 404 1251 "https://ko0.us/jmh71b.htm" "Mozilla/5.0 AppleWebKit/537.36 (KHTML, like Gecko; compatible; GPTBot/1.4; +https://openai.com/gptbot)"
74.7.227.147 - - [31/Aug/2026:10:03:33 -0400] "GET /kb/books/jmh/jmh71/jmh71b/tn/tn_IMG_1262.png HTTP/2" 404 1251 "https://ko0.us/jmh71b.htm" "Mozilla/5.0 AppleWebKit/537.36 (KHTML, like Gecko; compatible; GPTBot/1.4; +https://openai.com/gptbot)"
74.7.227.147 - - [31/Aug/2026:10:03:35 -0400] "GET /kb/books/jmh/jmh71/jmh71b/tn/tn_IMG_1361.png HTTP/2" 404 1251 "https://ko0.us/jmh71b.htm" "Mozilla/5.0 AppleWebKit/537.36 (KHTML, like Gecko; compatible; GPTBot/1.4; +https://openai.com/gptbot)"
74.7.227.147 - - [31/Aug/2026:10:03:41 -0400] "GET /kb/books/jmh/jmh71/jmh71b/tn/tn_IMG_0972.png HTTP/2" 404 1251 "https://ko0.us/jmh71b.htm" "Mozilla/5.0 AppleWebKit/537.36 (KHTML, like Gecko; compatible; GPTBot/1.4; +https://openai.com/gptbot)"
74.7.227.147 - - [31/Aug/2026:10:03:43 -0400] "GET /kb/books/jmh/jmh71/jmh71b/tn/tn_IMG_1193.png HTTP/2" 404 1251 "https://ko0.us/jmh71b.htm" "Mozilla/5.0 AppleWebKit/537.36 (KHTML, like Gecko; compatible; GPTBot/1.4; +https://openai.com/gptbot)"
74.7.227.147 - - [31/Aug/2026:10:03:48 -0400] "GET /kb/books/jmh/jmh71/jmh71b/tn/tn_IMG_0616.png HTTP/2" 404 1251 "https://ko0.us/jmh71b.htm" "Mozilla/5.0 AppleWebKit/537.36 (KHTML, like Gecko; compatible; GPTBot/1.4; +https://openai.com/gptbot)"
74.7.227.147 - - [31/Aug/2026:10:03:53 -0400] "GET /kb/books/jmh/jmh71/jmh71b/tn/tn_IMG_0917.png HTTP/2" 404 1251 "https://ko0.us/jmh71b.htm" "Mozilla/5.0 AppleWebKit/537.36 (KHTML, like Gecko; compatible; GPTBot/1.4; +https://openai.com/gptbot)"
74.7.227.147 - - [31/Aug/2026:10:03:55 -0400] "GET /kb/books/jmh/jmh71/jmh71b/tn/tn_IMG_1136.png HTTP/2" 404 1251 "https://ko0.us/jmh71b.htm" "Mozilla/5.0 AppleWebKit/537.36 (KHTML, like Gecko; compatible; GPTBot/1.4; +https://openai.com/gptbot)"
74.7.227.147 - - [31/Aug/2026:10:03:59 -0400] "GET /kb/books/jmh/jmh71/jmh71b/tn/tn_IMG_0457.png HTTP/2" 404 1251 "https://ko0.us/jmh71b.htm" "Mozilla/5.0 AppleWebKit/537.36 (KHTML, like Gecko; compatible; GPTBot/1.4; +https://openai.com/gptbot)"
74.7.227.147 - - [31/Aug/2026:10:04:02 -0400] "GET /kb/books/jmh/jmh71/jmh71b/tn/tn_IMG_1057.png HTTP/2" 404 1251 "https://ko0.us/jmh71b.htm" "Mozilla/5.0 AppleWebKit/537.36 (KHTML, like Gecko; compatible; GPTBot/1.4; +https://openai.com/gptbot)"
74.7.227.147 - - [31/Aug/2026:10:04:04 -0400] "GET /kb/books/jmh/jmh71/jmh71b/tn/tn_IMG_0197.png HTTP/2" 404 1251 "https://ko0.us/jmh71b.htm" "Mozilla/5.0 AppleWebKit/537.36 (KHTML, like Gecko; compatible; GPTBot/1.4; +https://openai.com/gptbot)"
74.7.227.147 - - [31/Aug/2026:10:04:07 -0400] "GET /kb/books/jmh/jmh71/jmh71b/tn/tn_IMG_1020.png HTTP/2" 404 1251 "https://ko0.us/jmh71b.htm" "Mozilla/5.0 AppleWebKit/537.36 (KHTML, like Gecko; compatible; GPTBot/1.4; +https://openai.com/gptbot)"
74.7.227.147 - - [31/Aug/2026:10:04:12 -0400] "GET /kb/books/jmh/jmh71/jmh71b/tn/tn_IMG_1050.png HTTP/2" 404 1251 "https://ko0.us/jmh71b.htm" "Mozilla/5.0 AppleWebKit/537.36 (KHTML, like Gecko; compatible; GPTBot/1.4; +https://openai.com/gptbot)"
74.7.227.147 - - [31/Aug/2026:10:04:17 -0400] "GET /kb/books/jmh/jmh71/jmh71b/tn/tn_IMG_0407.png HTTP/2" 404 1251 "https://ko0.us/jmh71b.htm" "Mozilla/5.0 AppleWebKit/537.36 (KHTML, like Gecko; compatible; GPTBot/1.4; +https://openai.com/gptbot)"
74.7.227.147 - - [31/Aug/2026:10:04:19 -0400] "GET /kb/books/jmh/jmh71/jmh71b/tn/tn_IMG_1088.png HTTP/2" 404 1251 "https://ko0.us/jmh71b.htm" "Mozilla/5.0 AppleWebKit/537.36 (KHTML, like Gecko; compatible; GPTBot/1.4; +https://openai.com/gptbot)"
216.73.216.164 - - [31/Aug/2026:10:03:24 -0400] "GET /ko_center/zm5/hrc_dr14d12/TileGroup2/6-3-1.jpg HTTP/2" 429 0 "-" "Mozilla/5.0 AppleWebKit/537.36 (KHTML, like Gecko; compatible; ClaudeBot/1.0; +claudebot@anthropic.com)"
85.208.96.204 - - [31/Aug/2026:10:03:25 -0400] "GET /iperms/kd0.html HTTP/1.1" 200 3096 "-" "Mozilla/5.0 (compatible; SemrushBot/7~bl; +http://www.semrush.com/bot.html)"
216.73.216.164 - - [31/Aug/2026:10:03:29 -0400] "GET /ko_center/js/jqgrid-4.4.0/jqgrid4_20120830_125929.jpg HTTP/2" 200 333191 "-" "Mozilla/5.0 AppleWebKit/537.36 (KHTML, like Gecko; compatible; ClaudeBot/1.0; +claudebot@anthropic.com)"
216.73.216.164 - - [31/Aug/2026:10:03:34 -0400] "GET /ko_center/zm5/hrc_dr22d45/TileGroup3/6-22-5.jpg HTTP/2" 429 0 "-" "Mozilla/5.0 AppleWebKit/537.36 (KHTML, like Gecko; compatible; ClaudeBot/1.0; +claudebot@anthropic.com)"
216.73.216.164 - - [31/Aug/2026:10:03:39 -0400] "GET /pn/ko_pn.php?dir=%2Fhome%2Fkozerus%2Fpublic_html%2Fgo%2Fpages%2Fzn%2Fzn_40.jpg HTTP/2" 200 3904 "-" "Mozilla/5.0 AppleWebKit/537.36 (KHTML, like Gecko; compatible; ClaudeBot/1.0; +claudebot@anthropic.com)"
216.73.216.164 - - [31/Aug/2026:10:03:44 -0400] "GET /ko_center/zm5/hrc_dr21d42/TileGroup2/6-12-3.jpg HTTP/2" 429 0 "-" "Mozilla/5.0 AppleWebKit/537.36 (KHTML, like Gecko; compatible; ClaudeBot/1.0; +claudebot@anthropic.com)"
216.73.216.164 - - [31/Aug/2026:10:03:49 -0400] "GET /ko_center/zm5/hrc_dr18d29/TileGroup0/5-17-3.jpg HTTP/2" 200 4846 "-" "Mozilla/5.0 AppleWebKit/537.36 (KHTML, like Gecko; compatible; ClaudeBot/1.0; +claudebot@anthropic.com)"
216.73.216.164 - - [31/Aug/2026:10:03:54 -0400] "GET /ko_center/zm5/hrc_dr19d34/TileGroup0/3-5-0.jpg HTTP/2" 429 0 "-" "Mozilla/5.0 AppleWebKit/537.36 (KHTML, like Gecko; compatible; ClaudeBot/1.0; +claudebot@anthropic.com)"
216.73.216.164 - - [31/Aug/2026:10:03:59 -0400] "GET /pn/ko_pn.php?dir=%2Fhome%2Fkozerus%2Fpublic_html%2Fzm%2Fhrc2011%2FTileGroup10%2F7-58-19.jpg HTTP/2" 200 3896 "-" "Mozilla/5.0 AppleWebKit/537.36 (KHTML, like Gecko; compatible; ClaudeBot/1.0; +claudebot@anthropic.com)"
216.73.216.164 - - [31/Aug/2026:10:04:04 -0400] "GET /ko_center/zm5/hrc_dr17d26/TileGroup2/6-38-4.jpg HTTP/2" 429 0 "-" "Mozilla/5.0 AppleWebKit/537.36 (KHTML, like Gecko; compatible; ClaudeBot/1.0; +claudebot@anthropic.com)"
216.73.216.164 - - [31/Aug/2026:10:04:09 -0400] "GET /pn/ko_pn.php?dir=%2Fhome%2Fkozerus%2Fpublic_html%2Fzm%2Fhrc2011%2FTileGroup10%2F7-59-19.jpg HTTP/2" 200 3897 "-" "Mozilla/5.0 AppleWebKit/537.36 (KHTML, like Gecko; compatible; ClaudeBot/1.0; +claudebot@anthropic.com)"
216.73.216.164 - - [31/Aug/2026:10:04:14 -0400] "GET /pn/ko_pn.php?dir=%2Fhome%2Fkozerus%2Fpublic_html%2Fzm%2Fhrc2011%2FTileGroup10%2F7-66-18.jpg HTTP/2" 429 0 "-" "Mozilla/5.0 AppleWebKit/537.36 (KHTML, like Gecko; compatible; ClaudeBot/1.0; +claudebot@anthropic.com)"
216.73.216.164 - - [31/Aug/2026:10:04:19 -0400] "GET /ko_center/zm5/hrc_dr17d26/TileGroup2/6-28-3.jpg HTTP/2" 200 1651 "-" "Mozilla/5.0 AppleWebKit/537.36 (KHTML, like Gecko; compatible; ClaudeBot/1.0; +claudebot@anthropic.com)"
216.73.216.164 - - [31/Aug/2026:10:04:24 -0400] "GET /ko_center/zm5/hrc_dr19d34/TileGroup0/4-4-1.jpg HTTP/2" 429 0 "-" "Mozilla/5.0 AppleWebKit/537.36 (KHTML, like Gecko; compatible; ClaudeBot/1.0; +claudebot@anthropic.com)"
216.73.216.164 - - [31/Aug/2026:10:04:30 -0400] "GET /pn/ko_pn.php?dir=%2Fhome%2Fkozerus%2Fpublic_html%2Fgo%2Fdgs0%2Fforum%2Flist.php HTTP/2" 200 6551 "-" "Mozilla/5.0 AppleWebKit/537.36 (KHTML, like Gecko; compatible; ClaudeBot/1.0; +claudebot@anthropic.com)"
216.73.216.164 - - [31/Aug/2026:10:04:35 -0400] "GET /go/dgs0/images/7/w86.gif HTTP/2" 429 0 "-" "Mozilla/5.0 AppleWebKit/537.36 (KHTML, like Gecko; compatible; ClaudeBot/1.0; +claudebot@anthropic.com)"
216.73.216.164 - - [31/Aug/2026:10:04:40 -0400] "GET /go/allaboutgo/sgf/xuanlan/xl46.sgf HTTP/2" 200 197 "-" "Mozilla/5.0 AppleWebKit/537.36 (KHTML, like Gecko; compatible; ClaudeBot/1.0; +claudebot@anthropic.com)"
74.7.227.147 - - [31/Aug/2026:10:04:28 -0400] "GET /kb/books/jmh/jmh71/jmh71b/tn/tn_IMG_0792.png HTTP/2" 404 1251 "https://ko0.us/jmh71b.htm" "Mozilla/5.0 AppleWebKit/537.36 (KHTML, like Gecko; compatible; GPTBot/1.4; +https://openai.com/gptbot)"
74.7.227.147 - - [31/Aug/2026:10:04:30 -0400] "GET /kb/books/jmh/jmh71/jmh71b/tn/tn_IMG_0601.png HTTP/2" 404 1251 "https://ko0.us/jmh71b.htm" "Mozilla/5.0 AppleWebKit/537.36 (KHTML, like Gecko; compatible; GPTBot/1.4; +https://openai.com/gptbot)"
74.7.227.147 - - [31/Aug/2026:10:04:31 -0400] "GET /kb/books/jmh/jmh71/jmh71b/tn/tn_IMG_0313.png HTTP/2" 404 1251 "https://ko0.us/jmh71b.htm" "Mozilla/5.0 AppleWebKit/537.36 (KHTML, like Gecko; compatible; GPTBot/1.4; +https://openai.com/gptbot)"
74.7.227.147 - - [31/Aug/2026:10:04:33 -0400] "GET /kb/books/jmh/jmh71/jmh71b/tn/tn_IMG_0251.png HTTP/2" 404 1251 "https://ko0.us/jmh71b.htm" "Mozilla/5.0 AppleWebKit/537.36 (KHTML, like Gecko; compatible; GPTBot/1.4; +https://openai.com/gptbot)"
17.166.233.80 - - [31/Aug/2026:10:04:34 -0400] "GET /index_vuejs.html HTTP/2" 200 731599 "-" "Mozilla/5.0 (Macintosh; Intel Mac OS X 10_15_7) AppleWebKit/605.1.15 (KHTML, like Gecko) Version/17.4 Safari/605.1.15 (Applebot/0.1; +http://www.apple.com/go/applebot)"
74.7.227.147 - - [31/Aug/2026:10:04:35 -0400] "GET /kb/books/jmh/jmh71/jmh71b/tn/tn_IMG_0780.png HTTP/2" 404 1251 "https://ko0.us/jmh71b.htm" "Mozilla/5.0 AppleWebKit/537.36 (KHTML, like Gecko; compatible; GPTBot/1.4; +https://openai.com/gptbot)"
66.249.69.227 - - [31/Aug/2026:10:04:40 -0400] "GET /fb/kolog/pages/zn/zn_44.jpg HTTP/1.1" 404 1251 "-" "Googlebot-Image/1.0"
74.7.227.147 - - [31/Aug/2026:10:04:40 -0400] "GET /kb/books/jmh/jmh71/jmh71b/tn/tn_IMG_0185.png HTTP/2" 404 1251 "https://ko0.us/jmh71b.htm" "Mozilla/5.0 AppleWebKit/537.36 (KHTML, like Gecko; compatible; GPTBot/1.4; +https://openai.com/gptbot)"
74.7.227.147 - - [31/Aug/2026:10:04:43 -0400] "GET /kb/books/jmh/jmh71/jmh71b/tn/tn_IMG_1156.png HTTP/2" 404 1251 "https://ko0.us/jmh71b.htm" "Mozilla/5.0 AppleWebKit/537.36 (KHTML, like Gecko; compatible; GPTBot/1.4; +https://openai.com/gptbot)"
74.7.227.147 - - [31/Aug/2026:10:04:45 -0400] "GET /kb/books/jmh/jmh71/jmh71b/tn/tn_IMG_0216.png HTTP/2" 404 1251 "https://ko0.us/jmh71b.htm" "Mozilla/5.0 AppleWebKit/537.36 (KHTML, like Gecko; compatible; GPTBot/1.4; +https://openai.com/gptbot)"
74.7.227.147 - - [31/Aug/2026:10:04:47 -0400] "GET /kb/books/jmh/jmh71/jmh71b/tn/tn_IMG_0787.png HTTP/2" 404 1251 "https://ko0.us/jmh71b.htm" "Mozilla/5.0 AppleWebKit/537.36 (KHTML, like Gecko; compatible; GPTBot/1.4; +https://openai.com/gptbot)"
74.7.227.147 - - [31/Aug/2026:10:04:48 -0400] "GET /kb/books/jmh/jmh71/jmh71b/tn/tn_IMG_1252.png HTTP/2" 404 1251 "https://ko0.us/jmh71b.htm" "Mozilla/5.0 AppleWebKit/537.36 (KHTML, like Gecko; compatible; GPTBot/1.4; +https://openai.com/gptbot)"
85.208.96.209 - - [31/Aug/2026:10:04:49 -0400] "GET /pdf/web/viewer.html?file=%2Fpdf%2Fkonet_tiny.pdf HTTP/1.1" 200 4235 "-" "Mozilla/5.0 (compatible; SemrushBot/7~bl; +http://www.semrush.com/bot.html)"
74.7.227.147 - - [31/Aug/2026:10:04:54 -0400] "GET /kb/books/jmh/jmh71/jmh71b/tn/tn_IMG_0210.png HTTP/2" 404 1251 "https://ko0.us/jmh71b.htm" "Mozilla/5.0 AppleWebKit/537.36 (KHTML, like Gecko; compatible; GPTBot/1.4; +https://openai.com/gptbot)"
74.7.227.147 - - [31/Aug/2026:10:04:55 -0400] "GET /kb/books/jmh/jmh71/jmh71b/tn/tn_IMG_0527.png HTTP/2" 404 1251 "https://ko0.us/jmh71b.htm" "Mozilla/5.0 AppleWebKit/537.36 (KHTML, like Gecko; compatible; GPTBot/1.4; +https://openai.com/gptbot)"
74.7.227.147 - - [31/Aug/2026:10:04:59 -0400] "GET /kb/books/jmh/jmh71/jmh71b/tn/tn_IMG_1440.png HTTP/2" 404 1251 "https://ko0.us/jmh71b.htm" "Mozilla/5.0 AppleWebKit/537.36 (KHTML, like Gecko; compatible; GPTBot/1.4; +https://openai.com/gptbot)"
74.7.227.147 - - [31/Aug/2026:10:05:14 -0400] "GET /kb/books/jmh/jmh71/jmh71b/tn/tn_IMG_1301.png HTTP/2" 404 1251 "https://ko0.us/jmh71b.htm" "Mozilla/5.0 AppleWebKit/537.36 (KHTML, like Gecko; compatible; GPTBot/1.4; +https://openai.com/gptbot)"
74.7.227.147 - - [31/Aug/2026:09:59:46 -0400] "GET /kb/books/jmh/jmh71/jmh71b/tn/tn_IMG_1048.png HTTP/2" 404 1251 "https://ko0.us/jmh71b.htm" "Mozilla/5.0 AppleWebKit/537.36 (KHTML, like Gecko; compatible; GPTBot/1.4; +https://openai.com/gptbot)"
74.7.227.147 - - [31/Aug/2026:09:59:49 -0400] "GET /kb/books/jmh/jmh71/jmh71b/tn/tn_IMG_1431.png HTTP/2" 404 1251 "https://ko0.us/jmh71b.htm" "Mozilla/5.0 AppleWebKit/537.36 (KHTML, like Gecko; compatible; GPTBot/1.4; +https://openai.com/gptbot)"
74.7.227.147 - - [31/Aug/2026:10:00:00 -0400] "GET /kb/books/jmh/jmh71/jmh71b/tn/tn_IMG_0557.png HTTP/2" 404 1251 "https://ko0.us/jmh71b.htm" "Mozilla/5.0 AppleWebKit/537.36 (KHTML, like Gecko; compatible; GPTBot/1.4; +https://openai.com/gptbot)"
74.7.227.147 - - [31/Aug/2026:10:00:08 -0400] "GET /kb/books/jmh/jmh71/jmh71b/tn/tn_IMG_1405.png HTTP/2" 404 1251 "https://ko0.us/jmh71b.htm" "Mozilla/5.0 AppleWebKit/537.36 (KHTML, like Gecko; compatible; GPTBot/1.4; +https://openai.com/gptbot)"
74.7.227.147 - - [31/Aug/2026:10:00:13 -0400] "GET /kb/books/jmh/jmh71/jmh71b/tn/tn_IMG_0721.png HTTP/2" 404 1251 "https://ko0.us/jmh71b.htm" "Mozilla/5.0 AppleWebKit/537.36 (KHTML, like Gecko; compatible; GPTBot/1.4; +https://openai.com/gptbot)"
17.166.21.132 - - [31/Aug/2026:10:00:18 -0400] "GET /pages/js/1-regions.json HTTP/2" 404 1251 "https://ko0.us/index_mothersday.htm" "Mozilla/5.0 (Macintosh; Intel Mac OS X 10_15_7) AppleWebKit/605.1.15 (KHTML, like Gecko) Version/17.4 Safari/605.1.15 (Applebot/0.1; +http://www.apple.com/go/applebot)"
17.166.21.132 - - [31/Aug/2026:10:00:19 -0400] "GET /pages/js/2-regions.json HTTP/2" 404 1251 "https://ko0.us/index_mothersday.htm" "Mozilla/5.0 (Macintosh; Intel Mac OS X 10_15_7) AppleWebKit/605.1.15 (KHTML, like Gecko) Version/17.4 Safari/605.1.15 (Applebot/0.1; +http://www.apple.com/go/applebot)"
216.73.216.164 - - [31/Aug/2026:10:04:45 -0400] "GET /pn/ko_pn.php?dir=%2Fhome%2Fkozerus%2Fpublic_html%2Fdgs%2Ftournaments%2Finclude%2F HTTP/2" 429 0 "-" "Mozilla/5.0 AppleWebKit/537.36 (KHTML, like Gecko; compatible; ClaudeBot/1.0; +claudebot@anthropic.com)"
216.73.216.164 - - [31/Aug/2026:10:04:50 -0400] "GET /pn/ko_pn.php?dir=%2Fhome%2Fkozerus%2Fpublic_html%2Fpiwigo%2Flanguage%2Fsl_SI%2Fhelp%2Fcat_options.html HTTP/2" 200 4404 "-" "Mozilla/5.0 AppleWebKit/537.36 (KHTML, like Gecko; compatible; ClaudeBot/1.0; +claudebot@anthropic.com)"
216.73.216.164 - - [31/Aug/2026:10:04:55 -0400] "GET /imgs/links/tn/tn_jk2_Image70.png HTTP/2" 429 0 "-" "Mozilla/5.0 AppleWebKit/537.36 (KHTML, like Gecko; compatible; ClaudeBot/1.0; +claudebot@anthropic.com)"
17.166.20.184 - - [31/Aug/2026:10:04:55 -0400] "GET /koslots.html HTTP/2" 200 3602 "-" "Mozilla/5.0 (Macintosh; Intel Mac OS X 10_15_7) AppleWebKit/605.1.15 (KHTML, like Gecko) Version/17.4 Safari/605.1.15 (Applebot/0.1; +http://www.apple.com/go/applebot)"
216.73.216.164 - - [31/Aug/2026:10:05:00 -0400] "GET /pn/ko_pn.php?dir=%2Fhome%2Fkozerus%2Fpublic_html%2Fjs%2Fwz%2Fwz_animitems.html HTTP/2" 200 9145 "-" "Mozilla/5.0 AppleWebKit/537.36 (KHTML, like Gecko; compatible; ClaudeBot/1.0; +claudebot@anthropic.com)"
216.73.216.164 - - [31/Aug/2026:10:05:05 -0400] "GET /go/allaboutgo/sgf/xuanlan/xl40.sgf HTTP/2" 429 0 "-" "Mozilla/5.0 AppleWebKit/537.36 (KHTML, like Gecko; compatible; ClaudeBot/1.0; +claudebot@anthropic.com)"
216.73.216.164 - - [31/Aug/2026:10:05:10 -0400] "GET /go/dgs0/images/7/w151.gif HTTP/2" 200 272 "-" "Mozilla/5.0 AppleWebKit/537.36 (KHTML, like Gecko; compatible; ClaudeBot/1.0; +claudebot@anthropic.com)"
216.73.216.164 - - [31/Aug/2026:10:05:15 -0400] "GET /go/dgs0/images/7/w64.gif HTTP/2" 429 0 "-" "Mozilla/5.0 AppleWebKit/537.36 (KHTML, like Gecko; compatible; ClaudeBot/1.0; +claudebot@anthropic.com)"
216.73.216.164 - - [31/Aug/2026:10:05:20 -0400] "GET /go/dgs0/images/7/w488.gif HTTP/2" 200 272 "-" "Mozilla/5.0 AppleWebKit/537.36 (KHTML, like Gecko; compatible; ClaudeBot/1.0; +claudebot@anthropic.com)"
216.73.216.164 - - [31/Aug/2026:10:05:25 -0400] "GET /imgs/links/tn/tn_raindrop.png HTTP/2" 429 0 "-" "Mozilla/5.0 AppleWebKit/537.36 (KHTML, like Gecko; compatible; ClaudeBot/1.0; +claudebot@anthropic.com)"
216.73.216.164 - - [31/Aug/2026:10:05:30 -0400] "GET /imgs/links/tn/tn_Image382.png HTTP/2" 200 10580 "-" "Mozilla/5.0 AppleWebKit/537.36 (KHTML, like Gecko; compatible; ClaudeBot/1.0; +claudebot@anthropic.com)"
216.73.216.164 - - [31/Aug/2026:10:05:35 -0400] "GET /pn/ko_pn.php?dir=%2Fhome%2Fkozerus%2Fpublic_html%2Fjs%2Fwz%2Fwz_items.html HTTP/2" 429 0 "-" "Mozilla/5.0 AppleWebKit/537.36 (KHTML, like Gecko; compatible; ClaudeBot/1.0; +claudebot@anthropic.com)"
216.73.216.164 - - [31/Aug/2026:10:05:40 -0400] "GET /go/allaboutgo/sgf/xuanlan/xl33.sgf HTTP/2" 200 217 "-" "Mozilla/5.0 AppleWebKit/537.36 (KHTML, like Gecko; compatible; ClaudeBot/1.0; +claudebot@anthropic.com)"
216.73.216.164 - - [31/Aug/2026:10:05:45 -0400] "GET /pn/ko_pn.php?dir=%2Fhome%2Fkozerus%2Fpublic_html%2Fcropex%2Fnode%2Fnode_modules%2F%40radix-ui%2Freact-toast%2Fdist%2Findex.mjs HTTP/2" 429 0 "-" "Mozilla/5.0 AppleWebKit/537.36 (KHTML, like Gecko; compatible; ClaudeBot/1.0; +claudebot@anthropic.com)"
216.73.216.164 - - [31/Aug/2026:10:05:50 -0400] "GET /go/dgs0/images/7/b177.gif HTTP/2" 200 271 "-" "Mozilla/5.0 AppleWebKit/537.36 (KHTML, like Gecko; compatible; ClaudeBot/1.0; +claudebot@anthropic.com)"
216.73.216.164 - - [31/Aug/2026:10:05:55 -0400] "GET /go/dgs0/images/7/w313.gif HTTP/2" 429 0 "-" "Mozilla/5.0 AppleWebKit/537.36 (KHTML, like Gecko; compatible; ClaudeBot/1.0; +claudebot@anthropic.com)"
85.208.96.208 - - [31/Aug/2026:10:06:00 -0400] "GET /pdf/web/viewer.html?file=%2Fpdf%2Fkonet_callback.pdf HTTP/1.1" 200 4235 "-" "Mozilla/5.0 (compatible; SemrushBot/7~bl; +http://www.semrush.com/bot.html)"
74.7.227.147 - - [31/Aug/2026:10:05:16 -0400] "GET /kb/books/jmh/jmh71/jmh71b/tn/tn_IMG_0767.png HTTP/2" 404 1251 "https://ko0.us/jmh71b.htm" "Mozilla/5.0 AppleWebKit/537.36 (KHTML, like Gecko; compatible; GPTBot/1.4; +https://openai.com/gptbot)"
74.7.227.147 - - [31/Aug/2026:10:05:18 -0400] "GET /kb/books/jmh/jmh71/jmh71b/tn/tn_IMG_1215.png HTTP/2" 404 1251 "https://ko0.us/jmh71b.htm" "Mozilla/5.0 AppleWebKit/537.36 (KHTML, like Gecko; compatible; GPTBot/1.4; +https://openai.com/gptbot)"
74.7.227.147 - - [31/Aug/2026:10:05:23 -0400] "GET /kb/books/jmh/jmh71/jmh71b/tn/tn_IMG_1059.png HTTP/2" 404 1251 "https://ko0.us/jmh71b.htm" "Mozilla/5.0 AppleWebKit/537.36 (KHTML, like Gecko; compatible; GPTBot/1.4; +https://openai.com/gptbot)"
74.7.227.147 - - [31/Aug/2026:10:05:24 -0400] "GET /kb/books/jmh/jmh71/jmh71b/tn/tn_IMG_0572.png HTTP/2" 404 1251 "https://ko0.us/jmh71b.htm" "Mozilla/5.0 AppleWebKit/537.36 (KHTML, like Gecko; compatible; GPTBot/1.4; +https://openai.com/gptbot)"
74.7.227.147 - - [31/Aug/2026:10:05:30 -0400] "GET /kb/books/jmh/jmh71/jmh71b/tn/tn_IMG_1239.png HTTP/2" 404 1251 "https://ko0.us/jmh71b.htm" "Mozilla/5.0 AppleWebKit/537.36 (KHTML, like Gecko; compatible; GPTBot/1.4; +https://openai.com/gptbot)"
74.7.227.147 - - [31/Aug/2026:10:05:33 -0400] "GET /kb/books/jmh/jmh71/jmh71b/tn/tn_IMG_0110.png HTTP/2" 404 1251 "https://ko0.us/jmh71b.htm" "Mozilla/5.0 AppleWebKit/537.36 (KHTML, like Gecko; compatible; GPTBot/1.4; +https://openai.com/gptbot)"
74.7.227.147 - - [31/Aug/2026:10:05:35 -0400] "GET /kb/books/jmh/jmh71/jmh71b/tn/tn_IMG_1089.png HTTP/2" 404 1251 "https://ko0.us/jmh71b.htm" "Mozilla/5.0 AppleWebKit/537.36 (KHTML, like Gecko; compatible; GPTBot/1.4; +https://openai.com/gptbot)"
74.7.227.147 - - [31/Aug/2026:10:05:38 -0400] "GET /kb/books/jmh/jmh71/jmh71b/tn/tn_IMG_0575.png HTTP/2" 404 1251 "https://ko0.us/jmh71b.htm" "Mozilla/5.0 AppleWebKit/537.36 (KHTML, like Gecko; compatible; GPTBot/1.4; +https://openai.com/gptbot)"
74.7.227.147 - - [31/Aug/2026:10:05:40 -0400] "GET /kb/books/jmh/jmh71/jmh71b/tn/tn_IMG_0713.png HTTP/2" 404 1251 "https://ko0.us/jmh71b.htm" "Mozilla/5.0 AppleWebKit/537.36 (KHTML, like Gecko; compatible; GPTBot/1.4; +https://openai.com/gptbot)"
74.7.227.147 - - [31/Aug/2026:10:05:43 -0400] "GET /kb/books/jmh/jmh71/jmh71b/tn/tn_IMG_0310.png HTTP/2" 404 1251 "https://ko0.us/jmh71b.htm" "Mozilla/5.0 AppleWebKit/537.36 (KHTML, like Gecko; compatible; GPTBot/1.4; +https://openai.com/gptbot)"
74.7.227.147 - - [31/Aug/2026:10:05:47 -0400] "GET /kb/books/jmh/jmh71/jmh71b/tn/tn_IMG_0116.png HTTP/2" 404 1251 "https://ko0.us/jmh71b.htm" "Mozilla/5.0 AppleWebKit/537.36 (KHTML, like Gecko; compatible; GPTBot/1.4; +https://openai.com/gptbot)"
74.7.227.147 - - [31/Aug/2026:10:05:49 -0400] "GET /kb/books/jmh/jmh71/jmh71b/tn/tn_IMG_1129.png HTTP/2" 404 1251 "https://ko0.us/jmh71b.htm" "Mozilla/5.0 AppleWebKit/537.36 (KHTML, like Gecko; compatible; GPTBot/1.4; +https://openai.com/gptbot)"
74.7.227.147 - - [31/Aug/2026:10:05:52 -0400] "GET /kb/books/jmh/jmh71/jmh71b/tn/tn_IMG_1216.png HTTP/2" 404 1251 "https://ko0.us/jmh71b.htm" "Mozilla/5.0 AppleWebKit/537.36 (KHTML, like Gecko; compatible; GPTBot/1.4; +https://openai.com/gptbot)"
17.166.233.92 - - [31/Aug/2026:10:05:55 -0400] "GET /tl.json?callback=onJSONP_Data HTTP/2" 200 486 "https://ko0.us/vu_orig.html" "Mozilla/5.0 (Macintosh; Intel Mac OS X 10_15_7) AppleWebKit/605.1.15 (KHTML, like Gecko) Version/17.4 Safari/605.1.15 (Applebot/0.1; +http://www.apple.com/go/applebot)"
74.7.227.147 - - [31/Aug/2026:10:05:55 -0400] "GET /kb/books/jmh/jmh71/jmh71b/tn/tn_IMG_0231.png HTTP/2" 404 1251 "https://ko0.us/jmh71b.htm" "Mozilla/5.0 AppleWebKit/537.36 (KHTML, like Gecko; compatible; GPTBot/1.4; +https://openai.com/gptbot)"
74.7.227.147 - - [31/Aug/2026:10:05:59 -0400] "GET /kb/books/jmh/jmh71/jmh71b/tn/tn_IMG_0471.png HTTP/2" 404 1251 "https://ko0.us/jmh71b.htm" "Mozilla/5.0 AppleWebKit/537.36 (KHTML, like Gecko; compatible; GPTBot/1.4; +https://openai.com/gptbot)"
216.73.216.164 - - [31/Aug/2026:10:06:00 -0400] "GET /go/dgs0/images/7/w461.gif HTTP/2" 200 272 "-" "Mozilla/5.0 AppleWebKit/537.36 (KHTML, like Gecko; compatible; ClaudeBot/1.0; +claudebot@anthropic.com)"
216.73.216.164 - - [31/Aug/2026:10:06:05 -0400] "GET /go/dgs0/images/7/w74.gif HTTP/2" 429 0 "-" "Mozilla/5.0 AppleWebKit/537.36 (KHTML, like Gecko; compatible; ClaudeBot/1.0; +claudebot@anthropic.com)"
66.249.69.227 - - [31/Aug/2026:10:01:55 -0400] "GET /fb/kolog/pages/zn/zn_20.jpg HTTP/1.1" 404 1251 "-" "Googlebot-Image/1.0"
85.208.96.203 - - [31/Aug/2026:10:02:52 -0400] "GET /index_vu_20200304_1201.html HTTP/1.1" 404 1251 "-" "Mozilla/5.0 (compatible; SemrushBot/7~bl; +http://www.semrush.com/bot.html)"
