DIR : /home/kozerus/access-logs/ko0.us-ssl_log
/home/kozerus/access-logs
216.73.216.164 - - [31/Aug/2026:08:06:46 -0400] "GET /ko_center/zm5/hrc_dr13d09/TileGroup2/6-2-1.jpg HTTP/2" 200 1651 "-" "Mozilla/5.0 AppleWebKit/537.36 (KHTML, like Gecko; compatible; ClaudeBot/1.0; +claudebot@anthropic.com)"
216.73.216.164 - - [31/Aug/2026:08:06:51 -0400] "GET /ko_center/zm5/hrc_d/TileGroup6/6-9-22.jpg HTTP/2" 429 0 "-" "Mozilla/5.0 AppleWebKit/537.36 (KHTML, like Gecko; compatible; ClaudeBot/1.0; +claudebot@anthropic.com)"
42.201.192.93 - - [31/Aug/2026:08:06:54 -0400] "GET /mob_lists_20211013_1710.html HTTP/2" 200 1165697 "https://ko0.us/" "Mozilla/5.0 (Macintosh; Intel Mac OS X 10_15_7) AppleWebKit/537.36 (KHTML, like Gecko) Chrome/121.0.0.0 Safari/537.36 Edg/121.0.0.0"
216.73.216.164 - - [31/Aug/2026:08:06:56 -0400] "GET /ko_center/zm5/hrc_d/TileGroup2/6-38-1.jpg HTTP/2" 200 1651 "-" "Mozilla/5.0 AppleWebKit/537.36 (KHTML, like Gecko; compatible; ClaudeBot/1.0; +claudebot@anthropic.com)"
185.191.171.18 - - [31/Aug/2026:08:06:58 -0400] "GET /pdf/web/viewer.html?file=%2Fpdf%2Fpdf%2Farchcitydefenders.pdf HTTP/1.1" 200 4235 "-" "Mozilla/5.0 (compatible; SemrushBot/7~bl; +http://www.semrush.com/bot.html)"
216.73.216.164 - - [31/Aug/2026:08:07:01 -0400] "GET /ko_center/zm5/hrc_dr13d09/TileGroup2/6-41-3.jpg HTTP/2" 429 0 "-" "Mozilla/5.0 AppleWebKit/537.36 (KHTML, like Gecko; compatible; ClaudeBot/1.0; +claudebot@anthropic.com)"
216.73.216.164 - - [31/Aug/2026:08:07:06 -0400] "GET /ko_center/zm5/hrc_dr14d12/TileGroup2/6-2-3.jpg HTTP/2" 200 1651 "-" "Mozilla/5.0 AppleWebKit/537.36 (KHTML, like Gecko; compatible; ClaudeBot/1.0; +claudebot@anthropic.com)"
216.73.216.164 - - [31/Aug/2026:08:07:11 -0400] "GET /pn/ko_pn.php?dir=%2Fhome%2Fkozerus%2Fpublic_html%2Fimgs%2Fbtn%2Fbtn_memorialday_02.png HTTP/2" 429 0 "-" "Mozilla/5.0 AppleWebKit/537.36 (KHTML, like Gecko; compatible; ClaudeBot/1.0; +claudebot@anthropic.com)"
216.73.216.164 - - [31/Aug/2026:08:07:16 -0400] "GET /pn/ko_pn.php?dir=%2Fhome%2Fkozerus%2Fpublic_html%2Fpiwigo%2Fthemes%2Fsmartpocket%2Ftemplate%2Fmenubar_related_categories.tpl HTTP/2" 200 3883 "-" "Mozilla/5.0 AppleWebKit/537.36 (KHTML, like Gecko; compatible; ClaudeBot/1.0; +claudebot@anthropic.com)"
185.80.227.5 - - [31/Aug/2026:08:07:18 -0400] "GET /btns_pn.html HTTP/1.1" 200 444587 "https://ko0.us/" "Mozilla/5.0 (Windows NT 10.0; Win64; x64) AppleWebKit/537.36 (KHTML, like Gecko) Chrome/127.0.6533.73 Safari/537.36"
216.73.216.164 - - [31/Aug/2026:08:07:21 -0400] "GET /ko_center/zm5/hrc_d/TileGroup7/6-9-27.jpg HTTP/2" 429 0 "-" "Mozilla/5.0 AppleWebKit/537.36 (KHTML, like Gecko; compatible; ClaudeBot/1.0; +claudebot@anthropic.com)"
216.73.216.164 - - [31/Aug/2026:08:07:26 -0400] "GET /pn/ko_pn.php?dir=%2Fhome%2Fkozerus%2Fpublic_html%2Fdgs%2Fimages%2F50%2Fw245.gif HTTP/2" 200 3933 "-" "Mozilla/5.0 AppleWebKit/537.36 (KHTML, like Gecko; compatible; ClaudeBot/1.0; +claudebot@anthropic.com)"
216.73.216.164 - - [31/Aug/2026:08:07:31 -0400] "GET /zm/hrc2009stl/TileGroup3/5-22-21.jpg HTTP/2" 429 0 "-" "Mozilla/5.0 AppleWebKit/537.36 (KHTML, like Gecko; compatible; ClaudeBot/1.0; +claudebot@anthropic.com)"
216.73.216.164 - - [31/Aug/2026:08:07:36 -0400] "GET /ko_center/zm5/hrc_dr13d09/TileGroup2/6-0-3.jpg HTTP/2" 200 2241 "-" "Mozilla/5.0 AppleWebKit/537.36 (KHTML, like Gecko; compatible; ClaudeBot/1.0; +claudebot@anthropic.com)"
186.39.168.216 - - [31/Aug/2026:08:07:40 -0400] "GET /h5files.html HTTP/1.1" 200 1052 "https://ko0.us/" "Mozilla/5.0 (iPhone; CPU iPhone OS 17_1 like Mac OS X) AppleWebKit/605.1.15 (KHTML, like Gecko) Version/17.1 Mobile/15E148 Safari/604.1"
216.73.216.164 - - [31/Aug/2026:08:07:41 -0400] "GET /pn/ko_pn.php?dir=%2Fhome%2Fkozerus%2Fpublic_html%2Fjs%2Fwz_connect%2Fffc-e1589526876308.jpg HTTP/2" 429 0 "-" "Mozilla/5.0 AppleWebKit/537.36 (KHTML, like Gecko; compatible; ClaudeBot/1.0; +claudebot@anthropic.com)"
160.177.244.100 - - [31/Aug/2026:08:07:42 -0400] "GET /kojaks.html HTTP/1.1" 200 520958 "https://ko0.us/" "Mozilla/5.0 (Macintosh; Intel Mac OS X 14_0) AppleWebKit/605.1.15 (KHTML, like Gecko) Version/17.0 Safari/605.1.15"
216.73.216.164 - - [31/Aug/2026:08:07:47 -0400] "GET /cropex/node/node_modules/enhanced-resolve/lib/AliasUtils.js HTTP/2" 200 4061 "-" "Mozilla/5.0 AppleWebKit/537.36 (KHTML, like Gecko; compatible; ClaudeBot/1.0; +claudebot@anthropic.com)"
102.208.62.78 - - [31/Aug/2026:08:06:43 -0400] "GET /kog_20180708.html HTTP/1.1" 200 3679401 "https://ko0.us/" "Mozilla/5.0 (X11; Ubuntu; Linux x86_64; rv:124.0) Gecko/20100101 Firefox/124.0"
74.7.227.147 - - [31/Aug/2026:08:07:00 -0400] "GET /pn/imgs/?SA HTTP/2" 200 2164 "https://ko0.us/pn/imgs/?MD" "Mozilla/5.0 AppleWebKit/537.36 (KHTML, like Gecko; compatible; GPTBot/1.4; +https://openai.com/gptbot)"
66.249.69.229 - - [31/Aug/2026:08:07:01 -0400] "GET /fb/gofunwii/pages/zn/zn_28.jpg HTTP/1.1" 404 1251 "-" "Googlebot-Image/1.0"
201.253.140.97 - - [31/Aug/2026:08:07:24 -0400] "GET /mob_lists_20211013_1710.html HTTP/1.1" 200 1165697 "https://ko0.us/" "Mozilla/5.0 (Macintosh; Intel Mac OS X 10_15_7) AppleWebKit/605.1.15 (KHTML, like Gecko) Version/17.1 Safari/605.1.15"
103.127.39.176 - - [31/Aug/2026:08:07:32 -0400] "GET /keyholepeeks.html HTTP/1.1" 200 1038 "https://ko0.us/" "Mozilla/5.0 (Macintosh; Intel Mac OS X 10_15_7) AppleWebKit/537.36 (KHTML, like Gecko) Chrome/121.0.0.0 Safari/537.36 Edg/121.0.0.0"
113.190.61.212 - - [31/Aug/2026:08:07:35 -0400] "GET /ii.html HTTP/1.1" 200 183353 "https://ko0.us/" "Mozilla/5.0 (Windows NT 10.0; Win64; x64) AppleWebKit/537.36 (KHTML, like Gecko) Chrome/130.0.6723.70 Safari/537.36"
74.7.227.147 - - [31/Aug/2026:08:07:42 -0400] "GET /fb/miniraptors/imgs/IMG_6643.JPG HTTP/2" 404 1251 "https://ko0.us/birds/" "Mozilla/5.0 AppleWebKit/537.36 (KHTML, like Gecko; compatible; GPTBot/1.4; +https://openai.com/gptbot)"
196.191.32.105 - - [31/Aug/2026:08:07:41 -0400] "GET /indexmax.htm HTTP/1.1" 200 514067 "https://ko0.us/" "Mozilla/5.0 (Macintosh; Intel Mac OS X 10_15_7) AppleWebKit/537.36 (KHTML, like Gecko) Chrome/120.0.0.0 Safari/537.36 Edg/120.0.0.0"
103.138.123.149 - - [31/Aug/2026:08:08:09 -0400] "GET /btns_zm.html HTTP/1.1" 200 439538 "https://ko0.us/" "Mozilla/5.0 (Macintosh; Intel Mac OS X 10_15_7) AppleWebKit/537.36 (KHTML, like Gecko) Chrome/120.0.0.0 Safari/537.36 Edg/120.0.0.0"
216.73.216.164 - - [31/Aug/2026:08:08:17 -0400] "GET /go/eidogo/footer.phtml HTTP/2" 200 48 "-" "Mozilla/5.0 AppleWebKit/537.36 (KHTML, like Gecko; compatible; ClaudeBot/1.0; +claudebot@anthropic.com)"
74.7.227.147 - - [31/Aug/2026:08:08:20 -0400] "GET /imgs/btn/btn_keyhole_laserblue.png HTTP/2" 200 199312 "https://ko0.us/imgs/btn/" "Mozilla/5.0 AppleWebKit/537.36 (KHTML, like Gecko; compatible; GPTBot/1.4; +https://openai.com/gptbot)"
216.73.216.164 - - [31/Aug/2026:08:08:22 -0400] "GET /ko_center/js/tablesorter/build.xml HTTP/2" 429 0 "-" "Mozilla/5.0 AppleWebKit/537.36 (KHTML, like Gecko; compatible; ClaudeBot/1.0; +claudebot@anthropic.com)"
216.73.216.164 - - [31/Aug/2026:08:08:27 -0400] "GET /piwigo/language/sl_SI/help/permalinks.html HTTP/2" 200 356 "-" "Mozilla/5.0 AppleWebKit/537.36 (KHTML, like Gecko; compatible; ClaudeBot/1.0; +claudebot@anthropic.com)"
216.73.216.164 - - [31/Aug/2026:08:08:32 -0400] "GET /go/dgs/scripts/README.translations HTTP/2" 200 3252 "-" "Mozilla/5.0 AppleWebKit/537.36 (KHTML, like Gecko; compatible; ClaudeBot/1.0; +claudebot@anthropic.com)"
74.7.227.147 - - [31/Aug/2026:08:08:33 -0400] "GET /imgs/btn/btn_keyhole_peekerman.png HTTP/2" 200 44766 "https://ko0.us/imgs/btn/" "Mozilla/5.0 AppleWebKit/537.36 (KHTML, like Gecko; compatible; GPTBot/1.4; +https://openai.com/gptbot)"
89.43.133.103 - - [31/Aug/2026:08:08:34 -0400] "GET /pnmin.htm HTTP/1.1" 200 3743 "https://ko0.us/" "Mozilla/5.0 (Windows NT 10.0; Win64; x64; rv:126.0) Gecko/20100101 Firefox/126.0"
216.73.216.164 - - [31/Aug/2026:08:08:37 -0400] "GET /imgs/btn/blob_white HTTP/2" 404 1251 "-" "Mozilla/5.0 AppleWebKit/537.36 (KHTML, like Gecko; compatible; ClaudeBot/1.0; +claudebot@anthropic.com)"
216.73.216.164 - - [31/Aug/2026:08:08:42 -0400] "GET /cropex/node/node_modules/fast-glob/out/providers/filters HTTP/2" 301 795 "-" "Mozilla/5.0 AppleWebKit/537.36 (KHTML, like Gecko; compatible; ClaudeBot/1.0; +claudebot@anthropic.com)"
216.73.216.164 - - [31/Aug/2026:08:08:42 -0400] "GET /cropex/node/node_modules/fast-glob/out/providers/filters/ HTTP/2" 403 1242 "https://ko0.us/cropex/node/node_modules/fast-glob/out/providers/filters" "Mozilla/5.0 AppleWebKit/537.36 (KHTML, like Gecko; compatible; ClaudeBot/1.0; +claudebot@anthropic.com)"
74.7.227.147 - - [31/Aug/2026:08:08:43 -0400] "GET /imgs/btn/btn_keyhole_fairytale.png HTTP/2" 200 216389 "https://ko0.us/imgs/btn/" "Mozilla/5.0 AppleWebKit/537.36 (KHTML, like Gecko; compatible; GPTBot/1.4; +https://openai.com/gptbot)"
216.73.216.164 - - [31/Aug/2026:08:08:47 -0400] "GET /pn/uize/site-source/reference/Uize.Widget.ThumbZoom HTTP/2" 429 0 "-" "Mozilla/5.0 AppleWebKit/537.36 (KHTML, like Gecko; compatible; ClaudeBot/1.0; +claudebot@anthropic.com)"
216.73.216.164 - - [31/Aug/2026:08:08:52 -0400] "GET /ka/pdf/web/images/toolbarButton-menuArrows@2x.png HTTP/2" 200 152 "-" "Mozilla/5.0 AppleWebKit/537.36 (KHTML, like Gecko; compatible; ClaudeBot/1.0; +claudebot@anthropic.com)"
191.104.54.202 - - [31/Aug/2026:08:08:57 -0400] "GET /k98.html HTTP/1.1" 200 2848 "https://ko0.us/" "Mozilla/5.0 (Macintosh; Intel Mac OS X 10.15; rv:122.0) Gecko/20100101 Firefox/122.0"
216.73.216.164 - - [31/Aug/2026:08:08:57 -0400] "GET /ka/pdf/web/images/toolbarButton-sidebarToggle@2x.png HTTP/2" 429 0 "-" "Mozilla/5.0 AppleWebKit/537.36 (KHTML, like Gecko; compatible; ClaudeBot/1.0; +claudebot@anthropic.com)"
74.7.227.147 - - [31/Aug/2026:08:08:58 -0400] "GET /pn/uize/sample-site/ HTTP/2" 429 0 "https://ko0.us/pn/uize/?MD" "Mozilla/5.0 AppleWebKit/537.36 (KHTML, like Gecko; compatible; GPTBot/1.4; +https://openai.com/gptbot)"
216.73.216.164 - - [31/Aug/2026:08:09:02 -0400] "GET /go/eidogo/eidogo.html HTTP/2" 200 5421 "-" "Mozilla/5.0 AppleWebKit/537.36 (KHTML, like Gecko; compatible; ClaudeBot/1.0; +claudebot@anthropic.com)"
17.166.151.81 - - [31/Aug/2026:08:09:06 -0400] "GET /index_bp.html HTTP/2" 200 256633 "-" "Mozilla/5.0 (Macintosh; Intel Mac OS X 10_15_7) AppleWebKit/605.1.15 (KHTML, like Gecko) Version/17.4 Safari/605.1.15 (Applebot/0.1; +http://www.apple.com/go/applebot)"
216.73.216.164 - - [31/Aug/2026:08:09:07 -0400] "GET /ko_center/js/tablesorter/docs/example-option-text-extraction.html HTTP/2" 429 0 "-" "Mozilla/5.0 AppleWebKit/537.36 (KHTML, like Gecko; compatible; ClaudeBot/1.0; +claudebot@anthropic.com)"
74.7.227.147 - - [31/Aug/2026:08:09:08 -0400] "GET /pn/imgs/mars-panoramic-mt-sharp-rover-curiosity-pia19662.jpg HTTP/2" 429 0 "https://ko0.us/pn/imgs/?SA" "Mozilla/5.0 AppleWebKit/537.36 (KHTML, like Gecko; compatible; GPTBot/1.4; +https://openai.com/gptbot)"
216.73.216.164 - - [31/Aug/2026:08:09:12 -0400] "GET /piwigo/plugins/TakeATour/language/de_DE HTTP/2" 301 795 "-" "Mozilla/5.0 AppleWebKit/537.36 (KHTML, like Gecko; compatible; ClaudeBot/1.0; +claudebot@anthropic.com)"
216.73.216.164 - - [31/Aug/2026:08:09:12 -0400] "GET /piwigo/plugins/TakeATour/language/de_DE/ HTTP/2" 302 0 "https://ko0.us/piwigo/plugins/TakeATour/language/de_DE" "Mozilla/5.0 AppleWebKit/537.36 (KHTML, like Gecko; compatible; ClaudeBot/1.0; +claudebot@anthropic.com)"
216.73.216.164 - - [31/Aug/2026:08:09:12 -0400] "GET /piwigo/plugins/TakeATour/language/ HTTP/2" 429 0 "https://ko0.us/piwigo/plugins/TakeATour/language/de_DE/" "Mozilla/5.0 AppleWebKit/537.36 (KHTML, like Gecko; compatible; ClaudeBot/1.0; +claudebot@anthropic.com)"
45.190.0.240 - - [31/Aug/2026:08:09:11 -0400] "GET /mob_lists_20211013_1710.html HTTP/1.1" 200 1165697 "https://ko0.us/" "Mozilla/5.0 (Macintosh; Intel Mac OS X 10_15_7) AppleWebKit/605.1.15 (KHTML, like Gecko) Version/17.0 Safari/605.1.15"
216.73.216.164 - - [31/Aug/2026:08:09:17 -0400] "GET /piwigo/themes/default/js/plugins/jquery.jgrowl.css HTTP/2" 200 851 "-" "Mozilla/5.0 AppleWebKit/537.36 (KHTML, like Gecko; compatible; ClaudeBot/1.0; +claudebot@anthropic.com)"
41.203.196.10 - - [31/Aug/2026:08:09:18 -0400] "GET /list_20200418.html HTTP/1.1" 200 5654 "https://ko0.us/" "Mozilla/5.0 (Macintosh; Intel Mac OS X 10_15_7) AppleWebKit/537.36 (KHTML, like Gecko) Chrome/121.0.6167.57 Safari/537.36"
216.73.216.164 - - [31/Aug/2026:08:08:12 -0400] "GET /dgs/forum/search.php HTTP/2" 303 0 "-" "Mozilla/5.0 AppleWebKit/537.36 (KHTML, like Gecko; compatible; ClaudeBot/1.0; +claudebot@anthropic.com)"
216.73.216.164 - - [31/Aug/2026:08:08:12 -0400] "GET /dgs/error.php?err=login_if_not_logged_in&debugmsg=forum.search&page=forum%2Fsearch.php HTTP/2" 429 0 "https://ko0.us/dgs/forum/search.php" "Mozilla/5.0 AppleWebKit/537.36 (KHTML, like Gecko; compatible; ClaudeBot/1.0; +claudebot@anthropic.com)"
85.208.96.207 - - [31/Aug/2026:08:08:24 -0400] "GET /index_20200210_2145.html HTTP/1.1" 404 1251 "-" "Mozilla/5.0 (compatible; SemrushBot/7~bl; +http://www.semrush.com/bot.html)"
66.249.69.228 - - [31/Aug/2026:08:09:08 -0400] "GET /us/jtfdcr HTTP/1.1" 404 1251 "-" "Mozilla/5.0 (Linux; Android 6.0.1; Nexus 5X Build/MMB29P) AppleWebKit/537.36 (KHTML, like Gecko) Chrome/151.0.7922.173 Mobile Safari/537.36 (compatible; Googlebot/2.1; +http://www.google.com/bot.html)"
181.85.209.36 - - [31/Aug/2026:08:09:34 -0400] "GET /list_20200418.html HTTP/1.1" 200 5654 "https://ko0.us/" "Mozilla/5.0 (Windows NT 10.0; Win64; x64) AppleWebKit/537.36 (KHTML, like Gecko) Chrome/121.0.0.0 Safari/537.36 Edg/121.0.0.0"
185.221.255.55 - - [31/Aug/2026:08:09:41 -0400] "GET /index_yt_api.html HTTP/1.1" 200 79788 "https://ko0.us/" "Mozilla/5.0 (Windows NT 10.0; Win64; x64) AppleWebKit/537.36 (KHTML, like Gecko) Chrome/121.0.0.0 Safari/537.36 Edg/121.0.0.0"
5.0.0.6 - - [31/Aug/2026:08:10:19 -0400] "GET /kup.html HTTP/1.1" 200 174173 "https://ko0.us/" "Mozilla/5.0 (Macintosh; Intel Mac OS X 10.15; rv:122.0) Gecko/20100101 Firefox/122.0"
177.33.139.159 - - [31/Aug/2026:08:10:30 -0400] "GET /jsdoit_shoe_best.html HTTP/1.1" 200 373580 "https://ko0.us/" "Mozilla/5.0 (Windows NT 10.0; Win64; x64) AppleWebKit/537.36 (KHTML, like Gecko) Chrome/120.0.0.0 Safari/537.36 Edg/120.0.0.0"
160.154.136.226 - - [31/Aug/2026:08:10:41 -0400] "GET /kog_20180708.html HTTP/1.1" 200 3445976 "https://ko0.us/" "Mozilla/5.0 (iPhone; CPU iPhone OS 17_1 like Mac OS X) AppleWebKit/605.1.15 (KHTML, like Gecko) Version/17.1 Mobile/15E148 Safari/604.1"
216.73.216.164 - - [31/Aug/2026:08:10:48 -0400] "GET /pn/ko_pn.php?dir=%2Fhome%2Fkozerus%2Fpublic_html%2Fcropex%2Fjs%2Fwz%2Fb64_wz_tooltip_js.txt HTTP/2" 200 14218 "-" "Mozilla/5.0 AppleWebKit/537.36 (KHTML, like Gecko; compatible; ClaudeBot/1.0; +claudebot@anthropic.com)"
216.73.216.164 - - [31/Aug/2026:08:10:53 -0400] "GET /fb/jtfdcr/imgs/giphy_orb_stamper.gif HTTP/2" 404 1251 "-" "Mozilla/5.0 AppleWebKit/537.36 (KHTML, like Gecko; compatible; ClaudeBot/1.0; +claudebot@anthropic.com)"
216.73.216.164 - - [31/Aug/2026:08:10:57 -0400] "GET /cropex/imgs/btn/kobw_spray_mask.png HTTP/2" 200 1297 "-" "Mozilla/5.0 AppleWebKit/537.36 (KHTML, like Gecko; compatible; ClaudeBot/1.0; +claudebot@anthropic.com)"
216.73.216.164 - - [31/Aug/2026:08:11:02 -0400] "GET /zm/apollo17/TileGroup2/7-13-1.jpg HTTP/2" 200 2516 "-" "Mozilla/5.0 AppleWebKit/537.36 (KHTML, like Gecko; compatible; ClaudeBot/1.0; +claudebot@anthropic.com)"
216.73.216.164 - - [31/Aug/2026:08:11:08 -0400] "GET /go/dgs0/images/50/w98.gif HTTP/2" 200 1307 "-" "Mozilla/5.0 AppleWebKit/537.36 (KHTML, like Gecko; compatible; ClaudeBot/1.0; +claudebot@anthropic.com)"
216.73.216.164 - - [31/Aug/2026:08:11:13 -0400] "GET /zm/apollo17/TileGroup2/7-10-1.jpg HTTP/2" 200 1651 "-" "Mozilla/5.0 AppleWebKit/537.36 (KHTML, like Gecko; compatible; ClaudeBot/1.0; +claudebot@anthropic.com)"
216.73.216.164 - - [31/Aug/2026:08:11:17 -0400] "GET /byrdbellvjk/imgs/30.jpg HTTP/2" 404 1251 "-" "Mozilla/5.0 AppleWebKit/537.36 (KHTML, like Gecko; compatible; ClaudeBot/1.0; +claudebot@anthropic.com)"
216.73.216.164 - - [31/Aug/2026:08:11:22 -0400] "GET /pn/ko_pn.php?dir=%2Fhome%2Fkozerus%2Fpublic_html%2Fimgs%2Fbtn%2Fkoeye_split.png HTTP/2" 200 3915 "-" "Mozilla/5.0 AppleWebKit/537.36 (KHTML, like Gecko; compatible; ClaudeBot/1.0; +claudebot@anthropic.com)"
216.73.216.164 - - [31/Aug/2026:08:11:27 -0400] "GET /zm/apollo17/TileGroup2/7-19-1.jpg HTTP/2" 200 3929 "-" "Mozilla/5.0 AppleWebKit/537.36 (KHTML, like Gecko; compatible; ClaudeBot/1.0; +claudebot@anthropic.com)"
216.73.216.164 - - [31/Aug/2026:08:11:33 -0400] "GET /pn/ko_pn.php?dir=%2Fhome%2Fkozerus%2Fpublic_html%2Fkb%2Fvid%2Fjkwii HTTP/2" 200 4375 "-" "Mozilla/5.0 AppleWebKit/537.36 (KHTML, like Gecko; compatible; ClaudeBot/1.0; +claudebot@anthropic.com)"
181.122.241.222 - - [31/Aug/2026:08:11:37 -0400] "GET /jtfdc_stalkarounds_bestbugs_20211009_1630.html HTTP/1.1" 200 533926 "https://ko0.us/" "Mozilla/5.0 (Macintosh; Intel Mac OS X 10_15_7) AppleWebKit/537.36 (KHTML, like Gecko) Chrome/120.0.0.0 Safari/537.36 Edg/120.0.0.0"
216.73.216.164 - - [31/Aug/2026:08:11:38 -0400] "GET /pn/ko_pn.php?dir=%2Fhome%2Fkozerus%2Fpublic_html%2Fcropex%2Fjs%2Fwz%2Fwz_into.html HTTP/2" 200 10350 "-" "Mozilla/5.0 AppleWebKit/537.36 (KHTML, like Gecko; compatible; ClaudeBot/1.0; +claudebot@anthropic.com)"
216.73.216.164 - - [31/Aug/2026:08:11:43 -0400] "GET /pn/ko_pn.php?dir=%2Fhome%2Fkozerus%2Fpublic_html%2Fimgs%2Fbtn%2Ffireworkp.gif HTTP/2" 200 3943 "-" "Mozilla/5.0 AppleWebKit/537.36 (KHTML, like Gecko; compatible; ClaudeBot/1.0; +claudebot@anthropic.com)"
216.73.216.164 - - [31/Aug/2026:08:11:47 -0400] "GET /pn/ko_pn.php?dir=%2Fhome%2Fkozerus%2Fpublic_html%2Fdgs%2Fdgs%2Fspecs%2Ftime.txt HTTP/2" 200 5741 "-" "Mozilla/5.0 AppleWebKit/537.36 (KHTML, like Gecko; compatible; ClaudeBot/1.0; +claudebot@anthropic.com)"
216.73.216.164 - - [31/Aug/2026:08:10:22 -0400] "GET /go/eidogo/tourney/table1.html HTTP/2" 200 7350 "-" "Mozilla/5.0 AppleWebKit/537.36 (KHTML, like Gecko; compatible; ClaudeBot/1.0; +claudebot@anthropic.com)"
74.7.227.147 - - [31/Aug/2026:08:10:23 -0400] "GET /pn/uize/site-source/ HTTP/2" 200 1488 "https://ko0.us/pn/uize/?MD" "Mozilla/5.0 AppleWebKit/537.36 (KHTML, like Gecko; compatible; GPTBot/1.4; +https://openai.com/gptbot)"
216.73.216.164 - - [31/Aug/2026:08:10:27 -0400] "GET /dgs/images/flags/py.gif HTTP/2" 200 151 "-" "Mozilla/5.0 AppleWebKit/537.36 (KHTML, like Gecko; compatible; ClaudeBot/1.0; +claudebot@anthropic.com)"
216.73.216.164 - - [31/Aug/2026:08:10:32 -0400] "GET /pdf/web/locale/my/viewer.properties HTTP/2" 200 12759 "-" "Mozilla/5.0 AppleWebKit/537.36 (KHTML, like Gecko; compatible; ClaudeBot/1.0; +claudebot@anthropic.com)"
103.166.103.58 - - [31/Aug/2026:08:10:36 -0400] "GET /str2btn_best.html HTTP/1.1" 200 2286 "https://ko0.us/" "Mozilla/5.0 (Windows NT 10.0; Win64; x64) AppleWebKit/537.36 (KHTML, like Gecko) Chrome/120.0.0.0 Safari/537.36 Edg/120.0.0.0"
216.73.216.164 - - [31/Aug/2026:08:10:37 -0400] "GET /pn/uize/site-source/js/Uize/Widgets/ImagePort HTTP/2" 301 795 "-" "Mozilla/5.0 AppleWebKit/537.36 (KHTML, like Gecko; compatible; ClaudeBot/1.0; +claudebot@anthropic.com)"
216.73.216.164 - - [31/Aug/2026:08:10:37 -0400] "GET /pn/uize/site-source/js/Uize/Widgets/ImagePort/ HTTP/2" 200 1082 "https://ko0.us/pn/uize/site-source/js/Uize/Widgets/ImagePort" "Mozilla/5.0 AppleWebKit/537.36 (KHTML, like Gecko; compatible; ClaudeBot/1.0; +claudebot@anthropic.com)"
216.73.216.164 - - [31/Aug/2026:08:10:42 -0400] "GET /pn/ko_pn.php?dir=%2Fhome%2Fkozerus%2Fpublic_html%2Fcropex%2Fnode%2Fnode_modules%2Fdrizzle-orm%2Fsql%2F HTTP/2" 200 4209 "-" "Mozilla/5.0 AppleWebKit/537.36 (KHTML, like Gecko; compatible; ClaudeBot/1.0; +claudebot@anthropic.com)"
74.7.227.147 - - [31/Aug/2026:08:10:43 -0400] "GET /pn/uize/?SA HTTP/2" 200 722 "https://ko0.us/pn/uize/?MD" "Mozilla/5.0 AppleWebKit/537.36 (KHTML, like Gecko; compatible; GPTBot/1.4; +https://openai.com/gptbot)"
74.7.227.147 - - [31/Aug/2026:08:10:59 -0400] "GET /pn/imgs/?SD HTTP/2" 200 2141 "https://ko0.us/pn/imgs/?SA" "Mozilla/5.0 AppleWebKit/537.36 (KHTML, like Gecko; compatible; GPTBot/1.4; +https://openai.com/gptbot)"
74.7.227.147 - - [31/Aug/2026:08:11:11 -0400] "GET /pn/imgs/?NA HTTP/2" 200 2120 "https://ko0.us/pn/imgs/?SA" "Mozilla/5.0 AppleWebKit/537.36 (KHTML, like Gecko; compatible; GPTBot/1.4; +https://openai.com/gptbot)"
103.41.114.100 - - [31/Aug/2026:08:11:16 -0400] "GET /ctx.html HTTP/1.1" 200 718 "https://ko0.us/" "Mozilla/5.0 (Windows NT 10.0; Win64; x64) AppleWebKit/537.36 (KHTML, like Gecko) Chrome/127.0.6533.73 Safari/537.36"
66.249.69.229 - - [31/Aug/2026:08:11:17 -0400] "GET /ko_jtf/zm/jtf_parcels/jtf02/TileGroup0/0-0-0.jpg HTTP/1.1" 404 1251 "-" "Googlebot-Image/1.0"
74.7.227.147 - - [31/Aug/2026:08:11:22 -0400] "GET /pn/uize/?NA HTTP/2" 200 718 "https://ko0.us/pn/uize/?MD" "Mozilla/5.0 AppleWebKit/537.36 (KHTML, like Gecko; compatible; GPTBot/1.4; +https://openai.com/gptbot)"
74.7.227.147 - - [31/Aug/2026:08:11:42 -0400] "GET /fb/jtfdcr/imgs/IMG_3989_20150716_0708.JPG HTTP/2" 404 1251 "https://ko0.us/jk_f2d.html" "Mozilla/5.0 AppleWebKit/537.36 (KHTML, like Gecko; compatible; GPTBot/1.4; +https://openai.com/gptbot)"
74.7.227.147 - - [31/Aug/2026:08:11:50 -0400] "GET /fb/jtfdcr/imgs/IMG_3980_20150716_0637.JPG HTTP/2" 404 1251 "https://ko0.us/jk_f2d.html" "Mozilla/5.0 AppleWebKit/537.36 (KHTML, like Gecko; compatible; GPTBot/1.4; +https://openai.com/gptbot)"
74.7.227.147 - - [31/Aug/2026:08:11:58 -0400] "GET /pn/uize/site-source/javascript-examples-by-module.html.jst HTTP/2" 200 3844 "https://ko0.us/pn/uize/site-source/" "Mozilla/5.0 AppleWebKit/537.36 (KHTML, like Gecko; compatible; GPTBot/1.4; +https://openai.com/gptbot)"
74.7.227.147 - - [31/Aug/2026:08:12:03 -0400] "GET /pn/uize/site-source/javascript-white-papers.html.jst HTTP/2" 200 345 "https://ko0.us/pn/uize/site-source/" "Mozilla/5.0 AppleWebKit/537.36 (KHTML, like Gecko; compatible; GPTBot/1.4; +https://openai.com/gptbot)"
74.7.227.147 - - [31/Aug/2026:08:12:06 -0400] "GET /pn/imgs/mars-panoramic-mt-sharp-rover-curiosity-pia19662.jpg HTTP/2" 200 13323398 "https://ko0.us/pn/imgs/?SD" "Mozilla/5.0 AppleWebKit/537.36 (KHTML, like Gecko; compatible; GPTBot/1.4; +https://openai.com/gptbot)"
74.7.227.147 - - [31/Aug/2026:08:12:09 -0400] "GET /pn/imgs/mars-rover-opportunity-pia19111_Sol3902B_Cape_Tribulation_L2R2ana.jpg HTTP/2" 200 17090384 "https://ko0.us/pn/imgs/?SD" "Mozilla/5.0 AppleWebKit/537.36 (KHTML, like Gecko; compatible; GPTBot/1.4; +https://openai.com/gptbot)"
74.7.227.147 - - [31/Aug/2026:08:12:11 -0400] "GET /pn/imgs/pano_backyard_all.jpg HTTP/2" 200 559318 "https://ko0.us/pn/imgs/?SD" "Mozilla/5.0 AppleWebKit/537.36 (KHTML, like Gecko; compatible; GPTBot/1.4; +https://openai.com/gptbot)"
74.7.227.147 - - [31/Aug/2026:08:12:13 -0400] "GET /pn/uize/site-source/javascript-examples.html.jst HTTP/2" 200 1306 "https://ko0.us/pn/uize/site-source/" "Mozilla/5.0 AppleWebKit/537.36 (KHTML, like Gecko; compatible; GPTBot/1.4; +https://openai.com/gptbot)"
74.7.227.147 - - [31/Aug/2026:08:12:14 -0400] "GET /pn/imgs/pano_jtfarms_enter_hi.jpg HTTP/2" 200 249208 "https://ko0.us/pn/imgs/?SD" "Mozilla/5.0 AppleWebKit/537.36 (KHTML, like Gecko; compatible; GPTBot/1.4; +https://openai.com/gptbot)"
74.7.227.147 - - [31/Aug/2026:08:12:15 -0400] "GET /pn/uize/site-source/endorsements.html.simpledata HTTP/2" 200 4364 "https://ko0.us/pn/uize/site-source/" "Mozilla/5.0 AppleWebKit/537.36 (KHTML, like Gecko; compatible; GPTBot/1.4; +https://openai.com/gptbot)"
74.7.227.147 - - [31/Aug/2026:08:12:16 -0400] "GET /pn/uize/site-source/javascript-feature-tours.html HTTP/2" 200 640 "https://ko0.us/pn/uize/site-source/" "Mozilla/5.0 AppleWebKit/537.36 (KHTML, like Gecko; compatible; GPTBot/1.4; +https://openai.com/gptbot)"
74.7.227.147 - - [31/Aug/2026:08:12:17 -0400] "GET /pn/uize/site-source/javascript-widgets.html.jst HTTP/2" 200 1792 "https://ko0.us/pn/uize/site-source/" "Mozilla/5.0 AppleWebKit/537.36 (KHTML, like Gecko; compatible; GPTBot/1.4; +https://openai.com/gptbot)"
45.166.144.217 - - [31/Aug/2026:08:12:16 -0400] "GET /index_jsdk_jkwii.html HTTP/1.1" 200 113925 "https://ko0.us/" "Mozilla/5.0 (Macintosh; Intel Mac OS X 10_15_7) AppleWebKit/605.1.15 (KHTML, like Gecko) Version/17.1 Safari/605.1.15"
74.7.227.147 - - [31/Aug/2026:08:12:17 -0400] "GET /pn/uize/site-source/javascript-guides.html.jst HTTP/2" 200 337 "https://ko0.us/pn/uize/site-source/" "Mozilla/5.0 AppleWebKit/537.36 (KHTML, like Gecko; compatible; GPTBot/1.4; +https://openai.com/gptbot)"
74.7.227.147 - - [31/Aug/2026:08:12:18 -0400] "GET /pn/uize/site-source/javascript-modules-index.html.jst HTTP/2" 200 345 "https://ko0.us/pn/uize/site-source/" "Mozilla/5.0 AppleWebKit/537.36 (KHTML, like Gecko; compatible; GPTBot/1.4; +https://openai.com/gptbot)"
74.7.227.147 - - [31/Aug/2026:08:12:18 -0400] "GET /pn/uize/site-source/directory.html.jst HTTP/2" 200 1617 "https://ko0.us/pn/uize/site-source/" "Mozilla/5.0 AppleWebKit/537.36 (KHTML, like Gecko; compatible; GPTBot/1.4; +https://openai.com/gptbot)"
74.7.227.147 - - [31/Aug/2026:08:12:19 -0400] "GET /pn/uize/site-source/appendixes.html.jst HTTP/2" 200 315 "https://ko0.us/pn/uize/site-source/" "Mozilla/5.0 AppleWebKit/537.36 (KHTML, like Gecko; compatible; GPTBot/1.4; +https://openai.com/gptbot)"
74.7.227.147 - - [31/Aug/2026:08:12:19 -0400] "GET /pn/uize/site-source/endorsements.html.jst HTTP/2" 200 631 "https://ko0.us/pn/uize/site-source/" "Mozilla/5.0 AppleWebKit/537.36 (KHTML, like Gecko; compatible; GPTBot/1.4; +https://openai.com/gptbot)"
74.7.227.147 - - [31/Aug/2026:08:12:20 -0400] "GET /pn/uize/sample-site/ HTTP/2" 200 661 "https://ko0.us/pn/uize/?SA" "Mozilla/5.0 AppleWebKit/537.36 (KHTML, like Gecko; compatible; GPTBot/1.4; +https://openai.com/gptbot)"
74.7.227.147 - - [31/Aug/2026:08:12:20 -0400] "GET /pn/uize/site-source/404.html HTTP/2" 200 260 "https://ko0.us/pn/uize/site-source/" "Mozilla/5.0 AppleWebKit/537.36 (KHTML, like Gecko; compatible; GPTBot/1.4; +https://openai.com/gptbot)"
74.7.227.147 - - [31/Aug/2026:08:12:21 -0400] "GET /pn/uize/?SD HTTP/2" 200 721 "https://ko0.us/pn/uize/?SA" "Mozilla/5.0 AppleWebKit/537.36 (KHTML, like Gecko; compatible; GPTBot/1.4; +https://openai.com/gptbot)"
74.7.227.147 - - [31/Aug/2026:08:12:21 -0400] "GET /ko_jtf/images/jtf/jtf_takes/IMG_5967.png HTTP/2" 404 1251 "https://ko0.us/index_vi.html" "Mozilla/5.0 AppleWebKit/537.36 (KHTML, like Gecko; compatible; GPTBot/1.4; +https://openai.com/gptbot)"
74.7.227.147 - - [31/Aug/2026:08:12:22 -0400] "GET /ko_jtf/images/jtf/jtf_takes/IMG_5972.png HTTP/2" 404 1251 "https://ko0.us/index_vi.html" "Mozilla/5.0 AppleWebKit/537.36 (KHTML, like Gecko; compatible; GPTBot/1.4; +https://openai.com/gptbot)"
74.7.227.147 - - [31/Aug/2026:08:12:23 -0400] "GET /ko_jtf/images/jtf/jtf_takes/IMG_5376.png HTTP/2" 404 1251 "https://ko0.us/index_vi.html" "Mozilla/5.0 AppleWebKit/537.36 (KHTML, like Gecko; compatible; GPTBot/1.4; +https://openai.com/gptbot)"
74.7.227.147 - - [31/Aug/2026:08:12:23 -0400] "GET /ko_jtf/images/jtf/jtf_takes/IMG_6302.png HTTP/2" 404 1251 "https://ko0.us/index_vi.html" "Mozilla/5.0 AppleWebKit/537.36 (KHTML, like Gecko; compatible; GPTBot/1.4; +https://openai.com/gptbot)"
74.7.227.147 - - [31/Aug/2026:08:12:24 -0400] "GET /ko_jtf/images/jtf/jtf_takes/IMG_5326.png HTTP/2" 404 1251 "https://ko0.us/index_vi.html" "Mozilla/5.0 AppleWebKit/537.36 (KHTML, like Gecko; compatible; GPTBot/1.4; +https://openai.com/gptbot)"
74.7.227.147 - - [31/Aug/2026:08:12:25 -0400] "GET /ko_jtf/images/jtf/jtf_takes/IMG_5381.png HTTP/2" 404 1251 "https://ko0.us/index_vi.html" "Mozilla/5.0 AppleWebKit/537.36 (KHTML, like Gecko; compatible; GPTBot/1.4; +https://openai.com/gptbot)"
74.7.227.147 - - [31/Aug/2026:08:12:26 -0400] "GET /ko_jtf/images/jtf/jtf_takes/IMG_5371.png HTTP/2" 404 1251 "https://ko0.us/index_vi.html" "Mozilla/5.0 AppleWebKit/537.36 (KHTML, like Gecko; compatible; GPTBot/1.4; +https://openai.com/gptbot)"
74.7.227.147 - - [31/Aug/2026:08:12:28 -0400] "GET /ko_jtf/images/jtf/jtf_takes/IMG_5374.png HTTP/2" 404 1251 "https://ko0.us/index_vi.html" "Mozilla/5.0 AppleWebKit/537.36 (KHTML, like Gecko; compatible; GPTBot/1.4; +https://openai.com/gptbot)"
74.7.227.147 - - [31/Aug/2026:08:12:29 -0400] "GET /ko_jtf/images/jtf/jtf_takes/IMG_5430.png HTTP/2" 404 1251 "https://ko0.us/index_vi.html" "Mozilla/5.0 AppleWebKit/537.36 (KHTML, like Gecko; compatible; GPTBot/1.4; +https://openai.com/gptbot)"
74.7.227.147 - - [31/Aug/2026:08:12:30 -0400] "GET /ko_jtf/images/jtf/jtf_takes/IMG_5369.png HTTP/2" 404 1251 "https://ko0.us/index_vi.html" "Mozilla/5.0 AppleWebKit/537.36 (KHTML, like Gecko; compatible; GPTBot/1.4; +https://openai.com/gptbot)"
74.7.227.147 - - [31/Aug/2026:08:12:30 -0400] "GET /ko_jtf/images/jtf/jtf_takes/IMG_5370.png HTTP/2" 404 1251 "https://ko0.us/index_vi.html" "Mozilla/5.0 AppleWebKit/537.36 (KHTML, like Gecko; compatible; GPTBot/1.4; +https://openai.com/gptbot)"
74.7.227.147 - - [31/Aug/2026:08:12:31 -0400] "GET /ko_jtf/images/jtf/jtf_takes/IMG_5368.png HTTP/2" 404 1251 "https://ko0.us/index_vi.html" "Mozilla/5.0 AppleWebKit/537.36 (KHTML, like Gecko; compatible; GPTBot/1.4; +https://openai.com/gptbot)"
74.7.227.147 - - [31/Aug/2026:08:12:32 -0400] "GET /ko_jtf/images/jtf/jtf_takes/IMG_5461.png HTTP/2" 404 1251 "https://ko0.us/index_vi.html" "Mozilla/5.0 AppleWebKit/537.36 (KHTML, like Gecko; compatible; GPTBot/1.4; +https://openai.com/gptbot)"
74.7.227.147 - - [31/Aug/2026:08:12:35 -0400] "GET /ko_jtf/images/jtf/jtf_takes/IMG_6301.png HTTP/2" 404 1251 "https://ko0.us/index_vi.html" "Mozilla/5.0 AppleWebKit/537.36 (KHTML, like Gecko; compatible; GPTBot/1.4; +https://openai.com/gptbot)"
216.73.216.164 - - [31/Aug/2026:08:11:53 -0400] "GET /pn/ko_pn.php?dir=%2Fhome%2Fkozerus%2Fpublic_html%2Fjs%2Fturnjs4%2Fsamples%2Fjkwii%2Fpages%2Fpage55.html HTTP/2" 200 4456 "-" "Mozilla/5.0 AppleWebKit/537.36 (KHTML, like Gecko; compatible; ClaudeBot/1.0; +claudebot@anthropic.com)"
216.73.216.164 - - [31/Aug/2026:08:11:57 -0400] "GET /cropex/js/wz/wz_calc_files/sqft.gif HTTP/2" 404 1251 "-" "Mozilla/5.0 AppleWebKit/537.36 (KHTML, like Gecko; compatible; ClaudeBot/1.0; +claudebot@anthropic.com)"
216.73.216.164 - - [31/Aug/2026:08:12:03 -0400] "GET /go/dgs0/images/50/w96.gif HTTP/2" 200 1313 "-" "Mozilla/5.0 AppleWebKit/537.36 (KHTML, like Gecko; compatible; ClaudeBot/1.0; +claudebot@anthropic.com)"
38.51.32.126 - - [31/Aug/2026:08:12:06 -0400] "GET /k98.html HTTP/1.1" 200 3132 "https://ko0.us/" "Mozilla/5.0 (Windows NT 10.0; Win64; x64) AppleWebKit/537.36 (KHTML, like Gecko) Chrome/122.0.0.0 Safari/537.36 Edg/122.0.0.0"
216.73.216.164 - - [31/Aug/2026:08:12:08 -0400] "GET /zm/apollo17/TileGroup3/7-10-4.jpg HTTP/2" 200 3753 "-" "Mozilla/5.0 AppleWebKit/537.36 (KHTML, like Gecko; compatible; ClaudeBot/1.0; +claudebot@anthropic.com)"
216.73.216.164 - - [31/Aug/2026:08:12:13 -0400] "GET /pn/ko_pn.php?dir=%2Fhome%2Fkozerus%2Fpublic_html%2Fgo%2Fdgs0%2Fskins%2Fdragon2 HTTP/2" 200 3963 "-" "Mozilla/5.0 AppleWebKit/537.36 (KHTML, like Gecko; compatible; ClaudeBot/1.0; +claudebot@anthropic.com)"
216.73.216.164 - - [31/Aug/2026:08:12:18 -0400] "GET /zm/apollo17/TileGroup3/7-81-3.jpg HTTP/2" 200 3956 "-" "Mozilla/5.0 AppleWebKit/537.36 (KHTML, like Gecko; compatible; ClaudeBot/1.0; +claudebot@anthropic.com)"
216.73.216.164 - - [31/Aug/2026:08:12:23 -0400] "GET /go/dgs0/images/smallwood12.gif HTTP/2" 200 61 "-" "Mozilla/5.0 AppleWebKit/537.36 (KHTML, like Gecko; compatible; ClaudeBot/1.0; +claudebot@anthropic.com)"
216.73.216.164 - - [31/Aug/2026:08:12:28 -0400] "GET /js/turnjs4/samples/magazine/pages/38.jpg HTTP/2" 200 122993 "-" "Mozilla/5.0 AppleWebKit/537.36 (KHTML, like Gecko; compatible; ClaudeBot/1.0; +claudebot@anthropic.com)"
216.73.216.164 - - [31/Aug/2026:08:12:33 -0400] "GET /pn/ko_pn.php?dir=%2Fhome%2Fkozerus%2Fpublic_html%2Fjs%2Fturnjs4%2Fsamples%2Fjkwii%2Fpages%2Fpage16.html HTTP/2" 200 4451 "-" "Mozilla/5.0 AppleWebKit/537.36 (KHTML, like Gecko; compatible; ClaudeBot/1.0; +claudebot@anthropic.com)"
216.73.216.164 - - [31/Aug/2026:08:12:38 -0400] "GET /pn/ko_pn.php?dir=%2Fhome%2Fkozerus%2Fpublic_html%2Fimgs%2Fjsdoit%2Fjsdoit_sphere.png HTTP/2" 200 3957 "-" "Mozilla/5.0 AppleWebKit/537.36 (KHTML, like Gecko; compatible; ClaudeBot/1.0; +claudebot@anthropic.com)"
216.73.216.164 - - [31/Aug/2026:08:12:43 -0400] "GET /pn/ko_pn.php?dir=%2Fhome%2Fkozerus%2Fpublic_html%2Fgo%2Fdgs%2Findex_20211125_1515.php HTTP/2" 200 9078 "-" "Mozilla/5.0 AppleWebKit/537.36 (KHTML, like Gecko; compatible; ClaudeBot/1.0; +claudebot@anthropic.com)"
216.73.216.164 - - [31/Aug/2026:08:12:47 -0400] "GET /pn/ko_pn.php?dir=%2Fhome%2Fkozerus%2Fpublic_html%2Fgo%2Feidogo%2Fapp%2Fopen.sh HTTP/2" 200 4162 "-" "Mozilla/5.0 AppleWebKit/537.36 (KHTML, like Gecko; compatible; ClaudeBot/1.0; +claudebot@anthropic.com)"
216.73.216.164 - - [31/Aug/2026:08:12:53 -0400] "GET /zm/apollo17/TileGroup2/7-107-0.jpg HTTP/2" 200 1651 "-" "Mozilla/5.0 AppleWebKit/537.36 (KHTML, like Gecko; compatible; ClaudeBot/1.0; +claudebot@anthropic.com)"
189.7.228.83 - - [31/Aug/2026:08:12:53 -0400] "GET /jsdoit_shoo_best.htm HTTP/1.1" 200 384930 "https://ko0.us/" "Mozilla/5.0 (Macintosh; Intel Mac OS X 10_15_7) AppleWebKit/605.1.15 (KHTML, like Gecko) Version/17.1 Safari/605.1.15"
216.73.216.164 - - [31/Aug/2026:08:12:57 -0400] "GET /pn/ko_pn.php?dir=%2Fhome%2Fkozerus%2Fpublic_html%2Fimgs%2Fbtn%2Fkoeyew_misc.png HTTP/2" 200 3915 "-" "Mozilla/5.0 AppleWebKit/537.36 (KHTML, like Gecko; compatible; ClaudeBot/1.0; +claudebot@anthropic.com)"
216.73.216.164 - - [31/Aug/2026:08:09:22 -0400] "GET /piwigo/themes/default/js/ui/jquery.ui.button.js HTTP/2" 429 0 "-" "Mozilla/5.0 AppleWebKit/537.36 (KHTML, like Gecko; compatible; ClaudeBot/1.0; +claudebot@anthropic.com)"
74.7.227.147 - - [31/Aug/2026:08:09:23 -0400] "GET /pn/imgs/mars-rover-opportunity-pia19111_Sol3902B_Cape_Tribulation_L2R2ana.jpg HTTP/2" 429 0 "https://ko0.us/pn/imgs/?SA" "Mozilla/5.0 AppleWebKit/537.36 (KHTML, like Gecko; compatible; GPTBot/1.4; +https://openai.com/gptbot)"
216.73.216.164 - - [31/Aug/2026:08:09:27 -0400] "GET /ko_center/zm5/Assets/ViewResizable/ HTTP/2" 200 650 "-" "Mozilla/5.0 AppleWebKit/537.36 (KHTML, like Gecko; compatible; ClaudeBot/1.0; +claudebot@anthropic.com)"
216.73.216.164 - - [31/Aug/2026:08:09:32 -0400] "GET /piwigo/admin/themes/clear/mail-css.tpl HTTP/2" 200 1292 "-" "Mozilla/5.0 AppleWebKit/537.36 (KHTML, like Gecko; compatible; ClaudeBot/1.0; +claudebot@anthropic.com)"
216.73.216.164 - - [31/Aug/2026:08:09:38 -0400] "GET /js/wz_connect/cable-vga.webp HTTP/2" 429 0 "-" "Mozilla/5.0 AppleWebKit/537.36 (KHTML, like Gecko; compatible; ClaudeBot/1.0; +claudebot@anthropic.com)"
216.73.216.164 - - [31/Aug/2026:08:09:42 -0400] "GET /dgs/images/flags/ml.gif HTTP/2" 200 131 "-" "Mozilla/5.0 AppleWebKit/537.36 (KHTML, like Gecko; compatible; ClaudeBot/1.0; +claudebot@anthropic.com)"
74.7.227.147 - - [31/Aug/2026:08:09:43 -0400] "GET /pn/imgs/pano_backyard_all.jpg HTTP/2" 429 0 "https://ko0.us/pn/imgs/?SA" "Mozilla/5.0 AppleWebKit/537.36 (KHTML, like Gecko; compatible; GPTBot/1.4; +https://openai.com/gptbot)"
216.73.216.164 - - [31/Aug/2026:08:09:47 -0400] "GET /go/dgs/specs/caching.txt HTTP/2" 429 0 "-" "Mozilla/5.0 AppleWebKit/537.36 (KHTML, like Gecko; compatible; ClaudeBot/1.0; +claudebot@anthropic.com)"
216.73.216.164 - - [31/Aug/2026:08:09:52 -0400] "GET /js/turnjs4/samples/docs/pages/9.png HTTP/2" 200 72457 "-" "Mozilla/5.0 AppleWebKit/537.36 (KHTML, like Gecko; compatible; ClaudeBot/1.0; +claudebot@anthropic.com)"
216.73.216.164 - - [31/Aug/2026:08:09:57 -0400] "GET /ko_center/js/jquery-ui-1.7.2/development-bundle/ui/ HTTP/2" 429 0 "-" "Mozilla/5.0 AppleWebKit/537.36 (KHTML, like Gecko; compatible; ClaudeBot/1.0; +claudebot@anthropic.com)"
216.73.216.164 - - [31/Aug/2026:08:10:02 -0400] "GET /js/wz_connect/wz_connect.htm HTTP/2" 200 7425 "-" "Mozilla/5.0 AppleWebKit/537.36 (KHTML, like Gecko; compatible; ClaudeBot/1.0; +claudebot@anthropic.com)"
74.7.227.147 - - [31/Aug/2026:08:10:03 -0400] "GET /pn/imgs/pano_jtfarms_enter_hi.jpg HTTP/2" 429 0 "https://ko0.us/pn/imgs/?SA" "Mozilla/5.0 AppleWebKit/537.36 (KHTML, like Gecko; compatible; GPTBot/1.4; +https://openai.com/gptbot)"
190.107.160.96 - - [31/Aug/2026:08:10:06 -0400] "GET /indexmin.htm HTTP/1.1" 200 448849 "https://ko0.us/" "Mozilla/5.0 (Macintosh; Intel Mac OS X 10.15; rv:122.0) Gecko/20100101 Firefox/122.0"
216.73.216.164 - - [31/Aug/2026:08:10:07 -0400] "GET /ka/pdf/web/images/toolbarButton-pageDown@2x.png HTTP/2" 429 0 "-" "Mozilla/5.0 AppleWebKit/537.36 (KHTML, like Gecko; compatible; ClaudeBot/1.0; +claudebot@anthropic.com)"
160.178.212.34 - - [31/Aug/2026:08:09:36 -0400] "GET /kog_20180708.html HTTP/1.1" 200 1146880 "https://ko0.us/" "Mozilla/5.0 (Windows NT 10.0; Win64; x64; rv:123.0) Gecko/20100101 Firefox/123.0"
216.73.216.164 - - [31/Aug/2026:08:10:12 -0400] "GET /pn/ko_pn.php?dir=%2Fhome%2Fkozerus%2Fpublic_html%2Fcropex%2Fnode%2Fnode_modules%2Fdrizzle-orm%2Fsql%2Ffunctions%2Fvector.cjs.map HTTP/2" 200 5114 "-" "Mozilla/5.0 AppleWebKit/537.36 (KHTML, like Gecko; compatible; ClaudeBot/1.0; +claudebot@anthropic.com)"
216.73.216.164 - - [31/Aug/2026:08:10:18 -0400] "GET /piwigo/themes/default/js/plugins/jquery.colorbox.min.js HTTP/2" 429 0 "-" "Mozilla/5.0 AppleWebKit/537.36 (KHTML, like Gecko; compatible; ClaudeBot/1.0; +claudebot@anthropic.com)"
17.166.154.226 - - [31/Aug/2026:08:07:14 -0400] "GET /index_neave_wobble.html HTTP/2" 200 22819 "https://ko0.us/index_im.html" "Mozilla/5.0 (Macintosh; Intel Mac OS X 10_15_7) AppleWebKit/605.1.15 (KHTML, like Gecko) Version/17.4 Safari/605.1.15 (Applebot/0.1; +http://www.apple.com/go/applebot)"
17.166.154.226 - - [31/Aug/2026:08:07:15 -0400] "GET /index_neave_im.html HTTP/2" 200 68211 "https://ko0.us/index_im.html" "Mozilla/5.0 (Macintosh; Intel Mac OS X 10_15_7) AppleWebKit/605.1.15 (KHTML, like Gecko) Version/17.4 Safari/605.1.15 (Applebot/0.1; +http://www.apple.com/go/applebot)"
216.73.216.164 - - [31/Aug/2026:08:07:19 -0400] "GET /robots.txt HTTP/2" 404 1251 "-" "Mozilla/5.0 AppleWebKit/537.36 (KHTML, like Gecko; compatible; ClaudeBot/1.0; +claudebot@anthropic.com)"
145.255.179.33 - - [31/Aug/2026:08:08:44 -0400] "GET /keyholepeeks.html HTTP/1.1" 200 1038 "https://ko0.us/" "Mozilla/5.0 (Macintosh; Intel Mac OS X 10_15_7) AppleWebKit/605.1.15 (KHTML, like Gecko) Version/17.2 Safari/605.1.15"
185.142.42.40 - - [31/Aug/2026:08:09:06 -0400] "GET /index_old.htm HTTP/1.1" 200 816057 "https://ko0.us/" "Mozilla/5.0 (Windows NT 10.0; Win64; x64) AppleWebKit/537.36 (KHTML, like Gecko) Chrome/127.0.6533.73 Safari/537.36"
74.7.227.147 - - [31/Aug/2026:08:12:36 -0400] "GET /tl.db3%27%5B0%5D HTTP/2" 200 0 "https://ko0.us/" "Mozilla/5.0 AppleWebKit/537.36 (KHTML, like Gecko; compatible; GPTBot/1.4; +https://openai.com/gptbot)"
74.7.227.147 - - [31/Aug/2026:08:12:37 -0400] "GET /extensions/menu/deck.menu.js HTTP/2" 404 1251 "https://ko0.us/index_jsdk_best.html" "Mozilla/5.0 AppleWebKit/537.36 (KHTML, like Gecko; compatible; GPTBot/1.4; +https://openai.com/gptbot)"
74.7.227.147 - - [31/Aug/2026:08:12:39 -0400] "GET /imgs/btn/koeyew_vu.png HTTP/2" 429 0 "https://ko0.us/imgs/btn/" "Mozilla/5.0 AppleWebKit/537.36 (KHTML, like Gecko; compatible; GPTBot/1.4; +https://openai.com/gptbot)"
74.7.227.147 - - [31/Aug/2026:08:12:40 -0400] "GET /imgs/btn/koeye_law.png HTTP/2" 429 0 "https://ko0.us/imgs/btn/" "Mozilla/5.0 AppleWebKit/537.36 (KHTML, like Gecko; compatible; GPTBot/1.4; +https://openai.com/gptbot)"
74.7.227.147 - - [31/Aug/2026:08:12:42 -0400] "GET /imgs/btn/koeyew_hl.png HTTP/2" 429 0 "https://ko0.us/index_buttons.html" "Mozilla/5.0 AppleWebKit/537.36 (KHTML, like Gecko; compatible; GPTBot/1.4; +https://openai.com/gptbot)"
74.7.227.147 - - [31/Aug/2026:08:12:46 -0400] "GET /tl.db3%20UNION%20ALL%20SELECT%20NULL%2C%27orgasbgpzmkytympbfxnxsjpjoazuqcz%27%2CNULL--%20cqaaq8 HTTP/2" 429 0 "https://ko0.us/" "Mozilla/5.0 AppleWebKit/537.36 (KHTML, like Gecko; compatible; GPTBot/1.4; +https://openai.com/gptbot)"
74.7.227.147 - - [31/Aug/2026:08:12:52 -0400] "GET /kb/jtfdcr/vid/jtfinc_neighbors/jtfdc_20170528_byrdout_fionaout_jtf32_lyinglawyerin.mp4 HTTP/2" 404 1251 "https://ko0.us/jk_f2d.html" "Mozilla/5.0 AppleWebKit/537.36 (KHTML, like Gecko; compatible; GPTBot/1.4; +https://openai.com/gptbot)"
17.166.154.206 - - [31/Aug/2026:08:12:53 -0400] "GET /kojaks.htm HTTP/2" 200 603032 "-" "Mozilla/5.0 (Macintosh; Intel Mac OS X 10_15_7) AppleWebKit/605.1.15 (KHTML, like Gecko) Version/17.4 Safari/605.1.15 (Applebot/0.1; +http://www.apple.com/go/applebot)"
66.249.69.229 - - [31/Aug/2026:08:13:30 -0400] "GET /fb/weds/wed_20220528_gjw/01_20220528_gjw/pages/zn/zn_173.jpg HTTP/1.1" 404 1251 "-" "Googlebot-Image/1.0"
74.7.227.147 - - [31/Aug/2026:08:13:32 -0400] "GET /fb/operation HTTP/2" 404 1251 "https://ko0.us/index2big4most.html" "Mozilla/5.0 AppleWebKit/537.36 (KHTML, like Gecko; compatible; GPTBot/1.4; +https://openai.com/gptbot)"
74.7.227.147 - - [31/Aug/2026:08:13:38 -0400] "GET /fb/byrdpucker HTTP/2" 404 1251 "https://ko0.us/index_h5g.html" "Mozilla/5.0 AppleWebKit/537.36 (KHTML, like Gecko; compatible; GPTBot/1.4; +https://openai.com/gptbot)"
74.7.227.147 - - [31/Aug/2026:08:13:43 -0400] "GET /us/kitiworks HTTP/2" 404 1251 "https://ko0.us/index_ka1.html" "Mozilla/5.0 AppleWebKit/537.36 (KHTML, like Gecko; compatible; GPTBot/1.4; +https://openai.com/gptbot)"
216.73.216.164 - - [31/Aug/2026:08:13:48 -0400] "GET /pn/ko_pn.php?dir=%2Fhome%2Fkozerus%2Fpublic_html%2Fcropex%2Fnode%2Fnode_modules%2F%40babel%2Fcode-frame%2F HTTP/2" 200 4047 "-" "Mozilla/5.0 AppleWebKit/537.36 (KHTML, like Gecko; compatible; ClaudeBot/1.0; +claudebot@anthropic.com)"
74.7.227.147 - - [31/Aug/2026:08:13:49 -0400] "GET /imgs/kogrids HTTP/2" 429 0 "https://ko0.us/imgs/" "Mozilla/5.0 AppleWebKit/537.36 (KHTML, like Gecko; compatible; GPTBot/1.4; +https://openai.com/gptbot)"
216.73.216.164 - - [31/Aug/2026:08:13:53 -0400] "GET /pn/ko_pn.php?dir=%2Fhome%2Fkozerus%2Fpublic_html%2Fcropex%2Fnode%2Fnode_modules%2Fresolve%2Ftest HTTP/2" 429 0 "-" "Mozilla/5.0 AppleWebKit/537.36 (KHTML, like Gecko; compatible; ClaudeBot/1.0; +claudebot@anthropic.com)"
216.73.216.164 - - [31/Aug/2026:08:13:58 -0400] "GET /wz/view-source:http:/www.walterzorn.de/en/dragdrop/dragdrop_e.htm HTTP/2" 404 1251 "-" "Mozilla/5.0 AppleWebKit/537.36 (KHTML, like Gecko; compatible; ClaudeBot/1.0; +claudebot@anthropic.com)"
216.73.216.164 - - [31/Aug/2026:08:14:03 -0400] "GET /pn/ko_pn.php?dir=%2Fhome%2Fkozerus%2Fpublic_html%2Fgo%2Fdgs%2Fscripts%2Fsql_game_export.php HTTP/2" 200 6257 "-" "Mozilla/5.0 AppleWebKit/537.36 (KHTML, like Gecko; compatible; ClaudeBot/1.0; +claudebot@anthropic.com)"
216.73.216.164 - - [31/Aug/2026:08:14:08 -0400] "GET /imgs/btn/eye2q.gif HTTP/2" 200 16128 "-" "Mozilla/5.0 AppleWebKit/537.36 (KHTML, like Gecko; compatible; ClaudeBot/1.0; +claudebot@anthropic.com)"
74.7.227.147 - - [31/Aug/2026:08:14:10 -0400] "GET /us/pastryroad HTTP/2" 404 1251 "https://ko0.us/index_ka1.html" "Mozilla/5.0 AppleWebKit/537.36 (KHTML, like Gecko; compatible; GPTBot/1.4; +https://openai.com/gptbot)"
216.73.216.164 - - [31/Aug/2026:08:14:13 -0400] "GET /pn/ko_pn.php?dir=%2Fhome%2Fkozerus%2Fpublic_html%2Fcropex%2Fnode%2Fnode_modules%2Fdrizzle-orm%2Fpg-core%2Fdb.cjs.map HTTP/2" 429 0 "-" "Mozilla/5.0 AppleWebKit/537.36 (KHTML, like Gecko; compatible; ClaudeBot/1.0; +claudebot@anthropic.com)"
216.73.216.164 - - [31/Aug/2026:08:14:18 -0400] "GET /js/turnjs4/samples/docs/pics/covers.jpg HTTP/2" 200 116448 "-" "Mozilla/5.0 AppleWebKit/537.36 (KHTML, like Gecko; compatible; ClaudeBot/1.0; +claudebot@anthropic.com)"
216.73.216.164 - - [31/Aug/2026:08:14:23 -0400] "GET /pn/uize/site-source/js/Uize/Widgets/HslSliders/Widget.js HTTP/2" 429 0 "-" "Mozilla/5.0 AppleWebKit/537.36 (KHTML, like Gecko; compatible; ClaudeBot/1.0; +claudebot@anthropic.com)"
216.73.216.164 - - [31/Aug/2026:08:14:28 -0400] "GET /pn/ko_pn.php?dir=%2Fhome%2Fkozerus%2Fpublic_html%2Fcropex%2Fnode%2Fnode_modules%2Fdrizzle-orm%2Fmysql-core%2Fsubquery.js.map HTTP/2" 200 3925 "-" "Mozilla/5.0 AppleWebKit/537.36 (KHTML, like Gecko; compatible; ClaudeBot/1.0; +claudebot@anthropic.com)"
5.29.20.125 - - [31/Aug/2026:08:14:30 -0400] "GET /tl.db3%60%29%20or%20extractvalue%289225,concat%280x7e,%28%28select%20%28elt%289225=9225,1%29%29%29%29,0x7e%29%29--%20- HTTP/1.1" 404 1251 "https://ko0.us/" "Mozilla/5.0 (Macintosh; Intel Mac OS X 10_15_7) AppleWebKit/537.36 (KHTML, like Gecko) Chrome/129.0.6668.59 Safari/537.36"
74.7.227.147 - - [31/Aug/2026:08:14:32 -0400] "GET /imgs/btn/koeyew_kov_jtfdcr.png HTTP/2" 429 0 "https://ko0.us/imgs/btn/" "Mozilla/5.0 AppleWebKit/537.36 (KHTML, like Gecko; compatible; GPTBot/1.4; +https://openai.com/gptbot)"
216.73.216.164 - - [31/Aug/2026:08:14:33 -0400] "GET /pn/ko_pn.php?dir=%2Fhome%2Fkozerus%2Fpublic_html%2Fcropex%2Fnode%2Fnode_modules%2Fdrizzle-orm%2Faws-data-api%2Fpg%2Fdriver.d.cts HTTP/2" 429 0 "-" "Mozilla/5.0 AppleWebKit/537.36 (KHTML, like Gecko; compatible; ClaudeBot/1.0; +claudebot@anthropic.com)"
216.73.216.164 - - [31/Aug/2026:08:14:38 -0400] "GET /pn/ko_pn.php?dir=%2Fhome%2Fkozerus%2Fpublic_html%2Fcropex%2Fnode%2Fnode_modules%2Fdrizzle-orm%2Fsinglestore-proxy%2Findex.cjs.map HTTP/2" 200 4031 "-" "Mozilla/5.0 AppleWebKit/537.36 (KHTML, like Gecko; compatible; ClaudeBot/1.0; +claudebot@anthropic.com)"
216.73.216.164 - - [31/Aug/2026:08:14:43 -0400] "GET /imgs/jsdoit/jsdoit_vml_test3.png HTTP/2" 429 0 "-" "Mozilla/5.0 AppleWebKit/537.36 (KHTML, like Gecko; compatible; ClaudeBot/1.0; +claudebot@anthropic.com)"
216.73.216.164 - - [31/Aug/2026:08:14:48 -0400] "GET /pn/ko_pn.php?dir=%2Fhome%2Fkozerus%2Fpublic_html%2Fcropex%2Fnode%2Fnode_modules%2Fdrizzle-orm%2Fsinglestore-proxy%2Fsession.d.cts HTTP/2" 200 4897 "-" "Mozilla/5.0 AppleWebKit/537.36 (KHTML, like Gecko; compatible; ClaudeBot/1.0; +claudebot@anthropic.com)"
216.73.216.164 - - [31/Aug/2026:08:14:53 -0400] "GET /ko_center/js/jquery-ui-1.7.2.custom_ui_darkness.zip HTTP/2" 429 0 "-" "Mozilla/5.0 AppleWebKit/537.36 (KHTML, like Gecko; compatible; ClaudeBot/1.0; +claudebot@anthropic.com)"
74.7.227.147 - - [31/Aug/2026:08:14:57 -0400] "GET /imgs/btn/koeyeb_kov_jtfdcr.png HTTP/2" 429 0 "https://ko0.us/imgs/btn/" "Mozilla/5.0 AppleWebKit/537.36 (KHTML, like Gecko; compatible; GPTBot/1.4; +https://openai.com/gptbot)"
216.73.216.164 - - [31/Aug/2026:08:14:58 -0400] "GET /pn/ko_pn.php?dir=%2Fhome%2Fkozerus%2Fpublic_html%2Fcropex%2Fnode%2Fnode_modules%2Fdrizzle-orm%2Fpg-core%2Fcolumns%2Fchar.js HTTP/2" 200 4335 "-" "Mozilla/5.0 AppleWebKit/537.36 (KHTML, like Gecko; compatible; ClaudeBot/1.0; +claudebot@anthropic.com)"
216.73.216.164 - - [31/Aug/2026:08:13:03 -0400] "GET /pn/ko_pn.php?dir=%2Fhome%2Fkozerus%2Fpublic_html%2Fgo%2Fallaboutgo%2Fsgf%2F4mYFR0UBz.sgf HTTP/2" 200 4599 "-" "Mozilla/5.0 AppleWebKit/537.36 (KHTML, like Gecko; compatible; ClaudeBot/1.0; +claudebot@anthropic.com)"
196.114.223.229 - - [31/Aug/2026:08:13:06 -0400] "GET /h5files.html HTTP/1.1" 200 917 "https://ko0.us/" "Mozilla/5.0 (Macintosh; Intel Mac OS X 10.15; rv:122.0) Gecko/20100101 Firefox/122.0"
216.73.216.164 - - [31/Aug/2026:08:13:07 -0400] "GET /pn/ko_pn.php?dir=%2Fhome%2Fkozerus%2Fpublic_html%2Fimgs%2Fbtn%2Ffirebubblesq.gif HTTP/2" 200 4412 "-" "Mozilla/5.0 AppleWebKit/537.36 (KHTML, like Gecko; compatible; ClaudeBot/1.0; +claudebot@anthropic.com)"
216.73.216.164 - - [31/Aug/2026:08:13:13 -0400] "GET /go/dgs0/images/7/w70.gif HTTP/2" 429 0 "-" "Mozilla/5.0 AppleWebKit/537.36 (KHTML, like Gecko; compatible; ClaudeBot/1.0; +claudebot@anthropic.com)"
216.73.216.164 - - [31/Aug/2026:08:13:18 -0400] "GET /go/dgs0/images/7/w298.gif HTTP/2" 200 272 "-" "Mozilla/5.0 AppleWebKit/537.36 (KHTML, like Gecko; compatible; ClaudeBot/1.0; +claudebot@anthropic.com)"
216.73.216.164 - - [31/Aug/2026:08:13:23 -0400] "GET /pn/ko_pn.php?dir=%2Fhome%2Fkozerus%2Fpublic_html%2Fgo%2Feidogo%2Fplayer%2Fswf HTTP/2" 429 0 "-" "Mozilla/5.0 AppleWebKit/537.36 (KHTML, like Gecko; compatible; ClaudeBot/1.0; +claudebot@anthropic.com)"
216.73.216.164 - - [31/Aug/2026:08:13:28 -0400] "GET /go/dgs0/images/7/w195.gif HTTP/2" 200 272 "-" "Mozilla/5.0 AppleWebKit/537.36 (KHTML, like Gecko; compatible; ClaudeBot/1.0; +claudebot@anthropic.com)"
216.73.216.164 - - [31/Aug/2026:08:13:33 -0400] "GET /pn/ko_pn.php?dir=%2Fhome%2Fkozerus%2Fpublic_html%2Fimgs%2Fgif%2Ftime HTTP/2" 429 0 "-" "Mozilla/5.0 AppleWebKit/537.36 (KHTML, like Gecko; compatible; ClaudeBot/1.0; +claudebot@anthropic.com)"
216.73.216.164 - - [31/Aug/2026:08:13:38 -0400] "GET /go/dgs0/images/7/w399.gif HTTP/2" 200 272 "-" "Mozilla/5.0 AppleWebKit/537.36 (KHTML, like Gecko; compatible; ClaudeBot/1.0; +claudebot@anthropic.com)"
102.253.72.8 - - [31/Aug/2026:08:13:40 -0400] "GET /ii.html HTTP/1.1" 200 174943 "https://ko0.us/" "Mozilla/5.0 (X11; Linux x86_64) AppleWebKit/537.36 (KHTML, like Gecko) Chrome/120.0.6099.216 Safari/537.36"
216.73.216.164 - - [31/Aug/2026:08:13:43 -0400] "GET /pn/ko_pn.php?dir=%2Fhome%2Fkozerus%2Fpublic_html%2Fjs%2Fturnjs4%2Fsamples%2Fjkwii%2Fpages%2Fpage106.html HTTP/2" 429 0 "-" "Mozilla/5.0 AppleWebKit/537.36 (KHTML, like Gecko; compatible; ClaudeBot/1.0; +claudebot@anthropic.com)"
17.166.150.147 - - [31/Aug/2026:08:14:20 -0400] "GET /js/sql.js HTTP/2" 404 1251 "https://ko0.us/sl.html" "Mozilla/5.0 (Macintosh; Intel Mac OS X 10_15_7) AppleWebKit/605.1.15 (KHTML, like Gecko) Version/17.4 Safari/605.1.15 (Applebot/0.1; +http://www.apple.com/go/applebot)"
178.158.206.63 - - [31/Aug/2026:08:14:45 -0400] "GET /k93.html HTTP/1.1" 200 3132 "https://ko0.us/" "Mozilla/5.0 (X11; Linux x86_64) AppleWebKit/537.36 (KHTML, like Gecko) Chrome/120.0.6099.216 Safari/537.36"
216.73.216.164 - - [31/Aug/2026:08:15:18 -0400] "GET /zm/hrc2009stl/TileGroup5/6-43-10.jpg HTTP/2" 200 7509 "-" "Mozilla/5.0 AppleWebKit/537.36 (KHTML, like Gecko; compatible; ClaudeBot/1.0; +claudebot@anthropic.com)"
