216.73.217.105 - - [31/Aug/2026:12:32:56 -0400] "GET /pn/ko_pn.php?dir=%2Fhome%2Fkozerus%2Fpublic_html%2Fcropex%2Fnode%2Fnode_modules%2Freact-is%2FLICENSE HTTP/2" 429 0 "-" "Mozilla/5.0 AppleWebKit/537.36 (KHTML, like Gecko; compatible; ClaudeBot/1.0; +claudebot@anthropic.com)"
216.73.217.105 - - [31/Aug/2026:12:32:56 -0400] "GET /pn/ko_pn.php?dir=%2Fhome%2Fkozerus%2Fpublic_html%2Fcropex%2Fnode%2Fnode_modules%2Fee-first%2FLICENSE HTTP/2" 200 4350 "-" "Mozilla/5.0 AppleWebKit/537.36 (KHTML, like Gecko; compatible; ClaudeBot/1.0; +claudebot@anthropic.com)"
216.73.217.105 - - [31/Aug/2026:12:32:57 -0400] "GET /pn/ko_pn.php?dir=%2Fhome%2Fkozerus%2Fpublic_html%2Fgo%2Fdgs0%2Fscripts%2Fcheck_players_email.php HTTP/2" 429 0 "-" "Mozilla/5.0 AppleWebKit/537.36 (KHTML, like Gecko; compatible; ClaudeBot/1.0; +claudebot@anthropic.com)"
216.73.217.105 - - [31/Aug/2026:12:32:57 -0400] "GET /go/dgs0/images/35/cs.gif HTTP/2" 200 166 "-" "Mozilla/5.0 AppleWebKit/537.36 (KHTML, like Gecko; compatible; ClaudeBot/1.0; +claudebot@anthropic.com)"
216.73.217.105 - - [31/Aug/2026:12:32:58 -0400] "GET /pn/ko_pn.php?dir=%2Fhome%2Fkozerus%2Fpublic_html%2Fcropex%2Fnode%2Fnode_modules%2Fjson5%2FLICENSE.md HTTP/2" 200 4421 "-" "Mozilla/5.0 AppleWebKit/537.36 (KHTML, like Gecko; compatible; ClaudeBot/1.0; +claudebot@anthropic.com)"
216.73.217.105 - - [31/Aug/2026:12:32:58 -0400] "GET /cropex/imgs/btn/btn_pdf16.png HTTP/2" 429 0 "-" "Mozilla/5.0 AppleWebKit/537.36 (KHTML, like Gecko; compatible; ClaudeBot/1.0; +claudebot@anthropic.com)"
216.73.217.105 - - [31/Aug/2026:12:32:59 -0400] "GET /pn/ko_pn.php?dir=%2Fhome%2Fkozerus%2Fpublic_html%2Fcropex%2Fnode%2Fnode_modules%2Fvictory-vendor%2Flib-vendor%2Fd3-timer HTTP/2" 200 3983 "-" "Mozilla/5.0 AppleWebKit/537.36 (KHTML, like Gecko; compatible; ClaudeBot/1.0; +claudebot@anthropic.com)"
216.73.217.105 - - [31/Aug/2026:12:32:59 -0400] "GET /pn/ko_pn.php?dir=%2Fhome%2Fkozerus%2Fpublic_html%2Fcropex%2Fnode%2Fnode_modules%2Fdrizzle-zod%2Findex.d.ts HTTP/2" 429 0 "-" "Mozilla/5.0 AppleWebKit/537.36 (KHTML, like Gecko; compatible; ClaudeBot/1.0; +claudebot@anthropic.com)"
216.73.217.105 - - [31/Aug/2026:12:33:00 -0400] "GET /dgs/images/50/b20.gif HTTP/2" 200 1302 "-" "Mozilla/5.0 AppleWebKit/537.36 (KHTML, like Gecko; compatible; ClaudeBot/1.0; +claudebot@anthropic.com)"
216.73.217.105 - - [31/Aug/2026:12:33:00 -0400] "GET /imgs/bh/ani_grn0.gif HTTP/2" 429 0 "-" "Mozilla/5.0 AppleWebKit/537.36 (KHTML, like Gecko; compatible; ClaudeBot/1.0; +claudebot@anthropic.com)"
216.73.217.105 - - [31/Aug/2026:12:33:01 -0400] "GET /zm/hrc2011/TileGroup2/6-40-9.jpg HTTP/2" 200 2075 "-" "Mozilla/5.0 AppleWebKit/537.36 (KHTML, like Gecko; compatible; ClaudeBot/1.0; +claudebot@anthropic.com)"
216.73.217.105 - - [31/Aug/2026:12:33:01 -0400] "GET /zc/logs/zcInstallDEBUG-1787835724-661715.log HTTP/2" 429 0 "-" "Mozilla/5.0 AppleWebKit/537.36 (KHTML, like Gecko; compatible; ClaudeBot/1.0; +claudebot@anthropic.com)"
216.73.217.105 - - [31/Aug/2026:12:33:02 -0400] "GET /go/dgs0/images/29/e.gif HTTP/2" 200 101 "-" "Mozilla/5.0 AppleWebKit/537.36 (KHTML, like Gecko; compatible; ClaudeBot/1.0; +claudebot@anthropic.com)"
216.73.217.105 - - [31/Aug/2026:12:33:02 -0400] "GET /dgs/images/50/b162.gif HTTP/2" 429 0 "-" "Mozilla/5.0 AppleWebKit/537.36 (KHTML, like Gecko; compatible; ClaudeBot/1.0; +claudebot@anthropic.com)"
216.73.217.105 - - [31/Aug/2026:12:33:03 -0400] "GET /pn/ko_pn.php?dir=%2Fhome%2Fkozerus%2Fpublic_html%2Fpdf%2F HTTP/2" 200 4046 "-" "Mozilla/5.0 AppleWebKit/537.36 (KHTML, like Gecko; compatible; ClaudeBot/1.0; +claudebot@anthropic.com)"
216.73.217.105 - - [31/Aug/2026:12:33:03 -0400] "GET /pn/ko_pn.php?dir=%2Fhome%2Fkozerus%2Fpublic_html%2Fpiwigo%2Fadmin%2Fpicture_formats.php HTTP/2" 429 0 "-" "Mozilla/5.0 AppleWebKit/537.36 (KHTML, like Gecko; compatible; ClaudeBot/1.0; +claudebot@anthropic.com)"
66.249.69.229 - - [31/Aug/2026:12:33:14 -0400] "GET /fb/kolog/pages/zn/zn_77.jpg HTTP/1.1" 404 1251 "-" "Googlebot-Image/1.0"
185.191.171.8 - - [31/Aug/2026:12:33:24 -0400] "GET /konet.org HTTP/1.1" 404 1251 "-" "Mozilla/5.0 (compatible; SemrushBot/7~bl; +http://www.semrush.com/bot.html)"
216.73.217.105 - - [31/Aug/2026:12:33:49 -0400] "GET /go/dgs0/images/7/b316.gif HTTP/2" 200 272 "-" "Mozilla/5.0 AppleWebKit/537.36 (KHTML, like Gecko; compatible; ClaudeBot/1.0; +claudebot@anthropic.com)"
216.73.217.105 - - [31/Aug/2026:12:33:54 -0400] "GET /go/dgs0/images/7/b492.gif HTTP/2" 429 0 "-" "Mozilla/5.0 AppleWebKit/537.36 (KHTML, like Gecko; compatible; ClaudeBot/1.0; +claudebot@anthropic.com)"
216.73.217.105 - - [31/Aug/2026:12:33:59 -0400] "GET /go/dgs0/images/7/w187.gif HTTP/2" 200 272 "-" "Mozilla/5.0 AppleWebKit/537.36 (KHTML, like Gecko; compatible; ClaudeBot/1.0; +claudebot@anthropic.com)"
216.73.217.105 - - [31/Aug/2026:12:34:03 -0400] "GET /ko_center/imgs/btn/bottom_box_left.jpg HTTP/2" 429 0 "-" "Mozilla/5.0 AppleWebKit/537.36 (KHTML, like Gecko; compatible; ClaudeBot/1.0; +claudebot@anthropic.com)"
85.208.96.202 - - [31/Aug/2026:12:34:07 -0400] "GET /pdf/web/viewer.html?file=%2Fpdf%2Fpdf%2Fjk_restrain_gardner_pg8.pdf HTTP/1.1" 200 4235 "-" "Mozilla/5.0 (compatible; SemrushBot/7~bl; +http://www.semrush.com/bot.html)"
216.73.217.105 - - [31/Aug/2026:12:34:09 -0400] "GET /go/dgs0/images/7/w37.gif HTTP/2" 200 272 "-" "Mozilla/5.0 AppleWebKit/537.36 (KHTML, like Gecko; compatible; ClaudeBot/1.0; +claudebot@anthropic.com)"
216.73.217.105 - - [31/Aug/2026:12:34:14 -0400] "GET /go/dgs0/images/7/b195.gif HTTP/2" 429 0 "-" "Mozilla/5.0 AppleWebKit/537.36 (KHTML, like Gecko; compatible; ClaudeBot/1.0; +claudebot@anthropic.com)"
216.73.217.105 - - [31/Aug/2026:12:34:19 -0400] "GET /ko_center/imgs/btn/thepat.png HTTP/2" 200 1352 "-" "Mozilla/5.0 AppleWebKit/537.36 (KHTML, like Gecko; compatible; ClaudeBot/1.0; +claudebot@anthropic.com)"
216.73.217.105 - - [31/Aug/2026:12:34:24 -0400] "GET /pn/ko_pn.php?dir=%2Fhome%2Fkozerus%2Fpublic_html%2Fimgs%2Fjsdoit%2Fjsdoit_magicLine.png HTTP/2" 429 0 "-" "Mozilla/5.0 AppleWebKit/537.36 (KHTML, like Gecko; compatible; ClaudeBot/1.0; +claudebot@anthropic.com)"
216.73.217.105 - - [31/Aug/2026:12:34:29 -0400] "GET /pn/ko_pn.php?dir=%2Fhome%2Fkozerus%2Fpublic_html%2Fjs%2Fturnjs4%2Fsamples%2Fdocs%2Fpics%2Fleft-border.png HTTP/2" 200 3878 "-" "Mozilla/5.0 AppleWebKit/537.36 (KHTML, like Gecko; compatible; ClaudeBot/1.0; +claudebot@anthropic.com)"
216.73.217.105 - - [31/Aug/2026:12:34:34 -0400] "GET /pn/ko_pn.php?dir=%2Fhome%2Fkozerus%2Fpublic_html%2Fgo%2Fdgs%2Ftournaments%2Fladder%2Fchallenge.php HTTP/2" 429 0 "-" "Mozilla/5.0 AppleWebKit/537.36 (KHTML, like Gecko; compatible; ClaudeBot/1.0; +claudebot@anthropic.com)"
216.73.217.105 - - [31/Aug/2026:12:34:39 -0400] "GET /go/dgs0/images/7/w236.gif HTTP/2" 200 272 "-" "Mozilla/5.0 AppleWebKit/537.36 (KHTML, like Gecko; compatible; ClaudeBot/1.0; +claudebot@anthropic.com)"
216.73.217.105 - - [31/Aug/2026:12:34:44 -0400] "GET /go/dgs0/images/7/b139.gif HTTP/2" 429 0 "-" "Mozilla/5.0 AppleWebKit/537.36 (KHTML, like Gecko; compatible; ClaudeBot/1.0; +claudebot@anthropic.com)"
216.73.217.105 - - [31/Aug/2026:12:34:49 -0400] "GET /cropex/node/node_modules/string_decoder/lib/string_decoder.js HTTP/2" 200 2973 "-" "Mozilla/5.0 AppleWebKit/537.36 (KHTML, like Gecko; compatible; ClaudeBot/1.0; +claudebot@anthropic.com)"
74.7.227.147 - - [31/Aug/2026:12:31:43 -0400] "GET /imgs/btn/blobb.png HTTP/2" 429 0 "https://ko0.us/wz/" "Mozilla/5.0 AppleWebKit/537.36 (KHTML, like Gecko; compatible; GPTBot/1.4; +https://openai.com/gptbot)"
74.7.227.147 - - [31/Aug/2026:12:31:46 -0400] "GET /pn/explore/config/ HTTP/2" 404 1251 "https://ko0.us/pn/explore/" "Mozilla/5.0 AppleWebKit/537.36 (KHTML, like Gecko; compatible; GPTBot/1.4; +https://openai.com/gptbot)"
85.208.96.207 - - [31/Aug/2026:12:32:16 -0400] "GET /index_20190708_1230.html HTTP/1.1" 404 1251 "-" "Mozilla/5.0 (compatible; SemrushBot/7~bl; +http://www.semrush.com/bot.html)"
74.7.227.147 - - [31/Aug/2026:12:32:23 -0400] "GET /fb/jtfdcr/imgs/sk_20170824/IMG_6664.JPG HTTP/2" 404 1251 "https://ko0.us/jk_f2d.html" "Mozilla/5.0 AppleWebKit/537.36 (KHTML, like Gecko; compatible; GPTBot/1.4; +https://openai.com/gptbot)"
74.7.227.147 - - [31/Aug/2026:12:32:54 -0400] "GET /imgs/btn/btn_msoutlook.png HTTP/2" 429 0 "https://ko0.us/imgs/btn/" "Mozilla/5.0 AppleWebKit/537.36 (KHTML, like Gecko; compatible; GPTBot/1.4; +https://openai.com/gptbot)"
216.73.217.105 - - [31/Aug/2026:12:33:08 -0400] "GET /go/dgs0/images/9/b439.gif HTTP/2" 200 297 "-" "Mozilla/5.0 AppleWebKit/537.36 (KHTML, like Gecko; compatible; ClaudeBot/1.0; +claudebot@anthropic.com)"
185.191.171.10 - - [31/Aug/2026:12:33:11 -0400] "GET /index_vu_20200306_0500.html HTTP/1.1" 404 1251 "-" "Mozilla/5.0 (compatible; SemrushBot/7~bl; +http://www.semrush.com/bot.html)"
216.73.217.105 - - [31/Aug/2026:12:33:13 -0400] "GET /go/allaboutgo/sgf/xxqj/prob0196.sgf HTTP/2" 429 0 "-" "Mozilla/5.0 AppleWebKit/537.36 (KHTML, like Gecko; compatible; ClaudeBot/1.0; +claudebot@anthropic.com)"
216.73.217.105 - - [31/Aug/2026:12:33:18 -0400] "GET /go/dgs0/images/9/b346.gif HTTP/2" 200 298 "-" "Mozilla/5.0 AppleWebKit/537.36 (KHTML, like Gecko; compatible; ClaudeBot/1.0; +claudebot@anthropic.com)"
216.73.217.105 - - [31/Aug/2026:12:33:23 -0400] "GET /go/dgs0/images/35/b90.gif HTTP/2" 429 0 "-" "Mozilla/5.0 AppleWebKit/537.36 (KHTML, like Gecko; compatible; ClaudeBot/1.0; +claudebot@anthropic.com)"
216.73.217.105 - - [31/Aug/2026:12:33:28 -0400] "GET /go/dgs0/images/7/w265.gif HTTP/2" 200 272 "-" "Mozilla/5.0 AppleWebKit/537.36 (KHTML, like Gecko; compatible; ClaudeBot/1.0; +claudebot@anthropic.com)"
216.73.217.105 - - [31/Aug/2026:12:33:33 -0400] "GET /go/dgs0/images/42/b9.gif HTTP/2" 429 0 "-" "Mozilla/5.0 AppleWebKit/537.36 (KHTML, like Gecko; compatible; ClaudeBot/1.0; +claudebot@anthropic.com)"
216.73.217.105 - - [31/Aug/2026:12:33:38 -0400] "GET /pn/ko_pn.php?dir=%2Fhome%2Fkozerus%2Fpublic_html%2Fzc%2Fadam%2Fgv_sent.php HTTP/2" 200 6352 "-" "Mozilla/5.0 AppleWebKit/537.36 (KHTML, like Gecko; compatible; ClaudeBot/1.0; +claudebot@anthropic.com)"
216.73.217.105 - - [31/Aug/2026:12:33:43 -0400] "GET /pn/ko_pn.php?dir=%2Fhome%2Fkozerus%2Fpublic_html%2Fzc%2Fdocs%2Fchanged_files-v1-5-0.html HTTP/2" 429 0 "-" "Mozilla/5.0 AppleWebKit/537.36 (KHTML, like Gecko; compatible; ClaudeBot/1.0; +claudebot@anthropic.com)"
74.7.227.147 - - [31/Aug/2026:12:33:45 -0400] "GET /es/tutorials/file/filesystem/ HTTP/2" 404 1251 "https://ko0.us/koh5_fileapi.html" "Mozilla/5.0 AppleWebKit/537.36 (KHTML, like Gecko; compatible; GPTBot/1.4; +https://openai.com/gptbot)"
74.7.227.147 - - [31/Aug/2026:12:34:01 -0400] "GET /imgs/jsdoit/jsdoit_pigg19.png HTTP/2" 200 224623 "https://ko0.us/imgs/jsdoit/" "Mozilla/5.0 AppleWebKit/537.36 (KHTML, like Gecko; compatible; GPTBot/1.4; +https://openai.com/gptbot)"
74.7.227.147 - - [31/Aug/2026:12:34:17 -0400] "GET /imgs/jsdoit/jsdoit_kids19.png HTTP/2" 200 6407 "https://ko0.us/imgs/jsdoit/" "Mozilla/5.0 AppleWebKit/537.36 (KHTML, like Gecko; compatible; GPTBot/1.4; +https://openai.com/gptbot)"
74.7.227.147 - - [31/Aug/2026:12:34:30 -0400] "GET /imgs/btn/koeyeb_kov_konet.png HTTP/2" 200 5527 "https://ko0.us/imgs/btn/" "Mozilla/5.0 AppleWebKit/537.36 (KHTML, like Gecko; compatible; GPTBot/1.4; +https://openai.com/gptbot)"
85.208.96.208 - - [31/Aug/2026:12:30:36 -0400] "GET /index_20211006_0000.html HTTP/1.1" 404 1251 "-" "Mozilla/5.0 (compatible; SemrushBot/7~bl; +http://www.semrush.com/bot.html)"
185.191.171.14 - - [31/Aug/2026:12:32:19 -0400] "GET /react/examples/basic-jsx/index.html HTTP/1.1" 200 799 "-" "Mozilla/5.0 (compatible; SemrushBot/7~bl; +http://www.semrush.com/bot.html)"
66.249.69.228 - - [31/Aug/2026:12:32:51 -0400] "GET /fb/kolog/pages/zn/zn_41.jpg HTTP/1.1" 404 1251 "-" "Googlebot-Image/1.0"
66.249.69.227 - - [31/Aug/2026:12:33:38 -0400] "GET /fb/kolog/pages/zn/zn_6.jpg HTTP/1.1" 404 1251 "-" "Googlebot-Image/1.0"
185.191.171.19 - - [31/Aug/2026:12:33:46 -0400] "GET /index_mo.html HTTP/1.1" 404 1251 "-" "Mozilla/5.0 (compatible; SemrushBot/7~bl; +http://www.semrush.com/bot.html)"
66.249.69.227 - - [31/Aug/2026:12:34:24 -0400] "GET /yt/imgs/koeye_yt.png HTTP/1.1" 404 1251 "-" "Googlebot-Image/1.0"
185.191.171.19 - - [31/Aug/2026:12:34:42 -0400] "GET /index_vu.html?q HTTP/1.1" 200 1104230 "-" "Mozilla/5.0 (compatible; SemrushBot/7~bl; +http://www.semrush.com/bot.html)"
216.73.217.105 - - [31/Aug/2026:12:35:09 -0400] "GET /go/dgs0/images/9/lu.gif HTTP/2" 200 79 "-" "Mozilla/5.0 AppleWebKit/537.36 (KHTML, like Gecko; compatible; ClaudeBot/1.0; +claudebot@anthropic.com)"
216.73.217.105 - - [31/Aug/2026:12:35:14 -0400] "GET /pn/ko_pn.php?dir=%2Fhome%2Fkozerus%2Fpublic_html%2Fcropex%2Fnode%2Fnode_modules%2Fsupports-preserve-symlinks-flag HTTP/2" 429 0 "-" "Mozilla/5.0 AppleWebKit/537.36 (KHTML, like Gecko; compatible; ClaudeBot/1.0; +claudebot@anthropic.com)"
216.73.217.105 - - [31/Aug/2026:12:35:19 -0400] "GET /go/allaboutgo/eidogo/sgf/tsumego/intermediate-problem-2.sgf HTTP/2" 200 667 "-" "Mozilla/5.0 AppleWebKit/537.36 (KHTML, like Gecko; compatible; ClaudeBot/1.0; +claudebot@anthropic.com)"
216.73.217.105 - - [31/Aug/2026:12:35:24 -0400] "GET /cropex/imgs/btn/koeyew_hunt.png HTTP/2" 429 0 "-" "Mozilla/5.0 AppleWebKit/537.36 (KHTML, like Gecko; compatible; ClaudeBot/1.0; +claudebot@anthropic.com)"
216.73.217.105 - - [31/Aug/2026:12:35:29 -0400] "GET /go/dgs0/images/up_bulk.gif HTTP/2" 200 275 "-" "Mozilla/5.0 AppleWebKit/537.36 (KHTML, like Gecko; compatible; ClaudeBot/1.0; +claudebot@anthropic.com)"
216.73.217.105 - - [31/Aug/2026:12:35:34 -0400] "GET /pn/ko_pn.php?dir=%2Fhome%2Fkozerus%2Fpublic_html%2Fpn%2Fuize%2Fsite-source%2Fexamples%2Fmarquee.html HTTP/2" 429 0 "-" "Mozilla/5.0 AppleWebKit/537.36 (KHTML, like Gecko; compatible; ClaudeBot/1.0; +claudebot@anthropic.com)"
216.73.217.105 - - [31/Aug/2026:12:35:39 -0400] "GET /pn/ko_pn.php?dir=%2Fhome%2Fkozerus%2Fpublic_html%2Fzc%2Fzc_installed%2Fsql%2Fdemo%2Fdemo_cleanup.sql HTTP/2" 200 4323 "-" "Mozilla/5.0 AppleWebKit/537.36 (KHTML, like Gecko; compatible; ClaudeBot/1.0; +claudebot@anthropic.com)"
216.73.217.105 - - [31/Aug/2026:12:35:44 -0400] "GET /go/dgs0/images/vacation.gif HTTP/2" 429 0 "-" "Mozilla/5.0 AppleWebKit/537.36 (KHTML, like Gecko; compatible; ClaudeBot/1.0; +claudebot@anthropic.com)"
216.73.217.105 - - [31/Aug/2026:12:35:49 -0400] "GET /pn/ko_pn.php?dir=%2Fhome%2Fkozerus%2Fpublic_html%2Fpn%2Fuize%2Fsite-source%2Fjs%2FUize%2FWidgets%2FImagePort%2FVisualSampler.js HTTP/2" 200 4530 "-" "Mozilla/5.0 AppleWebKit/537.36 (KHTML, like Gecko; compatible; ClaudeBot/1.0; +claudebot@anthropic.com)"
216.73.217.105 - - [31/Aug/2026:12:35:54 -0400] "GET /imgs/btn/btn_keyhole_brass2.png HTTP/2" 429 0 "-" "Mozilla/5.0 AppleWebKit/537.36 (KHTML, like Gecko; compatible; ClaudeBot/1.0; +claudebot@anthropic.com)"
66.249.69.228 - - [31/Aug/2026:12:35:58 -0400] "GET /fb/kolog/pages/zn/zn_7.jpg HTTP/1.1" 404 1251 "-" "Googlebot-Image/1.0"
216.73.217.105 - - [31/Aug/2026:12:35:59 -0400] "GET /go/dgs0/images/7/w54.gif HTTP/2" 200 272 "-" "Mozilla/5.0 AppleWebKit/537.36 (KHTML, like Gecko; compatible; ClaudeBot/1.0; +claudebot@anthropic.com)"
185.191.171.9 - - [31/Aug/2026:12:36:02 -0400] "GET /index_best_bugs.html HTTP/1.1" 404 1251 "-" "Mozilla/5.0 (compatible; SemrushBot/7~bl; +http://www.semrush.com/bot.html)"
216.73.217.105 - - [31/Aug/2026:12:36:04 -0400] "GET /go/dgs0/images/7/w204.gif HTTP/2" 429 0 "-" "Mozilla/5.0 AppleWebKit/537.36 (KHTML, like Gecko; compatible; ClaudeBot/1.0; +claudebot@anthropic.com)"
216.73.217.105 - - [31/Aug/2026:12:36:09 -0400] "GET /go/dgs0/images/7/w188.gif HTTP/2" 200 272 "-" "Mozilla/5.0 AppleWebKit/537.36 (KHTML, like Gecko; compatible; ClaudeBot/1.0; +claudebot@anthropic.com)"
216.73.217.105 - - [31/Aug/2026:12:36:14 -0400] "GET /go/dgs0/images/7/w238.gif HTTP/2" 429 0 "-" "Mozilla/5.0 AppleWebKit/537.36 (KHTML, like Gecko; compatible; ClaudeBot/1.0; +claudebot@anthropic.com)"
216.73.217.105 - - [31/Aug/2026:12:36:19 -0400] "GET /go/dgs0/images/7/w470.gif HTTP/2" 200 272 "-" "Mozilla/5.0 AppleWebKit/537.36 (KHTML, like Gecko; compatible; ClaudeBot/1.0; +claudebot@anthropic.com)"
216.73.217.105 - - [31/Aug/2026:12:36:24 -0400] "GET /pn/ko_pn.php?dir=%2Fhome%2Fkozerus%2Fpublic_html%2Fcropex%2Fnode%2Fnode_modules%2Fdrizzle-orm%2Faws-data-api%2Fpg%2Fdriver.js HTTP/2" 429 0 "-" "Mozilla/5.0 AppleWebKit/537.36 (KHTML, like Gecko; compatible; ClaudeBot/1.0; +claudebot@anthropic.com)"
216.73.217.105 - - [31/Aug/2026:12:36:29 -0400] "GET /piwigo/themes/default/js/ui/minified/jquery.ui.selectable.min.js HTTP/2" 200 1153 "-" "Mozilla/5.0 AppleWebKit/537.36 (KHTML, like Gecko; compatible; ClaudeBot/1.0; +claudebot@anthropic.com)"
216.73.217.105 - - [31/Aug/2026:12:36:34 -0400] "GET /ko_center/js/jqgrid-4.4.0/src/jqModal.js HTTP/2" 429 0 "-" "Mozilla/5.0 AppleWebKit/537.36 (KHTML, like Gecko; compatible; ClaudeBot/1.0; +claudebot@anthropic.com)"
216.73.217.105 - - [31/Aug/2026:12:36:39 -0400] "GET /pn/ko_pn.php?dir=%2Fhome%2Fkozerus%2Fpublic_html%2Fcropex%2Fnode%2Fnode_modules%2Fdrizzle-orm%2Fpg-core%2Fcolumns%2Finteger.cjs HTTP/2" 200 4670 "-" "Mozilla/5.0 AppleWebKit/537.36 (KHTML, like Gecko; compatible; ClaudeBot/1.0; +claudebot@anthropic.com)"
216.73.217.105 - - [31/Aug/2026:12:36:44 -0400] "GET /pn/ko_pn.php?dir=%2Fhome%2Fkozerus%2Fpublic_html%2Fcropex%2Fnode%2Fnode_modules%2Fdrizzle-orm%2Fsql%2Ffunctions%2Faggregate.d.ts HTTP/2" 429 0 "-" "Mozilla/5.0 AppleWebKit/537.36 (KHTML, like Gecko; compatible; ClaudeBot/1.0; +claudebot@anthropic.com)"
216.73.217.105 - - [31/Aug/2026:12:36:49 -0400] "GET /go/eidogo/player/i18n HTTP/2" 301 795 "-" "Mozilla/5.0 AppleWebKit/537.36 (KHTML, like Gecko; compatible; ClaudeBot/1.0; +claudebot@anthropic.com)"
216.73.217.105 - - [31/Aug/2026:12:36:49 -0400] "GET /go/eidogo/player/i18n/ HTTP/2" 200 996 "https://ko0.us/go/eidogo/player/i18n" "Mozilla/5.0 AppleWebKit/537.36 (KHTML, like Gecko; compatible; ClaudeBot/1.0; +claudebot@anthropic.com)"
216.73.217.105 - - [31/Aug/2026:12:36:54 -0400] "GET /pn/ko_pn.php?dir=%2Fhome%2Fkozerus%2Fpublic_html%2Fcropex%2Fnode%2Fnode_modules%2Fpump%2F.github%2FFUNDING.yml HTTP/2" 429 0 "-" "Mozilla/5.0 AppleWebKit/537.36 (KHTML, like Gecko; compatible; ClaudeBot/1.0; +claudebot@anthropic.com)"
216.73.217.105 - - [31/Aug/2026:12:36:59 -0400] "GET /piwigo/themes/default/js/ui/minified/jquery.ui.sortable.min.js HTTP/2" 200 6131 "-" "Mozilla/5.0 AppleWebKit/537.36 (KHTML, like Gecko; compatible; ClaudeBot/1.0; +claudebot@anthropic.com)"
216.73.217.105 - - [31/Aug/2026:12:37:04 -0400] "GET /pn/ko_pn.php?dir=%2Fhome%2Fkozerus%2Fpublic_html%2Fcropex%2Fnode%2Fnode_modules%2Fcall-bind-apply-helpers%2FfunctionCall.js HTTP/2" 429 0 "-" "Mozilla/5.0 AppleWebKit/537.36 (KHTML, like Gecko; compatible; ClaudeBot/1.0; +claudebot@anthropic.com)"
216.73.217.105 - - [31/Aug/2026:12:37:09 -0400] "GET /ka/pdf/web/locale/ru/viewer.properties HTTP/2" 200 14189 "-" "Mozilla/5.0 AppleWebKit/537.36 (KHTML, like Gecko; compatible; ClaudeBot/1.0; +claudebot@anthropic.com)"
216.73.217.105 - - [31/Aug/2026:12:37:14 -0400] "GET /go/eidogo/doc/player/js/all.compressed.js HTTP/2" 404 1251 "-" "Mozilla/5.0 AppleWebKit/537.36 (KHTML, like Gecko; compatible; ClaudeBot/1.0; +claudebot@anthropic.com)"
85.208.96.197 - - [31/Aug/2026:12:34:56 -0400] "GET /svc/jqgrid/multiex.html HTTP/1.1" 404 1251 "-" "Mozilla/5.0 (compatible; SemrushBot/7~bl; +http://www.semrush.com/bot.html)"
74.7.227.147 - - [31/Aug/2026:12:35:01 -0400] "GET /pdf/build/pdf.worker.js HTTP/2" 200 258318 "https://ko0.us/pdf/build/" "Mozilla/5.0 AppleWebKit/537.36 (KHTML, like Gecko; compatible; GPTBot/1.4; +https://openai.com/gptbot)"
74.7.227.147 - - [31/Aug/2026:12:35:21 -0400] "GET /imgs/btn/kow1_e.png HTTP/2" 200 17349 "https://ko0.us/imgs/btn/" "Mozilla/5.0 AppleWebKit/537.36 (KHTML, like Gecko; compatible; GPTBot/1.4; +https://openai.com/gptbot)"
74.7.227.147 - - [31/Aug/2026:12:35:28 -0400] "GET /imgs/btn/kow1_w.png HTTP/2" 429 0 "https://ko0.us/imgs/btn/" "Mozilla/5.0 AppleWebKit/537.36 (KHTML, like Gecko; compatible; GPTBot/1.4; +https://openai.com/gptbot)"
74.7.227.147 - - [31/Aug/2026:12:35:40 -0400] "GET /imgs/btn/kow1_s.png HTTP/2" 429 0 "https://ko0.us/imgs/btn/" "Mozilla/5.0 AppleWebKit/537.36 (KHTML, like Gecko; compatible; GPTBot/1.4; +https://openai.com/gptbot)"
74.7.227.147 - - [31/Aug/2026:12:35:46 -0400] "GET /imgs/btn/kob1_e.png HTTP/2" 429 0 "https://ko0.us/imgs/btn/" "Mozilla/5.0 AppleWebKit/537.36 (KHTML, like Gecko; compatible; GPTBot/1.4; +https://openai.com/gptbot)"
74.7.227.147 - - [31/Aug/2026:12:35:55 -0400] "GET /imgs/btn/kow1_n.png HTTP/2" 429 0 "https://ko0.us/imgs/btn/" "Mozilla/5.0 AppleWebKit/537.36 (KHTML, like Gecko; compatible; GPTBot/1.4; +https://openai.com/gptbot)"
74.7.227.147 - - [31/Aug/2026:12:37:18 -0400] "GET /imgs/btn/kob1_w.png HTTP/2" 200 48610 "https://ko0.us/imgs/btn/" "Mozilla/5.0 AppleWebKit/537.36 (KHTML, like Gecko; compatible; GPTBot/1.4; +https://openai.com/gptbot)"
216.73.217.105 - - [31/Aug/2026:12:37:24 -0400] "GET /go/dgs0/images/7/w198.gif HTTP/2" 200 272 "-" "Mozilla/5.0 AppleWebKit/537.36 (KHTML, like Gecko; compatible; ClaudeBot/1.0; +claudebot@anthropic.com)"
216.73.217.105 - - [31/Aug/2026:12:37:29 -0400] "GET /pn/ko_pn.php?dir=%2Fhome%2Fkozerus%2Fpublic_html%2Fpn%2Fuize%2Fsite-source%2Fjs%2FUize%2FWidget%2FPicker%2FPalette%2FmSelector.js HTTP/2" 200 4992 "-" "Mozilla/5.0 AppleWebKit/537.36 (KHTML, like Gecko; compatible; ClaudeBot/1.0; +claudebot@anthropic.com)"
216.73.217.105 - - [31/Aug/2026:12:37:34 -0400] "GET /go/dgs0/images/42/c21.gif HTTP/2" 429 0 "-" "Mozilla/5.0 AppleWebKit/537.36 (KHTML, like Gecko; compatible; ClaudeBot/1.0; +claudebot@anthropic.com)"
216.73.217.105 - - [31/Aug/2026:12:37:39 -0400] "GET /go/dgs0/images/7/w391.gif HTTP/2" 200 272 "-" "Mozilla/5.0 AppleWebKit/537.36 (KHTML, like Gecko; compatible; ClaudeBot/1.0; +claudebot@anthropic.com)"
74.7.227.147 - - [31/Aug/2026:12:37:43 -0400] "GET /ka/pdf/jsk-jsk_wed.pdf HTTP/2" 429 0 "https://ko0.us/ka/pdf" "Mozilla/5.0 AppleWebKit/537.36 (KHTML, like Gecko; compatible; GPTBot/1.4; +https://openai.com/gptbot)"
216.73.217.105 - - [31/Aug/2026:12:37:44 -0400] "GET /go/dgs0/images/9/w88.gif HTTP/2" 429 0 "-" "Mozilla/5.0 AppleWebKit/537.36 (KHTML, like Gecko; compatible; ClaudeBot/1.0; +claudebot@anthropic.com)"
216.73.217.105 - - [31/Aug/2026:12:37:49 -0400] "GET /go/dgs0/images/17/w60.gif HTTP/2" 200 442 "-" "Mozilla/5.0 AppleWebKit/537.36 (KHTML, like Gecko; compatible; ClaudeBot/1.0; +claudebot@anthropic.com)"
216.73.217.105 - - [31/Aug/2026:12:37:54 -0400] "GET /js/turnjs4/samples/magazine/pages/74.jpg HTTP/2" 429 0 "-" "Mozilla/5.0 AppleWebKit/537.36 (KHTML, like Gecko; compatible; ClaudeBot/1.0; +claudebot@anthropic.com)"
216.73.217.105 - - [31/Aug/2026:12:37:59 -0400] "GET /imgs/links/tn/tn_logo_iperms.png HTTP/2" 200 3137 "-" "Mozilla/5.0 AppleWebKit/537.36 (KHTML, like Gecko; compatible; ClaudeBot/1.0; +claudebot@anthropic.com)"
216.73.217.105 - - [31/Aug/2026:12:38:04 -0400] "GET /imgs/links/tn/tn_jtfdc_test.png HTTP/2" 429 0 "-" "Mozilla/5.0 AppleWebKit/537.36 (KHTML, like Gecko; compatible; ClaudeBot/1.0; +claudebot@anthropic.com)"
74.7.227.147 - - [31/Aug/2026:12:38:07 -0400] "GET /imgs/btn/gjw_titles_toc_shadow.png HTTP/2" 429 0 "https://ko0.us/imgs/btn/" "Mozilla/5.0 AppleWebKit/537.36 (KHTML, like Gecko; compatible; GPTBot/1.4; +https://openai.com/gptbot)"
216.73.217.105 - - [31/Aug/2026:12:38:09 -0400] "GET /go/dgs0/images/5/w88.gif HTTP/2" 200 152 "-" "Mozilla/5.0 AppleWebKit/537.36 (KHTML, like Gecko; compatible; ClaudeBot/1.0; +claudebot@anthropic.com)"
216.73.217.105 - - [31/Aug/2026:12:38:14 -0400] "GET /go/dgs0/images/50/b93.gif HTTP/2" 429 0 "-" "Mozilla/5.0 AppleWebKit/537.36 (KHTML, like Gecko; compatible; ClaudeBot/1.0; +claudebot@anthropic.com)"
216.73.217.105 - - [31/Aug/2026:12:38:19 -0400] "GET /cropex/imgs/btn/koeye_parler.png HTTP/2" 200 4666 "-" "Mozilla/5.0 AppleWebKit/537.36 (KHTML, like Gecko; compatible; ClaudeBot/1.0; +claudebot@anthropic.com)"
74.7.227.147 - - [31/Aug/2026:12:38:19 -0400] "GET /imgs/btn/ko_dear_invited_guest.png HTTP/2" 429 0 "https://ko0.us/imgs/btn/" "Mozilla/5.0 AppleWebKit/537.36 (KHTML, like Gecko; compatible; GPTBot/1.4; +https://openai.com/gptbot)"
216.73.217.105 - - [31/Aug/2026:12:38:24 -0400] "GET /go/dgs0/images/25/w93.gif HTTP/2" 429 0 "-" "Mozilla/5.0 AppleWebKit/537.36 (KHTML, like Gecko; compatible; ClaudeBot/1.0; +claudebot@anthropic.com)"
216.73.217.105 - - [31/Aug/2026:12:38:29 -0400] "GET /js/wz/wz_transparent_300_120.gif HTTP/2" 200 1142 "-" "Mozilla/5.0 AppleWebKit/537.36 (KHTML, like Gecko; compatible; ClaudeBot/1.0; +claudebot@anthropic.com)"
216.73.217.105 - - [31/Aug/2026:12:38:34 -0400] "GET /go/dgs0/images/25/wb.gif HTTP/2" 429 0 "-" "Mozilla/5.0 AppleWebKit/537.36 (KHTML, like Gecko; compatible; ClaudeBot/1.0; +claudebot@anthropic.com)"
216.73.217.105 - - [31/Aug/2026:12:38:39 -0400] "GET /pn/ko_pn.php?dir=%2Fhome%2Fkozerus%2Fpublic_html%2Fjs%2Fwz%2Fwzs.html HTTP/2" 200 45873 "-" "Mozilla/5.0 AppleWebKit/537.36 (KHTML, like Gecko; compatible; ClaudeBot/1.0; +claudebot@anthropic.com)"
185.191.171.12 - - [31/Aug/2026:12:38:40 -0400] "GET /konet/blocked/ HTTP/1.1" 200 268 "-" "Mozilla/5.0 (compatible; SemrushBot/7~bl; +http://www.semrush.com/bot.html)"
216.73.217.105 - - [31/Aug/2026:12:38:44 -0400] "GET /go/dgs0/images/7/w224.gif HTTP/2" 429 0 "-" "Mozilla/5.0 AppleWebKit/537.36 (KHTML, like Gecko; compatible; ClaudeBot/1.0; +claudebot@anthropic.com)"
66.249.69.227 - - [31/Aug/2026:12:38:46 -0400] "GET /tlj.html HTTP/1.1" 200 562701 "-" "Mozilla/5.0 (Linux; Android 6.0.1; Nexus 5X Build/MMB29P) AppleWebKit/537.36 (KHTML, like Gecko) Chrome/151.0.7922.173 Mobile Safari/537.36 (compatible; Googlebot/2.1; +http://www.google.com/bot.html)"
66.249.69.227 - - [31/Aug/2026:12:38:46 -0400] "GET /wz/ HTTP/1.1" 200 69738 "-" "Mozilla/5.0 (Linux; Android 6.0.1; Nexus 5X Build/MMB29P) AppleWebKit/537.36 (KHTML, like Gecko) Chrome/151.0.7922.173 Mobile Safari/537.36 (compatible; Googlebot/2.1; +http://www.google.com/bot.html)"
66.249.77.8 - - [31/Aug/2026:12:38:47 -0400] "GET /ko_center/ko_center.php?q=hw/hp_dl580_g5&hrctag=hrctag_240 HTTP/1.1" 500 0 "-" "Mozilla/5.0 (Linux; Android 6.0.1; Nexus 5X Build/MMB29P) AppleWebKit/537.36 (KHTML, like Gecko) Chrome/151.0.7922.173 Mobile Safari/537.36 (compatible; Googlebot/2.1; +http://www.google.com/bot.html)"
66.249.69.227 - - [31/Aug/2026:12:38:48 -0400] "GET /index_jtfdcr.html HTTP/1.1" 200 715332 "-" "Mozilla/5.0 (Linux; Android 6.0.1; Nexus 5X Build/MMB29P) AppleWebKit/537.36 (KHTML, like Gecko) Chrome/151.0.7922.173 Mobile Safari/537.36 (compatible; Googlebot/2.1; +http://www.google.com/bot.html)"
66.249.69.227 - - [31/Aug/2026:12:38:48 -0400] "GET /k9_best.html HTTP/1.1" 200 2844 "-" "Mozilla/5.0 (Linux; Android 6.0.1; Nexus 5X Build/MMB29P) AppleWebKit/537.36 (KHTML, like Gecko) Chrome/151.0.7922.173 Mobile Safari/537.36 (compatible; Googlebot/2.1; +http://www.google.com/bot.html)"
216.73.217.105 - - [31/Aug/2026:12:37:19 -0400] "GET /pn/ko_pn.php?dir=%2Fhome%2Fkozerus%2Fpublic_html%2Fcropex%2Fnode%2Fnode_modules%2Fdrizzle-orm%2Flibsql%2Fsqlite3%2Findex.js.map HTTP/2" 429 0 "-" "Mozilla/5.0 AppleWebKit/537.36 (KHTML, like Gecko; compatible; ClaudeBot/1.0; +claudebot@anthropic.com)"
85.208.96.197 - - [31/Aug/2026:12:37:26 -0400] "GET /ka/fb/popesku/fb.html HTTP/1.1" 200 155357 "-" "Mozilla/5.0 (compatible; SemrushBot/7~bl; +http://www.semrush.com/bot.html)"
185.191.171.8 - - [31/Aug/2026:12:38:23 -0400] "GET /wiki/Minion_(typeface) HTTP/1.1" 404 1251 "-" "Mozilla/5.0 (compatible; SemrushBot/7~bl; +http://www.semrush.com/bot.html)"
66.249.69.228 - - [31/Aug/2026:12:38:30 -0400] "GET /fb/comics/dc/superman80/no004/pages/zn/zn_82.jpg HTTP/1.1" 404 1251 "-" "Googlebot-Image/1.0"
216.73.217.105 - - [31/Aug/2026:12:39:34 -0400] "GET /go/dgs0/images/5/w457.gif HTTP/2" 429 0 "-" "Mozilla/5.0 AppleWebKit/537.36 (KHTML, like Gecko; compatible; ClaudeBot/1.0; +claudebot@anthropic.com)"
216.73.217.105 - - [31/Aug/2026:12:39:39 -0400] "GET /zm/apollo17/TileGroup3/7-45-2.jpg HTTP/2" 200 2641 "-" "Mozilla/5.0 AppleWebKit/537.36 (KHTML, like Gecko; compatible; ClaudeBot/1.0; +claudebot@anthropic.com)"
216.73.217.105 - - [31/Aug/2026:12:39:44 -0400] "GET /go/dgs0/images/42/w66.gif HTTP/2" 429 0 "-" "Mozilla/5.0 AppleWebKit/537.36 (KHTML, like Gecko; compatible; ClaudeBot/1.0; +claudebot@anthropic.com)"
216.73.217.105 - - [31/Aug/2026:12:39:49 -0400] "GET /pn/ko_pn.php?dir=%2Fhome%2Fkozerus%2Fpublic_html%2Fjs%2Fimgs%2Fconnectors HTTP/2" 200 168 "-" "Mozilla/5.0 AppleWebKit/537.36 (KHTML, like Gecko; compatible; ClaudeBot/1.0; +claudebot@anthropic.com)"
216.73.217.105 - - [31/Aug/2026:12:39:54 -0400] "GET /cropex/imgs/btn/koeye_handhither.gif HTTP/2" 429 0 "-" "Mozilla/5.0 AppleWebKit/537.36 (KHTML, like Gecko; compatible; ClaudeBot/1.0; +claudebot@anthropic.com)"
216.73.217.105 - - [31/Aug/2026:12:39:59 -0400] "GET /pn/ko_pn.php?dir=%2Fhome%2Fkozerus%2Fpublic_html%2Fka%2Fpdf%2Fweb%2Fcmaps%2FAdobe-Korea1-0.bcmap HTTP/2" 200 3896 "-" "Mozilla/5.0 AppleWebKit/537.36 (KHTML, like Gecko; compatible; ClaudeBot/1.0; +claudebot@anthropic.com)"
216.73.217.105 - - [31/Aug/2026:12:40:04 -0400] "GET /pn/ko_pn.php?dir=%2Fhome%2Fkozerus%2Fpublic_html%2Fpiwigo%2Flanguage%2Fpl_PL%2Fhelp%2Fphotos_add_ftp.html HTTP/2" 429 0 "-" "Mozilla/5.0 AppleWebKit/537.36 (KHTML, like Gecko; compatible; ClaudeBot/1.0; +claudebot@anthropic.com)"
66.249.69.227 - - [31/Aug/2026:12:40:08 -0400] "GET /zm/space_2018/bennu_face/ImageProperties.xml HTTP/1.1" 404 1251 "https://ko0.us/tlj.html" "Mozilla/5.0 (Linux; Android 6.0.1; Nexus 5X Build/MMB29P) AppleWebKit/537.36 (KHTML, like Gecko) Chrome/151.0.7922.173 Mobile Safari/537.36 (compatible; Googlebot/2.1; +http://www.google.com/bot.html)"
66.249.69.227 - - [31/Aug/2026:12:40:08 -0400] "GET /tl.json?callback=onJSONP_Data HTTP/1.1" 200 486 "https://ko0.us/tlj.html" "Mozilla/5.0 (Linux; Android 6.0.1; Nexus 5X Build/MMB29P) AppleWebKit/537.36 (KHTML, like Gecko) Chrome/151.0.7922.173 Mobile Safari/537.36 (compatible; Googlebot/2.1; +http://www.google.com/bot.html)"
216.73.217.105 - - [31/Aug/2026:12:40:09 -0400] "GET /cropex/imgs/btn/koeye_hand_100.gif HTTP/2" 200 6250 "-" "Mozilla/5.0 AppleWebKit/537.36 (KHTML, like Gecko; compatible; ClaudeBot/1.0; +claudebot@anthropic.com)"
216.73.217.105 - - [31/Aug/2026:12:40:14 -0400] "GET /cropex/imgs/btn/btn_keyhole_konabus_moon.png HTTP/2" 429 0 "-" "Mozilla/5.0 AppleWebKit/537.36 (KHTML, like Gecko; compatible; ClaudeBot/1.0; +claudebot@anthropic.com)"
216.73.217.105 - - [31/Aug/2026:12:40:19 -0400] "GET /pn/ko_pn.php?dir=%2Fhome%2Fkozerus%2Fetc%2Fkozerus.rcube.db.1787025671 HTTP/2" 200 7719 "-" "Mozilla/5.0 AppleWebKit/537.36 (KHTML, like Gecko; compatible; ClaudeBot/1.0; +claudebot@anthropic.com)"
216.73.217.105 - - [31/Aug/2026:12:40:24 -0400] "GET /pn/ko_pn.php?dir=%2Fhome%2Fkozerus%2Fpublic_html%2Fpiwigo%2Fthemes%2Fmodus%2Flanguage%2Fru_RU HTTP/2" 429 0 "-" "Mozilla/5.0 AppleWebKit/537.36 (KHTML, like Gecko; compatible; ClaudeBot/1.0; +claudebot@anthropic.com)"
216.73.217.105 - - [31/Aug/2026:12:40:29 -0400] "GET /pn/ko_pn.php?dir=%2Fhome%2Fkozerus%2Fpublic_html%2Fwz%2Fwz_divs.py HTTP/2" 200 5853 "-" "Mozilla/5.0 AppleWebKit/537.36 (KHTML, like Gecko; compatible; ClaudeBot/1.0; +claudebot@anthropic.com)"
216.73.217.105 - - [31/Aug/2026:12:40:34 -0400] "GET /go/dgs0/images/9/w180.gif HTTP/2" 429 0 "-" "Mozilla/5.0 AppleWebKit/537.36 (KHTML, like Gecko; compatible; ClaudeBot/1.0; +claudebot@anthropic.com)"
216.73.217.105 - - [31/Aug/2026:12:40:39 -0400] "GET /zm/apollo17/TileGroup2/7-83-0.jpg HTTP/2" 200 1651 "-" "Mozilla/5.0 AppleWebKit/537.36 (KHTML, like Gecko; compatible; ClaudeBot/1.0; +claudebot@anthropic.com)"
216.73.217.105 - - [31/Aug/2026:12:40:44 -0400] "GET /pn/ko_pn.php?dir=%2Fhome%2Fkozerus%2Fpublic_html%2Fko_center%2Fjs%2Fjquery-ui-1.9.2.custom.min.js HTTP/2" 429 0 "-" "Mozilla/5.0 AppleWebKit/537.36 (KHTML, like Gecko; compatible; ClaudeBot/1.0; +claudebot@anthropic.com)"
216.73.217.105 - - [31/Aug/2026:12:40:49 -0400] "GET /pn/ko_pn.php?dir=%2Fhome%2Fkozerus%2Fpublic_html%2Fruffle%2Fvas%2Fpspbrwse.jbf HTTP/2" 200 6234 "-" "Mozilla/5.0 AppleWebKit/537.36 (KHTML, like Gecko; compatible; ClaudeBot/1.0; +claudebot@anthropic.com)"
216.73.217.105 - - [31/Aug/2026:12:40:54 -0400] "GET /pn/ko_pn.php?dir=%2Fhome%2Fkozerus%2Fpublic_html%2Fpiwigo%2Flanguage%2Fca_ES%2Fhelp%2Fphotos_add_ftp.html HTTP/2" 429 0 "-" "Mozilla/5.0 AppleWebKit/537.36 (KHTML, like Gecko; compatible; ClaudeBot/1.0; +claudebot@anthropic.com)"
185.191.171.8 - - [31/Aug/2026:12:40:58 -0400] "GET /index_focus.html HTTP/1.1" 200 715332 "-" "Mozilla/5.0 (compatible; SemrushBot/7~bl; +http://www.semrush.com/bot.html)"
216.73.217.105 - - [31/Aug/2026:12:40:59 -0400] "GET /go/dgs0/images/5/w109.gif HTTP/2" 200 152 "-" "Mozilla/5.0 AppleWebKit/537.36 (KHTML, like Gecko; compatible; ClaudeBot/1.0; +claudebot@anthropic.com)"
216.73.217.105 - - [31/Aug/2026:12:41:04 -0400] "GET /go/dgs0/images/42/dlw.gif HTTP/2" 429 0 "-" "Mozilla/5.0 AppleWebKit/537.36 (KHTML, like Gecko; compatible; ClaudeBot/1.0; +claudebot@anthropic.com)"
216.73.217.105 - - [31/Aug/2026:12:41:09 -0400] "GET /cropex/imgs/postturtle_moneytrap/rose.jpg HTTP/2" 200 28204 "-" "Mozilla/5.0 AppleWebKit/537.36 (KHTML, like Gecko; compatible; ClaudeBot/1.0; +claudebot@anthropic.com)"
216.73.217.105 - - [31/Aug/2026:12:41:14 -0400] "GET /zm/apollo17/TileGroup5/7-2-7.jpg HTTP/2" 429 0 "-" "Mozilla/5.0 AppleWebKit/537.36 (KHTML, like Gecko; compatible; ClaudeBot/1.0; +claudebot@anthropic.com)"
216.73.217.105 - - [31/Aug/2026:12:41:19 -0400] "GET /zm/apollo17/TileGroup3/7-29-2.jpg HTTP/2" 200 4409 "-" "Mozilla/5.0 AppleWebKit/537.36 (KHTML, like Gecko; compatible; ClaudeBot/1.0; +claudebot@anthropic.com)"
216.73.217.105 - - [31/Aug/2026:12:41:24 -0400] "GET /zm/apollo17/TileGroup2/7-79-0.jpg HTTP/2" 429 0 "-" "Mozilla/5.0 AppleWebKit/537.36 (KHTML, like Gecko; compatible; ClaudeBot/1.0; +claudebot@anthropic.com)"
216.73.217.105 - - [31/Aug/2026:12:41:29 -0400] "GET /zm/apollo17/TileGroup3/7-48-2.jpg HTTP/2" 200 1662 "-" "Mozilla/5.0 AppleWebKit/537.36 (KHTML, like Gecko; compatible; ClaudeBot/1.0; +claudebot@anthropic.com)"
85.208.96.197 - - [31/Aug/2026:12:41:31 -0400] "GET /index_jsdk_jtfdc.html HTTP/1.1" 200 82551 "-" "Mozilla/5.0 (compatible; SemrushBot/7~bl; +http://www.semrush.com/bot.html)"
216.73.217.105 - - [31/Aug/2026:12:41:34 -0400] "GET /pn/ko_pn.php?dir=%2Fhome%2Fkozerus%2Fpublic_html%2Fzm%2Fzm_donutvanlaw.html HTTP/2" 429 0 "-" "Mozilla/5.0 AppleWebKit/537.36 (KHTML, like Gecko; compatible; ClaudeBot/1.0; +claudebot@anthropic.com)"
216.73.217.105 - - [31/Aug/2026:12:41:39 -0400] "GET /zm/apollo17/TileGroup2/7-85-0.jpg HTTP/2" 200 1651 "-" "Mozilla/5.0 AppleWebKit/537.36 (KHTML, like Gecko; compatible; ClaudeBot/1.0; +claudebot@anthropic.com)"
66.249.69.227 - - [31/Aug/2026:12:38:49 -0400] "GET /obs/?MA HTTP/1.1" 200 632 "-" "Mozilla/5.0 (Linux; Android 6.0.1; Nexus 5X Build/MMB29P) AppleWebKit/537.36 (KHTML, like Gecko) Chrome/151.0.7922.173 Mobile Safari/537.36 (compatible; Googlebot/2.1; +http://www.google.com/bot.html)"
216.73.217.105 - - [31/Aug/2026:12:38:49 -0400] "GET /go/dgs0/images/50/c1.gif HTTP/2" 200 202 "-" "Mozilla/5.0 AppleWebKit/537.36 (KHTML, like Gecko; compatible; ClaudeBot/1.0; +claudebot@anthropic.com)"
216.73.217.105 - - [31/Aug/2026:12:38:54 -0400] "GET /pn/ko_pn.php?dir=%2Fhome%2Fkozerus%2Fpublic_html%2Fpiwigo%2Fplugins%2FTakeATour%2Flanguage%2Fnl_NL%2Ftour_2_9_0.lang.php HTTP/2" 429 0 "-" "Mozilla/5.0 AppleWebKit/537.36 (KHTML, like Gecko; compatible; ClaudeBot/1.0; +claudebot@anthropic.com)"
216.73.217.105 - - [31/Aug/2026:12:38:59 -0400] "GET /imgs/links/tn/tn_alien%20noize.png HTTP/2" 200 22641 "-" "Mozilla/5.0 AppleWebKit/537.36 (KHTML, like Gecko; compatible; ClaudeBot/1.0; +claudebot@anthropic.com)"
216.73.217.105 - - [31/Aug/2026:12:39:04 -0400] "GET /go/dgs0/images/50/bt.gif HTTP/2" 429 0 "-" "Mozilla/5.0 AppleWebKit/537.36 (KHTML, like Gecko; compatible; ClaudeBot/1.0; +claudebot@anthropic.com)"
216.73.217.105 - - [31/Aug/2026:12:39:09 -0400] "GET /go/dgs0/images/50/els.gif HTTP/2" 200 193 "-" "Mozilla/5.0 AppleWebKit/537.36 (KHTML, like Gecko; compatible; ClaudeBot/1.0; +claudebot@anthropic.com)"
216.73.217.105 - - [31/Aug/2026:12:39:14 -0400] "GET /go/dgs0/images/50/b18.gif HTTP/2" 429 0 "-" "Mozilla/5.0 AppleWebKit/537.36 (KHTML, like Gecko; compatible; ClaudeBot/1.0; +claudebot@anthropic.com)"
216.73.217.105 - - [31/Aug/2026:12:39:20 -0400] "GET /cropex/node/node_modules/finalhandler/index.js HTTP/2" 200 1787 "-" "Mozilla/5.0 AppleWebKit/537.36 (KHTML, like Gecko; compatible; ClaudeBot/1.0; +claudebot@anthropic.com)"
216.73.217.105 - - [31/Aug/2026:12:39:24 -0400] "GET /cropex/node/node_modules/@babel/core/package.json HTTP/2" 429 0 "-" "Mozilla/5.0 AppleWebKit/537.36 (KHTML, like Gecko; compatible; ClaudeBot/1.0; +claudebot@anthropic.com)"
216.73.217.105 - - [31/Aug/2026:12:39:29 -0400] "GET /cropex/node/node_modules/express/lib/request.js HTTP/2" 200 3464 "-" "Mozilla/5.0 AppleWebKit/537.36 (KHTML, like Gecko; compatible; ClaudeBot/1.0; +claudebot@anthropic.com)"
185.191.171.10 - - [31/Aug/2026:12:39:40 -0400] "GET /index_20211005_1930.html HTTP/1.1" 404 1251 "-" "Mozilla/5.0 (compatible; SemrushBot/7~bl; +http://www.semrush.com/bot.html)"
74.7.227.147 - - [31/Aug/2026:12:41:04 -0400] "GET /pdf/build/pdf.worker.js.map HTTP/2" 429 0 "https://ko0.us/pdf/build/" "Mozilla/5.0 AppleWebKit/537.36 (KHTML, like Gecko; compatible; GPTBot/1.4; +https://openai.com/gptbot)"
74.7.227.147 - - [31/Aug/2026:12:41:24 -0400] "GET /imgs/btn/koeyew_fb_imgs.png HTTP/2" 200 5034 "https://ko0.us/imgs/btn/" "Mozilla/5.0 AppleWebKit/537.36 (KHTML, like Gecko; compatible; GPTBot/1.4; +https://openai.com/gptbot)"
74.7.227.147 - - [31/Aug/2026:12:41:44 -0400] "GET /imgs/btn/koeyeb_fb_imgs.png HTTP/2" 200 5596 "https://ko0.us/imgs/btn/" "Mozilla/5.0 AppleWebKit/537.36 (KHTML, like Gecko; compatible; GPTBot/1.4; +https://openai.com/gptbot)"
74.7.227.147 - - [31/Aug/2026:12:42:39 -0400] "GET /imgs/btn/btn_key_jkwii.png HTTP/2" 429 0 "https://ko0.us/imgs/btn/" "Mozilla/5.0 AppleWebKit/537.36 (KHTML, like Gecko; compatible; GPTBot/1.4; +https://openai.com/gptbot)"
74.7.227.147 - - [31/Aug/2026:12:42:56 -0400] "GET /imgs/btn/btn_pdf_focus.png HTTP/2" 429 0 "https://ko0.us/imgs/btn/" "Mozilla/5.0 AppleWebKit/537.36 (KHTML, like Gecko; compatible; GPTBot/1.4; +https://openai.com/gptbot)"
66.249.69.227 - - [31/Aug/2026:12:42:58 -0400] "GET /index_old.htm HTTP/1.1" 200 724468 "-" "Mozilla/5.0 (Linux; Android 6.0.1; Nexus 5X Build/MMB29P) AppleWebKit/537.36 (KHTML, like Gecko) Chrome/151.0.7922.173 Mobile Safari/537.36 (compatible; Googlebot/2.1; +http://www.google.com/bot.html)"
216.73.217.105 - - [31/Aug/2026:12:41:44 -0400] "GET /go/dgs0/images/5/w268.gif HTTP/2" 429 0 "-" "Mozilla/5.0 AppleWebKit/537.36 (KHTML, like Gecko; compatible; ClaudeBot/1.0; +claudebot@anthropic.com)"
216.73.217.105 - - [31/Aug/2026:12:41:49 -0400] "GET /go/dgs0/images/17/w26.gif HTTP/2" 200 441 "-" "Mozilla/5.0 AppleWebKit/537.36 (KHTML, like Gecko; compatible; ClaudeBot/1.0; +claudebot@anthropic.com)"
216.73.217.105 - - [31/Aug/2026:12:41:54 -0400] "GET /go/dgs0/images/9/w190.gif HTTP/2" 429 0 "-" "Mozilla/5.0 AppleWebKit/537.36 (KHTML, like Gecko; compatible; ClaudeBot/1.0; +claudebot@anthropic.com)"
216.73.217.105 - - [31/Aug/2026:12:41:59 -0400] "GET /zm/apollo17/TileGroup2/7-4-1.jpg HTTP/2" 200 1651 "-" "Mozilla/5.0 AppleWebKit/537.36 (KHTML, like Gecko; compatible; ClaudeBot/1.0; +claudebot@anthropic.com)"
216.73.217.105 - - [31/Aug/2026:12:42:04 -0400] "GET /go/dgs0/images/9/w135.gif HTTP/2" 429 0 "-" "Mozilla/5.0 AppleWebKit/537.36 (KHTML, like Gecko; compatible; ClaudeBot/1.0; +claudebot@anthropic.com)"
216.73.217.105 - - [31/Aug/2026:12:42:09 -0400] "GET /pn/ko_pn.php?dir=%2Fhome%2Fkozerus%2Fpublic_html%2Fdgs%2Fimages%2Fmsg.gif HTTP/2" 200 3933 "-" "Mozilla/5.0 AppleWebKit/537.36 (KHTML, like Gecko; compatible; ClaudeBot/1.0; +claudebot@anthropic.com)"
216.73.217.105 - - [31/Aug/2026:12:42:14 -0400] "GET /cropex/imgs/btn/handhi100_50.gif HTTP/2" 429 0 "-" "Mozilla/5.0 AppleWebKit/537.36 (KHTML, like Gecko; compatible; ClaudeBot/1.0; +claudebot@anthropic.com)"
216.73.217.105 - - [31/Aug/2026:12:42:19 -0400] "GET /zm/apollo17/TileGroup0/5-7-3.jpg HTTP/2" 200 6889 "-" "Mozilla/5.0 AppleWebKit/537.36 (KHTML, like Gecko; compatible; ClaudeBot/1.0; +claudebot@anthropic.com)"
216.73.217.105 - - [31/Aug/2026:12:42:24 -0400] "GET /go/dgs0/images/9/w213.gif HTTP/2" 429 0 "-" "Mozilla/5.0 AppleWebKit/537.36 (KHTML, like Gecko; compatible; ClaudeBot/1.0; +claudebot@anthropic.com)"
216.73.217.105 - - [31/Aug/2026:12:42:29 -0400] "GET /pn/ko_pn.php?dir=%2Fhome%2Fkozerus%2Fpublic_html%2Fgo%2Fallaboutgo%2Fsgf%2F1WfNKIwAt.sgf HTTP/2" 200 4743 "-" "Mozilla/5.0 AppleWebKit/537.36 (KHTML, like Gecko; compatible; ClaudeBot/1.0; +claudebot@anthropic.com)"
216.73.217.105 - - [31/Aug/2026:12:42:34 -0400] "GET /pn/ko_pn.php?dir=%2Fhome%2Fkozerus%2Fpublic_html%2Fpn%2Fuize%2Fsite-source%2Fjs%2FUize%2FWidgets%2FCalculator HTTP/2" 429 0 "-" "Mozilla/5.0 AppleWebKit/537.36 (KHTML, like Gecko; compatible; ClaudeBot/1.0; +claudebot@anthropic.com)"
66.249.69.227 - - [31/Aug/2026:12:42:37 -0400] "GET /zm/space_2018/bennu_face/ImageProperties.xml HTTP/1.1" 404 1251 "https://ko0.us/tl_orig.html" "Mozilla/5.0 (Linux; Android 6.0.1; Nexus 5X Build/MMB29P) AppleWebKit/537.36 (KHTML, like Gecko) Chrome/151.0.7922.173 Mobile Safari/537.36 (compatible; Googlebot/2.1; +http://www.google.com/bot.html)"
216.73.217.105 - - [31/Aug/2026:12:42:39 -0400] "GET /go/dgs0/images/50/b11.gif HTTP/2" 200 1297 "-" "Mozilla/5.0 AppleWebKit/537.36 (KHTML, like Gecko; compatible; ClaudeBot/1.0; +claudebot@anthropic.com)"
216.73.217.105 - - [31/Aug/2026:12:42:45 -0400] "GET /js/turnjs4/samples/magazine/pages/12.jpg HTTP/2" 429 0 "-" "Mozilla/5.0 AppleWebKit/537.36 (KHTML, like Gecko; compatible; ClaudeBot/1.0; +claudebot@anthropic.com)"
216.73.217.105 - - [31/Aug/2026:12:42:49 -0400] "GET /zc/imgs/categories/subcategory_hardware_printers.jpg HTTP/2" 200 171785 "-" "Mozilla/5.0 AppleWebKit/537.36 (KHTML, like Gecko; compatible; ClaudeBot/1.0; +claudebot@anthropic.com)"
216.73.217.105 - - [31/Aug/2026:12:42:54 -0400] "GET /go/dgs0/images/9/w214.gif HTTP/2" 429 0 "-" "Mozilla/5.0 AppleWebKit/537.36 (KHTML, like Gecko; compatible; ClaudeBot/1.0; +claudebot@anthropic.com)"
216.73.217.105 - - [31/Aug/2026:12:42:59 -0400] "GET /go/dgs0/images/5/w214.gif HTTP/2" 200 152 "-" "Mozilla/5.0 AppleWebKit/537.36 (KHTML, like Gecko; compatible; ClaudeBot/1.0; +claudebot@anthropic.com)"
66.249.69.227 - - [31/Aug/2026:12:43:01 -0400] "GET /imgs/btn/kb.png HTTP/1.1" 200 8022 "-" "Googlebot-Image/1.0"
216.73.217.105 - - [31/Aug/2026:12:43:04 -0400] "GET /go/dgs0/images/5/w389.gif HTTP/2" 429 0 "-" "Mozilla/5.0 AppleWebKit/537.36 (KHTML, like Gecko; compatible; ClaudeBot/1.0; +claudebot@anthropic.com)"
216.73.217.105 - - [31/Aug/2026:12:43:09 -0400] "GET /pn/ko_pn.php?dir=%2Fhome%2Fkozerus%2Fpublic_html%2Fgo%2Fallaboutgo%2Fsgf%2F3Fk9Kk2fE.sgf HTTP/2" 200 4523 "-" "Mozilla/5.0 AppleWebKit/537.36 (KHTML, like Gecko; compatible; ClaudeBot/1.0; +claudebot@anthropic.com)"
216.73.217.105 - - [31/Aug/2026:12:43:14 -0400] "GET /js/turnjs4/samples/magazine/pages/27.jpg HTTP/2" 429 0 "-" "Mozilla/5.0 AppleWebKit/537.36 (KHTML, like Gecko; compatible; ClaudeBot/1.0; +claudebot@anthropic.com)"
216.73.217.105 - - [31/Aug/2026:12:43:19 -0400] "GET /go/dgs0/images/50/cy.gif HTTP/2" 200 234 "-" "Mozilla/5.0 AppleWebKit/537.36 (KHTML, like Gecko; compatible; ClaudeBot/1.0; +claudebot@anthropic.com)"
216.73.217.105 - - [31/Aug/2026:12:43:24 -0400] "GET /go/dgs0/images/50/b61.gif HTTP/2" 429 0 "-" "Mozilla/5.0 AppleWebKit/537.36 (KHTML, like Gecko; compatible; ClaudeBot/1.0; +claudebot@anthropic.com)"
216.73.217.105 - - [31/Aug/2026:12:43:30 -0400] "GET /pn/ko_pn.php?dir=%2Fhome%2Fkozerus%2Fpublic_html%2Fgo%2Fdgs0%2Fpattern%2Fstandard_handicap_13.sgf HTTP/2" 200 4299 "-" "Mozilla/5.0 AppleWebKit/537.36 (KHTML, like Gecko; compatible; ClaudeBot/1.0; +claudebot@anthropic.com)"
216.73.217.105 - - [31/Aug/2026:12:43:34 -0400] "GET /cropex/imgs/btn/btn_keyhole_heart2.png HTTP/2" 429 0 "-" "Mozilla/5.0 AppleWebKit/537.36 (KHTML, like Gecko; compatible; ClaudeBot/1.0; +claudebot@anthropic.com)"
216.73.217.105 - - [31/Aug/2026:12:43:39 -0400] "GET /zm/Assets/Skins/Dark/large/sliderThumbOver.gif HTTP/2" 200 126 "-" "Mozilla/5.0 AppleWebKit/537.36 (KHTML, like Gecko; compatible; ClaudeBot/1.0; +claudebot@anthropic.com)"
216.73.217.105 - - [31/Aug/2026:12:43:44 -0400] "GET /pn/ko_pn.php?dir=%2Fhome%2Fkozerus%2Fpublic_html%2Fka%2Fpdf%2Fweb%2Fcmaps%2FAdobe-Korea1-1.bcmap HTTP/2" 429 0 "-" "Mozilla/5.0 AppleWebKit/537.36 (KHTML, like Gecko; compatible; ClaudeBot/1.0; +claudebot@anthropic.com)"
216.73.217.105 - - [31/Aug/2026:12:43:49 -0400] "GET /zm/apollo17/TileGroup8/7-53-13.jpg HTTP/2" 200 3204 "-" "Mozilla/5.0 AppleWebKit/537.36 (KHTML, like Gecko; compatible; ClaudeBot/1.0; +claudebot@anthropic.com)"
216.73.217.105 - - [31/Aug/2026:12:43:54 -0400] "GET /pn/ko_pn.php?dir=%2Fhome%2Fkozerus%2Fpublic_html%2Fka%2Fpdf%2Fweb%2Fcmaps%2FHKgccs-B5-V.bcmap HTTP/2" 429 0 "-" "Mozilla/5.0 AppleWebKit/537.36 (KHTML, like Gecko; compatible; ClaudeBot/1.0; +claudebot@anthropic.com)"
216.73.217.105 - - [31/Aug/2026:12:43:59 -0400] "GET /pn/ko_pn.php?dir=%2Fhome%2Fkozerus%2Fpublic_html%2Fpn%2Fexplore%2Fimages%2Fextension%2Fdocument.png HTTP/2" 200 3906 "-" "Mozilla/5.0 AppleWebKit/537.36 (KHTML, like Gecko; compatible; ClaudeBot/1.0; +claudebot@anthropic.com)"
216.73.217.105 - - [31/Aug/2026:12:44:05 -0400] "GET /imgs/btn/giphy_phone02_06.png HTTP/2" 429 0 "-" "Mozilla/5.0 AppleWebKit/537.36 (KHTML, like Gecko; compatible; ClaudeBot/1.0; +claudebot@anthropic.com)"
216.73.217.105 - - [31/Aug/2026:12:44:09 -0400] "GET /pn/ko_pn.php?dir=%2Fhome%2Fkozerus%2Fsafer%2Fko_center_202510.log HTTP/2" 200 129237 "-" "Mozilla/5.0 AppleWebKit/537.36 (KHTML, like Gecko; compatible; ClaudeBot/1.0; +claudebot@anthropic.com)"
216.73.217.105 - - [31/Aug/2026:12:44:15 -0400] "GET /go/dgs0/images/25/w42.gif HTTP/2" 429 0 "-" "Mozilla/5.0 AppleWebKit/537.36 (KHTML, like Gecko; compatible; ClaudeBot/1.0; +claudebot@anthropic.com)"
66.249.69.227 - - [31/Aug/2026:12:44:17 -0400] "GET /fb/kolog/pages/zn/zn_68.jpg HTTP/1.1" 404 1251 "-" "Googlebot-Image/1.0"
216.73.217.105 - - [31/Aug/2026:12:44:20 -0400] "GET /go/dgs0/images/17/elw.gif HTTP/2" 200 83 "-" "Mozilla/5.0 AppleWebKit/537.36 (KHTML, like Gecko; compatible; ClaudeBot/1.0; +claudebot@anthropic.com)"
216.73.217.105 - - [31/Aug/2026:12:44:25 -0400] "GET /go/dgs0/images/9/w122.gif HTTP/2" 429 0 "-" "Mozilla/5.0 AppleWebKit/537.36 (KHTML, like Gecko; compatible; ClaudeBot/1.0; +claudebot@anthropic.com)"
216.73.217.105 - - [31/Aug/2026:12:34:54 -0400] "GET /pn/ko_pn.php?dir=%2Fhome%2Fkozerus%2Fpublic_html%2Fcropex%2Fnode%2Fnode_modules%2Fstring_decoder%2Flib%2Fstring_decoder.js HTTP/2" 429 0 "-" "Mozilla/5.0 AppleWebKit/537.36 (KHTML, like Gecko; compatible; ClaudeBot/1.0; +claudebot@anthropic.com)"
216.73.217.105 - - [31/Aug/2026:12:34:59 -0400] "GET /pn/ko_pn.php?dir=%2Fhome%2Fkozerus%2Fpublic_html%2Fcropex%2Fnode%2Fnode_modules%2Fstring_decoder%2F HTTP/2" 200 4028 "-" "Mozilla/5.0 AppleWebKit/537.36 (KHTML, like Gecko; compatible; ClaudeBot/1.0; +claudebot@anthropic.com)"
216.73.217.105 - - [31/Aug/2026:12:35:04 -0400] "GET /piwigo/admin/themes/default/js/jquery.geoip.js HTTP/2" 429 0 "-" "Mozilla/5.0 AppleWebKit/537.36 (KHTML, like Gecko; compatible; ClaudeBot/1.0; +claudebot@anthropic.com)"
74.7.227.147 - - [31/Aug/2026:12:39:49 -0400] "GET /imgs/btn/btn_kosquareb.png HTTP/2" 200 1035 "https://ko0.us/imgs/btn/" "Mozilla/5.0 AppleWebKit/537.36 (KHTML, like Gecko; compatible; GPTBot/1.4; +https://openai.com/gptbot)"
85.208.96.197 - - [31/Aug/2026:12:40:08 -0400] "GET /source HTTP/1.1" 404 1251 "-" "Mozilla/5.0 (compatible; SemrushBot/7~bl; +http://www.semrush.com/bot.html)"
85.208.96.203 - - [31/Aug/2026:12:40:18 -0400] "GET /fb/soul/ HTTP/1.1" 404 1251 "-" "Mozilla/5.0 (compatible; SemrushBot/7~bl; +http://www.semrush.com/bot.html)"
66.249.69.227 - - [31/Aug/2026:12:40:46 -0400] "GET /fb/kolog/pages/zn/zn_3.jpg HTTP/1.1" 404 1251 "-" "Googlebot-Image/1.0"
66.249.69.227 - - [31/Aug/2026:12:40:54 -0400] "GET /tl_orig.html HTTP/1.1" 200 562701 "-" "Mozilla/5.0 (Linux; Android 6.0.1; Nexus 5X Build/MMB29P) AppleWebKit/537.36 (KHTML, like Gecko) Chrome/151.0.7922.173 Mobile Safari/537.36 (compatible; Googlebot/2.1; +http://www.google.com/bot.html)"
185.191.171.8 - - [31/Aug/2026:12:41:06 -0400] "GET /index_last.html HTTP/1.1" 200 715332 "-" "Mozilla/5.0 (compatible; SemrushBot/7~bl; +http://www.semrush.com/bot.html)"
185.191.171.15 - - [31/Aug/2026:12:41:53 -0400] "GET /index_vu1.html HTTP/1.1" 404 1251 "-" "Mozilla/5.0 (compatible; SemrushBot/7~bl; +http://www.semrush.com/bot.html)"
185.191.171.3 - - [31/Aug/2026:12:42:08 -0400] "GET /fonts/yokkmokk.html HTTP/1.1" 200 7104 "-" "Mozilla/5.0 (compatible; SemrushBot/7~bl; +http://www.semrush.com/bot.html)"
85.208.96.193 - - [31/Aug/2026:12:42:11 -0400] "GET /iperms/windows_wz.html HTTP/1.1" 200 3654 "-" "Mozilla/5.0 (compatible; SemrushBot/7~bl; +http://www.semrush.com/bot.html)"
66.249.69.228 - - [31/Aug/2026:12:42:38 -0400] "GET /tl.json?callback=onJSONP_Data HTTP/1.1" 200 486 "https://ko0.us/tl_orig.html" "Mozilla/5.0 (Linux; Android 6.0.1; Nexus 5X Build/MMB29P) AppleWebKit/537.36 (KHTML, like Gecko) Chrome/151.0.7922.173 Mobile Safari/537.36 (compatible; Googlebot/2.1; +http://www.google.com/bot.html)"
66.249.69.228 - - [31/Aug/2026:12:42:59 -0400] "GET /403.html HTTP/1.1" 200 298 "-" "Mozilla/5.0 (Linux; Android 6.0.1; Nexus 5X Build/MMB29P) AppleWebKit/537.36 (KHTML, like Gecko) Chrome/151.0.7922.173 Mobile Safari/537.36 (compatible; Googlebot/2.1; +http://www.google.com/bot.html)"
