216.73.216.164 - - [31/Aug/2026:10:46:37 -0400] "GET /pn/ko_pn.php?dir=%2Fhome%2Fkozerus%2Fpublic_html%2Fcropex%2Fnode%2Fnode_modules%2Fmicromatch%2FLICENSE HTTP/2" 429 0 "-" "Mozilla/5.0 AppleWebKit/537.36 (KHTML, like Gecko; compatible; ClaudeBot/1.0; +claudebot@anthropic.com)"
216.73.216.164 - - [31/Aug/2026:10:46:42 -0400] "GET /go/dgs0/images/13/w90.gif HTTP/2" 200 368 "-" "Mozilla/5.0 AppleWebKit/537.36 (KHTML, like Gecko; compatible; ClaudeBot/1.0; +claudebot@anthropic.com)"
216.73.216.164 - - [31/Aug/2026:10:46:47 -0400] "GET /ko_center/imgs/btn/ako.png HTTP/2" 429 0 "-" "Mozilla/5.0 AppleWebKit/537.36 (KHTML, like Gecko; compatible; ClaudeBot/1.0; +claudebot@anthropic.com)"
216.73.216.164 - - [31/Aug/2026:10:46:52 -0400] "GET /pn/ko_pn.php?dir=%2Fhome%2Fkozerus%2Fpublic_html%2Fpiwigo%2Flanguage%2Fsl_SI%2Fhelp%2Fhelp_groups.html HTTP/2" 200 4242 "-" "Mozilla/5.0 AppleWebKit/537.36 (KHTML, like Gecko; compatible; ClaudeBot/1.0; +claudebot@anthropic.com)"
216.73.216.164 - - [31/Aug/2026:10:46:57 -0400] "GET /pn/ko_pn.php?dir=%2Fhome%2Fkozerus%2Fpublic_html%2Fpiwigo%2Flanguage%2Fis_IS%2Finstall.lang.php HTTP/2" 429 0 "-" "Mozilla/5.0 AppleWebKit/537.36 (KHTML, like Gecko; compatible; ClaudeBot/1.0; +claudebot@anthropic.com)"
216.73.216.164 - - [31/Aug/2026:10:47:02 -0400] "GET /pn/ko_pn.php?dir=%2Fhome%2Fkozerus%2Fpublic_html%2Fgo%2Feidogo%2Fexample.html HTTP/2" 200 4844 "-" "Mozilla/5.0 AppleWebKit/537.36 (KHTML, like Gecko; compatible; ClaudeBot/1.0; +claudebot@anthropic.com)"
216.73.216.164 - - [31/Aug/2026:10:47:07 -0400] "GET /zm/hrc2011/TileGroup2/7-32-0.jpg HTTP/2" 429 0 "-" "Mozilla/5.0 AppleWebKit/537.36 (KHTML, like Gecko; compatible; ClaudeBot/1.0; +claudebot@anthropic.com)"
216.73.216.164 - - [31/Aug/2026:10:47:12 -0400] "GET /ko/imgs/doc/20120907cc.jpg HTTP/2" 200 114056 "-" "Mozilla/5.0 AppleWebKit/537.36 (KHTML, like Gecko; compatible; ClaudeBot/1.0; +claudebot@anthropic.com)"
216.73.216.164 - - [31/Aug/2026:10:47:17 -0400] "GET /go/dgs0/images/13/c21.gif HTTP/2" 429 0 "-" "Mozilla/5.0 AppleWebKit/537.36 (KHTML, like Gecko; compatible; ClaudeBot/1.0; +claudebot@anthropic.com)"
216.73.216.164 - - [31/Aug/2026:10:47:22 -0400] "GET /zm/hrc2011/TileGroup2/6-38-9.jpg HTTP/2" 200 2075 "-" "Mozilla/5.0 AppleWebKit/537.36 (KHTML, like Gecko; compatible; ClaudeBot/1.0; +claudebot@anthropic.com)"
66.249.69.229 - - [31/Aug/2026:10:47:26 -0400] "GET /fb/kolog/pages/zn/zn_48.jpg HTTP/1.1" 404 1251 "-" "Googlebot-Image/1.0"
216.73.216.164 - - [31/Aug/2026:10:47:27 -0400] "GET /dgs/images/50/b440.gif HTTP/2" 429 0 "-" "Mozilla/5.0 AppleWebKit/537.36 (KHTML, like Gecko; compatible; ClaudeBot/1.0; +claudebot@anthropic.com)"
216.73.216.164 - - [31/Aug/2026:10:47:32 -0400] "GET /go/dgs0/images/7/lt.gif HTTP/2" 200 73 "-" "Mozilla/5.0 AppleWebKit/537.36 (KHTML, like Gecko; compatible; ClaudeBot/1.0; +claudebot@anthropic.com)"
216.73.216.164 - - [31/Aug/2026:10:47:37 -0400] "GET /imgs/btn/koeyeb_kov_go.png HTTP/2" 429 0 "-" "Mozilla/5.0 AppleWebKit/537.36 (KHTML, like Gecko; compatible; ClaudeBot/1.0; +claudebot@anthropic.com)"
216.73.216.164 - - [31/Aug/2026:10:47:42 -0400] "GET /dgs/images/50/b436.gif HTTP/2" 200 1382 "-" "Mozilla/5.0 AppleWebKit/537.36 (KHTML, like Gecko; compatible; ClaudeBot/1.0; +claudebot@anthropic.com)"
216.73.216.164 - - [31/Aug/2026:10:47:47 -0400] "GET /imgs/btn/topnav_ka21.png HTTP/2" 429 0 "-" "Mozilla/5.0 AppleWebKit/537.36 (KHTML, like Gecko; compatible; ClaudeBot/1.0; +claudebot@anthropic.com)"
216.73.216.164 - - [31/Aug/2026:10:47:52 -0400] "GET /zm/hrc2011/TileGroup2/6-23-9.jpg HTTP/2" 200 2188 "-" "Mozilla/5.0 AppleWebKit/537.36 (KHTML, like Gecko; compatible; ClaudeBot/1.0; +claudebot@anthropic.com)"
74.7.227.147 - - [31/Aug/2026:10:46:53 -0400] "GET /imgs/btn/giphy_phone01b_05.png HTTP/2" 429 0 "https://ko0.us/imgs/btn/?MA" "Mozilla/5.0 AppleWebKit/537.36 (KHTML, like Gecko; compatible; GPTBot/1.4; +https://openai.com/gptbot)"
85.208.96.195 - - [31/Aug/2026:10:46:53 -0400] "GET /index_yt_new.html HTTP/1.1" 200 1137036 "-" "Mozilla/5.0 (compatible; SemrushBot/7~bl; +http://www.semrush.com/bot.html)"
74.7.227.147 - - [31/Aug/2026:10:47:05 -0400] "GET /imgs/btn/giphy_phone02w_07.png HTTP/2" 429 0 "https://ko0.us/imgs/btn/?MA" "Mozilla/5.0 AppleWebKit/537.36 (KHTML, like Gecko; compatible; GPTBot/1.4; +https://openai.com/gptbot)"
74.7.227.147 - - [31/Aug/2026:10:47:25 -0400] "GET /imgs/btn/giphy_phone01b_14.png HTTP/2" 200 20331 "https://ko0.us/imgs/btn/?MA" "Mozilla/5.0 AppleWebKit/537.36 (KHTML, like Gecko; compatible; GPTBot/1.4; +https://openai.com/gptbot)"
74.7.227.147 - - [31/Aug/2026:10:47:45 -0400] "GET /imgs/btn/giphy_phone02w_19.png HTTP/2" 200 6316 "https://ko0.us/imgs/btn/?MA" "Mozilla/5.0 AppleWebKit/537.36 (KHTML, like Gecko; compatible; GPTBot/1.4; +https://openai.com/gptbot)"
66.249.69.227 - - [31/Aug/2026:10:45:47 -0400] "GET /fb/kolog/pages/zn/zn_28.jpg HTTP/1.1" 404 1251 "-" "Googlebot-Image/1.0"
185.191.171.2 - - [31/Aug/2026:10:46:12 -0400] "GET /ko1/error_log HTTP/1.1" 403 1242 "-" "Mozilla/5.0 (compatible; SemrushBot/7~bl; +http://www.semrush.com/bot.html)"
185.170.167.18 - - [31/Aug/2026:10:46:22 -0400] "GET /robots.txt HTTP/1.1" 404 1251 "-" "Mozilla/5.0 (compatible; BacklinksExtendedBot)"
185.170.167.18 - - [31/Aug/2026:10:46:22 -0400] "GET /ko1/error_log HTTP/1.1" 403 1242 "-" "Mozilla/5.0 (compatible; BacklinksExtendedBot)"
185.191.171.10 - - [31/Aug/2026:10:47:01 -0400] "GET /fb/byrdpucker HTTP/1.1" 404 1251 "-" "Mozilla/5.0 (compatible; SemrushBot/7~bl; +http://www.semrush.com/bot.html)"
85.208.96.210 - - [31/Aug/2026:10:47:09 -0400] "GET /index_tlz.html HTTP/1.1" 200 193594 "-" "Mozilla/5.0 (compatible; SemrushBot/7~bl; +http://www.semrush.com/bot.html)"
216.73.216.164 - - [31/Aug/2026:10:47:57 -0400] "GET /dgs/images/5/w194.gif HTTP/2" 429 0 "-" "Mozilla/5.0 AppleWebKit/537.36 (KHTML, like Gecko; compatible; ClaudeBot/1.0; +claudebot@anthropic.com)"
216.73.216.164 - - [31/Aug/2026:10:48:02 -0400] "GET /dgs/images/5/w242.gif HTTP/2" 200 152 "-" "Mozilla/5.0 AppleWebKit/537.36 (KHTML, like Gecko; compatible; ClaudeBot/1.0; +claudebot@anthropic.com)"
216.73.216.164 - - [31/Aug/2026:10:48:07 -0400] "GET /go/dgs0/images/13/b73.gif HTTP/2" 429 0 "-" "Mozilla/5.0 AppleWebKit/537.36 (KHTML, like Gecko; compatible; ClaudeBot/1.0; +claudebot@anthropic.com)"
216.73.216.164 - - [31/Aug/2026:10:48:12 -0400] "GET /pn/ko_pn.php?dir=%2Fhome%2Fkozerus%2Fpublic_html%2Fcropex%2Fnode%2Fnode_modules%2Freact-hook-form%2FLICENSE HTTP/2" 200 4427 "-" "Mozilla/5.0 AppleWebKit/537.36 (KHTML, like Gecko; compatible; ClaudeBot/1.0; +claudebot@anthropic.com)"
216.73.216.164 - - [31/Aug/2026:10:48:17 -0400] "GET /go/dgs0/images/7/ct.gif HTTP/2" 429 0 "-" "Mozilla/5.0 AppleWebKit/537.36 (KHTML, like Gecko; compatible; ClaudeBot/1.0; +claudebot@anthropic.com)"
216.73.216.164 - - [31/Aug/2026:10:48:22 -0400] "GET /go/dgs0/images/7/b321.gif HTTP/2" 200 272 "-" "Mozilla/5.0 AppleWebKit/537.36 (KHTML, like Gecko; compatible; ClaudeBot/1.0; +claudebot@anthropic.com)"
66.249.69.229 - - [31/Aug/2026:10:48:26 -0400] "GET /fb/comics/dc/superman80/no004/pages/zn/zn_12.jpg HTTP/1.1" 404 1251 "-" "Googlebot-Image/1.0"
216.73.216.164 - - [31/Aug/2026:10:48:27 -0400] "GET /go/dgs0/images/7/b367.gif HTTP/2" 429 0 "-" "Mozilla/5.0 AppleWebKit/537.36 (KHTML, like Gecko; compatible; ClaudeBot/1.0; +claudebot@anthropic.com)"
216.73.216.164 - - [31/Aug/2026:10:48:32 -0400] "GET /zc/zc_installed/includes/template/images/redx.gif HTTP/2" 200 98 "-" "Mozilla/5.0 AppleWebKit/537.36 (KHTML, like Gecko; compatible; ClaudeBot/1.0; +claudebot@anthropic.com)"
216.73.216.164 - - [31/Aug/2026:10:48:37 -0400] "GET /go/dgs0/images/7/ex.gif HTTP/2" 429 0 "-" "Mozilla/5.0 AppleWebKit/537.36 (KHTML, like Gecko; compatible; ClaudeBot/1.0; +claudebot@anthropic.com)"
216.73.216.164 - - [31/Aug/2026:10:48:42 -0400] "GET /pn/ko_pn.php?dir=%2Fhome%2Fkozerus%2Fpublic_html%2Fcropex%2Fnode%2Fnode_modules%2Fmotion-dom%2Fdist%2Fes%2Fview%2Findex.mjs HTTP/2" 200 4525 "-" "Mozilla/5.0 AppleWebKit/537.36 (KHTML, like Gecko; compatible; ClaudeBot/1.0; +claudebot@anthropic.com)"
216.73.216.164 - - [31/Aug/2026:10:48:47 -0400] "GET /pn/ko_pn.php?dir=%2Fhome%2Fkozerus%2Fpublic_html%2Fpiwigo%2Fadmin%2Fthemes%2Fdefault%2Fjs%2Fcommon.js HTTP/2" 429 0 "-" "Mozilla/5.0 AppleWebKit/537.36 (KHTML, like Gecko; compatible; ClaudeBot/1.0; +claudebot@anthropic.com)"
216.73.216.164 - - [31/Aug/2026:10:48:52 -0400] "GET /pn/ko_pn.php?dir=%2Fhome%2Fkozerus%2Fpublic_html%2Fka%2Ffb%2Foperation HTTP/2" 200 4309 "-" "Mozilla/5.0 AppleWebKit/537.36 (KHTML, like Gecko; compatible; ClaudeBot/1.0; +claudebot@anthropic.com)"
216.73.216.164 - - [31/Aug/2026:10:48:57 -0400] "GET /go/dgs0/images/7/b79.gif HTTP/2" 429 0 "-" "Mozilla/5.0 AppleWebKit/537.36 (KHTML, like Gecko; compatible; ClaudeBot/1.0; +claudebot@anthropic.com)"
216.73.216.164 - - [31/Aug/2026:10:49:02 -0400] "GET /js/wz_connect/idc-1024x1024.png HTTP/2" 200 299178 "-" "Mozilla/5.0 AppleWebKit/537.36 (KHTML, like Gecko; compatible; ClaudeBot/1.0; +claudebot@anthropic.com)"
66.249.69.227 - - [31/Aug/2026:10:49:06 -0400] "GET /fb/comics/dc/superman80/no004/pages/zn/zn_18.jpg HTTP/1.1" 404 1251 "-" "Googlebot-Image/1.0"
216.73.216.164 - - [31/Aug/2026:10:49:07 -0400] "GET /ko/turnjs4/samples/steve-jobs/pages/page77.html HTTP/2" 404 1251 "-" "Mozilla/5.0 AppleWebKit/537.36 (KHTML, like Gecko; compatible; ClaudeBot/1.0; +claudebot@anthropic.com)"
216.73.216.164 - - [31/Aug/2026:10:49:12 -0400] "GET /cropex/imgs/btn/topnav_ko1.png HTTP/2" 200 8780 "-" "Mozilla/5.0 AppleWebKit/537.36 (KHTML, like Gecko; compatible; ClaudeBot/1.0; +claudebot@anthropic.com)"
185.191.171.7 - - [31/Aug/2026:10:49:12 -0400] "GET /boilerplate/preact HTTP/1.1" 404 1251 "-" "Mozilla/5.0 (compatible; SemrushBot/7~bl; +http://www.semrush.com/bot.html)"
216.73.216.164 - - [31/Aug/2026:10:49:17 -0400] "GET /piwigo/language/fr_CA/help/admin.php?page=photos_add§ion=direct HTTP/2" 404 1251 "-" "Mozilla/5.0 AppleWebKit/537.36 (KHTML, like Gecko; compatible; ClaudeBot/1.0; +claudebot@anthropic.com)"
216.73.216.164 - - [31/Aug/2026:10:49:22 -0400] "GET /pn/ko_pn.php?dir=%2Fhome%2Fkozerus%2Fpublic_html%2Fko_center%2Fsql%2Fjk_20121202_171700.sql HTTP/2" 429 0 "-" "Mozilla/5.0 AppleWebKit/537.36 (KHTML, like Gecko; compatible; ClaudeBot/1.0; +claudebot@anthropic.com)"
216.73.216.164 - - [31/Aug/2026:10:49:27 -0400] "GET /dgs/images/50/b370.gif HTTP/2" 200 1392 "-" "Mozilla/5.0 AppleWebKit/537.36 (KHTML, like Gecko; compatible; ClaudeBot/1.0; +claudebot@anthropic.com)"
216.73.216.164 - - [31/Aug/2026:10:49:32 -0400] "GET /pn/ko_pn.php?dir=%2Fhome%2Fkozerus%2Fpublic_html%2Fpn%2Fuize%2Fsite-source%2Fjs%2FUize%2FServices%2FStoreAdapter.js HTTP/2" 200 4375 "-" "Mozilla/5.0 AppleWebKit/537.36 (KHTML, like Gecko; compatible; ClaudeBot/1.0; +claudebot@anthropic.com)"
216.73.216.164 - - [31/Aug/2026:10:49:37 -0400] "GET /pn/ko_pn.php?dir=%2Fhome%2Fkozerus%2Fpublic_html%2Fgo%2Fdgs%2Fscripts%2Fobsolete HTTP/2" 429 0 "-" "Mozilla/5.0 AppleWebKit/537.36 (KHTML, like Gecko; compatible; ClaudeBot/1.0; +claudebot@anthropic.com)"
216.73.216.164 - - [31/Aug/2026:10:49:42 -0400] "GET /ko_center/imgs/btn/proc.jpg HTTP/2" 200 8053 "-" "Mozilla/5.0 AppleWebKit/537.36 (KHTML, like Gecko; compatible; ClaudeBot/1.0; +claudebot@anthropic.com)"
66.249.69.227 - - [31/Aug/2026:10:49:47 -0400] "GET /fb/jtfdcr/pages/zn/zn_10_lof.jpg HTTP/1.1" 404 1251 "-" "Googlebot-Image/1.0"
216.73.216.164 - - [31/Aug/2026:10:49:47 -0400] "GET /pn/ko_pn.php?dir=%2Fhome%2Fkozerus%2Fpublic_html%2Fdgs%2Fdgs%2Fedit_picture.php HTTP/2" 429 0 "-" "Mozilla/5.0 AppleWebKit/537.36 (KHTML, like Gecko; compatible; ClaudeBot/1.0; +claudebot@anthropic.com)"
85.208.96.198 - - [31/Aug/2026:10:49:52 -0400] "GET /svc/jqgrid/searching.html HTTP/1.1" 404 1251 "-" "Mozilla/5.0 (compatible; SemrushBot/7~bl; +http://www.semrush.com/bot.html)"
216.73.216.164 - - [31/Aug/2026:10:49:52 -0400] "GET /pn/ko_pn.php?dir=%2Fhome%2Fkozerus%2Fpublic_html%2Fzc%2Fadam%2Fcoupon_admin_export.php HTTP/2" 200 8451 "-" "Mozilla/5.0 AppleWebKit/537.36 (KHTML, like Gecko; compatible; ClaudeBot/1.0; +claudebot@anthropic.com)"
216.73.216.164 - - [31/Aug/2026:10:49:57 -0400] "GET /pn/ko_pn.php?dir=%2Fhome%2Fkozerus%2Fpublic_html%2Fjs%2Fturnjs4%2Fsamples%2Fmagazine%2Fcss%2Fjquery.ui.css HTTP/2" 429 0 "-" "Mozilla/5.0 AppleWebKit/537.36 (KHTML, like Gecko; compatible; ClaudeBot/1.0; +claudebot@anthropic.com)"
216.73.216.164 - - [31/Aug/2026:10:50:02 -0400] "GET /pn/ko_pn.php?dir=%2Fhome%2Fkozerus%2Fpublic_html%2Fpn%2Fuize%2Fsite-source%2Fjs%2FUize%2FStr%2FRepeat.js HTTP/2" 200 4975 "-" "Mozilla/5.0 AppleWebKit/537.36 (KHTML, like Gecko; compatible; ClaudeBot/1.0; +claudebot@anthropic.com)"
216.73.216.164 - - [31/Aug/2026:10:50:07 -0400] "GET /pn/ko_pn.php?dir=%2Fhome%2Fkozerus%2Fpublic_html%2Fpiwigo%2Flanguage%2Fsh_RS%2Fcommon.lang.php HTTP/2" 429 0 "-" "Mozilla/5.0 AppleWebKit/537.36 (KHTML, like Gecko; compatible; ClaudeBot/1.0; +claudebot@anthropic.com)"
216.73.216.164 - - [31/Aug/2026:10:50:12 -0400] "GET /ko/turnjs4/samples/steve-jobs/pages/page67.html HTTP/2" 404 1251 "-" "Mozilla/5.0 AppleWebKit/537.36 (KHTML, like Gecko; compatible; ClaudeBot/1.0; +claudebot@anthropic.com)"
216.73.216.164 - - [31/Aug/2026:10:50:17 -0400] "GET /ko_center/imgs/btn/btn_us.gif HTTP/2" 200 1566 "-" "Mozilla/5.0 AppleWebKit/537.36 (KHTML, like Gecko; compatible; ClaudeBot/1.0; +claudebot@anthropic.com)"
216.73.216.164 - - [31/Aug/2026:10:50:22 -0400] "GET /go/dgs0/images/7/ur.gif HTTP/2" 429 0 "-" "Mozilla/5.0 AppleWebKit/537.36 (KHTML, like Gecko; compatible; ClaudeBot/1.0; +claudebot@anthropic.com)"
185.191.171.17 - - [31/Aug/2026:10:50:25 -0400] "GET /jtfinc/index.html HTTP/1.1" 404 1251 "-" "Mozilla/5.0 (compatible; SemrushBot/7~bl; +http://www.semrush.com/bot.html)"
216.73.216.164 - - [31/Aug/2026:10:50:27 -0400] "GET /pn/uize/site-source/js/Uize/Widgets/Buttons/Reset/Loc/en_ZZ.loc HTTP/2" 200 21 "-" "Mozilla/5.0 AppleWebKit/537.36 (KHTML, like Gecko; compatible; ClaudeBot/1.0; +claudebot@anthropic.com)"
216.73.216.164 - - [31/Aug/2026:10:50:32 -0400] "GET /pn/ko_pn.php?dir=%2Fhome%2Fkozerus%2Fpublic_html%2Fpiwigo%2Fadmin%2Fthemes%2Fdefault%2Fjs%2Fcat_modify.js HTTP/2" 429 0 "-" "Mozilla/5.0 AppleWebKit/537.36 (KHTML, like Gecko; compatible; ClaudeBot/1.0; +claudebot@anthropic.com)"
216.73.216.164 - - [31/Aug/2026:10:50:37 -0400] "GET /pn/ko_pn.php?dir=%2Fhome%2Fkozerus%2Fpublic_html%2Fcropex%2Fnode%2Fnode_modules%2Fmdast-util-to-hast%2Flib HTTP/2" 200 4234 "-" "Mozilla/5.0 AppleWebKit/537.36 (KHTML, like Gecko; compatible; ClaudeBot/1.0; +claudebot@anthropic.com)"
216.73.216.164 - - [31/Aug/2026:10:50:53 -0400] "GET /ko_center/imgs/btn/reports_burnout.png HTTP/2" 429 0 "-" "Mozilla/5.0 AppleWebKit/537.36 (KHTML, like Gecko; compatible; ClaudeBot/1.0; +claudebot@anthropic.com)"
216.73.216.164 - - [31/Aug/2026:10:50:58 -0400] "GET /imgs/links/tn/tn_Universal_Numbering_System_jak3.png HTTP/2" 200 118 "-" "Mozilla/5.0 AppleWebKit/537.36 (KHTML, like Gecko; compatible; ClaudeBot/1.0; +claudebot@anthropic.com)"
216.73.216.164 - - [31/Aug/2026:10:51:02 -0400] "GET /pn/ko_pn.php?dir=%2Fhome%2Fkozerus%2Fpublic_html%2Fpn%2Fuize%2Fsite-source%2Fjs%2FUize%2FWidgets%2FForm HTTP/2" 429 0 "-" "Mozilla/5.0 AppleWebKit/537.36 (KHTML, like Gecko; compatible; ClaudeBot/1.0; +claudebot@anthropic.com)"
216.73.216.164 - - [31/Aug/2026:10:51:07 -0400] "GET /go/dgs0/images/7/b251.gif HTTP/2" 200 272 "-" "Mozilla/5.0 AppleWebKit/537.36 (KHTML, like Gecko; compatible; ClaudeBot/1.0; +claudebot@anthropic.com)"
216.73.216.164 - - [31/Aug/2026:10:51:12 -0400] "GET /go/dgs0/images/7/w23.gif HTTP/2" 429 0 "-" "Mozilla/5.0 AppleWebKit/537.36 (KHTML, like Gecko; compatible; ClaudeBot/1.0; +claudebot@anthropic.com)"
216.73.216.164 - - [31/Aug/2026:10:51:18 -0400] "GET /go/dgs0/images/7/w205.gif HTTP/2" 200 272 "-" "Mozilla/5.0 AppleWebKit/537.36 (KHTML, like Gecko; compatible; ClaudeBot/1.0; +claudebot@anthropic.com)"
216.73.216.164 - - [31/Aug/2026:10:51:23 -0400] "GET /go/dgs0/images/7/b275.gif HTTP/2" 429 0 "-" "Mozilla/5.0 AppleWebKit/537.36 (KHTML, like Gecko; compatible; ClaudeBot/1.0; +claudebot@anthropic.com)"
216.73.216.164 - - [31/Aug/2026:10:51:28 -0400] "GET /go/dgs0/images/7/w233.gif HTTP/2" 200 272 "-" "Mozilla/5.0 AppleWebKit/537.36 (KHTML, like Gecko; compatible; ClaudeBot/1.0; +claudebot@anthropic.com)"
216.73.216.164 - - [31/Aug/2026:10:51:33 -0400] "GET /go/dgs0/images/7/w161.gif HTTP/2" 429 0 "-" "Mozilla/5.0 AppleWebKit/537.36 (KHTML, like Gecko; compatible; ClaudeBot/1.0; +claudebot@anthropic.com)"
216.73.216.164 - - [31/Aug/2026:10:51:38 -0400] "GET /go/dgs0/images/7/w13.gif HTTP/2" 200 271 "-" "Mozilla/5.0 AppleWebKit/537.36 (KHTML, like Gecko; compatible; ClaudeBot/1.0; +claudebot@anthropic.com)"
216.73.216.164 - - [31/Aug/2026:10:51:43 -0400] "GET /pn/ko_pn.php?dir=%2Fhome%2Fkozerus%2Fpublic_html%2Fpiwigo%2Flanguage%2Fzh_TW%2Fhelp%2Fconfiguration.html HTTP/2" 429 0 "-" "Mozilla/5.0 AppleWebKit/537.36 (KHTML, like Gecko; compatible; ClaudeBot/1.0; +claudebot@anthropic.com)"
216.73.216.164 - - [31/Aug/2026:10:51:48 -0400] "GET /pn/ko_pn.php?dir=%2Fhome%2Fkozerus%2Fpublic_html%2Fimgs%2Fjsdoit%2Fjsdoit_preload_plugin.png HTTP/2" 200 3900 "-" "Mozilla/5.0 AppleWebKit/537.36 (KHTML, like Gecko; compatible; ClaudeBot/1.0; +claudebot@anthropic.com)"
216.73.216.164 - - [31/Aug/2026:10:51:53 -0400] "GET /go/dgs0/images/7/w112.gif HTTP/2" 429 0 "-" "Mozilla/5.0 AppleWebKit/537.36 (KHTML, like Gecko; compatible; ClaudeBot/1.0; +claudebot@anthropic.com)"
216.73.216.164 - - [31/Aug/2026:10:51:58 -0400] "GET /js/turnjs4/samples/jkwii/pics/20.jpg HTTP/2" 200 5685 "-" "Mozilla/5.0 AppleWebKit/537.36 (KHTML, like Gecko; compatible; ClaudeBot/1.0; +claudebot@anthropic.com)"
74.7.227.147 - - [31/Aug/2026:10:48:24 -0400] "GET /imgs/btn/giphy_phone01b_09.png HTTP/2" 200 24298 "https://ko0.us/imgs/btn/?MA" "Mozilla/5.0 AppleWebKit/537.36 (KHTML, like Gecko; compatible; GPTBot/1.4; +https://openai.com/gptbot)"
66.249.69.228 - - [31/Aug/2026:10:48:26 -0400] "GET /zm/zm_nasa/apollo/463365main_M128202846LE/TileGroup0/0-0-0.jpg HTTP/1.1" 404 1251 "-" "Googlebot-Image/1.0"
74.7.227.147 - - [31/Aug/2026:10:48:32 -0400] "GET /imgs/btn/giphy_phone02w_18.png HTTP/2" 429 0 "https://ko0.us/imgs/btn/?MA" "Mozilla/5.0 AppleWebKit/537.36 (KHTML, like Gecko; compatible; GPTBot/1.4; +https://openai.com/gptbot)"
66.249.69.228 - - [31/Aug/2026:10:48:46 -0400] "GET /fb/kolog/pages/zn/zn_13.jpg HTTP/1.1" 404 1251 "-" "Googlebot-Image/1.0"
74.7.227.147 - - [31/Aug/2026:10:48:48 -0400] "GET /imgs/btn/giphy_phone01b_02.png HTTP/2" 429 0 "https://ko0.us/imgs/btn/?MA" "Mozilla/5.0 AppleWebKit/537.36 (KHTML, like Gecko; compatible; GPTBot/1.4; +https://openai.com/gptbot)"
74.7.227.147 - - [31/Aug/2026:10:48:56 -0400] "GET /imgs/btn/giphy_phone01b_04.png HTTP/2" 429 0 "https://ko0.us/imgs/btn/?MA" "Mozilla/5.0 AppleWebKit/537.36 (KHTML, like Gecko; compatible; GPTBot/1.4; +https://openai.com/gptbot)"
74.7.227.147 - - [31/Aug/2026:10:49:26 -0400] "GET /imgs/btn/giphy_phone02w_13.png HTTP/2" 429 0 "https://ko0.us/imgs/btn/?MA" "Mozilla/5.0 AppleWebKit/537.36 (KHTML, like Gecko; compatible; GPTBot/1.4; +https://openai.com/gptbot)"
66.249.77.98 - - [31/Aug/2026:10:49:26 -0400] "GET /pages/jtfdc_20200624_2000_stalkaround_jc3xof_silver_ford.png HTTP/1.1" 404 1251 "-" "Googlebot-Image/1.0"
74.7.227.147 - - [31/Aug/2026:10:49:46 -0400] "GET /imgs/btn/giphy_phone02w_17.png HTTP/2" 429 0 "https://ko0.us/imgs/btn/?MA" "Mozilla/5.0 AppleWebKit/537.36 (KHTML, like Gecko; compatible; GPTBot/1.4; +https://openai.com/gptbot)"
74.7.227.147 - - [31/Aug/2026:10:50:06 -0400] "GET /imgs/btn/giphy_phone02w_11.png HTTP/2" 200 25706 "https://ko0.us/imgs/btn/?MA" "Mozilla/5.0 AppleWebKit/537.36 (KHTML, like Gecko; compatible; GPTBot/1.4; +https://openai.com/gptbot)"
74.7.227.147 - - [31/Aug/2026:10:50:42 -0400] "GET /imgs/btn/giphy_phone01b_06.png HTTP/2" 200 22294 "https://ko0.us/imgs/btn/?MA" "Mozilla/5.0 AppleWebKit/537.36 (KHTML, like Gecko; compatible; GPTBot/1.4; +https://openai.com/gptbot)"
74.7.227.147 - - [31/Aug/2026:10:50:54 -0400] "GET /imgs/btn/giphy_phone01b_13.png HTTP/2" 200 22093 "https://ko0.us/imgs/btn/?MA" "Mozilla/5.0 AppleWebKit/537.36 (KHTML, like Gecko; compatible; GPTBot/1.4; +https://openai.com/gptbot)"
17.166.23.49 - - [31/Aug/2026:10:50:59 -0400] "GET /index_iperms.html HTTP/2" 200 715332 "-" "Mozilla/5.0 (Macintosh; Intel Mac OS X 10_15_7) AppleWebKit/605.1.15 (KHTML, like Gecko) Version/17.4 Safari/605.1.15 (Applebot/0.1; +http://www.apple.com/go/applebot)"
74.7.227.147 - - [31/Aug/2026:10:51:05 -0400] "GET /imgs/btn/giphy_phone02w_15.png HTTP/2" 200 19734 "https://ko0.us/imgs/btn/?MA" "Mozilla/5.0 AppleWebKit/537.36 (KHTML, like Gecko; compatible; GPTBot/1.4; +https://openai.com/gptbot)"
66.249.69.229 - - [31/Aug/2026:10:51:07 -0400] "GET /fb/kolog/pages/zn/zn_33.jpg HTTP/1.1" 404 1251 "-" "Googlebot-Image/1.0"
74.7.227.147 - - [31/Aug/2026:10:51:13 -0400] "GET /imgs/btn/giphy_phone02w_20.png HTTP/2" 429 0 "https://ko0.us/imgs/btn/?MA" "Mozilla/5.0 AppleWebKit/537.36 (KHTML, like Gecko; compatible; GPTBot/1.4; +https://openai.com/gptbot)"
74.7.227.147 - - [31/Aug/2026:10:51:19 -0400] "GET /imgs/btn/giphy_phone01b_20.png HTTP/2" 429 0 "https://ko0.us/imgs/btn/?MA" "Mozilla/5.0 AppleWebKit/537.36 (KHTML, like Gecko; compatible; GPTBot/1.4; +https://openai.com/gptbot)"
66.249.69.227 - - [31/Aug/2026:10:52:25 -0400] "GET /fb/comics/dc/superman80/no004/pages/zn/zn_56.jpg HTTP/1.1" 404 1251 "-" "Googlebot-Image/1.0"
74.7.227.147 - - [31/Aug/2026:10:52:40 -0400] "GET /imgs/btn/giphy_phone01b_07.png HTTP/2" 200 22718 "https://ko0.us/imgs/btn/?MA" "Mozilla/5.0 AppleWebKit/537.36 (KHTML, like Gecko; compatible; GPTBot/1.4; +https://openai.com/gptbot)"
216.73.216.164 - - [31/Aug/2026:10:52:53 -0400] "GET /go/dgs0/images/9/w130.gif HTTP/2" 200 297 "-" "Mozilla/5.0 AppleWebKit/537.36 (KHTML, like Gecko; compatible; ClaudeBot/1.0; +claudebot@anthropic.com)"
74.7.227.147 - - [31/Aug/2026:10:52:56 -0400] "GET /imgs/btn/btn_keyholes_butterflies.png HTTP/2" 200 291969 "https://ko0.us/imgs/btn/?MA" "Mozilla/5.0 AppleWebKit/537.36 (KHTML, like Gecko; compatible; GPTBot/1.4; +https://openai.com/gptbot)"
216.73.216.164 - - [31/Aug/2026:10:52:58 -0400] "GET /go/dgs0/images/5/w130.gif HTTP/2" 429 0 "-" "Mozilla/5.0 AppleWebKit/537.36 (KHTML, like Gecko; compatible; ClaudeBot/1.0; +claudebot@anthropic.com)"
216.73.216.164 - - [31/Aug/2026:10:53:03 -0400] "GET /go/dgs0/images/25/w68.gif HTTP/2" 200 624 "-" "Mozilla/5.0 AppleWebKit/537.36 (KHTML, like Gecko; compatible; ClaudeBot/1.0; +claudebot@anthropic.com)"
216.73.216.164 - - [31/Aug/2026:10:53:08 -0400] "GET /go/dgs0/images/5/w326.gif HTTP/2" 429 0 "-" "Mozilla/5.0 AppleWebKit/537.36 (KHTML, like Gecko; compatible; ClaudeBot/1.0; +claudebot@anthropic.com)"
74.7.227.147 - - [31/Aug/2026:10:53:09 -0400] "GET /imgs/btn/giphy_phone01b_11.png HTTP/2" 200 23815 "https://ko0.us/imgs/btn/?MA" "Mozilla/5.0 AppleWebKit/537.36 (KHTML, like Gecko; compatible; GPTBot/1.4; +https://openai.com/gptbot)"
216.73.216.164 - - [31/Aug/2026:10:53:13 -0400] "GET /pn/ko_pn.php?dir=%2Fhome%2Fkozerus%2Fpublic_html%2Fgo%2Fdgs%2Ftournaments%2Fedit_participant.php HTTP/2" 200 11956 "-" "Mozilla/5.0 AppleWebKit/537.36 (KHTML, like Gecko; compatible; ClaudeBot/1.0; +claudebot@anthropic.com)"
216.73.216.164 - - [31/Aug/2026:10:53:18 -0400] "GET /pn/ko_pn.php?dir=%2Fhome%2Fkozerus%2Fpublic_html%2Fgo%2Fdgs%2Fskins HTTP/2" 429 0 "-" "Mozilla/5.0 AppleWebKit/537.36 (KHTML, like Gecko; compatible; ClaudeBot/1.0; +claudebot@anthropic.com)"
74.7.227.147 - - [31/Aug/2026:10:53:19 -0400] "GET /imgs/btn/giphy_phone02w_00.png HTTP/2" 200 8930 "https://ko0.us/imgs/btn/?MA" "Mozilla/5.0 AppleWebKit/537.36 (KHTML, like Gecko; compatible; GPTBot/1.4; +https://openai.com/gptbot)"
216.73.216.164 - - [31/Aug/2026:10:53:23 -0400] "GET /pn/ko_pn.php?dir=%2Fhome%2Fkozerus%2Fpublic_html%2Fgo%2Fpages%2Ftn HTTP/2" 200 4849 "-" "Mozilla/5.0 AppleWebKit/537.36 (KHTML, like Gecko; compatible; ClaudeBot/1.0; +claudebot@anthropic.com)"
74.7.227.147 - - [31/Aug/2026:10:53:27 -0400] "GET /imgs/btn/giphy_phone01b_00.png HTTP/2" 429 0 "https://ko0.us/imgs/btn/?MA" "Mozilla/5.0 AppleWebKit/537.36 (KHTML, like Gecko; compatible; GPTBot/1.4; +https://openai.com/gptbot)"
216.73.216.164 - - [31/Aug/2026:10:53:28 -0400] "GET /pn/ko_pn.php?dir=%2Fhome%2Fkozerus%2Fpublic_html%2Fjs%2Fturnjs4%2Fextras%2Fjquery-ui-1.8.20.custom.min.js HTTP/2" 429 0 "-" "Mozilla/5.0 AppleWebKit/537.36 (KHTML, like Gecko; compatible; ClaudeBot/1.0; +claudebot@anthropic.com)"
85.208.96.193 - - [31/Aug/2026:10:53:33 -0400] "GET /kup.html?q=kup HTTP/1.1" 200 182668 "-" "Mozilla/5.0 (compatible; SemrushBot/7~bl; +http://www.semrush.com/bot.html)"
216.73.216.164 - - [31/Aug/2026:10:53:33 -0400] "GET /pn/ko_pn.php?dir=%2Fhome%2Fkozerus%2Fpublic_html%2Fgo%2Fdgs%2Fko_neave_pi.html HTTP/2" 200 68931 "-" "Mozilla/5.0 AppleWebKit/537.36 (KHTML, like Gecko; compatible; ClaudeBot/1.0; +claudebot@anthropic.com)"
74.7.227.147 - - [31/Aug/2026:10:53:34 -0400] "GET /imgs/btn/giphy_phone01b_01.png HTTP/2" 429 0 "https://ko0.us/imgs/btn/?MA" "Mozilla/5.0 AppleWebKit/537.36 (KHTML, like Gecko; compatible; GPTBot/1.4; +https://openai.com/gptbot)"
216.73.216.164 - - [31/Aug/2026:10:53:38 -0400] "GET /pn/ko_pn.php?dir=%2Fhome%2Fkozerus%2Fpublic_html%2Fgo%2Feidogo%2Fapp%2F.DS_Store HTTP/2" 429 0 "-" "Mozilla/5.0 AppleWebKit/537.36 (KHTML, like Gecko; compatible; ClaudeBot/1.0; +claudebot@anthropic.com)"
216.73.216.164 - - [31/Aug/2026:10:53:43 -0400] "GET /pn/ko_pn.php?dir=%2Fhome%2Fkozerus%2Fpublic_html%2Fpn%2Fuize%2Fsite-source%2Fjs%2FUize%2FWidgets%2FBars%2FUsedAndRemaining HTTP/2" 200 4088 "-" "Mozilla/5.0 AppleWebKit/537.36 (KHTML, like Gecko; compatible; ClaudeBot/1.0; +claudebot@anthropic.com)"
66.249.69.227 - - [31/Aug/2026:10:53:45 -0400] "GET /imgs/gif/knotb.gif HTTP/1.1" 404 1251 "-" "Googlebot-Image/1.0"
185.191.171.4 - - [31/Aug/2026:10:53:46 -0400] "GET /index_vu_20200226_1345.html HTTP/1.1" 404 1251 "-" "Mozilla/5.0 (compatible; SemrushBot/7~bl; +http://www.semrush.com/bot.html)"
216.73.216.164 - - [31/Aug/2026:10:53:48 -0400] "GET /pn/ko_pn.php?dir=%2Fhome%2Fkozerus%2Fpublic_html%2Fpn%2Fuize%2Fsite-source%2Fjs%2FUize%2FWidget%2FDialog%2FCalculator.todo HTTP/2" 429 0 "-" "Mozilla/5.0 AppleWebKit/537.36 (KHTML, like Gecko; compatible; ClaudeBot/1.0; +claudebot@anthropic.com)"
216.73.216.164 - - [31/Aug/2026:10:53:53 -0400] "GET /pn/ko_pn.php?dir=%2Fhome%2Fkozerus%2Fpublic_html%2Fdgs%2Fdgs%2Findex_.htm HTTP/2" 200 548212 "-" "Mozilla/5.0 AppleWebKit/537.36 (KHTML, like Gecko; compatible; ClaudeBot/1.0; +claudebot@anthropic.com)"
216.73.216.164 - - [31/Aug/2026:10:53:58 -0400] "GET /js/turnjs4/samples/magazine/pages/68.jpg HTTP/2" 429 0 "-" "Mozilla/5.0 AppleWebKit/537.36 (KHTML, like Gecko; compatible; ClaudeBot/1.0; +claudebot@anthropic.com)"
74.7.227.147 - - [31/Aug/2026:10:53:58 -0400] "GET /imgs/btn/giphy_phone02_18.png HTTP/2" 429 0 "https://ko0.us/imgs/btn/?MA" "Mozilla/5.0 AppleWebKit/537.36 (KHTML, like Gecko; compatible; GPTBot/1.4; +https://openai.com/gptbot)"
216.73.216.164 - - [31/Aug/2026:10:54:03 -0400] "GET /go/dgs0/images/5/elg.gif HTTP/2" 200 56 "-" "Mozilla/5.0 AppleWebKit/537.36 (KHTML, like Gecko; compatible; ClaudeBot/1.0; +claudebot@anthropic.com)"
216.73.216.164 - - [31/Aug/2026:10:54:08 -0400] "GET /pn/ko_pn.php?dir=%2Fhome%2Fkozerus%2Fpublic_html%2Fpn%2Fuize%2Fsite-source%2Fjs%2FUize%2FLoc%2FFileFormats%2FPo.js HTTP/2" 429 0 "-" "Mozilla/5.0 AppleWebKit/537.36 (KHTML, like Gecko; compatible; ClaudeBot/1.0; +claudebot@anthropic.com)"
74.7.227.147 - - [31/Aug/2026:10:54:10 -0400] "GET /imgs/btn/giphy_phone02_14.png HTTP/2" 429 0 "https://ko0.us/imgs/btn/?MA" "Mozilla/5.0 AppleWebKit/537.36 (KHTML, like Gecko; compatible; GPTBot/1.4; +https://openai.com/gptbot)"
216.73.216.164 - - [31/Aug/2026:10:54:13 -0400] "GET /pn/ko_pn.php?dir=%2Fhome%2Fkozerus%2Fpublic_html%2Fpn%2Fuize%2Fsite-source%2Fjs%2FUize%2FWidgets%2FColorSwatch%2FWidget.js HTTP/2" 200 4760 "-" "Mozilla/5.0 AppleWebKit/537.36 (KHTML, like Gecko; compatible; ClaudeBot/1.0; +claudebot@anthropic.com)"
216.73.216.164 - - [31/Aug/2026:10:54:18 -0400] "GET /pn/ko_pn.php?dir=%2Fhome%2Fkozerus%2Fpublic_html%2Feidogo%2Fapp%2Fopen.sh HTTP/2" 429 0 "-" "Mozilla/5.0 AppleWebKit/537.36 (KHTML, like Gecko; compatible; ClaudeBot/1.0; +claudebot@anthropic.com)"
216.73.216.164 - - [31/Aug/2026:10:54:23 -0400] "GET /go/dgs0/images/7/lg.gif HTTP/2" 200 157 "-" "Mozilla/5.0 AppleWebKit/537.36 (KHTML, like Gecko; compatible; ClaudeBot/1.0; +claudebot@anthropic.com)"
66.249.69.228 - - [31/Aug/2026:10:54:25 -0400] "GET /fb/comics/dc/superman80/no004/pages/zn/zn_75.jpg HTTP/1.1" 404 1251 "-" "Googlebot-Image/1.0"
74.7.227.147 - - [31/Aug/2026:10:54:28 -0400] "GET /imgs/btn/giphy_phone02_13.png HTTP/2" 429 0 "https://ko0.us/imgs/btn/?MA" "Mozilla/5.0 AppleWebKit/537.36 (KHTML, like Gecko; compatible; GPTBot/1.4; +https://openai.com/gptbot)"
216.73.216.164 - - [31/Aug/2026:10:54:28 -0400] "GET /pn/ko_pn.php?dir=%2Fhome%2Fkozerus%2Fpublic_html%2Fimgs%2Fjsdoit%2Fjsdoit_css_sterictex.png HTTP/2" 429 0 "-" "Mozilla/5.0 AppleWebKit/537.36 (KHTML, like Gecko; compatible; ClaudeBot/1.0; +claudebot@anthropic.com)"
216.73.216.164 - - [31/Aug/2026:10:54:33 -0400] "GET /go/dgs0/images/25/dlw.gif HTTP/2" 200 99 "-" "Mozilla/5.0 AppleWebKit/537.36 (KHTML, like Gecko; compatible; ClaudeBot/1.0; +claudebot@anthropic.com)"
216.73.216.164 - - [31/Aug/2026:10:54:38 -0400] "GET /pn/ko_pn.php?dir=%2Fhome%2Fkozerus%2Fpublic_html%2Fjs%2Fturnjs4%2Fsamples%2Fdocs%2Fpages%2F25.png HTTP/2" 429 0 "-" "Mozilla/5.0 AppleWebKit/537.36 (KHTML, like Gecko; compatible; ClaudeBot/1.0; +claudebot@anthropic.com)"
216.73.216.164 - - [31/Aug/2026:10:54:43 -0400] "GET /pn/ko_pn.php?dir=%2Fhome%2Fkozerus%2Fpublic_html%2Fpiwigo%2Flanguage%2Fcs_CZ%2Fhelp%2Fhelp_add_photos.html HTTP/2" 200 4549 "-" "Mozilla/5.0 AppleWebKit/537.36 (KHTML, like Gecko; compatible; ClaudeBot/1.0; +claudebot@anthropic.com)"
74.7.227.147 - - [31/Aug/2026:10:54:48 -0400] "GET /imgs/btn/giphy_phone02_15.png HTTP/2" 200 25627 "https://ko0.us/imgs/btn/?MA" "Mozilla/5.0 AppleWebKit/537.36 (KHTML, like Gecko; compatible; GPTBot/1.4; +https://openai.com/gptbot)"
216.73.216.164 - - [31/Aug/2026:10:54:48 -0400] "GET /go/dgs0/images/7/w106.gif HTTP/2" 429 0 "-" "Mozilla/5.0 AppleWebKit/537.36 (KHTML, like Gecko; compatible; ClaudeBot/1.0; +claudebot@anthropic.com)"
216.73.216.164 - - [31/Aug/2026:10:54:53 -0400] "GET /ko_center/imgs/btn/btn_usm_civ.gif HTTP/2" 200 1566 "-" "Mozilla/5.0 AppleWebKit/537.36 (KHTML, like Gecko; compatible; ClaudeBot/1.0; +claudebot@anthropic.com)"
216.73.216.164 - - [31/Aug/2026:10:54:58 -0400] "GET /pn/ko_pn.php?dir=%2Fhome%2Fkozerus%2Fpublic_html%2Fjs%2Fturnjs4%2Fsamples%2Fdocs%2Fpics%2Fpreview.jpg HTTP/2" 429 0 "-" "Mozilla/5.0 AppleWebKit/537.36 (KHTML, like Gecko; compatible; ClaudeBot/1.0; +claudebot@anthropic.com)"
216.73.216.164 - - [31/Aug/2026:10:55:03 -0400] "GET /pn/ko_pn.php?dir=%2Fhome%2Fkozerus%2Fpublic_html%2Fimgs%2Fjsdoit%2Fjsdoit_world_css3d.png HTTP/2" 200 3910 "-" "Mozilla/5.0 AppleWebKit/537.36 (KHTML, like Gecko; compatible; ClaudeBot/1.0; +claudebot@anthropic.com)"
185.191.171.18 - - [31/Aug/2026:10:55:05 -0400] "GET /boilerplate/bootstrap HTTP/1.1" 404 1251 "-" "Mozilla/5.0 (compatible; SemrushBot/7~bl; +http://www.semrush.com/bot.html)"
74.7.227.147 - - [31/Aug/2026:10:55:08 -0400] "GET /imgs/btn/giphy_phone02_19.png HTTP/2" 200 11461 "https://ko0.us/imgs/btn/?MA" "Mozilla/5.0 AppleWebKit/537.36 (KHTML, like Gecko; compatible; GPTBot/1.4; +https://openai.com/gptbot)"
216.73.216.164 - - [31/Aug/2026:10:55:08 -0400] "GET /go/dgs0/images/7/w278.gif HTTP/2" 429 0 "-" "Mozilla/5.0 AppleWebKit/537.36 (KHTML, like Gecko; compatible; ClaudeBot/1.0; +claudebot@anthropic.com)"
216.73.216.164 - - [31/Aug/2026:10:55:13 -0400] "GET /pn/ko_pn.php?dir=%2Fhome%2Fkozerus%2Fpublic_html%2Fka%2Ffb%2Fkassil_walter HTTP/2" 200 4053 "-" "Mozilla/5.0 AppleWebKit/537.36 (KHTML, like Gecko; compatible; ClaudeBot/1.0; +claudebot@anthropic.com)"
216.73.216.164 - - [31/Aug/2026:10:55:18 -0400] "GET /go/dgs0/images/7/w365.gif HTTP/2" 429 0 "-" "Mozilla/5.0 AppleWebKit/537.36 (KHTML, like Gecko; compatible; ClaudeBot/1.0; +claudebot@anthropic.com)"
216.73.216.164 - - [31/Aug/2026:10:55:23 -0400] "GET /go/dgs0/images/7/w99.gif HTTP/2" 200 272 "-" "Mozilla/5.0 AppleWebKit/537.36 (KHTML, like Gecko; compatible; ClaudeBot/1.0; +claudebot@anthropic.com)"
74.7.227.147 - - [31/Aug/2026:10:55:24 -0400] "GET /imgs/btn/kobw_spray_maski_mask.png HTTP/2" 200 1297 "https://ko0.us/imgs/btn/?MA" "Mozilla/5.0 AppleWebKit/537.36 (KHTML, like Gecko; compatible; GPTBot/1.4; +https://openai.com/gptbot)"
216.73.216.164 - - [31/Aug/2026:10:55:28 -0400] "GET /pn/ko_pn.php?dir=%2Fhome%2Fkozerus%2Fpublic_html%2Fcropex%2Fnode%2Fnode_modules%2F%40radix-ui%2Freact-radio-group%2Fdist%2Findex.mjs HTTP/2" 429 0 "-" "Mozilla/5.0 AppleWebKit/537.36 (KHTML, like Gecko; compatible; ClaudeBot/1.0; +claudebot@anthropic.com)"
216.73.216.164 - - [31/Aug/2026:10:55:33 -0400] "GET /go/dgs0/images/7/w125.gif HTTP/2" 200 272 "-" "Mozilla/5.0 AppleWebKit/537.36 (KHTML, like Gecko; compatible; ClaudeBot/1.0; +claudebot@anthropic.com)"
216.73.216.164 - - [31/Aug/2026:10:55:38 -0400] "GET /go/dgs0/images/7/w38.gif HTTP/2" 429 0 "-" "Mozilla/5.0 AppleWebKit/537.36 (KHTML, like Gecko; compatible; ClaudeBot/1.0; +claudebot@anthropic.com)"
85.208.96.207 - - [31/Aug/2026:10:55:41 -0400] "GET /pdf/web/viewer.html?file=%2Fpdf%2Fpdf%2Flaw_keuhlig_alexander_jtf20_title2.pdf HTTP/1.1" 200 4235 "-" "Mozilla/5.0 (compatible; SemrushBot/7~bl; +http://www.semrush.com/bot.html)"
216.73.216.164 - - [31/Aug/2026:10:52:03 -0400] "GET /cropex/imgs/kogrids/kob_grid5.png HTTP/2" 429 0 "-" "Mozilla/5.0 AppleWebKit/537.36 (KHTML, like Gecko; compatible; ClaudeBot/1.0; +claudebot@anthropic.com)"
216.73.216.164 - - [31/Aug/2026:10:52:08 -0400] "GET /pn/ko_pn.php?dir=%2Fhome%2Fkozerus%2Fpublic_html%2Fpn%2Fuize%2Fsite-source%2Fjs%2FUize%2FWidgets%2FColorsTransformer%2FVisualTests.js HTTP/2" 200 4471 "-" "Mozilla/5.0 AppleWebKit/537.36 (KHTML, like Gecko; compatible; ClaudeBot/1.0; +claudebot@anthropic.com)"
216.73.216.164 - - [31/Aug/2026:10:52:13 -0400] "GET /go/dgs0/images/7/w141.gif HTTP/2" 429 0 "-" "Mozilla/5.0 AppleWebKit/537.36 (KHTML, like Gecko; compatible; ClaudeBot/1.0; +claudebot@anthropic.com)"
216.73.216.164 - - [31/Aug/2026:10:52:18 -0400] "GET /pn/ko_pn.php?dir=%2Fhome%2Fkozerus%2Fpublic_html%2Fdgs%2Fdgs%2Fpeople.php HTTP/2" 200 7898 "-" "Mozilla/5.0 AppleWebKit/537.36 (KHTML, like Gecko; compatible; ClaudeBot/1.0; +claudebot@anthropic.com)"
216.73.216.164 - - [31/Aug/2026:10:52:23 -0400] "GET /go/dgs0/images/7/w307.gif HTTP/2" 429 0 "-" "Mozilla/5.0 AppleWebKit/537.36 (KHTML, like Gecko; compatible; ClaudeBot/1.0; +claudebot@anthropic.com)"
216.73.216.164 - - [31/Aug/2026:10:52:28 -0400] "GET /go/dgs0/images/25/c14.gif HTTP/2" 200 170 "-" "Mozilla/5.0 AppleWebKit/537.36 (KHTML, like Gecko; compatible; ClaudeBot/1.0; +claudebot@anthropic.com)"
216.73.216.164 - - [31/Aug/2026:10:52:33 -0400] "GET /pn/ko_pn.php?dir=%2Fhome%2Fkozerus%2Fpublic_html%2Fpiwigo%2Fplugins%2FTakeATour%2Flanguage%2Fru_RU HTTP/2" 429 0 "-" "Mozilla/5.0 AppleWebKit/537.36 (KHTML, like Gecko; compatible; ClaudeBot/1.0; +claudebot@anthropic.com)"
216.73.216.164 - - [31/Aug/2026:10:52:38 -0400] "GET /pn/ko_pn.php?dir=%2Fhome%2Fkozerus%2Fpublic_html%2Fpiwigo%2Fplugins%2FTakeATour%2Ftours%2F2_7_0 HTTP/2" 200 3981 "-" "Mozilla/5.0 AppleWebKit/537.36 (KHTML, like Gecko; compatible; ClaudeBot/1.0; +claudebot@anthropic.com)"
216.73.216.164 - - [31/Aug/2026:10:52:43 -0400] "GET /pn/ko_pn.php?dir=%2Fhome%2Fkozerus%2Fpublic_html%2Fpiwigo%2Flanguage%2Fsl_SI%2F HTTP/2" 429 0 "-" "Mozilla/5.0 AppleWebKit/537.36 (KHTML, like Gecko; compatible; ClaudeBot/1.0; +claudebot@anthropic.com)"
216.73.216.164 - - [31/Aug/2026:10:52:48 -0400] "GET /imgs/links/tn/tn_ko2us.png HTTP/2" 200 2355 "-" "Mozilla/5.0 AppleWebKit/537.36 (KHTML, like Gecko; compatible; ClaudeBot/1.0; +claudebot@anthropic.com)"
216.73.216.164 - - [31/Aug/2026:10:55:43 -0400] "GET /pn/ko_pn.php?dir=%2Fhome%2Fkozerus%2Fpublic_html%2Fzm%2Fhrc2011%2FTileGroup1%2F6-1-3.jpg HTTP/2" 200 3903 "-" "Mozilla/5.0 AppleWebKit/537.36 (KHTML, like Gecko; compatible; ClaudeBot/1.0; +claudebot@anthropic.com)"
66.249.69.227 - - [31/Aug/2026:10:55:44 -0400] "GET /fb/comics/dc/superman80/no004/pages/zn/zn_27.jpg HTTP/1.1" 404 1251 "-" "Googlebot-Image/1.0"
216.73.216.164 - - [31/Aug/2026:10:55:48 -0400] "GET /ko_center/zm5/hrc_d/TileGroup1/5-8-12.jpg HTTP/2" 429 0 "-" "Mozilla/5.0 AppleWebKit/537.36 (KHTML, like Gecko; compatible; ClaudeBot/1.0; +claudebot@anthropic.com)"
216.73.216.164 - - [31/Aug/2026:10:55:53 -0400] "GET /js/turnjs4/samples/magazine/pages/zn/zn_10.jpg HTTP/2" 200 315553 "-" "Mozilla/5.0 AppleWebKit/537.36 (KHTML, like Gecko; compatible; ClaudeBot/1.0; +claudebot@anthropic.com)"
216.73.216.164 - - [31/Aug/2026:10:55:58 -0400] "GET /pn/ko_pn.php?dir=%2Fhome%2Fkozerus%2Fpublic_html%2Fimgs%2Fbtn%2Fbtn_black.jpg HTTP/2" 429 0 "-" "Mozilla/5.0 AppleWebKit/537.36 (KHTML, like Gecko; compatible; ClaudeBot/1.0; +claudebot@anthropic.com)"
216.73.216.164 - - [31/Aug/2026:10:56:03 -0400] "GET /pn/ko_pn.php?dir=%2Fhome%2Fkozerus%2Fpublic_html%2Fzm%2Fhrc2011%2FTileGroup2%2F6-42-9.jpg HTTP/2" 200 3885 "-" "Mozilla/5.0 AppleWebKit/537.36 (KHTML, like Gecko; compatible; ClaudeBot/1.0; +claudebot@anthropic.com)"
216.73.216.164 - - [31/Aug/2026:10:56:08 -0400] "GET /ko_center/zm5/hrc_dr18d29/TileGroup2/6-39-3.jpg HTTP/2" 429 0 "-" "Mozilla/5.0 AppleWebKit/537.36 (KHTML, like Gecko; compatible; ClaudeBot/1.0; +claudebot@anthropic.com)"
216.73.216.164 - - [31/Aug/2026:10:56:13 -0400] "GET /pn/ko_pn.php?dir=%2Fhome%2Fkozerus%2Fpublic_html%2Fimgs%2Fbh%2Fgreen-blink-2.gif HTTP/2" 200 3908 "-" "Mozilla/5.0 AppleWebKit/537.36 (KHTML, like Gecko; compatible; ClaudeBot/1.0; +claudebot@anthropic.com)"
216.73.216.164 - - [31/Aug/2026:10:56:18 -0400] "GET /ko_center/zm5/hrc_cr01c00/TileGroup2/6-2-2.jpg HTTP/2" 429 0 "-" "Mozilla/5.0 AppleWebKit/537.36 (KHTML, like Gecko; compatible; ClaudeBot/1.0; +claudebot@anthropic.com)"
85.208.96.194 - - [31/Aug/2026:10:56:19 -0400] "GET /mob_lists.html HTTP/1.1" 200 1166016 "-" "Mozilla/5.0 (compatible; SemrushBot/7~bl; +http://www.semrush.com/bot.html)"
216.73.216.164 - - [31/Aug/2026:10:56:23 -0400] "GET /pn/ko_pn.php?dir=%2Fhome%2Fkozerus%2Fpublic_html%2Fzm%2Fhrc2011%2FTileGroup5%2F7-86-5.jpg HTTP/2" 200 3885 "-" "Mozilla/5.0 AppleWebKit/537.36 (KHTML, like Gecko; compatible; ClaudeBot/1.0; +claudebot@anthropic.com)"
216.73.216.164 - - [31/Aug/2026:10:56:28 -0400] "GET /pn/ko_pn.php?dir=%2Fhome%2Fkozerus%2Fpublic_html%2Fzm%2Fhrc2011%2FTileGroup1%2F6-17-2.jpg HTTP/2" 429 0 "-" "Mozilla/5.0 AppleWebKit/537.36 (KHTML, like Gecko; compatible; ClaudeBot/1.0; +claudebot@anthropic.com)"
216.73.216.164 - - [31/Aug/2026:10:56:33 -0400] "GET /ko_center/zm5/hrc_dr18d29/TileGroup2/6-8-0.jpg HTTP/2" 200 2523 "-" "Mozilla/5.0 AppleWebKit/537.36 (KHTML, like Gecko; compatible; ClaudeBot/1.0; +claudebot@anthropic.com)"
216.73.216.164 - - [31/Aug/2026:10:56:38 -0400] "GET /pn/ko_pn.php?dir=%2Fhome%2Fkozerus%2Fpublic_html%2Fimgs%2Fbtn%2Fkoeyew_.png HTTP/2" 429 0 "-" "Mozilla/5.0 AppleWebKit/537.36 (KHTML, like Gecko; compatible; ClaudeBot/1.0; +claudebot@anthropic.com)"
216.73.216.164 - - [31/Aug/2026:10:56:43 -0400] "GET /pn/ko_pn.php?dir=%2Fhome%2Fkozerus%2Fpublic_html%2Fimgs%2Fbtn%2Fkoeyeb_media.png HTTP/2" 200 3915 "-" "Mozilla/5.0 AppleWebKit/537.36 (KHTML, like Gecko; compatible; ClaudeBot/1.0; +claudebot@anthropic.com)"
216.73.216.164 - - [31/Aug/2026:10:56:48 -0400] "GET /ko_center/zm5/hrc_dr18d29/TileGroup2/6-23-3.jpg HTTP/2" 429 0 "-" "Mozilla/5.0 AppleWebKit/537.36 (KHTML, like Gecko; compatible; ClaudeBot/1.0; +claudebot@anthropic.com)"
216.73.216.164 - - [31/Aug/2026:10:56:53 -0400] "GET /pn/ko_pn.php?dir=%2Fhome%2Fkozerus%2Fpublic_html%2Fzm%2Fhrc2011%2FTileGroup5%2F7-67-5.jpg HTTP/2" 200 3885 "-" "Mozilla/5.0 AppleWebKit/537.36 (KHTML, like Gecko; compatible; ClaudeBot/1.0; +claudebot@anthropic.com)"
216.73.216.164 - - [31/Aug/2026:10:56:58 -0400] "GET /pn/ko_pn.php?dir=%2Fhome%2Fkozerus%2Fpublic_html%2Fzm%2Fhrc2011%2FTileGroup5%2F7-69-5.jpg HTTP/2" 429 0 "-" "Mozilla/5.0 AppleWebKit/537.36 (KHTML, like Gecko; compatible; ClaudeBot/1.0; +claudebot@anthropic.com)"
216.73.216.164 - - [31/Aug/2026:10:57:03 -0400] "GET /pn/ko_pn.php?dir=%2Fhome%2Fkozerus%2Fpublic_html%2Fzm%2Fhrc2011%2FTileGroup10%2F7-75-18.jpg HTTP/2" 200 3897 "-" "Mozilla/5.0 AppleWebKit/537.36 (KHTML, like Gecko; compatible; ClaudeBot/1.0; +claudebot@anthropic.com)"
216.73.216.164 - - [31/Aug/2026:10:57:08 -0400] "GET /ko_center/zm5/hrc_dr18d29/TileGroup2/6-20-3.jpg HTTP/2" 429 0 "-" "Mozilla/5.0 AppleWebKit/537.36 (KHTML, like Gecko; compatible; ClaudeBot/1.0; +claudebot@anthropic.com)"
216.73.216.164 - - [31/Aug/2026:10:57:13 -0400] "GET /pn/ko_pn.php?dir=%2Fhome%2Fkozerus%2Fpublic_html%2Fzm%2Fhrc2011%2FTileGroup1%2F6-31-2.jpg HTTP/2" 200 3885 "-" "Mozilla/5.0 AppleWebKit/537.36 (KHTML, like Gecko; compatible; ClaudeBot/1.0; +claudebot@anthropic.com)"
216.73.216.164 - - [31/Aug/2026:10:57:19 -0400] "GET /pn/ko_pn.php?dir=%2Fhome%2Fkozerus%2Fpublic_html%2Fdgs%2Fimages%2F5%2Fb479.gif HTTP/2" 429 0 "-" "Mozilla/5.0 AppleWebKit/537.36 (KHTML, like Gecko; compatible; ClaudeBot/1.0; +claudebot@anthropic.com)"
216.73.216.164 - - [31/Aug/2026:10:57:24 -0400] "GET /pn/ko_pn.php?dir=%2Fhome%2Fkozerus%2Fpublic_html%2Fdgs%2Fimages%2F5%2Fb198.gif HTTP/2" 200 3935 "-" "Mozilla/5.0 AppleWebKit/537.36 (KHTML, like Gecko; compatible; ClaudeBot/1.0; +claudebot@anthropic.com)"
52.167.144.176 - - [31/Aug/2026:10:48:37 -0400] "GET /ko_center/ko_center.php?q=detail/cm51 HTTP/2" 500 0 "-" "Mozilla/5.0 AppleWebKit/537.36 (KHTML, like Gecko; compatible; bingbot/2.0; +http://www.bing.com/bingbot.htm) Chrome/116.0.1938.76 Safari/537.36"
85.208.96.198 - - [31/Aug/2026:10:50:09 -0400] "GET /index_jsdk HTTP/1.1" 404 1251 "-" "Mozilla/5.0 (compatible; SemrushBot/7~bl; +http://www.semrush.com/bot.html)"
66.249.69.227 - - [31/Aug/2026:10:50:46 -0400] "GET /fb/ka/imgs/ipad_20200102_1313_kacalendar/zn/zn_IMG_0481-84.jpg HTTP/1.1" 404 1251 "-" "Googlebot-Image/1.0"
85.208.96.211 - - [31/Aug/2026:10:51:25 -0400] "GET /fb/bookmarkusb HTTP/1.1" 404 1251 "-" "Mozilla/5.0 (compatible; SemrushBot/7~bl; +http://www.semrush.com/bot.html)"
66.249.69.227 - - [31/Aug/2026:10:51:27 -0400] "GET /fb/jtfinc/jtf21/pages/zn/zn_14.jpg HTTP/1.1" 404 1251 "-" "Googlebot-Image/1.0"
66.249.69.227 - - [31/Aug/2026:10:51:47 -0400] "GET /fb/comics/dc/superman80/no004/pages/zn/zn_14.jpg HTTP/1.1" 404 1251 "-" "Googlebot-Image/1.0"
185.191.171.7 - - [31/Aug/2026:10:52:33 -0400] "GET /ka/fb/jsk2/emilia/fb.html HTTP/1.1" 404 1251 "-" "Mozilla/5.0 (compatible; SemrushBot/7~bl; +http://www.semrush.com/bot.html)"
66.249.69.228 - - [31/Aug/2026:10:53:06 -0400] "GET /fb/kolog/pages/zn/zn_26.jpg HTTP/1.1" 404 1251 "-" "Googlebot-Image/1.0"
85.208.96.212 - - [31/Aug/2026:10:53:14 -0400] "GET /index_20190701_0726_bugs_random.html HTTP/1.1" 404 1251 "-" "Mozilla/5.0 (compatible; SemrushBot/7~bl; +http://www.semrush.com/bot.html)"
17.166.237.254 - - [31/Aug/2026:10:54:53 -0400] "GET /dd.html HTTP/2" 200 721552 "-" "Mozilla/5.0 (Macintosh; Intel Mac OS X 10_15_7) AppleWebKit/605.1.15 (KHTML, like Gecko) Version/17.4 Safari/605.1.15 (Applebot/0.1; +http://www.apple.com/go/applebot)"
85.208.96.193 - - [31/Aug/2026:10:55:06 -0400] "GET /index2big_20200312_1030.html HTTP/1.1" 404 1251 "-" "Mozilla/5.0 (compatible; SemrushBot/7~bl; +http://www.semrush.com/bot.html)"
66.249.69.228 - - [31/Aug/2026:10:57:04 -0400] "GET /imgs/gif/knotp.gif HTTP/1.1" 404 1251 "-" "Googlebot-Image/1.0"
85.208.96.204 - - [31/Aug/2026:10:57:13 -0400] "GET /index_sl_kb-books-jmh-jmh71-jmh71b.html HTTP/1.1" 404 1251 "-" "Mozilla/5.0 (compatible; SemrushBot/7~bl; +http://www.semrush.com/bot.html)"
216.73.216.164 - - [31/Aug/2026:10:57:44 -0400] "GET /pn/ko_pn.php?dir=%2Fhome%2Fkozerus%2Fpublic_html%2Fzm%2Fhrc2011%2FTileGroup5%2F7-78-5.jpg HTTP/2" 200 3887 "-" "Mozilla/5.0 AppleWebKit/537.36 (KHTML, like Gecko; compatible; ClaudeBot/1.0; +claudebot@anthropic.com)"
216.73.216.164 - - [31/Aug/2026:10:57:49 -0400] "GET /ko_center/zm5/hrc_dr21d42/TileGroup0/4-9-5.jpg HTTP/2" 429 0 "-" "Mozilla/5.0 AppleWebKit/537.36 (KHTML, like Gecko; compatible; ClaudeBot/1.0; +claudebot@anthropic.com)"
216.73.216.164 - - [31/Aug/2026:10:57:54 -0400] "GET /ko_center/zm5/hrc_d/TileGroup6/6-38-23.jpg HTTP/2" 200 1651 "-" "Mozilla/5.0 AppleWebKit/537.36 (KHTML, like Gecko; compatible; ClaudeBot/1.0; +claudebot@anthropic.com)"
216.73.216.164 - - [31/Aug/2026:10:57:59 -0400] "GET /ko_center/zm5/hrc_dr15d17/TileGroup0/3-0-2.jpg HTTP/2" 429 0 "-" "Mozilla/5.0 AppleWebKit/537.36 (KHTML, like Gecko; compatible; ClaudeBot/1.0; +claudebot@anthropic.com)"
216.73.216.164 - - [31/Aug/2026:10:58:04 -0400] "GET /ko_center/zm5/hrc_d/TileGroup1/5-20-13.jpg HTTP/2" 200 5080 "-" "Mozilla/5.0 AppleWebKit/537.36 (KHTML, like Gecko; compatible; ClaudeBot/1.0; +claudebot@anthropic.com)"
216.73.216.164 - - [31/Aug/2026:10:58:09 -0400] "GET /ko_center/zm5/hrc_d/TileGroup1/5-1-14.jpg HTTP/2" 200 1651 "-" "Mozilla/5.0 AppleWebKit/537.36 (KHTML, like Gecko; compatible; ClaudeBot/1.0; +claudebot@anthropic.com)"
216.73.216.164 - - [31/Aug/2026:10:58:14 -0400] "GET /ko_center/zm5/hrc_dr17d26/TileGroup2/6-8-5.jpg HTTP/2" 429 0 "-" "Mozilla/5.0 AppleWebKit/537.36 (KHTML, like Gecko; compatible; ClaudeBot/1.0; +claudebot@anthropic.com)"
74.7.227.147 - - [31/Aug/2026:10:55:47 -0400] "GET /imgs/btn/koeye_.png HTTP/2" 200 3311 "https://ko0.us/imgs/btn/?MA" "Mozilla/5.0 AppleWebKit/537.36 (KHTML, like Gecko; compatible; GPTBot/1.4; +https://openai.com/gptbot)"
74.7.227.147 - - [31/Aug/2026:10:56:02 -0400] "GET /imgs/btn/btn_keyhole_konabus_eye.png HTTP/2" 429 0 "https://ko0.us/imgs/btn/?MA" "Mozilla/5.0 AppleWebKit/537.36 (KHTML, like Gecko; compatible; GPTBot/1.4; +https://openai.com/gptbot)"
66.249.69.229 - - [31/Aug/2026:10:56:04 -0400] "GET /fb/kolog/pages/zn/zn_61.jpg HTTP/1.1" 404 1251 "-" "Googlebot-Image/1.0"
74.7.227.147 - - [31/Aug/2026:10:56:15 -0400] "GET /imgs/btn/btn_law_thompson_coburn.png HTTP/2" 429 0 "https://ko0.us/imgs/btn/?MA" "Mozilla/5.0 AppleWebKit/537.36 (KHTML, like Gecko; compatible; GPTBot/1.4; +https://openai.com/gptbot)"
74.7.227.147 - - [31/Aug/2026:10:56:58 -0400] "GET /imgs/btn/giphy_phone01_16.png HTTP/2" 429 0 "https://ko0.us/imgs/btn/?MA" "Mozilla/5.0 AppleWebKit/537.36 (KHTML, like Gecko; compatible; GPTBot/1.4; +https://openai.com/gptbot)"
185.191.171.12 - - [31/Aug/2026:10:57:15 -0400] "GET /pdf/web/viewer.html?file=%2Fpdf%2Fpdf%2Femail_bballs.pdf HTTP/1.1" 200 4235 "-" "Mozilla/5.0 (compatible; SemrushBot/7~bl; +http://www.semrush.com/bot.html)"
74.7.227.147 - - [31/Aug/2026:10:57:18 -0400] "GET /imgs/btn/giphy_phone01_03.png HTTP/2" 429 0 "https://ko0.us/imgs/btn/?MA" "Mozilla/5.0 AppleWebKit/537.36 (KHTML, like Gecko; compatible; GPTBot/1.4; +https://openai.com/gptbot)"
66.249.69.227 - - [31/Aug/2026:10:57:44 -0400] "GET /fb/comics/dc/superman80/no004/pages/zn/zn_39.jpg HTTP/1.1" 404 1251 "-" "Googlebot-Image/1.0"
17.166.236.221 - - [31/Aug/2026:10:57:45 -0400] "GET /index_yt.html HTTP/2" 200 1045761 "https://ko0.us/index_jsdk_konet.html" "Mozilla/5.0 (Macintosh; Intel Mac OS X 10_15_7) AppleWebKit/605.1.15 (KHTML, like Gecko) Version/17.4 Safari/605.1.15 (Applebot/0.1; +http://www.apple.com/go/applebot)"
17.166.236.221 - - [31/Aug/2026:10:57:46 -0400] "GET /zm/space_2018/bennu_face/ImageProperties.xml HTTP/2" 404 1251 "https://ko0.us/index_yt.html" "Mozilla/5.0 (Macintosh; Intel Mac OS X 10_15_7) AppleWebKit/605.1.15 (KHTML, like Gecko) Version/17.4 Safari/605.1.15 (Applebot/0.1; +http://www.apple.com/go/applebot)"
74.7.227.147 - - [31/Aug/2026:10:57:58 -0400] "GET /imgs/btn/giphy_phone02_01.png HTTP/2" 200 13080 "https://ko0.us/imgs/btn/?MA" "Mozilla/5.0 AppleWebKit/537.36 (KHTML, like Gecko; compatible; GPTBot/1.4; +https://openai.com/gptbot)"
66.249.69.227 - - [31/Aug/2026:10:58:24 -0400] "GET /fb/kt/butoh/pages/zn/zn_7.jpg HTTP/1.1" 404 1251 "-" "Googlebot-Image/1.0"
66.249.69.228 - - [31/Aug/2026:10:59:03 -0400] "GET /fb/kt/butoh/pages/zn/zn_10.jpg HTTP/1.1" 404 1251 "-" "Googlebot-Image/1.0"
216.73.216.164 - - [31/Aug/2026:10:59:25 -0400] "GET /pn/ko_pn.php?dir=%2Fhome%2Fkozerus%2Fpublic_html%2Fdgs%2Fimages%2F5%2Fw448.gif HTTP/2" 429 0 "-" "Mozilla/5.0 AppleWebKit/537.36 (KHTML, like Gecko; compatible; ClaudeBot/1.0; +claudebot@anthropic.com)"
216.73.216.164 - - [31/Aug/2026:10:59:30 -0400] "GET /pn/ko_pn.php?dir=%2Fhome%2Fkozerus%2Fpublic_html%2Fdgs%2Fimages%2F5%2Fw433.gif HTTP/2" 200 3934 "-" "Mozilla/5.0 AppleWebKit/537.36 (KHTML, like Gecko; compatible; ClaudeBot/1.0; +claudebot@anthropic.com)"
216.73.216.164 - - [31/Aug/2026:10:59:35 -0400] "GET /zm/hrc2009stl/TileGroup5/6-10-7.jpg HTTP/2" 429 0 "-" "Mozilla/5.0 AppleWebKit/537.36 (KHTML, like Gecko; compatible; ClaudeBot/1.0; +claudebot@anthropic.com)"
216.73.216.164 - - [31/Aug/2026:10:59:40 -0400] "GET /zm/hrc2009stl/TileGroup4/6-26-3.jpg HTTP/2" 200 12209 "-" "Mozilla/5.0 AppleWebKit/537.36 (KHTML, like Gecko; compatible; ClaudeBot/1.0; +claudebot@anthropic.com)"
216.73.216.164 - - [31/Aug/2026:10:59:45 -0400] "GET /zm/hrc2009stl/TileGroup7/6-45-18.jpg HTTP/2" 429 0 "-" "Mozilla/5.0 AppleWebKit/537.36 (KHTML, like Gecko; compatible; ClaudeBot/1.0; +claudebot@anthropic.com)"
216.73.216.164 - - [31/Aug/2026:10:58:19 -0400] "GET /pn/ko_pn.php?dir=%2Fhome%2Fkozerus%2Fpublic_html%2Fzm%2Fhrc2011%2FTileGroup1%2F6-13-5.jpg HTTP/2" 200 3885 "-" "Mozilla/5.0 AppleWebKit/537.36 (KHTML, like Gecko; compatible; ClaudeBot/1.0; +claudebot@anthropic.com)"
