216.73.216.164 - - [31/Aug/2026:08:15:23 -0400] "GET /ko_center/zm5/hrc_d/TileGroup7/6-23-29.jpg HTTP/2" 429 0 "-" "Mozilla/5.0 AppleWebKit/537.36 (KHTML, like Gecko; compatible; ClaudeBot/1.0; +claudebot@anthropic.com)"
216.73.216.164 - - [31/Aug/2026:08:15:28 -0400] "GET /pn/ko_pn.php?dir=%2Fhome%2Fkozerus%2Fpublic_html%2Fzm%2Fhrc2011%2FTileGroup2%2F7-12-0.jpg HTTP/2" 200 3889 "-" "Mozilla/5.0 AppleWebKit/537.36 (KHTML, like Gecko; compatible; ClaudeBot/1.0; +claudebot@anthropic.com)"
216.73.216.164 - - [31/Aug/2026:08:15:33 -0400] "GET /ko_center/zm5/hrc_dr18d29/TileGroup2/6-32-3.jpg HTTP/2" 429 0 "-" "Mozilla/5.0 AppleWebKit/537.36 (KHTML, like Gecko; compatible; ClaudeBot/1.0; +claudebot@anthropic.com)"
17.166.23.102 - - [31/Aug/2026:08:15:34 -0400] "GET /koh5_filedrop.html HTTP/2" 200 867 "-" "Mozilla/5.0 (Macintosh; Intel Mac OS X 10_15_7) AppleWebKit/605.1.15 (KHTML, like Gecko) Version/17.4 Safari/605.1.15 (Applebot/0.1; +http://www.apple.com/go/applebot)"
216.73.216.164 - - [31/Aug/2026:08:15:38 -0400] "GET /ko_center/zm5/hrc_d/TileGroup5/6-41-18.jpg HTTP/2" 200 1651 "-" "Mozilla/5.0 AppleWebKit/537.36 (KHTML, like Gecko; compatible; ClaudeBot/1.0; +claudebot@anthropic.com)"
216.73.216.164 - - [31/Aug/2026:08:15:43 -0400] "GET /ko_center/zm5/hrc_d/TileGroup4/6-9-12.jpg HTTP/2" 429 0 "-" "Mozilla/5.0 AppleWebKit/537.36 (KHTML, like Gecko; compatible; ClaudeBot/1.0; +claudebot@anthropic.com)"
216.73.216.164 - - [31/Aug/2026:08:15:48 -0400] "GET /ko_center/zm5/hrc_d/TileGroup1/5-8-13.jpg HTTP/2" 200 1651 "-" "Mozilla/5.0 AppleWebKit/537.36 (KHTML, like Gecko; compatible; ClaudeBot/1.0; +claudebot@anthropic.com)"
216.73.216.164 - - [31/Aug/2026:08:15:53 -0400] "GET /ko_center/zm5/hrc_d/TileGroup5/6-0-18.jpg HTTP/2" 429 0 "-" "Mozilla/5.0 AppleWebKit/537.36 (KHTML, like Gecko; compatible; ClaudeBot/1.0; +claudebot@anthropic.com)"
216.73.216.164 - - [31/Aug/2026:08:15:58 -0400] "GET /ko_center/zm5/hrc_dr19d34/TileGroup0/4-4-3.jpg HTTP/2" 200 6224 "-" "Mozilla/5.0 AppleWebKit/537.36 (KHTML, like Gecko; compatible; ClaudeBot/1.0; +claudebot@anthropic.com)"
216.73.216.164 - - [31/Aug/2026:08:16:03 -0400] "GET /ko_center/zm5/hrc_dr13d09/TileGroup0/5-3-4.jpg HTTP/2" 429 0 "-" "Mozilla/5.0 AppleWebKit/537.36 (KHTML, like Gecko; compatible; ClaudeBot/1.0; +claudebot@anthropic.com)"
216.73.216.164 - - [31/Aug/2026:08:16:08 -0400] "GET /pn/ko_pn.php?dir=%2Fhome%2Fkozerus%2Fpublic_html%2Fzm%2Fhrc2011%2FTileGroup5%2F7-0-7.jpg HTTP/2" 200 3886 "-" "Mozilla/5.0 AppleWebKit/537.36 (KHTML, like Gecko; compatible; ClaudeBot/1.0; +claudebot@anthropic.com)"
216.73.216.164 - - [31/Aug/2026:08:16:13 -0400] "GET /zm/hrc2009stl/TileGroup6/6-26-14.jpg HTTP/2" 429 0 "-" "Mozilla/5.0 AppleWebKit/537.36 (KHTML, like Gecko; compatible; ClaudeBot/1.0; +claudebot@anthropic.com)"
216.73.216.164 - - [31/Aug/2026:08:16:18 -0400] "GET /zm/hrc2009stl/TileGroup11/6-34-35.jpg HTTP/2" 200 6569 "-" "Mozilla/5.0 AppleWebKit/537.36 (KHTML, like Gecko; compatible; ClaudeBot/1.0; +claudebot@anthropic.com)"
216.73.216.164 - - [31/Aug/2026:08:16:23 -0400] "GET /pn/ko_pn.php?dir=%2Fhome%2Fkozerus%2Fpublic_html%2Fzm%2Fhrc2011%2FTileGroup5%2F7-41-7.jpg HTTP/2" 429 0 "-" "Mozilla/5.0 AppleWebKit/537.36 (KHTML, like Gecko; compatible; ClaudeBot/1.0; +claudebot@anthropic.com)"
146.120.15.189 - - [31/Aug/2026:08:16:25 -0400] "GET /jsdoit_shoe_best.html HTTP/1.1" 200 371834 "https://ko0.us/" "Mozilla/5.0 (Windows NT 10.0; Win64; x64; rv:128.0) Gecko/20100101 Firefox/128.0"
216.73.216.164 - - [31/Aug/2026:08:16:28 -0400] "GET /go/imgs/bg/wood_tacks.jpg HTTP/2" 200 124302 "-" "Mozilla/5.0 AppleWebKit/537.36 (KHTML, like Gecko; compatible; ClaudeBot/1.0; +claudebot@anthropic.com)"
216.73.216.164 - - [31/Aug/2026:08:16:33 -0400] "GET /zm/hrc2009stl/TileGroup6/6-14-11.jpg HTTP/2" 429 0 "-" "Mozilla/5.0 AppleWebKit/537.36 (KHTML, like Gecko; compatible; ClaudeBot/1.0; +claudebot@anthropic.com)"
216.73.216.164 - - [31/Aug/2026:08:16:38 -0400] "GET /ko_center/zm5/hrc_dr14d12/TileGroup2/6-7-3.jpg HTTP/2" 200 1651 "-" "Mozilla/5.0 AppleWebKit/537.36 (KHTML, like Gecko; compatible; ClaudeBot/1.0; +claudebot@anthropic.com)"
216.73.216.164 - - [31/Aug/2026:08:16:43 -0400] "GET /ko_center/zm5/hrc_d/TileGroup7/6-19-29.jpg HTTP/2" 429 0 "-" "Mozilla/5.0 AppleWebKit/537.36 (KHTML, like Gecko; compatible; ClaudeBot/1.0; +claudebot@anthropic.com)"
216.73.216.164 - - [31/Aug/2026:08:16:48 -0400] "GET /ko_center/zm5/hrc_d/TileGroup7/6-13-28.jpg HTTP/2" 200 1651 "-" "Mozilla/5.0 AppleWebKit/537.36 (KHTML, like Gecko; compatible; ClaudeBot/1.0; +claudebot@anthropic.com)"
72.27.123.77 - - [31/Aug/2026:08:11:19 -0400] "GET /script_kogrids_script_kogrids_find.htm HTTP/1.1" 200 1531 "https://ko0.us/" "Mozilla/5.0 (Macintosh; Intel Mac OS X 10_15_7) AppleWebKit/605.1.15 (KHTML, like Gecko) Version/17.2 Safari/605.1.15"
95.108.213.94 - - [31/Aug/2026:08:12:08 -0400] "GET /robots.txt HTTP/1.1" 404 1251 "-" "Mozilla/5.0 (compatible; YandexBot/3.0; +http://yandex.com/bots)"
95.108.213.178 - - [31/Aug/2026:08:12:09 -0400] "GET /fb/bookmarkusb/ko.png HTTP/2" 404 1251 "-" "Mozilla/5.0 (compatible; YandexFavicons/1.0; +http://yandex.com/bots)"
42.201.192.38 - - [31/Aug/2026:08:12:24 -0400] "GET /mob_lists_20211013_1710.html HTTP/2" 200 1101829 "https://ko0.us/" "Mozilla/5.0 (Macintosh; Intel Mac OS X 10_15_7) AppleWebKit/537.36 (KHTML, like Gecko) Chrome/126.0.6478.127 Safari/537.36"
179.218.18.182 - - [31/Aug/2026:08:12:46 -0400] "GET /k98.html HTTP/1.1" 200 2848 "https://ko0.us/" "Mozilla/5.0 (X11; Ubuntu; Linux x86_64; rv:124.0) Gecko/20100101 Firefox/124.0"
45.162.189.15 - - [31/Aug/2026:08:14:17 -0400] "GET /ajaxtxt.html HTTP/1.1" 200 302 "https://ko0.us/" "Mozilla/5.0 (Macintosh; Intel Mac OS X 14_0) AppleWebKit/605.1.15 (KHTML, like Gecko) Version/17.0 Safari/605.1.15"
185.191.171.2 - - [31/Aug/2026:08:15:20 -0400] "GET /index_vu_trial7.html HTTP/1.1" 404 1251 "-" "Mozilla/5.0 (compatible; SemrushBot/7~bl; +http://www.semrush.com/bot.html)"
72.255.59.19 - - [31/Aug/2026:08:15:39 -0400] "GET /avmin.htm HTTP/1.1" 200 643008 "https://ko0.us/" "Mozilla/5.0 (Macintosh; Intel Mac OS X 10_15_7) AppleWebKit/605.1.15 (KHTML, like Gecko) Version/17.2 Safari/605.1.15"
178.120.57.187 - - [31/Aug/2026:08:16:12 -0400] "GET /script_kogrids_script_kogrids_find.htm HTTP/1.1" 200 1840 "https://ko0.us/" "Mozilla/5.0 (Windows NT 10.0; Win64; x64) AppleWebKit/537.36 (KHTML, like Gecko) Chrome/123.0.6312.122 Safari/537.36"
196.75.135.195 - - [31/Aug/2026:08:16:25 -0400] "GET /pnmin_best.html HTTP/1.1" 200 3743 "https://ko0.us/" "Mozilla/5.0 (X11; Linux x86_64) AppleWebKit/537.36 (KHTML, like Gecko) Chrome/120.0.6099.216 Safari/537.36"
189.242.131.17 - - [31/Aug/2026:08:16:44 -0400] "GET /jsdoit_shoe_best.html HTTP/1.1" 200 371834 "https://ko0.us/" "Mozilla/5.0 (Windows NT 10.0; Win64; x64; rv:128.0) Gecko/20100101 Firefox/128.0"
66.249.69.227 - - [31/Aug/2026:08:16:46 -0400] "GET /fb/gofunwii/pages/zn/zn_3.jpg HTTP/1.1" 404 1251 "-" "Googlebot-Image/1.0"
216.73.216.164 - - [31/Aug/2026:08:16:58 -0400] "GET /zm/hrc2009stl/TileGroup13/6-33-44.jpg HTTP/2" 200 1203 "-" "Mozilla/5.0 AppleWebKit/537.36 (KHTML, like Gecko; compatible; ClaudeBot/1.0; +claudebot@anthropic.com)"
216.73.216.164 - - [31/Aug/2026:08:17:03 -0400] "GET /go/allaboutgo/player/images/board-19.gif HTTP/2" 429 0 "-" "Mozilla/5.0 AppleWebKit/537.36 (KHTML, like Gecko; compatible; ClaudeBot/1.0; +claudebot@anthropic.com)"
216.73.216.164 - - [31/Aug/2026:08:17:08 -0400] "GET /pn/ko_pn.php?dir=%2Fhome%2Fkozerus%2Fetc%2Fko0.us%2Fhi.rcube.db.1775534431 HTTP/2" 200 7585 "-" "Mozilla/5.0 AppleWebKit/537.36 (KHTML, like Gecko; compatible; ClaudeBot/1.0; +claudebot@anthropic.com)"
216.73.216.164 - - [31/Aug/2026:08:17:13 -0400] "GET /pn/ko_pn.php?dir=%2Fhome%2Fkozerus%2Fpublic_html%2Fgo%2Fallaboutgo%2Fsgf%2Fxxqj%2Fprob0051.sgf HTTP/2" 429 0 "-" "Mozilla/5.0 AppleWebKit/537.36 (KHTML, like Gecko; compatible; ClaudeBot/1.0; +claudebot@anthropic.com)"
216.73.216.164 - - [31/Aug/2026:08:17:18 -0400] "GET /pn/ko_pn.php?dir=%2Fhome%2Fkozerus%2Fpublic_html%2Fgo%2Fallaboutgo%2Fsgf%2Fxxqj%2Fprob0270.sgf HTTP/2" 200 4055 "-" "Mozilla/5.0 AppleWebKit/537.36 (KHTML, like Gecko; compatible; ClaudeBot/1.0; +claudebot@anthropic.com)"
216.73.216.164 - - [31/Aug/2026:08:17:23 -0400] "GET /pn/ko_pn.php?dir=%2Fhome%2Fkozerus%2Fpublic_html%2Fdgs%2Fimages%2F5%2Fb248.gif HTTP/2" 429 0 "-" "Mozilla/5.0 AppleWebKit/537.36 (KHTML, like Gecko; compatible; ClaudeBot/1.0; +claudebot@anthropic.com)"
45.183.228.73 - - [31/Aug/2026:08:14:59 -0400] "GET /jsdoit_shoe_best.html HTTP/1.1" 200 371834 "https://ko0.us/" "Mozilla/5.0 (Windows NT 10.0; Win64; x64; rv:126.0) Gecko/20100101 Firefox/126.0"
216.73.216.164 - - [31/Aug/2026:08:15:03 -0400] "GET /ko_center/ui/i18n/ui.datepicker-sr.js HTTP/2" 404 1251 "-" "Mozilla/5.0 AppleWebKit/537.36 (KHTML, like Gecko; compatible; ClaudeBot/1.0; +claudebot@anthropic.com)"
216.73.216.164 - - [31/Aug/2026:08:15:08 -0400] "GET /imgs/jsdoit/jsdoit_clock_search.png HTTP/2" 200 221503 "-" "Mozilla/5.0 AppleWebKit/537.36 (KHTML, like Gecko; compatible; ClaudeBot/1.0; +claudebot@anthropic.com)"
216.73.216.164 - - [31/Aug/2026:08:15:13 -0400] "GET /dgs/images/flags/mm.gif HTTP/2" 429 0 "-" "Mozilla/5.0 AppleWebKit/537.36 (KHTML, like Gecko; compatible; ClaudeBot/1.0; +claudebot@anthropic.com)"
66.249.69.227 - - [31/Aug/2026:08:15:15 -0400] "GET /fb/gifs HTTP/1.1" 404 1251 "-" "Mozilla/5.0 (Linux; Android 6.0.1; Nexus 5X Build/MMB29P) AppleWebKit/537.36 (KHTML, like Gecko) Chrome/151.0.7922.173 Mobile Safari/537.36 (compatible; Googlebot/2.1; +http://www.google.com/bot.html)"
66.249.69.229 - - [31/Aug/2026:08:15:17 -0400] "GET /index_zm.html?zmid=./zm/space_2018/pano_caralperu HTTP/1.1" 200 340673 "-" "Mozilla/5.0 (Linux; Android 6.0.1; Nexus 5X Build/MMB29P) AppleWebKit/537.36 (KHTML, like Gecko) Chrome/151.0.7922.173 Mobile Safari/537.36 (compatible; Googlebot/2.1; +http://www.google.com/bot.html)"
74.7.227.147 - - [31/Aug/2026:08:15:26 -0400] "GET /imgs/btn/ko_flurish_shadow.png HTTP/2" 429 0 "https://ko0.us/imgs/btn/" "Mozilla/5.0 AppleWebKit/537.36 (KHTML, like Gecko; compatible; GPTBot/1.4; +https://openai.com/gptbot)"
74.7.227.147 - - [31/Aug/2026:08:16:20 -0400] "GET /imgs/btn/koeyew_kov_memes_border.png HTTP/2" 200 4999 "https://ko0.us/imgs/btn/" "Mozilla/5.0 AppleWebKit/537.36 (KHTML, like Gecko; compatible; GPTBot/1.4; +https://openai.com/gptbot)"
17.166.151.196 - - [31/Aug/2026:08:16:44 -0400] "GET /ko_jukebox.htm HTTP/2" 200 24895 "-" "Mozilla/5.0 (Macintosh; Intel Mac OS X 10_15_7) AppleWebKit/605.1.15 (KHTML, like Gecko) Version/17.4 Safari/605.1.15 (Applebot/0.1; +http://www.apple.com/go/applebot)"
74.7.227.147 - - [31/Aug/2026:08:17:02 -0400] "GET /fb/konet/index.html HTTP/2" 404 1251 "https://ko0.us/ko_bugs.html" "Mozilla/5.0 AppleWebKit/537.36 (KHTML, like Gecko; compatible; GPTBot/1.4; +https://openai.com/gptbot)"
66.249.69.229 - - [31/Aug/2026:08:17:07 -0400] "GET /tinymp4.html HTTP/1.1" 200 11926 "-" "Mozilla/5.0 (Linux; Android 6.0.1; Nexus 5X Build/MMB29P) AppleWebKit/537.36 (KHTML, like Gecko) Chrome/151.0.7922.173 Mobile Safari/537.36 (compatible; Googlebot/2.1; +http://www.google.com/bot.html)"
74.244.85.11 - - [31/Aug/2026:08:17:08 -0400] "GET /tl.db3%60%29%20or%20extractvalue%289225,concat%280x7e,%28%28select%20%28elt%289225=9225,1%29%29%29%29,0x7e%29%29--%20- HTTP/1.1" 404 1251 "https://ko0.us/" "Mozilla/5.0 (Windows NT 10.0; Win64; x64) AppleWebKit/537.36 (KHTML, like Gecko) Chrome/121.0.0.0 Safari/537.36 Edg/121.0.0.0"
74.7.227.147 - - [31/Aug/2026:08:17:15 -0400] "GET /fb/jtfdc/index.html HTTP/2" 404 1251 "https://ko0.us/ko_bugs.html" "Mozilla/5.0 AppleWebKit/537.36 (KHTML, like Gecko; compatible; GPTBot/1.4; +https://openai.com/gptbot)"
177.124.11.140 - - [31/Aug/2026:08:17:49 -0400] "GET /ii.html HTTP/1.1" 200 174943 "https://ko0.us/" "Mozilla/5.0 (Macintosh; Intel Mac OS X 10_15_7) AppleWebKit/537.36 (KHTML, like Gecko) Chrome/121.0.0.0 Safari/537.36 Edg/121.0.0.0"
74.7.227.147 - - [31/Aug/2026:08:18:06 -0400] "GET /fs/ftree/php_file_tree.php HTTP/2" 404 1251 "https://ko0.us/index_fs.html" "Mozilla/5.0 AppleWebKit/537.36 (KHTML, like Gecko; compatible; GPTBot/1.4; +https://openai.com/gptbot)"
77.71.188.34 - - [31/Aug/2026:08:18:11 -0400] "GET /index_jaxgrid.htm HTTP/1.1" 200 598267 "https://ko0.us/" "Mozilla/5.0 (Macintosh; Intel Mac OS X 10.15; rv:125.0) Gecko/20100101 Firefox/125.0"
216.73.216.164 - - [31/Aug/2026:08:17:28 -0400] "GET /pn/ko_pn.php?dir=%2Fhome%2Fkozerus%2Fpublic_html%2Fgo%2Fallaboutgo%2Fsgf%2Fxxqj%2Fprob0001.sgf HTTP/2" 200 3932 "-" "Mozilla/5.0 AppleWebKit/537.36 (KHTML, like Gecko; compatible; ClaudeBot/1.0; +claudebot@anthropic.com)"
5.1.110.234 - - [31/Aug/2026:08:17:33 -0400] "GET /ajaxtxt.html HTTP/1.1" 200 415 "https://ko0.us/" "Mozilla/5.0 (Macintosh; Intel Mac OS X 10_15_7) AppleWebKit/605.1.15 (KHTML, like Gecko) Version/17.0 Safari/605.1.15"
216.73.216.164 - - [31/Aug/2026:08:17:33 -0400] "GET /pn/ko_pn.php?dir=%2Fhome%2Fkozerus%2Fpublic_html%2Fdgs%2Fimages%2F5%2Fbc.gif HTTP/2" 429 0 "-" "Mozilla/5.0 AppleWebKit/537.36 (KHTML, like Gecko; compatible; ClaudeBot/1.0; +claudebot@anthropic.com)"
216.73.216.164 - - [31/Aug/2026:08:17:38 -0400] "GET /pn/ko_pn.php?dir=%2Fhome%2Fkozerus%2Fpublic_html%2Fdgs%2Fimages%2F5%2Fb486.gif HTTP/2" 200 3931 "-" "Mozilla/5.0 AppleWebKit/537.36 (KHTML, like Gecko; compatible; ClaudeBot/1.0; +claudebot@anthropic.com)"
216.73.216.164 - - [31/Aug/2026:08:17:43 -0400] "GET /ko_center/zm5/hrc_d/TileGroup0/3-2-2.jpg HTTP/2" 429 0 "-" "Mozilla/5.0 AppleWebKit/537.36 (KHTML, like Gecko; compatible; ClaudeBot/1.0; +claudebot@anthropic.com)"
216.73.216.164 - - [31/Aug/2026:08:17:48 -0400] "GET /ko_center/imgs/cab/dell_poweredge_r610.png HTTP/2" 200 31803 "-" "Mozilla/5.0 AppleWebKit/537.36 (KHTML, like Gecko; compatible; ClaudeBot/1.0; +claudebot@anthropic.com)"
45.70.51.34 - - [31/Aug/2026:08:17:52 -0400] "GET /list_20200418.html HTTP/1.1" 200 5215 "https://ko0.us/" "Mozilla/5.0 (iPhone; CPU iPhone OS 17_0 like Mac OS X) AppleWebKit/605.1.15 (KHTML, like Gecko) Version/17.0 Mobile/15E148 Safari/604.1"
216.73.216.164 - - [31/Aug/2026:08:17:53 -0400] "GET /pn/ko_pn.php?dir=%2Fhome%2Fkozerus%2Fpublic_html%2Fgo%2Fallaboutgo%2Fsgf%2Fxxqj%2Fprob0250.sgf HTTP/2" 429 0 "-" "Mozilla/5.0 AppleWebKit/537.36 (KHTML, like Gecko; compatible; ClaudeBot/1.0; +claudebot@anthropic.com)"
216.73.216.164 - - [31/Aug/2026:08:17:58 -0400] "GET /go/dgs0/images/50/w38.gif HTTP/2" 200 1335 "-" "Mozilla/5.0 AppleWebKit/537.36 (KHTML, like Gecko; compatible; ClaudeBot/1.0; +claudebot@anthropic.com)"
216.73.216.164 - - [31/Aug/2026:08:18:03 -0400] "GET /pn/ko_pn.php?dir=%2Fhome%2Fkozerus%2Fpublic_html%2Fdgs%2Fimages%2F5%2Fb303.gif HTTP/2" 429 0 "-" "Mozilla/5.0 AppleWebKit/537.36 (KHTML, like Gecko; compatible; ClaudeBot/1.0; +claudebot@anthropic.com)"
102.129.68.178 - - [31/Aug/2026:08:18:07 -0400] "GET /tl.db3%20union%20all%20select%20%27orgasbgpzmkytympbfxnxsjpjoazuqcz%27,null--%20wpua0m HTTP/1.1" 404 1251 "https://ko0.us/" "Mozilla/5.0 (iPhone; CPU iPhone OS 17_0 like Mac OS X) AppleWebKit/605.1.15 (KHTML, like Gecko) Version/17.0 Mobile/15E148 Safari/604.1"
216.73.216.164 - - [31/Aug/2026:08:18:08 -0400] "GET /pn/ko_pn.php?dir=%2Fhome%2Fkozerus%2Fpublic_html%2Fdgs%2Fimages%2F5%2Fb158.gif HTTP/2" 200 3935 "-" "Mozilla/5.0 AppleWebKit/537.36 (KHTML, like Gecko; compatible; ClaudeBot/1.0; +claudebot@anthropic.com)"
216.73.216.164 - - [31/Aug/2026:08:18:13 -0400] "GET /pn/ko_pn.php?dir=%2Fhome%2Fkozerus%2Fpublic_html%2Fgo%2Fallaboutgo%2Fsgf%2Fxxqj%2Fprob0278.sgf HTTP/2" 429 0 "-" "Mozilla/5.0 AppleWebKit/537.36 (KHTML, like Gecko; compatible; ClaudeBot/1.0; +claudebot@anthropic.com)"
216.73.216.164 - - [31/Aug/2026:08:18:18 -0400] "GET /zm/hrc2009stl/TileGroup13/6-46-44.jpg HTTP/2" 200 1203 "-" "Mozilla/5.0 AppleWebKit/537.36 (KHTML, like Gecko; compatible; ClaudeBot/1.0; +claudebot@anthropic.com)"
216.73.216.164 - - [31/Aug/2026:08:18:23 -0400] "GET /pn/ko_pn.php?dir=%2Fhome%2Fkozerus%2Fpublic_html%2Fgo%2Fallaboutgo%2Fsgf%2Fxxqj%2Fprob0138.sgf HTTP/2" 429 0 "-" "Mozilla/5.0 AppleWebKit/537.36 (KHTML, like Gecko; compatible; ClaudeBot/1.0; +claudebot@anthropic.com)"
216.73.216.164 - - [31/Aug/2026:08:18:28 -0400] "GET /pn/ko_pn.php?dir=%2Fhome%2Fkozerus%2Fpublic_html%2Fgo%2Fallaboutgo%2Fsgf%2Fxxqj%2Fprob0251.sgf HTTP/2" 200 4150 "-" "Mozilla/5.0 AppleWebKit/537.36 (KHTML, like Gecko; compatible; ClaudeBot/1.0; +claudebot@anthropic.com)"
216.73.216.164 - - [31/Aug/2026:08:18:33 -0400] "GET /zm/hrc2009stl/TileGroup13/6-22-42.jpg HTTP/2" 429 0 "-" "Mozilla/5.0 AppleWebKit/537.36 (KHTML, like Gecko; compatible; ClaudeBot/1.0; +claudebot@anthropic.com)"
216.73.216.164 - - [31/Aug/2026:08:18:38 -0400] "GET /zm/hrc2009stl/TileGroup13/6-45-44.jpg HTTP/2" 200 1203 "-" "Mozilla/5.0 AppleWebKit/537.36 (KHTML, like Gecko; compatible; ClaudeBot/1.0; +claudebot@anthropic.com)"
216.73.216.164 - - [31/Aug/2026:08:18:43 -0400] "GET /ko_center/zm5/hrc_d/TileGroup0/2-2-0.jpg HTTP/2" 429 0 "-" "Mozilla/5.0 AppleWebKit/537.36 (KHTML, like Gecko; compatible; ClaudeBot/1.0; +claudebot@anthropic.com)"
216.73.216.164 - - [31/Aug/2026:08:18:48 -0400] "GET /pn/ko_pn.php?dir=%2Fhome%2Fkozerus%2Fpublic_html%2Fdgs%2Fimages%2F5%2Fb280.gif HTTP/2" 200 3933 "-" "Mozilla/5.0 AppleWebKit/537.36 (KHTML, like Gecko; compatible; ClaudeBot/1.0; +claudebot@anthropic.com)"
216.73.216.164 - - [31/Aug/2026:08:18:53 -0400] "GET /zm/hrc2009stl/TileGroup13/6-46-42.jpg HTTP/2" 429 0 "-" "Mozilla/5.0 AppleWebKit/537.36 (KHTML, like Gecko; compatible; ClaudeBot/1.0; +claudebot@anthropic.com)"
216.73.216.164 - - [31/Aug/2026:08:18:58 -0400] "GET /pn/ko_pn.php?dir=%2Fhome%2Fkozerus%2Fpublic_html%2Fjs%2Fturnjs4%2Fb64_turnjs4_scissor_js.txt HTTP/2" 200 4545 "-" "Mozilla/5.0 AppleWebKit/537.36 (KHTML, like Gecko; compatible; ClaudeBot/1.0; +claudebot@anthropic.com)"
181.91.86.51 - - [31/Aug/2026:08:19:02 -0400] "GET /ii.html HTTP/1.1" 200 183353 "https://ko0.us/" "Mozilla/5.0 (Windows NT 10.0; Win64; x64) AppleWebKit/537.36 (KHTML, like Gecko) Chrome/121.0.0.0 Safari/537.36 Edg/121.0.0.0"
216.73.216.164 - - [31/Aug/2026:08:19:03 -0400] "GET /zm/hrc2009stl/TileGroup13/6-47-44.jpg HTTP/2" 429 0 "-" "Mozilla/5.0 AppleWebKit/537.36 (KHTML, like Gecko; compatible; ClaudeBot/1.0; +claudebot@anthropic.com)"
216.73.216.164 - - [31/Aug/2026:08:19:08 -0400] "GET /pn/ko_pn.php?dir=%2Fhome%2Fkozerus%2Fpublic_html%2Fko_center%2Fko_center_ko0_20260608.db3 HTTP/2" 200 8195 "-" "Mozilla/5.0 AppleWebKit/537.36 (KHTML, like Gecko; compatible; ClaudeBot/1.0; +claudebot@anthropic.com)"
216.73.216.164 - - [31/Aug/2026:08:19:13 -0400] "GET /zm/hrc2009stl/TileGroup2/5-4-17.jpg HTTP/2" 429 0 "-" "Mozilla/5.0 AppleWebKit/537.36 (KHTML, like Gecko; compatible; ClaudeBot/1.0; +claudebot@anthropic.com)"
216.73.216.164 - - [31/Aug/2026:08:19:18 -0400] "GET /pn/ko_pn.php?dir=%2Fhome%2Fkozerus%2Fetc%2Fko0.us%2Fhi.rcube.db.1787025671 HTTP/2" 200 7675 "-" "Mozilla/5.0 AppleWebKit/537.36 (KHTML, like Gecko; compatible; ClaudeBot/1.0; +claudebot@anthropic.com)"
216.73.216.164 - - [31/Aug/2026:08:19:23 -0400] "GET /zm/hrc2009stl/TileGroup8/6-22-23.jpg HTTP/2" 429 0 "-" "Mozilla/5.0 AppleWebKit/537.36 (KHTML, like Gecko; compatible; ClaudeBot/1.0; +claudebot@anthropic.com)"
216.73.216.164 - - [31/Aug/2026:08:19:28 -0400] "GET /pn/ko_pn.php?dir=%2Fhome%2Fkozerus%2Fpublic_html%2Fdgs%2Feidogo-player%2Fimages HTTP/2" 200 4291 "-" "Mozilla/5.0 AppleWebKit/537.36 (KHTML, like Gecko; compatible; ClaudeBot/1.0; +claudebot@anthropic.com)"
45.162.14.56 - - [31/Aug/2026:08:19:32 -0400] "GET /tl.db3%27%20union%20all%20select%20null,%27orgasbgpzmkytympbfxnxsjpjoazuqcz%27,null,null,null--%20c7iyk6 HTTP/1.1" 404 1251 "https://ko0.us/" "Mozilla/5.0 (Macintosh; Intel Mac OS X 10_15_7) AppleWebKit/605.1.15 (KHTML, like Gecko) Version/17.2 Safari/605.1.15"
216.73.216.164 - - [31/Aug/2026:08:19:33 -0400] "GET /cropex/imgs/btn/koeye_kov_jkwii.png HTTP/2" 429 0 "-" "Mozilla/5.0 AppleWebKit/537.36 (KHTML, like Gecko; compatible; ClaudeBot/1.0; +claudebot@anthropic.com)"
216.73.216.164 - - [31/Aug/2026:08:19:38 -0400] "GET /zm/hrc2009stl/TileGroup8/6-56-22.jpg HTTP/2" 200 947 "-" "Mozilla/5.0 AppleWebKit/537.36 (KHTML, like Gecko; compatible; ClaudeBot/1.0; +claudebot@anthropic.com)"
213.139.53.151 - - [31/Aug/2026:08:19:42 -0400] "GET /tmdata.html HTTP/1.1" 200 8155 "https://ko0.us/" "Mozilla/5.0 (Macintosh; Intel Mac OS X 10_15_7) AppleWebKit/537.36 (KHTML, like Gecko) Chrome/121.0.0.0 Safari/537.36 Edg/121.0.0.0"
196.75.3.33 - - [31/Aug/2026:08:16:50 -0400] "GET /index_jsdk_jtfdc.html HTTP/1.1" 200 80035 "https://ko0.us/" "Mozilla/5.0 (Windows NT 10.0; Win64; x64) AppleWebKit/537.36 (KHTML, like Gecko) Chrome/120.0.0.0 Safari/537.36 Edg/120.0.0.0"
216.73.216.164 - - [31/Aug/2026:08:16:53 -0400] "GET /pn/ko_pn.php?dir=%2Fhome%2Fkozerus%2Fpublic_html%2Fzm%2Fhrc2011%2FTileGroup2%2F7-26-0.jpg HTTP/2" 429 0 "-" "Mozilla/5.0 AppleWebKit/537.36 (KHTML, like Gecko; compatible; ClaudeBot/1.0; +claudebot@anthropic.com)"
119.155.160.51 - - [31/Aug/2026:08:17:04 -0400] "GET /tl.db3%20union%20all%20select%20%27orgasbgpzmkytympbfxnxsjpjoazuqcz%27,null,null,null--%20y6y1k6 HTTP/1.1" 404 1251 "https://ko0.us/" "Mozilla/5.0 (Windows NT 10.0; Win64; x64) AppleWebKit/537.36 (KHTML, like Gecko) Chrome/122.0.0.0 Safari/537.36 Edg/122.0.0.0"
213.196.106.4 - - [31/Aug/2026:08:17:12 -0400] "GET /mousepos3.html HTTP/1.1" 200 243 "https://ko0.us/" "Mozilla/5.0 (Macintosh; Intel Mac OS X 10_15_7) AppleWebKit/605.1.15 (KHTML, like Gecko) Version/17.1 Safari/605.1.15"
179.60.76.130 - - [31/Aug/2026:08:17:47 -0400] "GET /tl.db3%60%29%20or%20extractvalue%289225,concat%280x7e,%28%28select%20%28elt%289225=9225,1%29%29%29%29,0x7e%29%29--%20- HTTP/1.1" 404 1251 "https://ko0.us/" "Mozilla/5.0 (Macintosh; Intel Mac OS X 10_15_7) AppleWebKit/605.1.15 (KHTML, like Gecko) Version/17.0 Safari/605.1.15"
185.191.171.7 - - [31/Aug/2026:08:18:46 -0400] "GET /index_av_old.html HTTP/1.1" 404 1251 "-" "Mozilla/5.0 (compatible; SemrushBot/7~bl; +http://www.semrush.com/bot.html)"
191.242.39.34 - - [31/Aug/2026:08:18:15 -0400] "GET /kog_20180708.html HTTP/1.1" 200 3445976 "https://ko0.us/" "Mozilla/5.0 (Windows NT 10.0; Win64; x64) AppleWebKit/537.36 (KHTML, like Gecko) Chrome/120.0.0.0 Safari/537.36 Edg/120.0.0.0"
85.208.96.196 - - [31/Aug/2026:08:19:16 -0400] "GET /walk_best.html HTTP/1.1" 200 11219 "-" "Mozilla/5.0 (compatible; SemrushBot/7~bl; +http://www.semrush.com/bot.html)"
66.249.69.227 - - [31/Aug/2026:08:19:50 -0400] "GET /index_jsdk_sk.html HTTP/1.1" 200 80035 "-" "Mozilla/5.0 (Linux; Android 6.0.1; Nexus 5X Build/MMB29P) AppleWebKit/537.36 (KHTML, like Gecko) Chrome/151.0.7922.173 Mobile Safari/537.36 (compatible; Googlebot/2.1; +http://www.google.com/bot.html)"
66.249.69.227 - - [31/Aug/2026:08:19:53 -0400] "GET /index_yt.html HTTP/1.1" 200 1045761 "https://ko0.us/index_jsdk_sk.html" "Mozilla/5.0 (Linux; Android 6.0.1; Nexus 5X Build/MMB29P) AppleWebKit/537.36 (KHTML, like Gecko) Chrome/151.0.7922.173 Mobile Safari/537.36 (compatible; Googlebot/2.1; +http://www.google.com/bot.html)"
66.249.69.229 - - [31/Aug/2026:08:19:54 -0400] "GET /index_yt.html HTTP/1.1" 200 1045761 "https://ko0.us/index_jsdk_sk.html" "Mozilla/5.0 (Linux; Android 6.0.1; Nexus 5X Build/MMB29P) AppleWebKit/537.36 (KHTML, like Gecko) Chrome/151.0.7922.173 Mobile Safari/537.36 (compatible; Googlebot/2.1; +http://www.google.com/bot.html)"
103.177.201.109 - - [31/Aug/2026:08:18:31 -0400] "GET /ii.html HTTP/1.1" 200 174943 "https://ko0.us/" "Mozilla/5.0 (Windows NT 10.0; Win64; x64) AppleWebKit/537.36 (KHTML, like Gecko) Chrome/130.0.6723.70 Safari/537.36"
74.7.227.147 - - [31/Aug/2026:08:18:32 -0400] "GET /imgs/btn/btn_keys_string.png HTTP/2" 200 58255 "https://ko0.us/tl_min.html" "Mozilla/5.0 AppleWebKit/537.36 (KHTML, like Gecko; compatible; GPTBot/1.4; +https://openai.com/gptbot)"
196.217.136.245 - - [31/Aug/2026:08:18:36 -0400] "GET /canvas.htm HTTP/1.1" 200 873320 "https://ko0.us/" "Mozilla/5.0 (Macintosh; Intel Mac OS X 10_15_7) AppleWebKit/605.1.15 (KHTML, like Gecko) Version/17.0 Safari/605.1.15"
152.202.49.165 - - [31/Aug/2026:08:18:43 -0400] "GET /ko.sql HTTP/1.1" 403 1242 "https://ko0.us/" "Mozilla/5.0 (Macintosh; Intel Mac OS X 10_15_7) AppleWebKit/537.36 (KHTML, like Gecko) Chrome/121.0.0.0 Safari/537.36 Edg/121.0.0.0"
74.7.227.147 - - [31/Aug/2026:08:19:03 -0400] "GET /imgs/btn/kolb_mask_mask.png HTTP/2" 429 0 "https://ko0.us/imgs/btn/" "Mozilla/5.0 AppleWebKit/537.36 (KHTML, like Gecko; compatible; GPTBot/1.4; +https://openai.com/gptbot)"
102.252.14.25 - - [31/Aug/2026:08:19:11 -0400] "GET /tl.db3%60%29%20or%20extractvalue%289225,concat%280x7e,%28%28select%20%28elt%289225=9225,1%29%29%29%29,0x7e%29%29--%20- HTTP/1.1" 404 1251 "https://ko0.us/" "Mozilla/5.0 (Macintosh; Intel Mac OS X 14_0) AppleWebKit/605.1.15 (KHTML, like Gecko) Version/17.0 Safari/605.1.15"
109.76.64.85 - - [31/Aug/2026:08:19:13 -0400] "GET /ii.html HTTP/1.1" 200 174943 "https://ko0.us/" "Mozilla/5.0 (X11; Linux x86_64; rv:127.0) Gecko/20100101 Firefox/127.0"
74.7.227.147 - - [31/Aug/2026:08:19:19 -0400] "GET /imgs/btn/koeyew_kov_jtfinc.png HTTP/2" 429 0 "https://ko0.us/imgs/btn/" "Mozilla/5.0 AppleWebKit/537.36 (KHTML, like Gecko; compatible; GPTBot/1.4; +https://openai.com/gptbot)"
66.249.69.228 - - [31/Aug/2026:08:19:21 -0400] "GET /fb/comics/dc/superman80/no004/pages/zn/zn_64.jpg HTTP/1.1" 404 1251 "-" "Googlebot-Image/1.0"
74.244.135.133 - - [31/Aug/2026:08:19:34 -0400] "GET /list_20200418.html HTTP/1.1" 200 5654 "https://ko0.us/" "Mozilla/5.0 (iPhone; CPU iPhone OS 17_0 like Mac OS X) AppleWebKit/605.1.15 (KHTML, like Gecko) Version/17.0 Mobile/15E148 Safari/604.1"
74.7.227.147 - - [31/Aug/2026:08:19:39 -0400] "GET /imgs/btn/koeye_kov_protect.png HTTP/2" 429 0 "https://ko0.us/imgs/btn/" "Mozilla/5.0 AppleWebKit/537.36 (KHTML, like Gecko; compatible; GPTBot/1.4; +https://openai.com/gptbot)"
45.232.91.36 - - [31/Aug/2026:08:19:47 -0400] "GET /ii.html HTTP/1.1" 200 183353 "https://ko0.us/" "Mozilla/5.0 (Macintosh; Intel Mac OS X 14_0) AppleWebKit/605.1.15 (KHTML, like Gecko) Version/17.0 Safari/605.1.15"
216.73.216.164 - - [31/Aug/2026:08:20:04 -0400] "GET /pn/ko_pn.php?dir=%2Fhome%2Fkozerus%2Fpublic_html%2Fcropex%2Fnode%2Fnode_modules%2Fexpress%2Flib%2Fresponse.js HTTP/2" 429 0 "-" "Mozilla/5.0 AppleWebKit/537.36 (KHTML, like Gecko; compatible; ClaudeBot/1.0; +claudebot@anthropic.com)"
216.73.216.164 - - [31/Aug/2026:08:20:09 -0400] "GET /pn/ko_pn.php?dir=%2Fhome%2Fkozerus%2Fpublic_html%2Fcropex%2Fnode%2Fnode_modules%2Fdrizzle-orm%2Fpg-core%2Fcolumns%2Fvarchar.js HTTP/2" 200 4330 "-" "Mozilla/5.0 AppleWebKit/537.36 (KHTML, like Gecko; compatible; ClaudeBot/1.0; +claudebot@anthropic.com)"
216.73.216.164 - - [31/Aug/2026:08:20:14 -0400] "GET /pn/ko_pn.php?dir=%2Fhome%2Fkozerus%2Fpublic_html%2Fcropex%2Fnode%2Fnode_modules%2Fchownr%2Fpackage.json HTTP/2" 429 0 "-" "Mozilla/5.0 AppleWebKit/537.36 (KHTML, like Gecko; compatible; ClaudeBot/1.0; +claudebot@anthropic.com)"
216.73.216.164 - - [31/Aug/2026:08:20:19 -0400] "GET /pn/ko_pn.php?dir=%2Fhome%2Fkozerus%2Fpublic_html%2Fcropex%2Fnode%2Fnode_modules%2Fd3-time-format%2Flocale HTTP/2" 200 4594 "-" "Mozilla/5.0 AppleWebKit/537.36 (KHTML, like Gecko; compatible; ClaudeBot/1.0; +claudebot@anthropic.com)"
123.20.170.120 - - [31/Aug/2026:08:20:22 -0400] "GET /list_20200418.html HTTP/1.1" 200 5654 "https://ko0.us/" "Mozilla/5.0 (Macintosh; Intel Mac OS X 10_15_7) AppleWebKit/605.1.15 (KHTML, like Gecko) Version/17.2 Safari/605.1.15"
74.7.227.147 - - [31/Aug/2026:08:20:22 -0400] "GET /tl/lib/js/jquery-min.js HTTP/2" 429 0 "https://ko0.us/tlzm.html" "Mozilla/5.0 AppleWebKit/537.36 (KHTML, like Gecko; compatible; GPTBot/1.4; +https://openai.com/gptbot)"
17.166.22.72 - - [31/Aug/2026:08:20:23 -0400] "GET /index_memorialday.html HTTP/2" 200 469277 "-" "Mozilla/5.0 (Macintosh; Intel Mac OS X 10_15_7) AppleWebKit/605.1.15 (KHTML, like Gecko) Version/17.4 Safari/605.1.15 (Applebot/0.1; +http://www.apple.com/go/applebot)"
216.73.216.164 - - [31/Aug/2026:08:20:24 -0400] "GET /pn/ko_pn.php?dir=%2Fhome%2Fkozerus%2Fpublic_html%2Fcropex%2Fnode%2Fnode_modules%2Frecharts%2Fes6%2Fcartesian%2FCartesianGrid.js HTTP/2" 429 0 "-" "Mozilla/5.0 AppleWebKit/537.36 (KHTML, like Gecko; compatible; ClaudeBot/1.0; +claudebot@anthropic.com)"
216.73.216.164 - - [31/Aug/2026:08:20:29 -0400] "GET /pn/ko_pn.php?dir=%2Fhome%2Fkozerus%2Fpublic_html%2Fcropex%2Fnode%2Fnode_modules%2Fmicromark-core-commonmark%2Fdev%2Flib%2Fhtml-flow.js HTTP/2" 200 7648 "-" "Mozilla/5.0 AppleWebKit/537.36 (KHTML, like Gecko; compatible; ClaudeBot/1.0; +claudebot@anthropic.com)"
216.73.216.164 - - [31/Aug/2026:08:20:34 -0400] "GET /cropex/imgs/btn/koeye_toggle.png HTTP/2" 429 0 "-" "Mozilla/5.0 AppleWebKit/537.36 (KHTML, like Gecko; compatible; ClaudeBot/1.0; +claudebot@anthropic.com)"
216.73.216.164 - - [31/Aug/2026:08:20:39 -0400] "GET /pn/ko_pn.php?dir=%2Fhome%2Fkozerus%2Fpublic_html%2Fcropex%2Fnode%2Fnode_modules%2Fdrizzle-orm%2Fpg-core%2Fcolumns%2Fbigint.cjs HTTP/2" 200 4846 "-" "Mozilla/5.0 AppleWebKit/537.36 (KHTML, like Gecko; compatible; ClaudeBot/1.0; +claudebot@anthropic.com)"
168.197.64.169 - - [31/Aug/2026:08:20:41 -0400] "GET /tl.db3%20union%20all%20select%20%27orgasbgpzmkytympbfxnxsjpjoazuqcz%27,null,null,null--%20y6y1k6 HTTP/1.1" 404 1251 "https://ko0.us/" "Mozilla/5.0 (Windows NT 10.0; Win64; x64) AppleWebKit/537.36 (KHTML, like Gecko) Chrome/130.0.6723.70 Safari/537.36"
216.73.216.164 - - [31/Aug/2026:08:20:44 -0400] "GET /pn/ko_pn.php?dir=%2Fhome%2Fkozerus%2Fpublic_html%2Fcropex%2Fnode%2Fnode_modules%2Fautoprefixer%2Fbin HTTP/2" 429 0 "-" "Mozilla/5.0 AppleWebKit/537.36 (KHTML, like Gecko; compatible; ClaudeBot/1.0; +claudebot@anthropic.com)"
216.73.216.164 - - [31/Aug/2026:08:20:49 -0400] "GET /imgs/postturtle_moneytrap/monkeytrap18.jpg HTTP/2" 200 68493 "-" "Mozilla/5.0 AppleWebKit/537.36 (KHTML, like Gecko; compatible; ClaudeBot/1.0; +claudebot@anthropic.com)"
216.73.216.164 - - [31/Aug/2026:08:20:54 -0400] "GET /pn/ko_pn.php?dir=%2Fhome%2Fkozerus%2Fpublic_html%2Fcropex%2Fnode%2Fnode_modules%2Fdrizzle-orm%2Fpg-core%2Fcolumns%2Fpoint.d.cts HTTP/2" 429 0 "-" "Mozilla/5.0 AppleWebKit/537.36 (KHTML, like Gecko; compatible; ClaudeBot/1.0; +claudebot@anthropic.com)"
216.73.216.164 - - [31/Aug/2026:08:20:59 -0400] "GET /pn/ko_pn.php?dir=%2Fhome%2Fkozerus%2Fpublic_html%2Fcropex%2Fnode%2Fnode_modules%2Fdrizzle-orm%2Fmysql-core%2Fcolumns%2Fjson.d.ts HTTP/2" 200 4340 "-" "Mozilla/5.0 AppleWebKit/537.36 (KHTML, like Gecko; compatible; ClaudeBot/1.0; +claudebot@anthropic.com)"
216.73.216.164 - - [31/Aug/2026:08:21:04 -0400] "GET /pn/ko_pn.php?dir=%2Fhome%2Fkozerus%2Fpublic_html%2Fcropex%2Fnode%2Fnode_modules%2Fdrizzle-orm%2Fpg-core%2Fcolumns%2Findex.cjs HTTP/2" 429 0 "-" "Mozilla/5.0 AppleWebKit/537.36 (KHTML, like Gecko; compatible; ClaudeBot/1.0; +claudebot@anthropic.com)"
216.73.216.164 - - [31/Aug/2026:08:21:09 -0400] "GET /pn/ko_pn.php?dir=%2Fhome%2Fkozerus%2Fpublic_html%2Fcropex%2Fnode%2Fnode_modules%2Freact-icons%2Ffc HTTP/2" 200 4018 "-" "Mozilla/5.0 AppleWebKit/537.36 (KHTML, like Gecko; compatible; ClaudeBot/1.0; +claudebot@anthropic.com)"
216.73.216.164 - - [31/Aug/2026:08:21:14 -0400] "GET /pn/ko_pn.php?dir=%2Fhome%2Fkozerus%2Fpublic_html%2Fcropex%2Fnode%2Fnode_modules%2Fnode-gyp-build%2FREADME.md HTTP/2" 429 0 "-" "Mozilla/5.0 AppleWebKit/537.36 (KHTML, like Gecko; compatible; ClaudeBot/1.0; +claudebot@anthropic.com)"
74.7.227.147 - - [31/Aug/2026:08:21:14 -0400] "GET /imgs/btn/koeyew_kov_protect.png HTTP/2" 200 4977 "https://ko0.us/imgs/btn/" "Mozilla/5.0 AppleWebKit/537.36 (KHTML, like Gecko; compatible; GPTBot/1.4; +https://openai.com/gptbot)"
175.107.216.133 - - [31/Aug/2026:08:21:17 -0400] "GET /ii.html HTTP/1.1" 200 174943 "https://ko0.us/" "Mozilla/5.0 (X11; Ubuntu; Linux x86_64; rv:124.0) Gecko/20100101 Firefox/124.0"
216.73.216.164 - - [31/Aug/2026:08:21:19 -0400] "GET /pn/ko_pn.php?dir=%2Fhome%2Fkozerus%2Fpublic_html%2Fcropex%2Fnode%2Fnode_modules%2Fuse-callback-ref%2Fdist%2Fes2015 HTTP/2" 200 4351 "-" "Mozilla/5.0 AppleWebKit/537.36 (KHTML, like Gecko; compatible; ClaudeBot/1.0; +claudebot@anthropic.com)"
216.73.216.164 - - [31/Aug/2026:08:21:24 -0400] "GET /ko/html_202112/index_20211118_1530.html HTTP/2" 404 1251 "-" "Mozilla/5.0 AppleWebKit/537.36 (KHTML, like Gecko; compatible; ClaudeBot/1.0; +claudebot@anthropic.com)"
216.73.216.164 - - [31/Aug/2026:08:21:29 -0400] "GET /pn/ko_pn.php?dir=%2Fhome%2Fkozerus%2Fpublic_html%2Fcropex%2Fnode%2Fnode_modules%2Feventemitter3%2F HTTP/2" 429 0 "-" "Mozilla/5.0 AppleWebKit/537.36 (KHTML, like Gecko; compatible; ClaudeBot/1.0; +claudebot@anthropic.com)"
74.7.227.147 - - [31/Aug/2026:08:21:30 -0400] "GET /imgs/btn/koeyeb_kov_protect.png HTTP/2" 200 5533 "https://ko0.us/imgs/btn/" "Mozilla/5.0 AppleWebKit/537.36 (KHTML, like Gecko; compatible; GPTBot/1.4; +https://openai.com/gptbot)"
216.73.216.164 - - [31/Aug/2026:08:21:34 -0400] "GET /ko_center/js/jqgrid.3.5.3/src/grid.tbltogrid.js HTTP/2" 200 1029 "-" "Mozilla/5.0 AppleWebKit/537.36 (KHTML, like Gecko; compatible; ClaudeBot/1.0; +claudebot@anthropic.com)"
216.73.216.164 - - [31/Aug/2026:08:21:39 -0400] "GET /pn/ko_pn.php?dir=%2Fhome%2Fkozerus%2Fpublic_html%2Fgo%2Fdgs%2Fscripts%2Fmake_handicap_pattern.php HTTP/2" 200 6041 "-" "Mozilla/5.0 AppleWebKit/537.36 (KHTML, like Gecko; compatible; ClaudeBot/1.0; +claudebot@anthropic.com)"
216.73.216.164 - - [31/Aug/2026:08:21:44 -0400] "GET /pn/ko_pn.php?dir=%2Fhome%2Fkozerus%2Fpublic_html%2Fcropex%2Fnode%2Fnode_modules%2Fdrizzle-orm%2Fmysql-core%2Fcolumns%2Ftime.cjs HTTP/2" 429 0 "-" "Mozilla/5.0 AppleWebKit/537.36 (KHTML, like Gecko; compatible; ClaudeBot/1.0; +claudebot@anthropic.com)"
216.73.216.164 - - [31/Aug/2026:08:21:49 -0400] "GET /go/allaboutgo/sgf/tsumego/intermediate-problem-3.sgf HTTP/2" 200 340 "-" "Mozilla/5.0 AppleWebKit/537.36 (KHTML, like Gecko; compatible; ClaudeBot/1.0; +claudebot@anthropic.com)"
74.7.227.147 - - [31/Aug/2026:08:21:53 -0400] "GET /imgs/btn/koeyeb_kov_jtfinc.png HTTP/2" 200 5564 "https://ko0.us/imgs/btn/" "Mozilla/5.0 AppleWebKit/537.36 (KHTML, like Gecko; compatible; GPTBot/1.4; +https://openai.com/gptbot)"
216.73.216.164 - - [31/Aug/2026:08:21:54 -0400] "GET /cropex/js/wz/view-source:http:/www.walterzorn.de/en/scripts/wz_grapher.js HTTP/2" 404 1251 "-" "Mozilla/5.0 AppleWebKit/537.36 (KHTML, like Gecko; compatible; ClaudeBot/1.0; +claudebot@anthropic.com)"
156.155.52.72 - - [31/Aug/2026:08:21:58 -0400] "GET /index_jsdk_jkwii.html HTTP/1.1" 200 113925 "https://ko0.us/" "Mozilla/5.0 (Windows NT 10.0; Win64; x64) AppleWebKit/537.36 (KHTML, like Gecko) Chrome/123.0.6312.122 Safari/537.36"
216.73.216.164 - - [31/Aug/2026:08:21:59 -0400] "GET /cropex/js/wz/view-source:http:/www.walterzorn.de/grapher/grapher.htm HTTP/2" 404 1251 "-" "Mozilla/5.0 AppleWebKit/537.36 (KHTML, like Gecko; compatible; ClaudeBot/1.0; +claudebot@anthropic.com)"
74.7.227.147 - - [31/Aug/2026:08:22:04 -0400] "GET /imgs/btn/ko_horizon_shadow.png HTTP/2" 200 93860 "https://ko0.us/imgs/btn/" "Mozilla/5.0 AppleWebKit/537.36 (KHTML, like Gecko; compatible; GPTBot/1.4; +https://openai.com/gptbot)"
66.249.69.229 - - [31/Aug/2026:08:19:55 -0400] "GET /if%20(!window['YT'])%20%7Bvar%20YT%20=%20%7Bloading:%200,loaded:%200%7D;%7Dif%20(!window['YTConfig'])%20%7Bvar%20YTConfig%20=%20%7B'host':%20'http://www.youtube.com'%7D;%7Dif%20(!YT.loading)%20%7BYT.loading%20=%201;(function()%7Bvar%20l%20=%20[];YT.ready%20=%20function(f)%20%7Bif%20(YT.loaded)%20%7Bf();%7D%20else%20%7Bl.push(f);%7D%7D;window.onYTReady%20=%20function()%20%7BYT.loaded%20=%201;for%20(var%20i%20=%200;%20i%20%3C%20l.length;%20i++)%20%7Btry%20%7Bl[i]();%7D%20catch%20(e)%20%7B%7D%7D%7D;YT.setConfig%20=%20function(c)%20%7Bfor%20(var%20k%20in%20c)%20%7Bif%20(c.hasOwnProperty(k))%20%7BYTConfig[k]%20=%20c[k];%7D%7D%7D;var%20a%20=%20document.createElement('script');a.type%20=%20'text/javascript';a.id%20=%20'www-widgetapi-script';a.src%20=%20'https://s.ytimg.com/yts/jsbin/www-widgetapi-vflWjyjuR/www-widgetapi.js';a.async%20=%20true;var%20c%20=%20document.currentScript;if%20(c)%20%7Bvar%20n%20=%20c.nonce%20%7C%7C%20c.getAttribute('nonce');if%20(n)%20%7Ba.setAttribute('nonce',%20n);%7D%7Dvar%20b%20=%20document.getElementsByTagName('script')[0];b.parentNode.insertBefore(a,%20b);%7D)();%7D HTTP/1.1" 404 1251 "https://ko0.us/index_yt.html" "Mozilla/5.0 (Linux; Android 6.0.1; Nexus 5X Build/MMB29P) AppleWebKit/537.36 (KHTML, like Gecko) Chrome/151.0.7922.173 Mobile Safari/537.36 (compatible; Googlebot/2.1; +http://www.google.com/bot.html)"
66.249.69.227 - - [31/Aug/2026:08:19:56 -0400] "GET /tl.json?callback=onJSONP_Data HTTP/1.1" 200 486 "https://ko0.us/index_yt.html" "Mozilla/5.0 (Linux; Android 6.0.1; Nexus 5X Build/MMB29P) AppleWebKit/537.36 (KHTML, like Gecko) Chrome/151.0.7922.173 Mobile Safari/537.36 (compatible; Googlebot/2.1; +http://www.google.com/bot.html)"
45.162.245.15 - - [31/Aug/2026:08:19:58 -0400] "GET /ii.html HTTP/1.1" 200 183353 "https://ko0.us/" "Mozilla/5.0 (Windows NT 10.0; Win64; x64) AppleWebKit/537.36 (KHTML, like Gecko) Chrome/120.0.0.0 Safari/537.36 Edg/120.0.0.0"
179.124.1.99 - - [31/Aug/2026:08:20:10 -0400] "GET /ajaxtxt.html HTTP/1.1" 200 415 "https://ko0.us/" "Mozilla/5.0 (X11; Ubuntu; Linux x86_64; rv:124.0) Gecko/20100101 Firefox/124.0"
207.46.13.130 - - [31/Aug/2026:08:20:14 -0400] "GET /ko_center/ko_center.php?q=hw&sn='sn_551' HTTP/2" 500 0 "-" "Mozilla/5.0 AppleWebKit/537.36 (KHTML, like Gecko; compatible; bingbot/2.0; +http://www.bing.com/bingbot.htm) Chrome/116.0.1938.76 Safari/537.36"
207.46.13.130 - - [31/Aug/2026:08:20:15 -0400] "GET /ko_center/ko_center.php?q=hw&sn='sn_408' HTTP/2" 500 0 "-" "Mozilla/5.0 AppleWebKit/537.36 (KHTML, like Gecko; compatible; bingbot/2.0; +http://www.bing.com/bingbot.htm) Chrome/116.0.1938.76 Safari/537.36"
103.115.198.146 - - [31/Aug/2026:08:20:37 -0400] "GET /ii.html HTTP/1.1" 200 174943 "https://ko0.us/" "Mozilla/5.0 (X11; Ubuntu; Linux x86_64) AppleWebKit/537.36 (KHTML, like Gecko) Chrome/124.0.6367.82 Safari/537.36"
17.166.154.201 - - [31/Aug/2026:08:20:47 -0400] "GET /tl.db3%25%27%29%20AND%20EXTRACTVALUE%287695%2CCONCAT%280x7e%2C%28%28SELECT%20%28ELT%287695%3D7695%2C1%29%29%29%29%2C0x7e%29%29--%20- HTTP/2" 200 0 "-" "Mozilla/5.0 (Macintosh; Intel Mac OS X 10_15_7) AppleWebKit/605.1.15 (KHTML, like Gecko) Version/17.4 Safari/605.1.15 (Applebot/0.1; +http://www.apple.com/go/applebot)"
185.191.171.15 - - [31/Aug/2026:08:21:45 -0400] "GET /fb/gov HTTP/1.1" 404 1251 "-" "Mozilla/5.0 (compatible; SemrushBot/7~bl; +http://www.semrush.com/bot.html)"
17.166.153.45 - - [31/Aug/2026:08:21:46 -0400] "GET /jquery.js HTTP/2" 404 1251 "https://ko0.us/index_h5g.html" "Mozilla/5.0 (Macintosh; Intel Mac OS X 10_15_7) AppleWebKit/605.1.15 (KHTML, like Gecko) Version/17.4 Safari/605.1.15 (Applebot/0.1; +http://www.apple.com/go/applebot)"
66.249.69.229 - - [31/Aug/2026:08:22:03 -0400] "GET /fb/ka/imgs/ipad_20200102_1313_kacalendar/zn/zn_IMG_0481-203.jpg HTTP/1.1" 404 1251 "-" "Googlebot-Image/1.0"
216.73.216.164 - - [31/Aug/2026:08:19:43 -0400] "GET /cropex/imgs/btn/koeye_av_jtfdcr.png HTTP/2" 429 0 "-" "Mozilla/5.0 AppleWebKit/537.36 (KHTML, like Gecko; compatible; ClaudeBot/1.0; +claudebot@anthropic.com)"
216.73.216.164 - - [31/Aug/2026:08:19:48 -0400] "GET /pn/ko_pn.php?dir=%2Fhome%2Fkozerus%2Fpublic_html%2Fdgs%2Fimages%2F50%2Fb131.gif HTTP/2" 200 3930 "-" "Mozilla/5.0 AppleWebKit/537.36 (KHTML, like Gecko; compatible; ClaudeBot/1.0; +claudebot@anthropic.com)"
216.73.216.164 - - [31/Aug/2026:08:19:53 -0400] "GET /pn/ko_pn.php?dir=%2Fhome%2Fkozerus%2Fpublic_html%2Fjs%2Fturnjs4%2Fsamples%2Fmagazine%2Findex_20240324_1000.html HTTP/2" 429 0 "-" "Mozilla/5.0 AppleWebKit/537.36 (KHTML, like Gecko; compatible; ClaudeBot/1.0; +claudebot@anthropic.com)"
66.249.69.228 - - [31/Aug/2026:08:19:55 -0400] "GET /zm/space_2018/bennu_face/ImageProperties.xml HTTP/1.1" 404 1251 "https://ko0.us/index_yt.html" "Mozilla/5.0 (Linux; Android 6.0.1; Nexus 5X Build/MMB29P) AppleWebKit/537.36 (KHTML, like Gecko) Chrome/151.0.7922.173 Mobile Safari/537.36 (compatible; Googlebot/2.1; +http://www.google.com/bot.html)"
216.73.216.164 - - [31/Aug/2026:08:19:58 -0400] "GET /piwigo/themes/default/js/ui/i18n/jquery.ui.datepicker-ca.js HTTP/2" 200 441 "-" "Mozilla/5.0 AppleWebKit/537.36 (KHTML, like Gecko; compatible; ClaudeBot/1.0; +claudebot@anthropic.com)"
17.166.22.31 - - [31/Aug/2026:08:20:18 -0400] "GET /ko.log HTTP/2" 403 1242 "-" "Mozilla/5.0 (Macintosh; Intel Mac OS X 10_15_7) AppleWebKit/605.1.15 (KHTML, like Gecko) Version/17.4 Safari/605.1.15 (Applebot/0.1; +http://www.apple.com/go/applebot)"
139.135.41.226 - - [31/Aug/2026:08:20:57 -0400] "GET /pnmin_best.html HTTP/1.1" 200 3743 "https://ko0.us/" "Mozilla/5.0 (X11; Linux x86_64) AppleWebKit/537.36 (KHTML, like Gecko) Chrome/128.0.6613.85 Safari/537.36"
216.73.216.164 - - [31/Aug/2026:08:22:40 -0400] "GET /ko_center/zm5/hrc_dr15d17/TileGroup7/6-24-27.jpg HTTP/2" 200 1651 "-" "Mozilla/5.0 AppleWebKit/537.36 (KHTML, like Gecko; compatible; ClaudeBot/1.0; +claudebot@anthropic.com)"
216.73.216.164 - - [31/Aug/2026:08:22:44 -0400] "GET /ko_center/zm5/hrc_cr10c42/TileGroup2/6-28-4.jpg HTTP/2" 200 3955 "-" "Mozilla/5.0 AppleWebKit/537.36 (KHTML, like Gecko; compatible; ClaudeBot/1.0; +claudebot@anthropic.com)"
216.73.216.164 - - [31/Aug/2026:08:22:49 -0400] "GET /ko_center/zm5/hrc_dr19d34/TileGroup6/6-12-25.jpg HTTP/2" 429 0 "-" "Mozilla/5.0 AppleWebKit/537.36 (KHTML, like Gecko; compatible; ClaudeBot/1.0; +claudebot@anthropic.com)"
216.73.216.164 - - [31/Aug/2026:08:22:54 -0400] "GET /ko_center/zm5/hrc_dr15d17/TileGroup5/6-6-20.jpg HTTP/2" 200 1651 "-" "Mozilla/5.0 AppleWebKit/537.36 (KHTML, like Gecko; compatible; ClaudeBot/1.0; +claudebot@anthropic.com)"
216.73.216.164 - - [31/Aug/2026:08:22:59 -0400] "GET /ko_center/zm5/hrc_cr01c00/TileGroup3/6-34-5.jpg HTTP/2" 429 0 "-" "Mozilla/5.0 AppleWebKit/537.36 (KHTML, like Gecko; compatible; ClaudeBot/1.0; +claudebot@anthropic.com)"
216.73.216.164 - - [31/Aug/2026:08:23:04 -0400] "GET /ko_center/zm5/hrc_dr22d45/TileGroup4/6-28-11.jpg HTTP/2" 200 5124 "-" "Mozilla/5.0 AppleWebKit/537.36 (KHTML, like Gecko; compatible; ClaudeBot/1.0; +claudebot@anthropic.com)"
216.73.216.164 - - [31/Aug/2026:08:23:09 -0400] "GET /ko_center/zm5/hrc_cr01c00/TileGroup3/6-14-9.jpg HTTP/2" 429 0 "-" "Mozilla/5.0 AppleWebKit/537.36 (KHTML, like Gecko; compatible; ClaudeBot/1.0; +claudebot@anthropic.com)"
216.73.216.164 - - [31/Aug/2026:08:23:14 -0400] "GET /ko_center/zm5/hrc_cr03c12/TileGroup2/6-38-0.jpg HTTP/2" 200 2093 "-" "Mozilla/5.0 AppleWebKit/537.36 (KHTML, like Gecko; compatible; ClaudeBot/1.0; +claudebot@anthropic.com)"
37.212.57.89 - - [31/Aug/2026:08:23:17 -0400] "GET /pnmin_best.html HTTP/1.1" 200 3743 "https://ko0.us/" "Mozilla/5.0 (Macintosh; Intel Mac OS X 10_15_7) AppleWebKit/605.1.15 (KHTML, like Gecko) Version/17.0 Safari/605.1.15"
216.73.216.164 - - [31/Aug/2026:08:22:04 -0400] "GET /ko_center/imgs/cab/cu29.png HTTP/2" 200 41971 "-" "Mozilla/5.0 AppleWebKit/537.36 (KHTML, like Gecko; compatible; ClaudeBot/1.0; +claudebot@anthropic.com)"
216.73.216.164 - - [31/Aug/2026:08:22:09 -0400] "GET /go/dgs0/images/21/w71.gif HTTP/2" 429 0 "-" "Mozilla/5.0 AppleWebKit/537.36 (KHTML, like Gecko; compatible; ClaudeBot/1.0; +claudebot@anthropic.com)"
41.251.111.17 - - [31/Aug/2026:08:22:07 -0400] "GET /jsdoit_shoo_best.htm HTTP/1.1" 200 383055 "https://ko0.us/" "Mozilla/5.0 (Macintosh; Intel Mac OS X 10_15_7) AppleWebKit/605.1.15 (KHTML, like Gecko) Version/17.1 Safari/605.1.15"
74.7.227.147 - - [31/Aug/2026:08:22:12 -0400] "GET /imgs/btn/koeyew_kov_kassil.png HTTP/2" 429 0 "https://ko0.us/imgs/btn/" "Mozilla/5.0 AppleWebKit/537.36 (KHTML, like Gecko; compatible; GPTBot/1.4; +https://openai.com/gptbot)"
216.73.216.164 - - [31/Aug/2026:08:22:14 -0400] "GET /pn/ko_pn.php?dir=%2Fhome%2Fkozerus%2Fpublic_html%2Fcropex%2Fnode%2Fnode_modules%2Flinebreak%2Fdist HTTP/2" 200 4018 "-" "Mozilla/5.0 AppleWebKit/537.36 (KHTML, like Gecko; compatible; ClaudeBot/1.0; +claudebot@anthropic.com)"
216.73.216.164 - - [31/Aug/2026:08:22:19 -0400] "GET /pn/ko_pn.php?dir=%2Fhome%2Fkozerus%2Fpublic_html%2Fgo%2Fdgs0%2Fscripts%2Fapc_clear_cache.php HTTP/2" 429 0 "-" "Mozilla/5.0 AppleWebKit/537.36 (KHTML, like Gecko; compatible; ClaudeBot/1.0; +claudebot@anthropic.com)"
216.73.216.164 - - [31/Aug/2026:08:22:24 -0400] "GET /pn/ko_pn.php?dir=%2Fhome%2Fkozerus%2Fpublic_html%2Fcropex%2Fnode%2Fnode_modules%2Fbraces%2Findex.js HTTP/2" 200 5112 "-" "Mozilla/5.0 AppleWebKit/537.36 (KHTML, like Gecko; compatible; ClaudeBot/1.0; +claudebot@anthropic.com)"
216.73.216.164 - - [31/Aug/2026:08:22:29 -0400] "GET /pn/ko_pn.php?dir=%2Fhome%2Fkozerus%2Fpublic_html%2Fcropex%2Fnode%2Fnode_modules%2Freact-icons%2Fgi HTTP/2" 429 0 "-" "Mozilla/5.0 AppleWebKit/537.36 (KHTML, like Gecko; compatible; ClaudeBot/1.0; +claudebot@anthropic.com)"
216.73.216.164 - - [31/Aug/2026:08:22:34 -0400] "GET /ko/html_202112/index_20211006_192813.html HTTP/2" 404 1251 "-" "Mozilla/5.0 AppleWebKit/537.36 (KHTML, like Gecko; compatible; ClaudeBot/1.0; +claudebot@anthropic.com)"
74.7.227.147 - - [31/Aug/2026:08:22:38 -0400] "GET /imgs/btn/koeyew_kov_iperms.png HTTP/2" 429 0 "https://ko0.us/imgs/btn/" "Mozilla/5.0 AppleWebKit/537.36 (KHTML, like Gecko; compatible; GPTBot/1.4; +https://openai.com/gptbot)"
74.7.227.147 - - [31/Aug/2026:08:22:46 -0400] "GET /cropex/img/file_upload-icon.png HTTP/2" 429 0 "https://ko0.us/cropex/" "Mozilla/5.0 AppleWebKit/537.36 (KHTML, like Gecko; compatible; GPTBot/1.4; +https://openai.com/gptbot)"
203.99.144.53 - - [31/Aug/2026:08:22:51 -0400] "GET /ii.html HTTP/1.1" 200 183353 "https://ko0.us/" "Mozilla/5.0 (Windows NT 10.0; Win64; x64) AppleWebKit/537.36 (KHTML, like Gecko) Chrome/120.0.0.0 Safari/537.36 Edg/120.0.0.0"
74.7.227.147 - - [31/Aug/2026:08:22:58 -0400] "GET /imgs/btn/gjw_titles_shadow.png HTTP/2" 429 0 "https://ko0.us/imgs/btn/" "Mozilla/5.0 AppleWebKit/537.36 (KHTML, like Gecko; compatible; GPTBot/1.4; +https://openai.com/gptbot)"
74.7.227.147 - - [31/Aug/2026:08:23:15 -0400] "GET /imgs/btn/giphy_coffee_drip.gif HTTP/2" 429 0 "https://ko0.us/imgs/btn/" "Mozilla/5.0 AppleWebKit/537.36 (KHTML, like Gecko; compatible; GPTBot/1.4; +https://openai.com/gptbot)"
74.7.227.147 - - [31/Aug/2026:08:23:35 -0400] "GET /imgs/btn/ko_center_details.png HTTP/2" 200 24558 "https://ko0.us/imgs/btn/" "Mozilla/5.0 AppleWebKit/537.36 (KHTML, like Gecko; compatible; GPTBot/1.4; +https://openai.com/gptbot)"
74.7.227.147 - - [31/Aug/2026:08:23:55 -0400] "GET /i/imgs/giphy_bugs_alien_hothead.gif HTTP/2" 404 1251 "https://ko0.us/tltl.html" "Mozilla/5.0 AppleWebKit/537.36 (KHTML, like Gecko; compatible; GPTBot/1.4; +https://openai.com/gptbot)"
74.7.227.147 - - [31/Aug/2026:08:24:11 -0400] "GET /imgs/btn/koeyew_soul_lewis.png HTTP/2" 200 4952 "https://ko0.us/imgs/btn/" "Mozilla/5.0 AppleWebKit/537.36 (KHTML, like Gecko; compatible; GPTBot/1.4; +https://openai.com/gptbot)"
216.73.216.164 - - [31/Aug/2026:08:23:19 -0400] "GET /ko_center/zm5/hrc_cr09c37/TileGroup2/6-44-3.jpg HTTP/2" 429 0 "-" "Mozilla/5.0 AppleWebKit/537.36 (KHTML, like Gecko; compatible; ClaudeBot/1.0; +claudebot@anthropic.com)"
41.60.156.178 - - [31/Aug/2026:08:23:23 -0400] "GET /contact.htm HTTP/1.1" 200 1187 "https://ko0.us/" "Mozilla/5.0 (Macintosh; Intel Mac OS X 10_15_7) AppleWebKit/537.36 (KHTML, like Gecko) Chrome/126.0.6478.127 Safari/537.36"
216.73.216.164 - - [31/Aug/2026:08:23:24 -0400] "GET /ko_center/zm5/hrc_cr03c12/TileGroup2/6-16-0.jpg HTTP/2" 200 3613 "-" "Mozilla/5.0 AppleWebKit/537.36 (KHTML, like Gecko; compatible; ClaudeBot/1.0; +claudebot@anthropic.com)"
216.73.216.164 - - [31/Aug/2026:08:23:29 -0400] "GET /ko_center/zm5/hrc_cr01c00/TileGroup3/6-16-7.jpg HTTP/2" 429 0 "-" "Mozilla/5.0 AppleWebKit/537.36 (KHTML, like Gecko; compatible; ClaudeBot/1.0; +claudebot@anthropic.com)"
216.73.216.164 - - [31/Aug/2026:08:23:34 -0400] "GET /ko_center/zm5/hrc_cr01c00/TileGroup3/6-38-7.jpg HTTP/2" 200 2301 "-" "Mozilla/5.0 AppleWebKit/537.36 (KHTML, like Gecko; compatible; ClaudeBot/1.0; +claudebot@anthropic.com)"
123.253.215.41 - - [31/Aug/2026:08:23:38 -0400] "GET /ko_hideshow.html HTTP/1.1" 200 79644 "https://ko0.us/" "Mozilla/5.0 (X11; Ubuntu; Linux x86_64; rv:124.0) Gecko/20100101 Firefox/124.0"
216.73.216.164 - - [31/Aug/2026:08:23:40 -0400] "GET /ko_center/zm5/hrc_dr22d45/TileGroup4/6-43-11.jpg HTTP/2" 429 0 "-" "Mozilla/5.0 AppleWebKit/537.36 (KHTML, like Gecko; compatible; ClaudeBot/1.0; +claudebot@anthropic.com)"
216.73.216.164 - - [31/Aug/2026:08:23:44 -0400] "GET /ko_center/zm5/hrc_dr17d26/TileGroup4/6-30-13.jpg HTTP/2" 200 16861 "-" "Mozilla/5.0 AppleWebKit/537.36 (KHTML, like Gecko; compatible; ClaudeBot/1.0; +claudebot@anthropic.com)"
66.249.69.227 - - [31/Aug/2026:08:23:45 -0400] "GET /fb/kitiworks/nit_env/pages/zn/zn_15.jpg HTTP/1.1" 404 1251 "-" "Googlebot-Image/1.0"
216.73.216.164 - - [31/Aug/2026:08:23:49 -0400] "GET /ko_center/zm5/hrc_dr17d26/TileGroup4/6-40-15.jpg HTTP/2" 429 0 "-" "Mozilla/5.0 AppleWebKit/537.36 (KHTML, like Gecko; compatible; ClaudeBot/1.0; +claudebot@anthropic.com)"
216.73.216.164 - - [31/Aug/2026:08:23:55 -0400] "GET /ko_center/zm5/hrc_cr11c45/TileGroup2/6-16-4.jpg HTTP/2" 200 3198 "-" "Mozilla/5.0 AppleWebKit/537.36 (KHTML, like Gecko; compatible; ClaudeBot/1.0; +claudebot@anthropic.com)"
216.73.216.164 - - [31/Aug/2026:08:23:59 -0400] "GET /ko_center/zm5/hrc_cr03c12/TileGroup2/6-28-4.jpg HTTP/2" 429 0 "-" "Mozilla/5.0 AppleWebKit/537.36 (KHTML, like Gecko; compatible; ClaudeBot/1.0; +claudebot@anthropic.com)"
216.73.216.164 - - [31/Aug/2026:08:24:04 -0400] "GET /ko_center/zm5/hrc_cr01c00/TileGroup3/6-12-9.jpg HTTP/2" 200 3210 "-" "Mozilla/5.0 AppleWebKit/537.36 (KHTML, like Gecko; compatible; ClaudeBot/1.0; +claudebot@anthropic.com)"
