216.73.217.52 - - [31/Aug/2026:12:04:30 -0400] "GET /pn/ko_pn.php?dir=%2Fhome%2Fkozerus%2Fpublic_html%2Fko%2Fko_tl_best.html HTTP/2" 200 441618 "-" "Mozilla/5.0 AppleWebKit/537.36 (KHTML, like Gecko; compatible; ClaudeBot/1.0; +claudebot@anthropic.com)"
216.73.217.52 - - [31/Aug/2026:12:04:35 -0400] "GET /go/dgs0/images/9/dlc.gif HTTP/2" 429 0 "-" "Mozilla/5.0 AppleWebKit/537.36 (KHTML, like Gecko; compatible; ClaudeBot/1.0; +claudebot@anthropic.com)"
216.73.217.52 - - [31/Aug/2026:12:04:40 -0400] "GET /go/dgs0/images/9/b323.gif HTTP/2" 200 298 "-" "Mozilla/5.0 AppleWebKit/537.36 (KHTML, like Gecko; compatible; ClaudeBot/1.0; +claudebot@anthropic.com)"
216.73.217.52 - - [31/Aug/2026:12:04:45 -0400] "GET /go/dgs0/images/5/dlc.gif HTTP/2" 429 0 "-" "Mozilla/5.0 AppleWebKit/537.36 (KHTML, like Gecko; compatible; ClaudeBot/1.0; +claudebot@anthropic.com)"
216.73.217.52 - - [31/Aug/2026:12:04:50 -0400] "GET /go/dgs0/images/35/drt.gif HTTP/2" 200 396 "-" "Mozilla/5.0 AppleWebKit/537.36 (KHTML, like Gecko; compatible; ClaudeBot/1.0; +claudebot@anthropic.com)"
216.73.217.52 - - [31/Aug/2026:12:04:55 -0400] "GET /pn/ko_pn.php?dir=%2Fhome%2Fkozerus%2Fpublic_html%2Fkonet%2Fko.db3 HTTP/2" 429 0 "-" "Mozilla/5.0 AppleWebKit/537.36 (KHTML, like Gecko; compatible; ClaudeBot/1.0; +claudebot@anthropic.com)"
216.73.217.52 - - [31/Aug/2026:12:05:01 -0400] "GET /pn/ko_pn.php?dir=%2Fhome%2Fkozerus%2Fpublic_html%2Fpn%2Fuize%2Fsite-source%2Fjs%2FUize%2FWeb%2FxDom.js HTTP/2" 200 7160 "-" "Mozilla/5.0 AppleWebKit/537.36 (KHTML, like Gecko; compatible; ClaudeBot/1.0; +claudebot@anthropic.com)"
216.73.217.52 - - [31/Aug/2026:12:05:05 -0400] "GET /cropex/js/wz/wz_sliderthumb.gif HTTP/2" 429 0 "-" "Mozilla/5.0 AppleWebKit/537.36 (KHTML, like Gecko; compatible; ClaudeBot/1.0; +claudebot@anthropic.com)"
216.73.217.52 - - [31/Aug/2026:12:05:10 -0400] "GET /zm/Assets/Skins/Dark/large/panUpUp.gif HTTP/2" 200 319 "-" "Mozilla/5.0 AppleWebKit/537.36 (KHTML, like Gecko; compatible; ClaudeBot/1.0; +claudebot@anthropic.com)"
216.73.217.52 - - [31/Aug/2026:12:05:15 -0400] "GET /pn/ko_pn.php?dir=%2Fhome%2Fkozerus%2Fpublic_html%2Fpiwigo%2Fthemes%2Fmodus%2Fcss%2Ffontello%2F HTTP/2" 429 0 "-" "Mozilla/5.0 AppleWebKit/537.36 (KHTML, like Gecko; compatible; ClaudeBot/1.0; +claudebot@anthropic.com)"
216.73.217.52 - - [31/Aug/2026:12:05:20 -0400] "GET /dgs/images/50/w180.gif HTTP/2" 200 1302 "-" "Mozilla/5.0 AppleWebKit/537.36 (KHTML, like Gecko; compatible; ClaudeBot/1.0; +claudebot@anthropic.com)"
74.7.227.147 - - [31/Aug/2026:12:05:22 -0400] "GET /imgs/btn/koeyeb_io.png HTTP/2" 429 0 "https://ko0.us/kogrids_best.html" "Mozilla/5.0 AppleWebKit/537.36 (KHTML, like Gecko; compatible; GPTBot/1.4; +https://openai.com/gptbot)"
216.73.217.52 - - [31/Aug/2026:12:05:26 -0400] "GET /pn/ko_pn.php?dir=%2Fhome%2Fkozerus%2Fpublic_html%2Fpn%2Fuize%2Fsite-source%2Fjs%2FUize%2FWidget%2FmChildrenLinked.js HTTP/2" 429 0 "-" "Mozilla/5.0 AppleWebKit/537.36 (KHTML, like Gecko; compatible; ClaudeBot/1.0; +claudebot@anthropic.com)"
216.73.217.52 - - [31/Aug/2026:12:05:30 -0400] "GET /ko/imgs/doc/20090515.jpg HTTP/2" 200 95919 "-" "Mozilla/5.0 AppleWebKit/537.36 (KHTML, like Gecko; compatible; ClaudeBot/1.0; +claudebot@anthropic.com)"
216.73.217.52 - - [31/Aug/2026:12:05:35 -0400] "GET /pn/ko_pn.php?dir=%2Fhome%2Fkozerus%2Fpublic_html%2Fka%2Fpdf%2Fweb%2Fcmaps%2FAdobe-CNS1-UCS2.bcmap HTTP/2" 429 0 "-" "Mozilla/5.0 AppleWebKit/537.36 (KHTML, like Gecko; compatible; ClaudeBot/1.0; +claudebot@anthropic.com)"
74.7.227.147 - - [31/Aug/2026:12:05:38 -0400] "GET /imgs/btn/koeyeb_sk.png HTTP/2" 429 0 "https://ko0.us/mob_best.html" "Mozilla/5.0 AppleWebKit/537.36 (KHTML, like Gecko; compatible; GPTBot/1.4; +https://openai.com/gptbot)"
216.73.217.52 - - [31/Aug/2026:12:05:41 -0400] "GET /pn/ko_pn.php?dir=%2Fhome%2Fkozerus%2Fpublic_html%2Fdgs%2Fimages%2Fflags HTTP/2" 200 6656 "-" "Mozilla/5.0 AppleWebKit/537.36 (KHTML, like Gecko; compatible; ClaudeBot/1.0; +claudebot@anthropic.com)"
216.73.217.52 - - [31/Aug/2026:12:05:46 -0400] "GET /go/dgs0/images/17/co.gif HTTP/2" 429 0 "-" "Mozilla/5.0 AppleWebKit/537.36 (KHTML, like Gecko; compatible; ClaudeBot/1.0; +claudebot@anthropic.com)"
216.73.217.52 - - [31/Aug/2026:12:05:51 -0400] "GET /go/dgs0/images/35/redo.gif HTTP/2" 200 404 "-" "Mozilla/5.0 AppleWebKit/537.36 (KHTML, like Gecko; compatible; ClaudeBot/1.0; +claudebot@anthropic.com)"
216.73.217.52 - - [31/Aug/2026:12:05:56 -0400] "GET /go/dgs0/images/42/bt.gif HTTP/2" 429 0 "-" "Mozilla/5.0 AppleWebKit/537.36 (KHTML, like Gecko; compatible; ClaudeBot/1.0; +claudebot@anthropic.com)"
216.73.217.52 - - [31/Aug/2026:12:06:00 -0400] "GET /go/dgs0/images/5/b370.gif HTTP/2" 200 152 "-" "Mozilla/5.0 AppleWebKit/537.36 (KHTML, like Gecko; compatible; ClaudeBot/1.0; +claudebot@anthropic.com)"
216.73.217.52 - - [31/Aug/2026:12:06:05 -0400] "GET /cropex/imgs/btn/koeye_edu.png HTTP/2" 429 0 "-" "Mozilla/5.0 AppleWebKit/537.36 (KHTML, like Gecko; compatible; ClaudeBot/1.0; +claudebot@anthropic.com)"
216.73.217.52 - - [31/Aug/2026:12:06:10 -0400] "GET /go/dgs0/images/9/b309.gif HTTP/2" 200 298 "-" "Mozilla/5.0 AppleWebKit/537.36 (KHTML, like Gecko; compatible; ClaudeBot/1.0; +claudebot@anthropic.com)"
216.73.217.52 - - [31/Aug/2026:12:06:16 -0400] "GET /pn/ko_pn.php?dir=%2Fhome%2Fkozerus%2Fpublic_html%2Fpiwigo%2Fthemes%2Fmodus%2Flanguage%2Fca_ES HTTP/2" 429 0 "-" "Mozilla/5.0 AppleWebKit/537.36 (KHTML, like Gecko; compatible; ClaudeBot/1.0; +claudebot@anthropic.com)"
74.7.227.147 - - [31/Aug/2026:12:06:16 -0400] "GET /imgs/btn/koeye_med.png HTTP/2" 429 0 "https://ko0.us/imgs/btn/" "Mozilla/5.0 AppleWebKit/537.36 (KHTML, like Gecko; compatible; GPTBot/1.4; +https://openai.com/gptbot)"
216.73.217.52 - - [31/Aug/2026:12:06:21 -0400] "GET /go/dgs0/images/9/b196.gif HTTP/2" 200 298 "-" "Mozilla/5.0 AppleWebKit/537.36 (KHTML, like Gecko; compatible; ClaudeBot/1.0; +claudebot@anthropic.com)"
216.73.217.52 - - [31/Aug/2026:12:06:26 -0400] "GET /ko_center/zm5/hrc_cr01c00/TileGroup6/6-27-25.jpg HTTP/2" 429 0 "-" "Mozilla/5.0 AppleWebKit/537.36 (KHTML, like Gecko; compatible; ClaudeBot/1.0; +claudebot@anthropic.com)"
216.73.217.52 - - [31/Aug/2026:12:06:31 -0400] "GET /ko_center/zm5/hrc_cr01c00/TileGroup5/6-6-21.jpg HTTP/2" 200 4303 "-" "Mozilla/5.0 AppleWebKit/537.36 (KHTML, like Gecko; compatible; ClaudeBot/1.0; +claudebot@anthropic.com)"
74.7.227.147 - - [31/Aug/2026:12:06:36 -0400] "GET /imgs/btn/ko_center.png HTTP/2" 429 0 "https://ko0.us/imgs/btn/" "Mozilla/5.0 AppleWebKit/537.36 (KHTML, like Gecko; compatible; GPTBot/1.4; +https://openai.com/gptbot)"
216.73.217.52 - - [31/Aug/2026:12:06:36 -0400] "GET /ko_center/zm5/hrc_cr03c12/TileGroup3/6-14-10.jpg HTTP/2" 429 0 "-" "Mozilla/5.0 AppleWebKit/537.36 (KHTML, like Gecko; compatible; ClaudeBot/1.0; +claudebot@anthropic.com)"
66.249.69.227 - - [31/Aug/2026:12:06:36 -0400] "GET /fb/kolog/pages/zn/zn_9.jpg HTTP/1.1" 404 1251 "-" "Googlebot-Image/1.0"
216.73.217.52 - - [31/Aug/2026:12:06:41 -0400] "GET /ko_center/zm5/hrc_dr12d04/TileGroup5/6-19-17.jpg HTTP/2" 200 1651 "-" "Mozilla/5.0 AppleWebKit/537.36 (KHTML, like Gecko; compatible; ClaudeBot/1.0; +claudebot@anthropic.com)"
216.73.217.52 - - [31/Aug/2026:12:06:46 -0400] "GET /ko_center/zm5/hrc_cr01c00/TileGroup6/6-31-25.jpg HTTP/2" 429 0 "-" "Mozilla/5.0 AppleWebKit/537.36 (KHTML, like Gecko; compatible; ClaudeBot/1.0; +claudebot@anthropic.com)"
216.73.217.52 - - [31/Aug/2026:12:06:51 -0400] "GET /tl.php?db3=tl.db3&tbl=mp4&tlid=%2Fkb%2Fvid%2Fjtfdcr%2Fjtfdc_2017 HTTP/2" 200 36158 "-" "Mozilla/5.0 AppleWebKit/537.36 (KHTML, like Gecko; compatible; ClaudeBot/1.0; +claudebot@anthropic.com)"
185.191.171.17 - - [31/Aug/2026:12:07:27 -0400] "GET /pn/koh5_pn.html HTTP/1.1" 200 97693 "-" "Mozilla/5.0 (compatible; SemrushBot/7~bl; +http://www.semrush.com/bot.html)"
74.7.227.147 - - [31/Aug/2026:12:07:32 -0400] "GET /imgs/btn/koeye_log.png HTTP/2" 200 7131 "https://ko0.us/imgs/btn/" "Mozilla/5.0 AppleWebKit/537.36 (KHTML, like Gecko; compatible; GPTBot/1.4; +https://openai.com/gptbot)"
216.73.217.52 - - [31/Aug/2026:12:07:32 -0400] "GET /ko_center/zm5/hrc_d/TileGroup2/6-26-4.jpg HTTP/2" 200 3722 "-" "Mozilla/5.0 AppleWebKit/537.36 (KHTML, like Gecko; compatible; ClaudeBot/1.0; +claudebot@anthropic.com)"
85.208.96.197 - - [31/Aug/2026:12:07:33 -0400] "GET /svc/jqgrid/loadoncex.html HTTP/1.1" 404 1251 "-" "Mozilla/5.0 (compatible; SemrushBot/7~bl; +http://www.semrush.com/bot.html)"
216.73.217.52 - - [31/Aug/2026:12:07:37 -0400] "GET /ko_center/zm5/hrc_d/TileGroup2/6-19-0.jpg HTTP/2" 429 0 "-" "Mozilla/5.0 AppleWebKit/537.36 (KHTML, like Gecko; compatible; ClaudeBot/1.0; +claudebot@anthropic.com)"
216.73.217.52 - - [31/Aug/2026:12:07:42 -0400] "GET /pn/ko_pn.php?dir=%2Fhome%2Fkozerus%2Fpublic_html%2Fimgs%2Fbtn%2Fbtn_keyhole_winter.png HTTP/2" 200 3889 "-" "Mozilla/5.0 AppleWebKit/537.36 (KHTML, like Gecko; compatible; ClaudeBot/1.0; +claudebot@anthropic.com)"
216.73.217.52 - - [31/Aug/2026:12:07:47 -0400] "GET /ko_center/zm5/hrc_d/TileGroup0/4-3-1.jpg HTTP/2" 429 0 "-" "Mozilla/5.0 AppleWebKit/537.36 (KHTML, like Gecko; compatible; ClaudeBot/1.0; +claudebot@anthropic.com)"
216.73.217.52 - - [31/Aug/2026:12:07:52 -0400] "GET /ko_center/zm5/hrc_d/TileGroup0/5-8-0.jpg HTTP/2" 200 5940 "-" "Mozilla/5.0 AppleWebKit/537.36 (KHTML, like Gecko; compatible; ClaudeBot/1.0; +claudebot@anthropic.com)"
216.73.217.52 - - [31/Aug/2026:12:07:57 -0400] "GET /pn/ko_pn.php?dir=%2Fhome%2Fkozerus%2Fpublic_html%2Fimgs%2Fbtn%2Fsailboat.png HTTP/2" 429 0 "-" "Mozilla/5.0 AppleWebKit/537.36 (KHTML, like Gecko; compatible; ClaudeBot/1.0; +claudebot@anthropic.com)"
216.73.217.52 - - [31/Aug/2026:12:08:02 -0400] "GET /ko_center/zm5/hrc_d/TileGroup0/5-19-3.jpg HTTP/2" 200 6972 "-" "Mozilla/5.0 AppleWebKit/537.36 (KHTML, like Gecko; compatible; ClaudeBot/1.0; +claudebot@anthropic.com)"
216.73.217.52 - - [31/Aug/2026:12:08:07 -0400] "GET /ko_center/zm5/hrc_d/TileGroup2/6-28-4.jpg HTTP/2" 429 0 "-" "Mozilla/5.0 AppleWebKit/537.36 (KHTML, like Gecko; compatible; ClaudeBot/1.0; +claudebot@anthropic.com)"
216.73.217.52 - - [31/Aug/2026:12:08:07 -0400] "GET /robots.txt HTTP/2" 404 1251 "-" "Mozilla/5.0 AppleWebKit/537.36 (KHTML, like Gecko; compatible; ClaudeBot/1.0; +claudebot@anthropic.com)"
66.249.69.229 - - [31/Aug/2026:12:08:10 -0400] "GET /fb/kolog/pages/zn/zn_30.jpg HTTP/1.1" 404 1251 "-" "Googlebot-Image/1.0"
216.73.217.52 - - [31/Aug/2026:12:08:12 -0400] "GET /pn/ko_pn.php?dir=%2Fhome%2Fkozerus%2Fpublic_html%2Fimgs%2Fbtn%2Fkoeyeb_twitter.png HTTP/2" 200 3889 "-" "Mozilla/5.0 AppleWebKit/537.36 (KHTML, like Gecko; compatible; ClaudeBot/1.0; +claudebot@anthropic.com)"
216.73.217.52 - - [31/Aug/2026:12:08:17 -0400] "GET /ko_center/zm5/hrc_d/TileGroup2/6-13-0.jpg HTTP/2" 429 0 "-" "Mozilla/5.0 AppleWebKit/537.36 (KHTML, like Gecko; compatible; ClaudeBot/1.0; +claudebot@anthropic.com)"
216.73.217.52 - - [31/Aug/2026:12:08:22 -0400] "GET /zm/hrc2009stl/TileGroup3/5-15-19.jpg HTTP/2" 200 1895 "-" "Mozilla/5.0 AppleWebKit/537.36 (KHTML, like Gecko; compatible; ClaudeBot/1.0; +claudebot@anthropic.com)"
216.73.217.52 - - [31/Aug/2026:12:08:27 -0400] "GET /ko_center/zm5/hrc_d/TileGroup2/6-37-4.jpg HTTP/2" 429 0 "-" "Mozilla/5.0 AppleWebKit/537.36 (KHTML, like Gecko; compatible; ClaudeBot/1.0; +claudebot@anthropic.com)"
216.73.217.52 - - [31/Aug/2026:12:08:32 -0400] "GET /pn/ko_pn.php?dir=%2Fhome%2Fkozerus%2Fpublic_html%2Fimgs%2Fbtn%2Fkop1234.png HTTP/2" 200 3910 "-" "Mozilla/5.0 AppleWebKit/537.36 (KHTML, like Gecko; compatible; ClaudeBot/1.0; +claudebot@anthropic.com)"
66.249.69.228 - - [31/Aug/2026:12:08:34 -0400] "GET /fb/kolog/pages/zn/zn_29.jpg HTTP/1.1" 404 1251 "-" "Googlebot-Image/1.0"
74.7.227.147 - - [31/Aug/2026:12:08:34 -0400] "GET /imgs/btn/koeye_tag.png HTTP/2" 429 0 "https://ko0.us/imgs/btn/" "Mozilla/5.0 AppleWebKit/537.36 (KHTML, like Gecko; compatible; GPTBot/1.4; +https://openai.com/gptbot)"
216.73.217.52 - - [31/Aug/2026:12:08:37 -0400] "GET /ko_center/zm5/hrc_d/TileGroup2/6-14-4.jpg HTTP/2" 429 0 "-" "Mozilla/5.0 AppleWebKit/537.36 (KHTML, like Gecko; compatible; ClaudeBot/1.0; +claudebot@anthropic.com)"
216.73.217.52 - - [31/Aug/2026:12:08:42 -0400] "GET /ko_center/zm5/hrc_dr13d09/TileGroup2/6-41-2.jpg HTTP/2" 200 1651 "-" "Mozilla/5.0 AppleWebKit/537.36 (KHTML, like Gecko; compatible; ClaudeBot/1.0; +claudebot@anthropic.com)"
216.73.217.52 - - [31/Aug/2026:12:08:47 -0400] "GET /ko_center/zm5/hrc_d/TileGroup2/6-20-0.jpg HTTP/2" 429 0 "-" "Mozilla/5.0 AppleWebKit/537.36 (KHTML, like Gecko; compatible; ClaudeBot/1.0; +claudebot@anthropic.com)"
216.73.217.52 - - [31/Aug/2026:12:08:52 -0400] "GET /ko_center/zm5/hrc_dr13d09/TileGroup2/6-0-2.jpg HTTP/2" 200 2241 "-" "Mozilla/5.0 AppleWebKit/537.36 (KHTML, like Gecko; compatible; ClaudeBot/1.0; +claudebot@anthropic.com)"
216.73.217.52 - - [31/Aug/2026:12:08:57 -0400] "GET /pn/ko_pn.php?dir=%2Fhome%2Fkozerus%2Fpublic_html%2Fimgs%2Fbtn%2Fkoeye_s3.png HTTP/2" 429 0 "-" "Mozilla/5.0 AppleWebKit/537.36 (KHTML, like Gecko; compatible; ClaudeBot/1.0; +claudebot@anthropic.com)"
216.73.217.52 - - [31/Aug/2026:12:09:02 -0400] "GET /pn/ko_pn.php?dir=%2Fhome%2Fkozerus%2Fpublic_html%2Fjs%2Fwz_connect%2Flaptop_usba.png HTTP/2" 200 3887 "-" "Mozilla/5.0 AppleWebKit/537.36 (KHTML, like Gecko; compatible; ClaudeBot/1.0; +claudebot@anthropic.com)"
216.73.217.52 - - [31/Aug/2026:12:09:07 -0400] "GET /ko_center/zm5/hrc_d/TileGroup6/6-2-22.jpg HTTP/2" 429 0 "-" "Mozilla/5.0 AppleWebKit/537.36 (KHTML, like Gecko; compatible; ClaudeBot/1.0; +claudebot@anthropic.com)"
216.73.217.52 - - [31/Aug/2026:12:09:12 -0400] "GET /zm/hrc2009stl/TileGroup3/5-17-18.jpg HTTP/2" 200 17149 "-" "Mozilla/5.0 AppleWebKit/537.36 (KHTML, like Gecko; compatible; ClaudeBot/1.0; +claudebot@anthropic.com)"
74.7.227.147 - - [31/Aug/2026:12:09:14 -0400] "GET /imgs/btn/koeye_jpg.png HTTP/2" 429 0 "https://ko0.us/lists_bestbugs.html" "Mozilla/5.0 AppleWebKit/537.36 (KHTML, like Gecko; compatible; GPTBot/1.4; +https://openai.com/gptbot)"
216.73.217.52 - - [31/Aug/2026:12:09:17 -0400] "GET /pn/ko_pn.php?dir=%2Fhome%2Fkozerus%2Fpublic_html%2Fgo%2Fpages%2F20.jpg HTTP/2" 429 0 "-" "Mozilla/5.0 AppleWebKit/537.36 (KHTML, like Gecko; compatible; ClaudeBot/1.0; +claudebot@anthropic.com)"
216.73.217.52 - - [31/Aug/2026:12:09:23 -0400] "GET /ko_center/zm5/hrc_cr05c20/TileGroup7/6-27-27.jpg HTTP/2" 200 1651 "-" "Mozilla/5.0 AppleWebKit/537.36 (KHTML, like Gecko; compatible; ClaudeBot/1.0; +claudebot@anthropic.com)"
216.73.217.52 - - [31/Aug/2026:12:09:27 -0400] "GET /ko_center/zm5/hrc_dr12d04/TileGroup4/6-38-11.jpg HTTP/2" 429 0 "-" "Mozilla/5.0 AppleWebKit/537.36 (KHTML, like Gecko; compatible; ClaudeBot/1.0; +claudebot@anthropic.com)"
74.7.227.147 - - [31/Aug/2026:12:09:30 -0400] "GET /imgs/btn/koeye_gab.png HTTP/2" 200 5133 "https://ko0.us/imgs/btn/" "Mozilla/5.0 AppleWebKit/537.36 (KHTML, like Gecko; compatible; GPTBot/1.4; +https://openai.com/gptbot)"
216.73.217.52 - - [31/Aug/2026:12:09:32 -0400] "GET /ko_center/zm5/hrc_cr11c45/TileGroup5/6-5-21.jpg HTTP/2" 200 1651 "-" "Mozilla/5.0 AppleWebKit/537.36 (KHTML, like Gecko; compatible; ClaudeBot/1.0; +claudebot@anthropic.com)"
216.73.217.52 - - [31/Aug/2026:12:09:37 -0400] "GET /ko_center/zm5/hrc_cr11c45/TileGroup7/6-20-27.jpg HTTP/2" 429 0 "-" "Mozilla/5.0 AppleWebKit/537.36 (KHTML, like Gecko; compatible; ClaudeBot/1.0; +claudebot@anthropic.com)"
216.73.217.52 - - [31/Aug/2026:12:09:42 -0400] "GET /ko_center/zm5/hrc_cr05c20/TileGroup5/6-10-20.jpg HTTP/2" 200 5001 "-" "Mozilla/5.0 AppleWebKit/537.36 (KHTML, like Gecko; compatible; ClaudeBot/1.0; +claudebot@anthropic.com)"
216.73.217.52 - - [31/Aug/2026:12:09:47 -0400] "GET /ko_center/zm5/hrc_cr03c12/TileGroup6/6-37-22.jpg HTTP/2" 429 0 "-" "Mozilla/5.0 AppleWebKit/537.36 (KHTML, like Gecko; compatible; ClaudeBot/1.0; +claudebot@anthropic.com)"
74.7.227.147 - - [31/Aug/2026:12:09:50 -0400] "GET /imgs/btn/koeye_gif.png HTTP/2" 200 3765 "https://ko0.us/imgs/btn/" "Mozilla/5.0 AppleWebKit/537.36 (KHTML, like Gecko; compatible; GPTBot/1.4; +https://openai.com/gptbot)"
216.73.217.52 - - [31/Aug/2026:12:09:52 -0400] "GET /ko_center/zm5/hrc_cr11c45/TileGroup4/6-41-13.jpg HTTP/2" 200 4231 "-" "Mozilla/5.0 AppleWebKit/537.36 (KHTML, like Gecko; compatible; ClaudeBot/1.0; +claudebot@anthropic.com)"
216.73.217.52 - - [31/Aug/2026:12:09:57 -0400] "GET /ko_center/zm5/hrc_cr10c42/TileGroup1/5-23-13.jpg HTTP/2" 429 0 "-" "Mozilla/5.0 AppleWebKit/537.36 (KHTML, like Gecko; compatible; ClaudeBot/1.0; +claudebot@anthropic.com)"
216.73.217.52 - - [31/Aug/2026:12:10:02 -0400] "GET /ko_center/zm5/hrc_cr01c00/TileGroup6/6-21-25.jpg HTTP/2" 200 1651 "-" "Mozilla/5.0 AppleWebKit/537.36 (KHTML, like Gecko; compatible; ClaudeBot/1.0; +claudebot@anthropic.com)"
74.7.227.147 - - [31/Aug/2026:12:10:06 -0400] "GET /imgs/btn/kohi_mask.png HTTP/2" 200 2583 "https://ko0.us/imgs/btn/" "Mozilla/5.0 AppleWebKit/537.36 (KHTML, like Gecko; compatible; GPTBot/1.4; +https://openai.com/gptbot)"
216.73.217.52 - - [31/Aug/2026:12:10:07 -0400] "GET /ko_center/zm5/hrc_cr01c00/TileGroup5/6-42-16.jpg HTTP/2" 429 0 "-" "Mozilla/5.0 AppleWebKit/537.36 (KHTML, like Gecko; compatible; ClaudeBot/1.0; +claudebot@anthropic.com)"
216.73.217.52 - - [31/Aug/2026:12:10:12 -0400] "GET /ko_center/zm5/hrc_cr09c37/TileGroup3/6-14-6.jpg HTTP/2" 200 8487 "-" "Mozilla/5.0 AppleWebKit/537.36 (KHTML, like Gecko; compatible; ClaudeBot/1.0; +claudebot@anthropic.com)"
216.73.217.52 - - [31/Aug/2026:12:10:17 -0400] "GET /ko_center/zm5/hrc_cr05c20/TileGroup7/6-38-26.jpg HTTP/2" 429 0 "-" "Mozilla/5.0 AppleWebKit/537.36 (KHTML, like Gecko; compatible; ClaudeBot/1.0; +claudebot@anthropic.com)"
216.73.217.52 - - [31/Aug/2026:12:10:22 -0400] "GET /ko_center/zm5/hrc_cr12c51/TileGroup7/6-35-30.jpg HTTP/2" 200 1667 "-" "Mozilla/5.0 AppleWebKit/537.36 (KHTML, like Gecko; compatible; ClaudeBot/1.0; +claudebot@anthropic.com)"
216.73.217.52 - - [31/Aug/2026:12:10:27 -0400] "GET /ko_center/zm5/hrc_dr12d04/TileGroup4/6-18-14.jpg HTTP/2" 429 0 "-" "Mozilla/5.0 AppleWebKit/537.36 (KHTML, like Gecko; compatible; ClaudeBot/1.0; +claudebot@anthropic.com)"
216.73.217.52 - - [31/Aug/2026:12:10:32 -0400] "GET /ko_center/zm5/hrc_cr04c17/TileGroup6/6-18-24.jpg HTTP/2" 200 1651 "-" "Mozilla/5.0 AppleWebKit/537.36 (KHTML, like Gecko; compatible; ClaudeBot/1.0; +claudebot@anthropic.com)"
216.73.217.52 - - [31/Aug/2026:12:10:37 -0400] "GET /ko_center/zm5/hrc_cr04c17/TileGroup1/5-20-14.jpg HTTP/2" 429 0 "-" "Mozilla/5.0 AppleWebKit/537.36 (KHTML, like Gecko; compatible; ClaudeBot/1.0; +claudebot@anthropic.com)"
74.7.227.147 - - [31/Aug/2026:12:10:37 -0400] "GET /imgs/jsdoit/jsdoit_k0kbdm.png HTTP/2" 200 2960290 "https://ko0.us/imgs/jsdoit/" "Mozilla/5.0 AppleWebKit/537.36 (KHTML, like Gecko; compatible; GPTBot/1.4; +https://openai.com/gptbot)"
216.73.217.52 - - [31/Aug/2026:12:10:42 -0400] "GET /stl/imgs/music_fleetwood_mac_silver_springs_official.png HTTP/2" 200 462401 "-" "Mozilla/5.0 AppleWebKit/537.36 (KHTML, like Gecko; compatible; ClaudeBot/1.0; +claudebot@anthropic.com)"
216.73.217.52 - - [31/Aug/2026:12:01:05 -0400] "GET /ko_center/zm5/hrc_cr10c42/TileGroup1/5-8-5.jpg HTTP/2" 200 12722 "-" "Mozilla/5.0 AppleWebKit/537.36 (KHTML, like Gecko; compatible; ClaudeBot/1.0; +claudebot@anthropic.com)"
216.73.217.52 - - [31/Aug/2026:12:01:10 -0400] "GET /ko_center/zm5/hrc_cr01c00/TileGroup7/6-32-28.jpg HTTP/2" 429 0 "-" "Mozilla/5.0 AppleWebKit/537.36 (KHTML, like Gecko; compatible; ClaudeBot/1.0; +claudebot@anthropic.com)"
216.73.217.52 - - [31/Aug/2026:12:01:15 -0400] "GET /ko_center/zm5/hrc_cr01c00/TileGroup3/6-32-6.jpg HTTP/2" 200 2688 "-" "Mozilla/5.0 AppleWebKit/537.36 (KHTML, like Gecko; compatible; ClaudeBot/1.0; +claudebot@anthropic.com)"
66.249.69.227 - - [31/Aug/2026:12:03:30 -0400] "GET /fb/iperms/maga/pages/zn/zn_2.jpg HTTP/1.1" 404 1251 "-" "Googlebot-Image/1.0"
185.191.171.15 - - [31/Aug/2026:12:05:07 -0400] "GET /k9/index.html HTTP/1.1" 200 4473 "-" "Mozilla/5.0 (compatible; SemrushBot/7~bl; +http://www.semrush.com/bot.html)"
66.249.69.228 - - [31/Aug/2026:12:05:50 -0400] "GET /fb/kolog/pages/zn/zn_34.jpg HTTP/1.1" 404 1251 "-" "Googlebot-Image/1.0"
74.7.244.62 - - [31/Aug/2026:12:06:16 -0400] "GET /robots.txt HTTP/2" 404 1251 "-" "Mozilla/5.0 (Macintosh; Intel Mac OS X 10_15_7) AppleWebKit/537.36 (KHTML, like Gecko) Chrome/131.0.0.0 Safari/537.36; compatible; OAI-SearchBot/1.4; robots.txt; +https://openai.com/searchbot"
216.73.217.52 - - [31/Aug/2026:12:06:57 -0400] "GET /ko_center/zm5/hrc_cr01c00/TileGroup6/6-23-25.jpg HTTP/2" 429 0 "-" "Mozilla/5.0 AppleWebKit/537.36 (KHTML, like Gecko; compatible; ClaudeBot/1.0; +claudebot@anthropic.com)"
216.73.217.52 - - [31/Aug/2026:12:07:02 -0400] "GET /ko_center/zm5/hrc_cr09c37/TileGroup3/6-22-6.jpg HTTP/2" 200 8362 "-" "Mozilla/5.0 AppleWebKit/537.36 (KHTML, like Gecko; compatible; ClaudeBot/1.0; +claudebot@anthropic.com)"
216.73.217.52 - - [31/Aug/2026:12:07:07 -0400] "GET /ko_center/zm5/hrc_dr12d04/TileGroup5/6-44-19.jpg HTTP/2" 429 0 "-" "Mozilla/5.0 AppleWebKit/537.36 (KHTML, like Gecko; compatible; ClaudeBot/1.0; +claudebot@anthropic.com)"
216.73.217.52 - - [31/Aug/2026:12:07:12 -0400] "GET /ko_center/zm5/hrc_cr08c34/TileGroup3/6-45-6.jpg HTTP/2" 200 5669 "-" "Mozilla/5.0 AppleWebKit/537.36 (KHTML, like Gecko; compatible; ClaudeBot/1.0; +claudebot@anthropic.com)"
216.73.217.52 - - [31/Aug/2026:12:07:17 -0400] "GET /ko_center/zm5/hrc_cr01c00/TileGroup6/6-31-24.jpg HTTP/2" 429 0 "-" "Mozilla/5.0 AppleWebKit/537.36 (KHTML, like Gecko; compatible; ClaudeBot/1.0; +claudebot@anthropic.com)"
216.73.217.52 - - [31/Aug/2026:12:07:22 -0400] "GET /ko_center/zm5/hrc_cr01c00/TileGroup5/6-47-15.jpg HTTP/2" 200 1313 "-" "Mozilla/5.0 AppleWebKit/537.36 (KHTML, like Gecko; compatible; ClaudeBot/1.0; +claudebot@anthropic.com)"
216.73.217.52 - - [31/Aug/2026:12:07:27 -0400] "GET /ko_center/zm5/hrc_cr01c00/TileGroup5/6-26-20.jpg HTTP/2" 429 0 "-" "Mozilla/5.0 AppleWebKit/537.36 (KHTML, like Gecko; compatible; ClaudeBot/1.0; +claudebot@anthropic.com)"
66.249.69.227 - - [31/Aug/2026:12:08:58 -0400] "GET /fb/kolog/pages/zn/zn_53.jpg HTTP/1.1" 404 1251 "-" "Googlebot-Image/1.0"
185.191.171.4 - - [31/Aug/2026:12:10:51 -0400] "GET /robots.txt HTTP/1.1" 404 1251 "-" "Mozilla/5.0 (compatible; SemrushBot/7~bl; +http://www.semrush.com/bot.html)"
85.208.96.193 - - [31/Aug/2026:12:10:51 -0400] "GET /birds/birds_mp4.html HTTP/1.1" 404 1251 "-" "Mozilla/5.0 (compatible; SemrushBot/7~bl; +http://www.semrush.com/bot.html)"
216.73.217.52 - - [31/Aug/2026:12:01:47 -0400] "GET /pn/ko_pn.php?dir=%2Fhome%2Fkozerus%2Fpublic_html%2Fcropex%2Fnode%2Fnode_modules%2Fuse-callback-ref%2Fdist%2Fes5%2FuseRef.d.ts HTTP/2" 200 4302 "-" "Mozilla/5.0 AppleWebKit/537.36 (KHTML, like Gecko; compatible; ClaudeBot/1.0; +claudebot@anthropic.com)"
74.7.227.147 - - [31/Aug/2026:12:02:17 -0400] "GET /ka/fb/kassil_anneliese/fb.html HTTP/2" 200 149228 "https://ko0.us/ka/" "Mozilla/5.0 AppleWebKit/537.36 (KHTML, like Gecko; compatible; GPTBot/1.4; +https://openai.com/gptbot)"
66.249.69.229 - - [31/Aug/2026:12:02:19 -0400] "GET /fb/weds/wed_20220528_gjw/01_20220528_gjw/pages/zn/zn_101.jpg HTTP/1.1" 404 1251 "-" "Googlebot-Image/1.0"
74.7.227.147 - - [31/Aug/2026:12:02:37 -0400] "GET /imgs/btn/koeyeb_db.png HTTP/2" 200 5518 "https://ko0.us/imgs/btn/" "Mozilla/5.0 AppleWebKit/537.36 (KHTML, like Gecko; compatible; GPTBot/1.4; +https://openai.com/gptbot)"
85.208.96.197 - - [31/Aug/2026:12:03:00 -0400] "GET /svc/kokbdm/index.html HTTP/1.1" 404 1251 "-" "Mozilla/5.0 (compatible; SemrushBot/7~bl; +http://www.semrush.com/bot.html)"
66.249.69.229 - - [31/Aug/2026:12:03:06 -0400] "GET /fb/comics/classics/no069_aroundtheworld/pages/zn/zn_4.jpg HTTP/1.1" 404 1251 "-" "Googlebot-Image/1.0"
74.7.227.147 - - [31/Aug/2026:12:03:35 -0400] "GET /imgs/btn/blob_tran.png HTTP/2" 429 0 "https://ko0.us/imgs/btn/" "Mozilla/5.0 AppleWebKit/537.36 (KHTML, like Gecko; compatible; GPTBot/1.4; +https://openai.com/gptbot)"
66.249.69.229 - - [31/Aug/2026:12:05:03 -0400] "GET /fb/jtfinc/jtf21/pages/zn/zn_3.jpg HTTP/1.1" 404 1251 "-" "Googlebot-Image/1.0"
85.208.96.211 - - [31/Aug/2026:12:06:35 -0400] "GET /stl/chd/true_pinball.chd HTTP/1.1" 404 1251 "-" "Mozilla/5.0 (compatible; SemrushBot/7~bl; +http://www.semrush.com/bot.html)"
74.7.227.147 - - [31/Aug/2026:12:10:46 -0400] "GET /imgs/jsdoit/jsdoit_babes1.png HTTP/2" 429 0 "https://ko0.us/imgs/jsdoit/" "Mozilla/5.0 AppleWebKit/537.36 (KHTML, like Gecko; compatible; GPTBot/1.4; +https://openai.com/gptbot)"
216.73.217.52 - - [31/Aug/2026:12:10:48 -0400] "GET /ko_center/zm5/hrc_dr13d09/TileGroup2/6-40-2.jpg HTTP/2" 429 0 "-" "Mozilla/5.0 AppleWebKit/537.36 (KHTML, like Gecko; compatible; ClaudeBot/1.0; +claudebot@anthropic.com)"
74.7.227.147 - - [31/Aug/2026:12:10:52 -0400] "GET /imgs/jsdoit/jsdoit_orbit2.png HTTP/2" 429 0 "https://ko0.us/imgs/jsdoit/" "Mozilla/5.0 AppleWebKit/537.36 (KHTML, like Gecko; compatible; GPTBot/1.4; +https://openai.com/gptbot)"
85.208.96.198 - - [31/Aug/2026:12:10:52 -0400] "GET /iperms/hangman.html HTTP/1.1" 200 27134 "-" "Mozilla/5.0 (compatible; SemrushBot/7~bl; +http://www.semrush.com/bot.html)"
216.73.217.52 - - [31/Aug/2026:12:10:53 -0400] "GET /pn/ko_pn.php?dir=%2Fhome%2Fkozerus%2Fpublic_html%2Fdgs%2Fimages%2F5%2Fw454.gif HTTP/2" 200 3933 "-" "Mozilla/5.0 AppleWebKit/537.36 (KHTML, like Gecko; compatible; ClaudeBot/1.0; +claudebot@anthropic.com)"
216.73.217.52 - - [31/Aug/2026:12:10:58 -0400] "GET /pn/ko_pn.php?dir=%2Fhome%2Fkozerus%2Fpublic_html%2Fimgs%2Fbtn%2Fhandhi_30.gif HTTP/2" 429 0 "-" "Mozilla/5.0 AppleWebKit/537.36 (KHTML, like Gecko; compatible; ClaudeBot/1.0; +claudebot@anthropic.com)"
216.73.217.52 - - [31/Aug/2026:12:11:03 -0400] "GET /pn/ko_pn.php?dir=%2Fhome%2Fkozerus%2Fpublic_html%2Fpiwigo%2Fthemes%2Fmodus%2Fimages%2Fimg_next.png HTTP/2" 200 3945 "-" "Mozilla/5.0 AppleWebKit/537.36 (KHTML, like Gecko; compatible; ClaudeBot/1.0; +claudebot@anthropic.com)"
216.73.217.52 - - [31/Aug/2026:12:11:08 -0400] "GET /pn/ko_pn.php?dir=%2Fhome%2Fkozerus%2Fpublic_html%2Fcropex%2Fjs%2Fwz%2Fwz_connect%2Fcable-dp.png HTTP/2" 429 0 "-" "Mozilla/5.0 AppleWebKit/537.36 (KHTML, like Gecko; compatible; ClaudeBot/1.0; +claudebot@anthropic.com)"
216.73.217.52 - - [31/Aug/2026:12:11:13 -0400] "GET /ko_center/zm5/hrc_dr13d09/TileGroup2/6-33-2.jpg HTTP/2" 200 1651 "-" "Mozilla/5.0 AppleWebKit/537.36 (KHTML, like Gecko; compatible; ClaudeBot/1.0; +claudebot@anthropic.com)"
74.7.227.147 - - [31/Aug/2026:12:11:17 -0400] "GET /imgs/btn/btn_kosquarew.png HTTP/2" 429 0 "https://ko0.us/imgs/btn/" "Mozilla/5.0 AppleWebKit/537.36 (KHTML, like Gecko; compatible; GPTBot/1.4; +https://openai.com/gptbot)"
216.73.217.52 - - [31/Aug/2026:12:11:18 -0400] "GET /pn/ko_pn.php?dir=%2Fhome%2Fkozerus%2Fpublic_html%2Fjs%2Fwz_connect%2Flaptop_hdmi.png HTTP/2" 429 0 "-" "Mozilla/5.0 AppleWebKit/537.36 (KHTML, like Gecko; compatible; ClaudeBot/1.0; +claudebot@anthropic.com)"
216.73.217.52 - - [31/Aug/2026:12:11:23 -0400] "GET /ko_center/zm5/hrc_d/TileGroup2/6-42-3.jpg HTTP/2" 200 1651 "-" "Mozilla/5.0 AppleWebKit/537.36 (KHTML, like Gecko; compatible; ClaudeBot/1.0; +claudebot@anthropic.com)"
216.73.217.52 - - [31/Aug/2026:12:11:28 -0400] "GET /ko_center/zm5/hrc_dr15d17/TileGroup2/6-2-2.jpg HTTP/2" 429 0 "-" "Mozilla/5.0 AppleWebKit/537.36 (KHTML, like Gecko; compatible; ClaudeBot/1.0; +claudebot@anthropic.com)"
216.73.217.52 - - [31/Aug/2026:12:11:33 -0400] "GET /zm/hrc2009stl/TileGroup3/5-21-22.jpg HTTP/2" 200 947 "-" "Mozilla/5.0 AppleWebKit/537.36 (KHTML, like Gecko; compatible; ClaudeBot/1.0; +claudebot@anthropic.com)"
216.73.217.52 - - [31/Aug/2026:12:11:38 -0400] "GET /pn/ko_pn.php?dir=%2Fhome%2Fkozerus%2Fpublic_html%2Fimgs%2Fbtn%2Fkoeye_up.png HTTP/2" 429 0 "-" "Mozilla/5.0 AppleWebKit/537.36 (KHTML, like Gecko; compatible; ClaudeBot/1.0; +claudebot@anthropic.com)"
216.73.217.52 - - [31/Aug/2026:12:11:43 -0400] "GET /imgs/links/tn/tn_jtfdc.jpg HTTP/2" 200 30458 "-" "Mozilla/5.0 AppleWebKit/537.36 (KHTML, like Gecko; compatible; ClaudeBot/1.0; +claudebot@anthropic.com)"
216.73.217.52 - - [31/Aug/2026:12:11:48 -0400] "GET /pn/ko_pn.php?dir=%2Fhome%2Fkozerus%2Fpublic_html%2Fimgs%2Fbtn%2Fkoeyeb_games.png HTTP/2" 429 0 "-" "Mozilla/5.0 AppleWebKit/537.36 (KHTML, like Gecko; compatible; ClaudeBot/1.0; +claudebot@anthropic.com)"
216.73.217.52 - - [31/Aug/2026:12:11:53 -0400] "GET /js/turnjs4/samples/steve-jobs/pics/15.jpg HTTP/2" 200 27300 "-" "Mozilla/5.0 AppleWebKit/537.36 (KHTML, like Gecko; compatible; ClaudeBot/1.0; +claudebot@anthropic.com)"
216.73.217.52 - - [31/Aug/2026:12:11:58 -0400] "GET /ko_center/zm5/hrc_d/TileGroup0/4-10-7.jpg HTTP/2" 429 0 "-" "Mozilla/5.0 AppleWebKit/537.36 (KHTML, like Gecko; compatible; ClaudeBot/1.0; +claudebot@anthropic.com)"
216.73.217.52 - - [31/Aug/2026:12:12:03 -0400] "GET /ko_center/zm5/hrc_dr17d26/TileGroup2/6-2-3.jpg HTTP/2" 200 1651 "-" "Mozilla/5.0 AppleWebKit/537.36 (KHTML, like Gecko; compatible; ClaudeBot/1.0; +claudebot@anthropic.com)"
216.73.217.52 - - [31/Aug/2026:12:12:08 -0400] "GET /ko_center/zm5/hrc_dr13d09/TileGroup0/3-4-2.jpg HTTP/2" 429 0 "-" "Mozilla/5.0 AppleWebKit/537.36 (KHTML, like Gecko; compatible; ClaudeBot/1.0; +claudebot@anthropic.com)"
74.7.227.147 - - [31/Aug/2026:12:12:11 -0400] "GET /imgs/btn/handhi.gif HTTP/2" 200 14606 "https://ko0.us/imgs/btn/" "Mozilla/5.0 AppleWebKit/537.36 (KHTML, like Gecko; compatible; GPTBot/1.4; +https://openai.com/gptbot)"
216.73.217.52 - - [31/Aug/2026:12:12:13 -0400] "GET /pn/ko_pn.php?dir=%2Fhome%2Fkozerus%2Fpublic_html%2Fdgs%2Fimages%2F5%2Fw143.gif HTTP/2" 200 3934 "-" "Mozilla/5.0 AppleWebKit/537.36 (KHTML, like Gecko; compatible; ClaudeBot/1.0; +claudebot@anthropic.com)"
216.73.217.52 - - [31/Aug/2026:12:12:18 -0400] "GET /cropex/js/wz/wz_connect/jst.jpg HTTP/2" 429 0 "-" "Mozilla/5.0 AppleWebKit/537.36 (KHTML, like Gecko; compatible; ClaudeBot/1.0; +claudebot@anthropic.com)"
216.73.217.52 - - [31/Aug/2026:12:12:23 -0400] "GET /ko_center/zm5/hrc_d/TileGroup0/3-5-1.jpg HTTP/2" 200 6288 "-" "Mozilla/5.0 AppleWebKit/537.36 (KHTML, like Gecko; compatible; ClaudeBot/1.0; +claudebot@anthropic.com)"
216.73.217.52 - - [31/Aug/2026:12:12:28 -0400] "GET /ko_center/zm5/hrc_d/TileGroup2/6-11-0.jpg HTTP/2" 429 0 "-" "Mozilla/5.0 AppleWebKit/537.36 (KHTML, like Gecko; compatible; ClaudeBot/1.0; +claudebot@anthropic.com)"
216.73.217.52 - - [31/Aug/2026:12:12:33 -0400] "GET /ko_center/zm5/hrc_dr13d09/TileGroup0/4-7-2.jpg HTTP/2" 200 7753 "-" "Mozilla/5.0 AppleWebKit/537.36 (KHTML, like Gecko; compatible; ClaudeBot/1.0; +claudebot@anthropic.com)"
216.73.217.52 - - [31/Aug/2026:12:12:38 -0400] "GET /ko_center/zm5/hrc_dr13d09/TileGroup0/4-2-7.jpg HTTP/2" 429 0 "-" "Mozilla/5.0 AppleWebKit/537.36 (KHTML, like Gecko; compatible; ClaudeBot/1.0; +claudebot@anthropic.com)"
216.73.217.52 - - [31/Aug/2026:12:12:43 -0400] "GET /ko_center/zm5/hrc_dr13d09/TileGroup2/6-35-2.jpg HTTP/2" 200 1651 "-" "Mozilla/5.0 AppleWebKit/537.36 (KHTML, like Gecko; compatible; ClaudeBot/1.0; +claudebot@anthropic.com)"
66.249.69.228 - - [31/Aug/2026:12:12:51 -0400] "GET /imgs/gif/ringd.gif HTTP/1.1" 404 1251 "-" "Googlebot-Image/1.0"
66.249.69.228 - - [31/Aug/2026:12:13:16 -0400] "GET /fb/comics/dc/superman80/no004/pages/zn/zn_26.jpg HTTP/1.1" 404 1251 "-" "Googlebot-Image/1.0"
216.73.217.52 - - [31/Aug/2026:12:13:39 -0400] "GET /go/dgs0/images/7/b2.gif HTTP/2" 429 0 "-" "Mozilla/5.0 AppleWebKit/537.36 (KHTML, like Gecko; compatible; ClaudeBot/1.0; +claudebot@anthropic.com)"
216.73.217.52 - - [31/Aug/2026:12:13:44 -0400] "GET /pn/ko_pn.php?dir=%2Fhome%2Fkozerus%2Fpublic_html%2Fcropex%2Fnode%2Fnode_modules%2Fvictory-vendor%2Fes%2Fd3-time-format.js HTTP/2" 200 4018 "-" "Mozilla/5.0 AppleWebKit/537.36 (KHTML, like Gecko; compatible; ClaudeBot/1.0; +claudebot@anthropic.com)"
216.73.217.52 - - [31/Aug/2026:12:13:49 -0400] "GET /pn/ko_pn.php?dir=%2Fhome%2Fkozerus%2Fpublic_html%2Fcropex%2Fnode%2Fnode_modules%2Freact-icons%2Ftfi%2Findex.mjs HTTP/2" 429 0 "-" "Mozilla/5.0 AppleWebKit/537.36 (KHTML, like Gecko; compatible; ClaudeBot/1.0; +claudebot@anthropic.com)"
216.73.217.52 - - [31/Aug/2026:12:13:54 -0400] "GET /pn/ko_pn.php?dir=%2Fhome%2Fkozerus%2Fpublic_html%2Fgo%2Fdgs%2Fdgs.sql HTTP/2" 200 1194810 "-" "Mozilla/5.0 AppleWebKit/537.36 (KHTML, like Gecko; compatible; ClaudeBot/1.0; +claudebot@anthropic.com)"
216.73.217.52 - - [31/Aug/2026:12:13:59 -0400] "GET /pn/ko_pn.php?dir=%2Fhome%2Fkozerus%2Fpublic_html%2Fpiwigo%2Fadmin%2Fthemes%2Fdefault%2Fjs%2Fplugins_installated.js HTTP/2" 429 0 "-" "Mozilla/5.0 AppleWebKit/537.36 (KHTML, like Gecko; compatible; ClaudeBot/1.0; +claudebot@anthropic.com)"
216.73.217.52 - - [31/Aug/2026:12:14:04 -0400] "GET /pn/ko_pn.php?dir=%2Fhome%2Fkozerus%2Fpublic_html%2Fpiwigo%2Fplugins%2FTakeATour%2Flanguage%2Fsl_SI%2Fplugin.lang.php HTTP/2" 200 5753 "-" "Mozilla/5.0 AppleWebKit/537.36 (KHTML, like Gecko; compatible; ClaudeBot/1.0; +claudebot@anthropic.com)"
216.73.217.52 - - [31/Aug/2026:12:14:09 -0400] "GET /pn/ko_pn.php?dir=%2Fhome%2Fkozerus%2Fpublic_html%2Fgo%2Fdgs%2Fadmin_show_faqlog.php HTTP/2" 429 0 "-" "Mozilla/5.0 AppleWebKit/537.36 (KHTML, like Gecko; compatible; ClaudeBot/1.0; +claudebot@anthropic.com)"
216.73.217.52 - - [31/Aug/2026:12:14:14 -0400] "GET /pn/ko_pn.php?dir=%2Fhome%2Fkozerus%2Fpublic_html%2Fgo%2Fdgs%2Fedit_contact.php HTTP/2" 200 6669 "-" "Mozilla/5.0 AppleWebKit/537.36 (KHTML, like Gecko; compatible; ClaudeBot/1.0; +claudebot@anthropic.com)"
216.73.217.52 - - [31/Aug/2026:12:14:19 -0400] "GET /pn/ko_pn.php?dir=%2Fhome%2Fkozerus%2Fpublic_html%2Fcropex%2Fnode%2Fnode_modules%2Freact-icons%2Fgo%2Findex.d.ts HTTP/2" 429 0 "-" "Mozilla/5.0 AppleWebKit/537.36 (KHTML, like Gecko; compatible; ClaudeBot/1.0; +claudebot@anthropic.com)"
216.73.217.52 - - [31/Aug/2026:12:14:24 -0400] "GET /go/dgs0/images/13/c18.gif HTTP/2" 200 122 "-" "Mozilla/5.0 AppleWebKit/537.36 (KHTML, like Gecko; compatible; ClaudeBot/1.0; +claudebot@anthropic.com)"
216.73.217.52 - - [31/Aug/2026:12:14:29 -0400] "GET /pn/ko_pn.php?dir=%2Fhome%2Fkozerus%2Fpublic_html%2Fdgs%2Ftournaments%2Fladder%2Fadmin.php HTTP/2" 429 0 "-" "Mozilla/5.0 AppleWebKit/537.36 (KHTML, like Gecko; compatible; ClaudeBot/1.0; +claudebot@anthropic.com)"
216.73.217.52 - - [31/Aug/2026:12:14:34 -0400] "GET /pn/ko_pn.php?dir=%2Fhome%2Fkozerus%2Fpublic_html%2Fpiwigo%2Fthemes%2Fdefault%2Fjs%2Fplugins%2Ftree.jquery.js HTTP/2" 200 17912 "-" "Mozilla/5.0 AppleWebKit/537.36 (KHTML, like Gecko; compatible; ClaudeBot/1.0; +claudebot@anthropic.com)"
216.73.217.52 - - [31/Aug/2026:12:14:39 -0400] "GET /go/dgs0/images/13/ux.gif HTTP/2" 429 0 "-" "Mozilla/5.0 AppleWebKit/537.36 (KHTML, like Gecko; compatible; ClaudeBot/1.0; +claudebot@anthropic.com)"
216.73.217.52 - - [31/Aug/2026:12:14:44 -0400] "GET /pn/ko_pn.php?dir=%2Fhome%2Fkozerus%2Fpublic_html%2Fpiwigo%2Fplugins%2FAdminTools%2Ftemplate%2Fpublic_style.css HTTP/2" 200 5108 "-" "Mozilla/5.0 AppleWebKit/537.36 (KHTML, like Gecko; compatible; ClaudeBot/1.0; +claudebot@anthropic.com)"
216.73.217.52 - - [31/Aug/2026:12:12:48 -0400] "GET /pn/ko_pn.php?dir=%2Fhome%2Fkozerus%2Fpublic_html%2Fimgs%2Fbtn%2Fkoeye_hltext.png HTTP/2" 429 0 "-" "Mozilla/5.0 AppleWebKit/537.36 (KHTML, like Gecko; compatible; ClaudeBot/1.0; +claudebot@anthropic.com)"
216.73.217.52 - - [31/Aug/2026:12:12:53 -0400] "GET /pn/ko_pn.php?dir=%2Fhome%2Fkozerus%2Fpublic_html%2Fimgs%2Fbtn%2Fkoeye_kov_memes.png HTTP/2" 200 3916 "-" "Mozilla/5.0 AppleWebKit/537.36 (KHTML, like Gecko; compatible; ClaudeBot/1.0; +claudebot@anthropic.com)"
216.73.217.52 - - [31/Aug/2026:12:12:58 -0400] "GET /pn/ko_pn.php?dir=%2Fhome%2Fkozerus%2Fpublic_html%2Fdgs%2Fimages%2F5%2Fw38.gif HTTP/2" 429 0 "-" "Mozilla/5.0 AppleWebKit/537.36 (KHTML, like Gecko; compatible; ClaudeBot/1.0; +claudebot@anthropic.com)"
216.73.217.52 - - [31/Aug/2026:12:13:03 -0400] "GET /birds/pdf/swifts_audubon-2.jpg HTTP/2" 200 39028 "-" "Mozilla/5.0 AppleWebKit/537.36 (KHTML, like Gecko; compatible; ClaudeBot/1.0; +claudebot@anthropic.com)"
216.73.217.52 - - [31/Aug/2026:12:13:08 -0400] "GET /pn/ko_pn.php?dir=%2Fhome%2Fkozerus%2Fpublic_html%2Fdgs%2Fimages%2F5%2Fw184.gif HTTP/2" 429 0 "-" "Mozilla/5.0 AppleWebKit/537.36 (KHTML, like Gecko; compatible; ClaudeBot/1.0; +claudebot@anthropic.com)"
85.208.96.210 - - [31/Aug/2026:12:13:08 -0400] "GET /mobmin HTTP/1.1" 404 1251 "-" "Mozilla/5.0 (compatible; SemrushBot/7~bl; +http://www.semrush.com/bot.html)"
216.73.217.52 - - [31/Aug/2026:12:13:13 -0400] "GET /pn/ko_pn.php?dir=%2Fhome%2Fkozerus%2Fpublic_html%2Fimgs%2Fbtn%2Fbtn_keyhole_konabus_moon2.png HTTP/2" 200 3889 "-" "Mozilla/5.0 AppleWebKit/537.36 (KHTML, like Gecko; compatible; ClaudeBot/1.0; +claudebot@anthropic.com)"
216.73.217.52 - - [31/Aug/2026:12:13:18 -0400] "GET /imgs/links/tn/tn_ko_sailboat.png HTTP/2" 429 0 "-" "Mozilla/5.0 AppleWebKit/537.36 (KHTML, like Gecko; compatible; ClaudeBot/1.0; +claudebot@anthropic.com)"
216.73.217.52 - - [31/Aug/2026:12:13:23 -0400] "GET /ko_center/zm5/hrc_d/TileGroup0/5-6-4.jpg HTTP/2" 200 1651 "-" "Mozilla/5.0 AppleWebKit/537.36 (KHTML, like Gecko; compatible; ClaudeBot/1.0; +claudebot@anthropic.com)"
216.73.217.52 - - [31/Aug/2026:12:13:28 -0400] "GET /pn/ko_pn.php?dir=%2Fhome%2Fkozerus%2Fpublic_html%2Fdgs%2Fimages%2F5%2Fw270.gif HTTP/2" 429 0 "-" "Mozilla/5.0 AppleWebKit/537.36 (KHTML, like Gecko; compatible; ClaudeBot/1.0; +claudebot@anthropic.com)"
216.73.217.52 - - [31/Aug/2026:12:13:33 -0400] "GET /ko_center/zm5/hrc_d/TileGroup2/6-14-5.jpg HTTP/2" 200 7611 "-" "Mozilla/5.0 AppleWebKit/537.36 (KHTML, like Gecko; compatible; ClaudeBot/1.0; +claudebot@anthropic.com)"
66.249.69.228 - - [31/Aug/2026:12:14:26 -0400] "GET /imgs/btn/ko_count_to_16.png HTTP/1.1" 200 1909 "-" "Googlebot-Image/1.0"
185.191.171.1 - - [31/Aug/2026:12:14:49 -0400] "GET /wiki/Impact_(typeface) HTTP/1.1" 404 1251 "-" "Mozilla/5.0 (compatible; SemrushBot/7~bl; +http://www.semrush.com/bot.html)"
216.73.217.52 - - [31/Aug/2026:12:15:14 -0400] "GET /ko_center/zm5/hrc_cr05c20/TileGroup5/6-23-18.jpg HTTP/2" 200 9547 "-" "Mozilla/5.0 AppleWebKit/537.36 (KHTML, like Gecko; compatible; ClaudeBot/1.0; +claudebot@anthropic.com)"
216.73.217.52 - - [31/Aug/2026:12:15:19 -0400] "GET /pn/ko_pn.php?dir=%2Fhome%2Fkozerus%2Fpublic_html%2Fzc%2Fimgs%2Fpeddlers%2Fpeddler_connecticuthistory.jpg HTTP/2" 429 0 "-" "Mozilla/5.0 AppleWebKit/537.36 (KHTML, like Gecko; compatible; ClaudeBot/1.0; +claudebot@anthropic.com)"
216.73.217.52 - - [31/Aug/2026:12:15:24 -0400] "GET /ko_center/zm5/hrc_cr10c42/TileGroup6/6-10-25.jpg HTTP/2" 200 1651 "-" "Mozilla/5.0 AppleWebKit/537.36 (KHTML, like Gecko; compatible; ClaudeBot/1.0; +claudebot@anthropic.com)"
216.73.217.52 - - [31/Aug/2026:12:15:29 -0400] "GET /ko_center/zm5/hrc_cr03c12/TileGroup6/6-16-25.jpg HTTP/2" 429 0 "-" "Mozilla/5.0 AppleWebKit/537.36 (KHTML, like Gecko; compatible; ClaudeBot/1.0; +claudebot@anthropic.com)"
216.73.217.52 - - [31/Aug/2026:12:15:34 -0400] "GET /ko_center/zm5/hrc_cr03c12/TileGroup6/6-12-22.jpg HTTP/2" 200 1651 "-" "Mozilla/5.0 AppleWebKit/537.36 (KHTML, like Gecko; compatible; ClaudeBot/1.0; +claudebot@anthropic.com)"
85.208.96.210 - - [31/Aug/2026:12:12:02 -0400] "GET /ka/fb/jsk/fb.html HTTP/1.1" 404 1251 "-" "Mozilla/5.0 (compatible; SemrushBot/7~bl; +http://www.semrush.com/bot.html)"
185.191.171.11 - - [31/Aug/2026:12:12:52 -0400] "GET /react/examples/basic-jsx-precompile/index.html HTTP/1.1" 200 469 "-" "Mozilla/5.0 (compatible; SemrushBot/7~bl; +http://www.semrush.com/bot.html)"
74.7.227.147 - - [31/Aug/2026:12:13:15 -0400] "GET /imgs/btn/dragon.png HTTP/2" 200 10733 "https://ko0.us/imgs/btn/" "Mozilla/5.0 AppleWebKit/537.36 (KHTML, like Gecko; compatible; GPTBot/1.4; +https://openai.com/gptbot)"
185.191.171.7 - - [31/Aug/2026:12:13:45 -0400] "GET /index_fb_orig.html HTTP/1.1" 200 973155 "-" "Mozilla/5.0 (compatible; SemrushBot/7~bl; +http://www.semrush.com/bot.html)"
74.7.227.147 - - [31/Aug/2026:12:13:51 -0400] "GET /imgs/btn/applep.gif HTTP/2" 200 52174 "https://ko0.us/imgs/btn/" "Mozilla/5.0 AppleWebKit/537.36 (KHTML, like Gecko; compatible; GPTBot/1.4; +https://openai.com/gptbot)"
74.7.227.147 - - [31/Aug/2026:12:14:26 -0400] "GET /imgs/btn/appleb.gif HTTP/2" 200 35796 "https://ko0.us/imgs/btn/" "Mozilla/5.0 AppleWebKit/537.36 (KHTML, like Gecko; compatible; GPTBot/1.4; +https://openai.com/gptbot)"
66.249.69.229 - - [31/Aug/2026:12:15:37 -0400] "GET /fb/comics/dc/superman80/no004/pages/zn/zn_49.jpg HTTP/1.1" 404 1251 "-" "Googlebot-Image/1.0"
216.73.217.52 - - [31/Aug/2026:12:16:14 -0400] "GET /ko_center/zm5/hrc_cr05c20/TileGroup7/6-15-27.jpg HTTP/2" 200 1651 "-" "Mozilla/5.0 AppleWebKit/537.36 (KHTML, like Gecko; compatible; ClaudeBot/1.0; +claudebot@anthropic.com)"
216.73.217.52 - - [31/Aug/2026:12:16:19 -0400] "GET /ko_center/zm5/hrc_dr12d04/TileGroup4/6-12-11.jpg HTTP/2" 429 0 "-" "Mozilla/5.0 AppleWebKit/537.36 (KHTML, like Gecko; compatible; ClaudeBot/1.0; +claudebot@anthropic.com)"
216.73.217.52 - - [31/Aug/2026:12:16:24 -0400] "GET /ko_center/zm5/hrc_cr10c42/TileGroup6/6-27-25.jpg HTTP/2" 200 1651 "-" "Mozilla/5.0 AppleWebKit/537.36 (KHTML, like Gecko; compatible; ClaudeBot/1.0; +claudebot@anthropic.com)"
216.73.217.52 - - [31/Aug/2026:12:16:29 -0400] "GET /ko_center/zm5/hrc_cr03c12/TileGroup6/6-21-22.jpg HTTP/2" 429 0 "-" "Mozilla/5.0 AppleWebKit/537.36 (KHTML, like Gecko; compatible; ClaudeBot/1.0; +claudebot@anthropic.com)"
216.73.217.52 - - [31/Aug/2026:12:16:34 -0400] "GET /ko_center/zm5/hrc_cr08c34/TileGroup7/6-22-27.jpg HTTP/2" 200 1651 "-" "Mozilla/5.0 AppleWebKit/537.36 (KHTML, like Gecko; compatible; ClaudeBot/1.0; +claudebot@anthropic.com)"
216.73.217.52 - - [31/Aug/2026:12:16:39 -0400] "GET /ko_center/zm5/hrc_cr10c42/TileGroup6/6-43-23.jpg HTTP/2" 429 0 "-" "Mozilla/5.0 AppleWebKit/537.36 (KHTML, like Gecko; compatible; ClaudeBot/1.0; +claudebot@anthropic.com)"
216.73.217.52 - - [31/Aug/2026:12:16:44 -0400] "GET /ko_center/zm5/hrc_dr12d04/TileGroup4/6-26-12.jpg HTTP/2" 200 15275 "-" "Mozilla/5.0 AppleWebKit/537.36 (KHTML, like Gecko; compatible; ClaudeBot/1.0; +claudebot@anthropic.com)"
85.208.96.198 - - [31/Aug/2026:12:16:47 -0400] "GET /ka/phone.html HTTP/1.1" 200 6407 "-" "Mozilla/5.0 (compatible; SemrushBot/7~bl; +http://www.semrush.com/bot.html)"
216.73.217.52 - - [31/Aug/2026:12:16:49 -0400] "GET /ko_center/zm5/hrc_cr05c20/TileGroup7/6-42-30.jpg HTTP/2" 429 0 "-" "Mozilla/5.0 AppleWebKit/537.36 (KHTML, like Gecko; compatible; ClaudeBot/1.0; +claudebot@anthropic.com)"
216.73.217.52 - - [31/Aug/2026:12:16:54 -0400] "GET /ko_center/zm5/hrc_cr12c51/TileGroup7/6-44-28.jpg HTTP/2" 200 3527 "-" "Mozilla/5.0 AppleWebKit/537.36 (KHTML, like Gecko; compatible; ClaudeBot/1.0; +claudebot@anthropic.com)"
216.73.217.52 - - [31/Aug/2026:12:16:59 -0400] "GET /ko_center/zm5/hrc_cr10c42/TileGroup6/6-43-24.jpg HTTP/2" 429 0 "-" "Mozilla/5.0 AppleWebKit/537.36 (KHTML, like Gecko; compatible; ClaudeBot/1.0; +claudebot@anthropic.com)"
216.73.217.52 - - [31/Aug/2026:12:17:04 -0400] "GET /ko_center/zm5/hrc_cr11c45/TileGroup4/6-46-10.jpg HTTP/2" 200 1651 "-" "Mozilla/5.0 AppleWebKit/537.36 (KHTML, like Gecko; compatible; ClaudeBot/1.0; +claudebot@anthropic.com)"
216.73.217.52 - - [31/Aug/2026:12:14:49 -0400] "GET /pn/ko_pn.php?dir=%2Fhome%2Fkozerus%2Fpublic_html%2Freact%2Findex.html HTTP/2" 429 0 "-" "Mozilla/5.0 AppleWebKit/537.36 (KHTML, like Gecko; compatible; ClaudeBot/1.0; +claudebot@anthropic.com)"
216.73.217.52 - - [31/Aug/2026:12:14:54 -0400] "GET /pn/ko_pn.php?dir=%2Fhome%2Fkozerus%2Fpublic_html%2Fcropex%2Fnode%2Fnode_modules%2Fd3-format%2FLICENSE HTTP/2" 200 4213 "-" "Mozilla/5.0 AppleWebKit/537.36 (KHTML, like Gecko; compatible; ClaudeBot/1.0; +claudebot@anthropic.com)"
216.73.217.52 - - [31/Aug/2026:12:14:59 -0400] "GET /cropex/imgs/kogrids/ring.gif HTTP/2" 429 0 "-" "Mozilla/5.0 AppleWebKit/537.36 (KHTML, like Gecko; compatible; ClaudeBot/1.0; +claudebot@anthropic.com)"
216.73.217.52 - - [31/Aug/2026:12:15:04 -0400] "GET /ko_center/zm5/hrc_cr04c17/TileGroup1/5-13-12.jpg HTTP/2" 200 1651 "-" "Mozilla/5.0 AppleWebKit/537.36 (KHTML, like Gecko; compatible; ClaudeBot/1.0; +claudebot@anthropic.com)"
216.73.217.52 - - [31/Aug/2026:12:15:09 -0400] "GET /ko_center/zm5/hrc_dr12d04/TileGroup6/6-31-21.jpg HTTP/2" 429 0 "-" "Mozilla/5.0 AppleWebKit/537.36 (KHTML, like Gecko; compatible; ClaudeBot/1.0; +claudebot@anthropic.com)"
66.249.69.229 - - [31/Aug/2026:12:16:50 -0400] "GET /images/dragdrop/button_inset.gif HTTP/1.1" 404 1251 "-" "Googlebot-Image/1.0"
185.191.171.1 - - [31/Aug/2026:12:18:03 -0400] "GET /index_20191203_0600.html HTTP/1.1" 404 1251 "-" "Mozilla/5.0 (compatible; SemrushBot/7~bl; +http://www.semrush.com/bot.html)"
85.208.96.193 - - [31/Aug/2026:12:18:08 -0400] "GET /index_vu_20200313_2100.html HTTP/1.1" 404 1251 "-" "Mozilla/5.0 (compatible; SemrushBot/7~bl; +http://www.semrush.com/bot.html)"
185.191.171.5 - - [31/Aug/2026:12:18:13 -0400] "GET /index_vu_20200218_111.html HTTP/1.1" 404 1251 "-" "Mozilla/5.0 (compatible; SemrushBot/7~bl; +http://www.semrush.com/bot.html)"
216.73.217.52 - - [31/Aug/2026:12:18:40 -0400] "GET /pn/ko_pn.php?dir=%2Fhome%2Fkozerus%2Fpublic_html%2Fpiwigo%2Fplugins%2FTakeATour%2Flanguage%2Fsl_SI%2Ftour_2_9_0.lang.php HTTP/2" 429 0 "-" "Mozilla/5.0 AppleWebKit/537.36 (KHTML, like Gecko; compatible; ClaudeBot/1.0; +claudebot@anthropic.com)"
85.208.96.195 - - [31/Aug/2026:12:18:45 -0400] "GET /pdf/web/viewer.html?file=%2Fpdf%2Fpdf%2Femail_edrmedia.pdf HTTP/1.1" 200 4235 "-" "Mozilla/5.0 (compatible; SemrushBot/7~bl; +http://www.semrush.com/bot.html)"
216.73.217.52 - - [31/Aug/2026:12:18:45 -0400] "GET /pn/ko_pn.php?dir=%2Fhome%2Fkozerus%2Fpublic_html%2Fcropex%2Fnode%2Fnode_modules%2F%40radix-ui%2Freact-use-effect-event%2FLICENSE HTTP/2" 200 4428 "-" "Mozilla/5.0 AppleWebKit/537.36 (KHTML, like Gecko; compatible; ClaudeBot/1.0; +claudebot@anthropic.com)"
66.249.69.227 - - [31/Aug/2026:12:18:47 -0400] "GET /fb/jtfdc/shoebox/zn/zn_IMG_3702.jpg HTTP/1.1" 404 1251 "-" "Googlebot-Image/1.0"
216.73.217.52 - - [31/Aug/2026:12:18:50 -0400] "GET /cropex/js/wz/wz_connect/cable-hdmi.png HTTP/2" 429 0 "-" "Mozilla/5.0 AppleWebKit/537.36 (KHTML, like Gecko; compatible; ClaudeBot/1.0; +claudebot@anthropic.com)"
216.73.217.52 - - [31/Aug/2026:12:18:55 -0400] "GET /pn/ko_pn.php?dir=%2Fhome%2Fkozerus%2Fpublic_html%2Fpiwigo%2Fplugins%2FTakeATour%2Flanguage%2Fen_UK HTTP/2" 200 4128 "-" "Mozilla/5.0 AppleWebKit/537.36 (KHTML, like Gecko; compatible; ClaudeBot/1.0; +claudebot@anthropic.com)"
216.73.217.52 - - [31/Aug/2026:12:19:00 -0400] "GET /pn/ko_pn.php?dir=%2Fhome%2Fkozerus%2Fpublic_html%2Fpn%2Fuize%2Fsite-source%2Fjs%2FUize%2FWidget%2FCalculator.js HTTP/2" 429 0 "-" "Mozilla/5.0 AppleWebKit/537.36 (KHTML, like Gecko; compatible; ClaudeBot/1.0; +claudebot@anthropic.com)"
216.73.217.52 - - [31/Aug/2026:12:19:05 -0400] "GET /cropex/imgs/btn/koeye_all_eggs.png HTTP/2" 200 7131 "-" "Mozilla/5.0 AppleWebKit/537.36 (KHTML, like Gecko; compatible; ClaudeBot/1.0; +claudebot@anthropic.com)"
216.73.217.52 - - [31/Aug/2026:12:17:09 -0400] "GET /ko_center/zm5/hrc_cr03c12/TileGroup6/6-27-25.jpg HTTP/2" 429 0 "-" "Mozilla/5.0 AppleWebKit/537.36 (KHTML, like Gecko; compatible; ClaudeBot/1.0; +claudebot@anthropic.com)"
216.73.217.52 - - [31/Aug/2026:12:17:14 -0400] "GET /ko_center/zm5/hrc_cr04c17/TileGroup6/6-12-23.jpg HTTP/2" 200 5285 "-" "Mozilla/5.0 AppleWebKit/537.36 (KHTML, like Gecko; compatible; ClaudeBot/1.0; +claudebot@anthropic.com)"
216.73.217.52 - - [31/Aug/2026:12:17:19 -0400] "GET /ko_center/zm5/hrc_cr03c12/TileGroup6/6-43-23.jpg HTTP/2" 429 0 "-" "Mozilla/5.0 AppleWebKit/537.36 (KHTML, like Gecko; compatible; ClaudeBot/1.0; +claudebot@anthropic.com)"
216.73.217.52 - - [31/Aug/2026:12:17:24 -0400] "GET /ko_center/zm5/hrc_cr11c45/TileGroup7/6-44-26.jpg HTTP/2" 200 5042 "-" "Mozilla/5.0 AppleWebKit/537.36 (KHTML, like Gecko; compatible; ClaudeBot/1.0; +claudebot@anthropic.com)"
216.73.217.52 - - [31/Aug/2026:12:17:29 -0400] "GET /ko_center/zm5/hrc_cr05c20/TileGroup5/6-43-16.jpg HTTP/2" 429 0 "-" "Mozilla/5.0 AppleWebKit/537.36 (KHTML, like Gecko; compatible; ClaudeBot/1.0; +claudebot@anthropic.com)"
216.73.217.52 - - [31/Aug/2026:12:17:34 -0400] "GET /ko_center/zm5/hrc_cr08c34/TileGroup3/6-25-10.jpg HTTP/2" 200 8427 "-" "Mozilla/5.0 AppleWebKit/537.36 (KHTML, like Gecko; compatible; ClaudeBot/1.0; +claudebot@anthropic.com)"
216.73.217.52 - - [31/Aug/2026:12:17:39 -0400] "GET /ko_center/zm5/hrc_cr03c12/TileGroup6/6-43-24.jpg HTTP/2" 429 0 "-" "Mozilla/5.0 AppleWebKit/537.36 (KHTML, like Gecko; compatible; ClaudeBot/1.0; +claudebot@anthropic.com)"
216.73.217.52 - - [31/Aug/2026:12:17:44 -0400] "GET /ko_center/zm5/hrc_cr05c20/TileGroup5/6-1-21.jpg HTTP/2" 200 5900 "-" "Mozilla/5.0 AppleWebKit/537.36 (KHTML, like Gecko; compatible; ClaudeBot/1.0; +claudebot@anthropic.com)"
216.73.217.52 - - [31/Aug/2026:12:17:49 -0400] "GET /ko_center/zm5/hrc_cr08c34/TileGroup3/6-13-10.jpg HTTP/2" 429 0 "-" "Mozilla/5.0 AppleWebKit/537.36 (KHTML, like Gecko; compatible; ClaudeBot/1.0; +claudebot@anthropic.com)"
216.73.217.52 - - [31/Aug/2026:12:17:54 -0400] "GET /ko_center/imgs/btn/canstock11172454.jpg HTTP/2" 200 3576 "-" "Mozilla/5.0 AppleWebKit/537.36 (KHTML, like Gecko; compatible; ClaudeBot/1.0; +claudebot@anthropic.com)"
216.73.217.52 - - [31/Aug/2026:12:17:59 -0400] "GET /ko_center/zm5/hrc_cr11c45/TileGroup1/5-20-13.jpg HTTP/2" 429 0 "-" "Mozilla/5.0 AppleWebKit/537.36 (KHTML, like Gecko; compatible; ClaudeBot/1.0; +claudebot@anthropic.com)"
216.73.217.52 - - [31/Aug/2026:12:18:04 -0400] "GET /ko_center/zm5/hrc_cr11c45/TileGroup5/6-34-17.jpg HTTP/2" 200 1651 "-" "Mozilla/5.0 AppleWebKit/537.36 (KHTML, like Gecko; compatible; ClaudeBot/1.0; +claudebot@anthropic.com)"
216.73.217.52 - - [31/Aug/2026:12:18:09 -0400] "GET /ko_center/zm5/hrc_cr10c42/TileGroup1/5-17-11.jpg HTTP/2" 429 0 "-" "Mozilla/5.0 AppleWebKit/537.36 (KHTML, like Gecko; compatible; ClaudeBot/1.0; +claudebot@anthropic.com)"
