185.191.171.14 - - [31/Aug/2026:09:53:16 -0400] "GET /jtfdc_stalkarounds_20211007_1500.html HTTP/1.1" 404 1251 "-" "Mozilla/5.0 (compatible; SemrushBot/7~bl; +http://www.semrush.com/bot.html)"
74.7.227.147 - - [31/Aug/2026:09:53:18 -0400] "GET /kb/books/jmh/jmh71/jmh71b/tn/tn_IMG_0311.png HTTP/2" 404 1251 "https://ko0.us/jmh71b.htm" "Mozilla/5.0 AppleWebKit/537.36 (KHTML, like Gecko; compatible; GPTBot/1.4; +https://openai.com/gptbot)"
74.7.227.147 - - [31/Aug/2026:09:53:23 -0400] "GET /kb/books/jmh/jmh71/jmh71b/tn/tn_IMG_0541.png HTTP/2" 404 1251 "https://ko0.us/jmh71b.htm" "Mozilla/5.0 AppleWebKit/537.36 (KHTML, like Gecko; compatible; GPTBot/1.4; +https://openai.com/gptbot)"
74.7.227.147 - - [31/Aug/2026:09:53:26 -0400] "GET /kb/books/jmh/jmh71/jmh71b/tn/tn_IMG_0606.png HTTP/2" 404 1251 "https://ko0.us/jmh71b.htm" "Mozilla/5.0 AppleWebKit/537.36 (KHTML, like Gecko; compatible; GPTBot/1.4; +https://openai.com/gptbot)"
74.7.227.147 - - [31/Aug/2026:09:53:28 -0400] "GET /kb/books/jmh/jmh71/jmh71b/tn/tn_IMG_0726.png HTTP/2" 404 1251 "https://ko0.us/jmh71b.htm" "Mozilla/5.0 AppleWebKit/537.36 (KHTML, like Gecko; compatible; GPTBot/1.4; +https://openai.com/gptbot)"
74.7.227.147 - - [31/Aug/2026:09:53:32 -0400] "GET /kb/books/jmh/jmh71/jmh71b/tn/tn_IMG_1169.png HTTP/2" 404 1251 "https://ko0.us/jmh71b.htm" "Mozilla/5.0 AppleWebKit/537.36 (KHTML, like Gecko; compatible; GPTBot/1.4; +https://openai.com/gptbot)"
74.7.227.147 - - [31/Aug/2026:09:53:33 -0400] "GET /kb/books/jmh/jmh71/jmh71b/tn/tn_IMG_0870.png HTTP/2" 404 1251 "https://ko0.us/jmh71b.htm" "Mozilla/5.0 AppleWebKit/537.36 (KHTML, like Gecko; compatible; GPTBot/1.4; +https://openai.com/gptbot)"
74.7.227.147 - - [31/Aug/2026:09:53:37 -0400] "GET /kb/books/jmh/jmh71/jmh71b/tn/tn_IMG_1208.png HTTP/2" 404 1251 "https://ko0.us/jmh71b.htm" "Mozilla/5.0 AppleWebKit/537.36 (KHTML, like Gecko; compatible; GPTBot/1.4; +https://openai.com/gptbot)"
74.7.227.147 - - [31/Aug/2026:09:53:40 -0400] "GET /kb/books/jmh/jmh71/jmh71b/tn/tn_IMG_0615.png HTTP/2" 404 1251 "https://ko0.us/jmh71b.htm" "Mozilla/5.0 AppleWebKit/537.36 (KHTML, like Gecko; compatible; GPTBot/1.4; +https://openai.com/gptbot)"
74.7.227.147 - - [31/Aug/2026:09:53:43 -0400] "GET /kb/books/jmh/jmh71/jmh71b/tn/tn_IMG_1249.png HTTP/2" 404 1251 "https://ko0.us/jmh71b.htm" "Mozilla/5.0 AppleWebKit/537.36 (KHTML, like Gecko; compatible; GPTBot/1.4; +https://openai.com/gptbot)"
74.7.227.147 - - [31/Aug/2026:09:53:45 -0400] "GET /kb/books/jmh/jmh71/jmh71b/tn/tn_IMG_0505.png HTTP/2" 404 1251 "https://ko0.us/jmh71b.htm" "Mozilla/5.0 AppleWebKit/537.36 (KHTML, like Gecko; compatible; GPTBot/1.4; +https://openai.com/gptbot)"
74.7.227.147 - - [31/Aug/2026:09:53:47 -0400] "GET /kb/books/jmh/jmh71/jmh71b/tn/tn_IMG_0981.png HTTP/2" 404 1251 "https://ko0.us/jmh71b.htm" "Mozilla/5.0 AppleWebKit/537.36 (KHTML, like Gecko; compatible; GPTBot/1.4; +https://openai.com/gptbot)"
74.7.227.147 - - [31/Aug/2026:09:53:49 -0400] "GET /kb/books/jmh/jmh71/jmh71b/tn/tn_IMG_0667.png HTTP/2" 404 1251 "https://ko0.us/jmh71b.htm" "Mozilla/5.0 AppleWebKit/537.36 (KHTML, like Gecko; compatible; GPTBot/1.4; +https://openai.com/gptbot)"
74.7.227.147 - - [31/Aug/2026:09:53:54 -0400] "GET /kb/books/jmh/jmh71/jmh71b/tn/tn_IMG_1003.png HTTP/2" 404 1251 "https://ko0.us/jmh71b.htm" "Mozilla/5.0 AppleWebKit/537.36 (KHTML, like Gecko; compatible; GPTBot/1.4; +https://openai.com/gptbot)"
216.73.216.164 - - [31/Aug/2026:09:53:12 -0400] "GET /pn/ko_pn.php?dir=%2Fhome%2Fkozerus%2Fsafer%2Fko_center_202601.log HTTP/2" 429 0 "-" "Mozilla/5.0 AppleWebKit/537.36 (KHTML, like Gecko; compatible; ClaudeBot/1.0; +claudebot@anthropic.com)"
216.73.216.164 - - [31/Aug/2026:09:53:17 -0400] "GET /zc/logs/myDEBUG-20211117-214151-896027-warning.log HTTP/2" 403 1242 "-" "Mozilla/5.0 AppleWebKit/537.36 (KHTML, like Gecko; compatible; ClaudeBot/1.0; +claudebot@anthropic.com)"
216.73.216.164 - - [31/Aug/2026:09:53:22 -0400] "GET /pn/ko_pn.php?dir=%2Fhome%2Fkozerus%2Fpublic_html%2Fjs%2Fwz_jtfdcr HTTP/2" 429 0 "-" "Mozilla/5.0 AppleWebKit/537.36 (KHTML, like Gecko; compatible; ClaudeBot/1.0; +claudebot@anthropic.com)"
216.73.216.164 - - [31/Aug/2026:09:53:27 -0400] "GET /pn/ko_pn.php?dir=%2Fhome%2Fkozerus%2Fpublic_html%2Fko_center%2Fjs%2Fjquery-ui-1.7.2%2F HTTP/2" 200 4046 "-" "Mozilla/5.0 AppleWebKit/537.36 (KHTML, like Gecko; compatible; ClaudeBot/1.0; +claudebot@anthropic.com)"
216.73.216.164 - - [31/Aug/2026:09:53:32 -0400] "GET /go/dgs0/images/9/w333.gif HTTP/2" 429 0 "-" "Mozilla/5.0 AppleWebKit/537.36 (KHTML, like Gecko; compatible; ClaudeBot/1.0; +claudebot@anthropic.com)"
216.73.216.164 - - [31/Aug/2026:09:53:37 -0400] "GET /go/dgs0/images/9/w81.gif HTTP/2" 200 298 "-" "Mozilla/5.0 AppleWebKit/537.36 (KHTML, like Gecko; compatible; ClaudeBot/1.0; +claudebot@anthropic.com)"
216.73.216.164 - - [31/Aug/2026:09:53:42 -0400] "GET /pn/ko_pn.php?dir=%2Fhome%2Fkozerus%2Fpublic_html%2Fgo%2Fallaboutgo%2Fsgf%2FAoeN3SL9.sgf HTTP/2" 429 0 "-" "Mozilla/5.0 AppleWebKit/537.36 (KHTML, like Gecko; compatible; ClaudeBot/1.0; +claudebot@anthropic.com)"
216.73.216.164 - - [31/Aug/2026:09:53:47 -0400] "GET /go/dgs0/images/25/w57.gif HTTP/2" 200 601 "-" "Mozilla/5.0 AppleWebKit/537.36 (KHTML, like Gecko; compatible; ClaudeBot/1.0; +claudebot@anthropic.com)"
216.73.216.164 - - [31/Aug/2026:09:53:52 -0400] "GET /cropex/imgs/btn/koeye_kov_kou.png HTTP/2" 429 0 "-" "Mozilla/5.0 AppleWebKit/537.36 (KHTML, like Gecko; compatible; ClaudeBot/1.0; +claudebot@anthropic.com)"
216.73.216.164 - - [31/Aug/2026:09:53:57 -0400] "GET /cropex/imgs/kogrids/koeye_grid.png HTTP/2" 200 29406 "-" "Mozilla/5.0 AppleWebKit/537.36 (KHTML, like Gecko; compatible; ClaudeBot/1.0; +claudebot@anthropic.com)"
17.166.152.119 - - [31/Aug/2026:09:54:02 -0400] "GET /index_kovall.html HTTP/2" 200 574291 "-" "Mozilla/5.0 (Macintosh; Intel Mac OS X 10_15_7) AppleWebKit/605.1.15 (KHTML, like Gecko) Version/17.4 Safari/605.1.15 (Applebot/0.1; +http://www.apple.com/go/applebot)"
216.73.216.164 - - [31/Aug/2026:09:54:02 -0400] "GET /pn/ko_pn.php?dir=%2Fhome%2Fkozerus%2Fpublic_html%2Fcropex%2Fjs%2Fwz%2Fwz_tooltip_3_45.zip HTTP/2" 429 0 "-" "Mozilla/5.0 AppleWebKit/537.36 (KHTML, like Gecko; compatible; ClaudeBot/1.0; +claudebot@anthropic.com)"
216.73.216.164 - - [31/Aug/2026:09:54:08 -0400] "GET /ko_center/zm5/hrc_d/TileGroup0/4-0-4.jpg HTTP/2" 200 4175 "-" "Mozilla/5.0 AppleWebKit/537.36 (KHTML, like Gecko; compatible; ClaudeBot/1.0; +claudebot@anthropic.com)"
216.73.216.164 - - [31/Aug/2026:09:54:13 -0400] "GET /pn/ko_pn.php?dir=%2Fhome%2Fkozerus%2Fpublic_html%2Fdgs%2Fimages%2F5%2Flg.gif HTTP/2" 429 0 "-" "Mozilla/5.0 AppleWebKit/537.36 (KHTML, like Gecko; compatible; ClaudeBot/1.0; +claudebot@anthropic.com)"
216.73.216.164 - - [31/Aug/2026:09:54:18 -0400] "GET /zm/hrc2009stl/TileGroup3/5-22-20.jpg HTTP/2" 200 1651 "-" "Mozilla/5.0 AppleWebKit/537.36 (KHTML, like Gecko; compatible; ClaudeBot/1.0; +claudebot@anthropic.com)"
216.73.216.164 - - [31/Aug/2026:09:54:23 -0400] "GET /ko_center/zm5/hrc_d/TileGroup7/6-2-28.jpg HTTP/2" 429 0 "-" "Mozilla/5.0 AppleWebKit/537.36 (KHTML, like Gecko; compatible; ClaudeBot/1.0; +claudebot@anthropic.com)"
216.73.216.164 - - [31/Aug/2026:09:54:28 -0400] "GET /zm/hrc2009stl/TileGroup5/6-1-7.jpg HTTP/2" 200 13469 "-" "Mozilla/5.0 AppleWebKit/537.36 (KHTML, like Gecko; compatible; ClaudeBot/1.0; +claudebot@anthropic.com)"
74.7.227.147 - - [31/Aug/2026:09:53:56 -0400] "GET /kb/books/jmh/jmh71/jmh71b/tn/tn_IMG_0188.png HTTP/2" 404 1251 "https://ko0.us/jmh71b.htm" "Mozilla/5.0 AppleWebKit/537.36 (KHTML, like Gecko; compatible; GPTBot/1.4; +https://openai.com/gptbot)"
66.249.69.228 - - [31/Aug/2026:09:54:04 -0400] "GET /fb/comics/dc/superman80/no004/pages/zn/zn_23.jpg HTTP/1.1" 404 1251 "-" "Googlebot-Image/1.0"
74.7.227.147 - - [31/Aug/2026:09:54:04 -0400] "GET /kb/books/jmh/jmh71/jmh71b/tn/tn_IMG_0579.png HTTP/2" 404 1251 "https://ko0.us/jmh71b.htm" "Mozilla/5.0 AppleWebKit/537.36 (KHTML, like Gecko; compatible; GPTBot/1.4; +https://openai.com/gptbot)"
74.7.227.147 - - [31/Aug/2026:09:54:06 -0400] "GET /kb/books/jmh/jmh71/jmh71b/tn/tn_IMG_1441.png HTTP/2" 404 1251 "https://ko0.us/jmh71b.htm" "Mozilla/5.0 AppleWebKit/537.36 (KHTML, like Gecko; compatible; GPTBot/1.4; +https://openai.com/gptbot)"
74.7.227.147 - - [31/Aug/2026:09:54:08 -0400] "GET /kb/books/jmh/jmh71/jmh71b/tn/tn_IMG_1084.png HTTP/2" 404 1251 "https://ko0.us/jmh71b.htm" "Mozilla/5.0 AppleWebKit/537.36 (KHTML, like Gecko; compatible; GPTBot/1.4; +https://openai.com/gptbot)"
74.7.227.147 - - [31/Aug/2026:09:54:09 -0400] "GET /kb/books/jmh/jmh71/jmh71b/tn/tn_IMG_0138.png HTTP/2" 404 1251 "https://ko0.us/jmh71b.htm" "Mozilla/5.0 AppleWebKit/537.36 (KHTML, like Gecko; compatible; GPTBot/1.4; +https://openai.com/gptbot)"
74.7.227.147 - - [31/Aug/2026:09:54:11 -0400] "GET /kb/books/jmh/jmh71/jmh71b/tn/tn_IMG_0614.png HTTP/2" 404 1251 "https://ko0.us/jmh71b.htm" "Mozilla/5.0 AppleWebKit/537.36 (KHTML, like Gecko; compatible; GPTBot/1.4; +https://openai.com/gptbot)"
74.7.227.147 - - [31/Aug/2026:09:54:14 -0400] "GET /kb/books/jmh/jmh71/jmh71b/tn/tn_IMG_1065.png HTTP/2" 404 1251 "https://ko0.us/jmh71b.htm" "Mozilla/5.0 AppleWebKit/537.36 (KHTML, like Gecko; compatible; GPTBot/1.4; +https://openai.com/gptbot)"
74.7.227.147 - - [31/Aug/2026:09:54:16 -0400] "GET /kb/books/jmh/jmh71/jmh71b/tn/tn_IMG_0651.png HTTP/2" 404 1251 "https://ko0.us/jmh71b.htm" "Mozilla/5.0 AppleWebKit/537.36 (KHTML, like Gecko; compatible; GPTBot/1.4; +https://openai.com/gptbot)"
74.7.227.147 - - [31/Aug/2026:09:54:18 -0400] "GET /kb/books/jmh/jmh71/jmh71b/tn/tn_IMG_0413.png HTTP/2" 404 1251 "https://ko0.us/jmh71b.htm" "Mozilla/5.0 AppleWebKit/537.36 (KHTML, like Gecko; compatible; GPTBot/1.4; +https://openai.com/gptbot)"
74.7.227.147 - - [31/Aug/2026:09:54:20 -0400] "GET /kb/books/jmh/jmh71/jmh71b/tn/tn_IMG_0510.png HTTP/2" 404 1251 "https://ko0.us/jmh71b.htm" "Mozilla/5.0 AppleWebKit/537.36 (KHTML, like Gecko; compatible; GPTBot/1.4; +https://openai.com/gptbot)"
66.249.69.228 - - [31/Aug/2026:09:54:24 -0400] "GET /fb/jtfinc/jtf21/pages/zn/zn_9.jpg HTTP/1.1" 404 1251 "-" "Googlebot-Image/1.0"
74.7.227.147 - - [31/Aug/2026:09:54:25 -0400] "GET /kb/books/jmh/jmh71/jmh71b/tn/tn_IMG_1254.png HTTP/2" 404 1251 "https://ko0.us/jmh71b.htm" "Mozilla/5.0 AppleWebKit/537.36 (KHTML, like Gecko; compatible; GPTBot/1.4; +https://openai.com/gptbot)"
74.7.227.147 - - [31/Aug/2026:09:54:28 -0400] "GET /kb/books/jmh/jmh71/jmh71b/tn/tn_IMG_1331.png HTTP/2" 404 1251 "https://ko0.us/jmh71b.htm" "Mozilla/5.0 AppleWebKit/537.36 (KHTML, like Gecko; compatible; GPTBot/1.4; +https://openai.com/gptbot)"
74.7.227.147 - - [31/Aug/2026:09:54:32 -0400] "GET /kb/books/jmh/jmh71/jmh71b/tn/tn_IMG_0991.png HTTP/2" 404 1251 "https://ko0.us/jmh71b.htm" "Mozilla/5.0 AppleWebKit/537.36 (KHTML, like Gecko; compatible; GPTBot/1.4; +https://openai.com/gptbot)"
74.7.227.147 - - [31/Aug/2026:09:54:37 -0400] "GET /kb/books/jmh/jmh71/jmh71b/tn/tn_IMG_1426.png HTTP/2" 404 1251 "https://ko0.us/jmh71b.htm" "Mozilla/5.0 AppleWebKit/537.36 (KHTML, like Gecko; compatible; GPTBot/1.4; +https://openai.com/gptbot)"
74.7.227.147 - - [31/Aug/2026:09:54:38 -0400] "GET /kb/books/jmh/jmh71/jmh71b/tn/tn_IMG_0763.png HTTP/2" 404 1251 "https://ko0.us/jmh71b.htm" "Mozilla/5.0 AppleWebKit/537.36 (KHTML, like Gecko; compatible; GPTBot/1.4; +https://openai.com/gptbot)"
74.7.227.147 - - [31/Aug/2026:09:54:40 -0400] "GET /kb/books/jmh/jmh71/jmh71b/tn/tn_IMG_0274.png HTTP/2" 404 1251 "https://ko0.us/jmh71b.htm" "Mozilla/5.0 AppleWebKit/537.36 (KHTML, like Gecko; compatible; GPTBot/1.4; +https://openai.com/gptbot)"
74.7.227.147 - - [31/Aug/2026:09:54:42 -0400] "GET /kb/books/jmh/jmh71/jmh71b/tn/tn_IMG_0861.png HTTP/2" 404 1251 "https://ko0.us/jmh71b.htm" "Mozilla/5.0 AppleWebKit/537.36 (KHTML, like Gecko; compatible; GPTBot/1.4; +https://openai.com/gptbot)"
66.249.69.227 - - [31/Aug/2026:09:54:44 -0400] "GET /fb/kolog/pages/zn/zn_36.jpg HTTP/1.1" 404 1251 "-" "Googlebot-Image/1.0"
74.7.227.147 - - [31/Aug/2026:09:54:45 -0400] "GET /kb/books/jmh/jmh71/jmh71b/tn/tn_IMG_0660.png HTTP/2" 404 1251 "https://ko0.us/jmh71b.htm" "Mozilla/5.0 AppleWebKit/537.36 (KHTML, like Gecko; compatible; GPTBot/1.4; +https://openai.com/gptbot)"
74.7.227.147 - - [31/Aug/2026:09:54:47 -0400] "GET /kb/books/jmh/jmh71/jmh71b/tn/tn_IMG_1332.png HTTP/2" 404 1251 "https://ko0.us/jmh71b.htm" "Mozilla/5.0 AppleWebKit/537.36 (KHTML, like Gecko; compatible; GPTBot/1.4; +https://openai.com/gptbot)"
74.7.227.147 - - [31/Aug/2026:09:54:52 -0400] "GET /kb/books/jmh/jmh71/jmh71b/tn/tn_IMG_0797.png HTTP/2" 404 1251 "https://ko0.us/jmh71b.htm" "Mozilla/5.0 AppleWebKit/537.36 (KHTML, like Gecko; compatible; GPTBot/1.4; +https://openai.com/gptbot)"
74.7.227.147 - - [31/Aug/2026:09:54:56 -0400] "GET /kb/books/jmh/jmh71/jmh71b/tn/tn_IMG_1228.png HTTP/2" 404 1251 "https://ko0.us/jmh71b.htm" "Mozilla/5.0 AppleWebKit/537.36 (KHTML, like Gecko; compatible; GPTBot/1.4; +https://openai.com/gptbot)"
74.7.227.147 - - [31/Aug/2026:09:54:59 -0400] "GET /kb/books/jmh/jmh71/jmh71b/tn/tn_IMG_0361.png HTTP/2" 404 1251 "https://ko0.us/jmh71b.htm" "Mozilla/5.0 AppleWebKit/537.36 (KHTML, like Gecko; compatible; GPTBot/1.4; +https://openai.com/gptbot)"
74.7.227.147 - - [31/Aug/2026:09:55:01 -0400] "GET /kb/books/jmh/jmh71/jmh71b/tn/tn_IMG_0921.png HTTP/2" 404 1251 "https://ko0.us/jmh71b.htm" "Mozilla/5.0 AppleWebKit/537.36 (KHTML, like Gecko; compatible; GPTBot/1.4; +https://openai.com/gptbot)"
74.7.227.147 - - [31/Aug/2026:09:55:04 -0400] "GET /kb/books/jmh/jmh71/jmh71b/tn/tn_IMG_0918.png HTTP/2" 404 1251 "https://ko0.us/jmh71b.htm" "Mozilla/5.0 AppleWebKit/537.36 (KHTML, like Gecko; compatible; GPTBot/1.4; +https://openai.com/gptbot)"
66.249.69.228 - - [31/Aug/2026:09:55:06 -0400] "GET /fb/kolog/pages/zn/zn_66.jpg HTTP/1.1" 404 1251 "-" "Googlebot-Image/1.0"
74.7.227.147 - - [31/Aug/2026:09:55:15 -0400] "GET /kb/books/jmh/jmh71/jmh71b/tn/tn_IMG_1041.png HTTP/2" 404 1251 "https://ko0.us/jmh71b.htm" "Mozilla/5.0 AppleWebKit/537.36 (KHTML, like Gecko; compatible; GPTBot/1.4; +https://openai.com/gptbot)"
74.7.227.147 - - [31/Aug/2026:09:55:18 -0400] "GET /kb/books/jmh/jmh71/jmh71b/tn/tn_IMG_0877.png HTTP/2" 404 1251 "https://ko0.us/jmh71b.htm" "Mozilla/5.0 AppleWebKit/537.36 (KHTML, like Gecko; compatible; GPTBot/1.4; +https://openai.com/gptbot)"
74.7.227.147 - - [31/Aug/2026:09:55:27 -0400] "GET /kb/books/jmh/jmh71/jmh71b/tn/tn_IMG_0123.png HTTP/2" 404 1251 "https://ko0.us/jmh71b.htm" "Mozilla/5.0 AppleWebKit/537.36 (KHTML, like Gecko; compatible; GPTBot/1.4; +https://openai.com/gptbot)"
74.7.227.147 - - [31/Aug/2026:09:55:32 -0400] "GET /kb/books/jmh/jmh71/jmh71b/tn/tn_IMG_1210.png HTTP/2" 404 1251 "https://ko0.us/jmh71b.htm" "Mozilla/5.0 AppleWebKit/537.36 (KHTML, like Gecko; compatible; GPTBot/1.4; +https://openai.com/gptbot)"
74.7.227.147 - - [31/Aug/2026:09:55:33 -0400] "GET /kb/books/jmh/jmh71/jmh71b/tn/tn_IMG_1139.png HTTP/2" 404 1251 "https://ko0.us/jmh71b.htm" "Mozilla/5.0 AppleWebKit/537.36 (KHTML, like Gecko; compatible; GPTBot/1.4; +https://openai.com/gptbot)"
74.7.227.147 - - [31/Aug/2026:09:55:37 -0400] "GET /kb/books/jmh/jmh71/jmh71b/tn/tn_IMG_1259.png HTTP/2" 404 1251 "https://ko0.us/jmh71b.htm" "Mozilla/5.0 AppleWebKit/537.36 (KHTML, like Gecko; compatible; GPTBot/1.4; +https://openai.com/gptbot)"
216.73.216.164 - - [31/Aug/2026:09:54:33 -0400] "GET /zm/hrc2009stl/TileGroup3/5-20-22.jpg HTTP/2" 429 0 "-" "Mozilla/5.0 AppleWebKit/537.36 (KHTML, like Gecko; compatible; ClaudeBot/1.0; +claudebot@anthropic.com)"
216.73.216.164 - - [31/Aug/2026:09:54:38 -0400] "GET /pn/ko_pn.php?dir=%2Fhome%2Fkozerus%2Fpublic_html%2Fdgs%2Fimages%2F5%2Fw231.gif HTTP/2" 200 3933 "-" "Mozilla/5.0 AppleWebKit/537.36 (KHTML, like Gecko; compatible; ClaudeBot/1.0; +claudebot@anthropic.com)"
216.73.216.164 - - [31/Aug/2026:09:54:43 -0400] "GET /pn/ko_pn.php?dir=%2Fhome%2Fkozerus%2Fpublic_html%2Fimgs%2Fbtn%2Fbtn_key1.png HTTP/2" 429 0 "-" "Mozilla/5.0 AppleWebKit/537.36 (KHTML, like Gecko; compatible; ClaudeBot/1.0; +claudebot@anthropic.com)"
216.73.216.164 - - [31/Aug/2026:09:54:48 -0400] "GET /pn/ko_pn.php?dir=%2Fhome%2Fkozerus%2Fpublic_html%2Fdgs%2Fimages%2F5%2Fulx.gif HTTP/2" 200 3938 "-" "Mozilla/5.0 AppleWebKit/537.36 (KHTML, like Gecko; compatible; ClaudeBot/1.0; +claudebot@anthropic.com)"
216.73.216.164 - - [31/Aug/2026:09:54:53 -0400] "GET /pdf/web/images/secondaryToolbarButton-rotateCcw%402x.png HTTP/2" 429 0 "-" "Mozilla/5.0 AppleWebKit/537.36 (KHTML, like Gecko; compatible; ClaudeBot/1.0; +claudebot@anthropic.com)"
216.73.216.164 - - [31/Aug/2026:09:54:58 -0400] "GET /zm/hrc2009stl/TileGroup3/6-48-1.jpg HTTP/2" 200 8449 "-" "Mozilla/5.0 AppleWebKit/537.36 (KHTML, like Gecko; compatible; ClaudeBot/1.0; +claudebot@anthropic.com)"
216.73.216.164 - - [31/Aug/2026:09:55:03 -0400] "GET /pn/ko_pn.php?dir=%2Fhome%2Fkozerus%2Fpublic_html%2Fimgs%2Fbtn%2Fkoeye_kov_iperms.png HTTP/2" 429 0 "-" "Mozilla/5.0 AppleWebKit/537.36 (KHTML, like Gecko; compatible; ClaudeBot/1.0; +claudebot@anthropic.com)"
216.73.216.164 - - [31/Aug/2026:09:55:08 -0400] "GET /zm/hrc2009stl/TileGroup4/6-20-6.jpg HTTP/2" 200 9125 "-" "Mozilla/5.0 AppleWebKit/537.36 (KHTML, like Gecko; compatible; ClaudeBot/1.0; +claudebot@anthropic.com)"
216.73.216.164 - - [31/Aug/2026:09:55:13 -0400] "GET /pn/ko_pn.php?dir=%2Fhome%2Fkozerus%2Fpublic_html%2Fdgs%2Fimages%2F50%2Fw383.gif HTTP/2" 429 0 "-" "Mozilla/5.0 AppleWebKit/537.36 (KHTML, like Gecko; compatible; ClaudeBot/1.0; +claudebot@anthropic.com)"
216.73.216.164 - - [31/Aug/2026:09:55:18 -0400] "GET /pn/ko_pn.php?dir=%2Fhome%2Fkozerus%2Fpublic_html%2Fcropex%2Fjs%2Fwz%2Fwz_connect%2Fcable_hdmi.png HTTP/2" 200 3951 "-" "Mozilla/5.0 AppleWebKit/537.36 (KHTML, like Gecko; compatible; ClaudeBot/1.0; +claudebot@anthropic.com)"
216.73.216.164 - - [31/Aug/2026:09:55:23 -0400] "GET /ko_center/zm5/hrc_dr15d17/TileGroup0/3-2-2.jpg HTTP/2" 429 0 "-" "Mozilla/5.0 AppleWebKit/537.36 (KHTML, like Gecko; compatible; ClaudeBot/1.0; +claudebot@anthropic.com)"
66.249.69.227 - - [31/Aug/2026:09:55:25 -0400] "GET /fb/kolog/pages/zn/zn_21.jpg HTTP/1.1" 404 1251 "-" "Googlebot-Image/1.0"
216.73.216.164 - - [31/Aug/2026:09:55:28 -0400] "GET /js/turnjs4/samples/magazine/pages/zn/zn_89.jpg HTTP/2" 200 243219 "-" "Mozilla/5.0 AppleWebKit/537.36 (KHTML, like Gecko; compatible; ClaudeBot/1.0; +claudebot@anthropic.com)"
216.73.216.164 - - [31/Aug/2026:09:55:33 -0400] "GET /ko_center/zm5/hrc_dr18d29/TileGroup0/4-5-2.jpg HTTP/2" 429 0 "-" "Mozilla/5.0 AppleWebKit/537.36 (KHTML, like Gecko; compatible; ClaudeBot/1.0; +claudebot@anthropic.com)"
197.3.39.36 - - [31/Aug/2026:09:55:34 -0400] "GET /filedrops.html HTTP/1.1" 200 508 "https://ko0.us/" "Mozilla/5.0 (X11; Linux x86_64) AppleWebKit/537.36 (KHTML, like Gecko) Chrome/120.0.6099.216 Safari/537.36"
216.73.216.164 - - [31/Aug/2026:09:55:38 -0400] "GET /zm/hrc2009stl/TileGroup3/6-42-1.jpg HTTP/2" 200 1651 "-" "Mozilla/5.0 AppleWebKit/537.36 (KHTML, like Gecko; compatible; ClaudeBot/1.0; +claudebot@anthropic.com)"
216.73.216.164 - - [31/Aug/2026:09:55:43 -0400] "GET /zm/hrc2009stl/TileGroup4/6-24-6.jpg HTTP/2" 429 0 "-" "Mozilla/5.0 AppleWebKit/537.36 (KHTML, like Gecko; compatible; ClaudeBot/1.0; +claudebot@anthropic.com)"
74.7.227.147 - - [31/Aug/2026:09:55:44 -0400] "GET /kb/books/jmh/jmh71/jmh71b/tn/tn_IMG_1218.png HTTP/2" 404 1251 "https://ko0.us/jmh71b.htm" "Mozilla/5.0 AppleWebKit/537.36 (KHTML, like Gecko; compatible; GPTBot/1.4; +https://openai.com/gptbot)"
74.7.227.147 - - [31/Aug/2026:09:55:47 -0400] "GET /kb/books/jmh/jmh71/jmh71b/tn/tn_IMG_1368.png HTTP/2" 404 1251 "https://ko0.us/jmh71b.htm" "Mozilla/5.0 AppleWebKit/537.36 (KHTML, like Gecko; compatible; GPTBot/1.4; +https://openai.com/gptbot)"
74.7.227.147 - - [31/Aug/2026:09:55:52 -0400] "GET /kb/books/jmh/jmh71/jmh71b/tn/tn_IMG_1260.png HTTP/2" 404 1251 "https://ko0.us/jmh71b.htm" "Mozilla/5.0 AppleWebKit/537.36 (KHTML, like Gecko; compatible; GPTBot/1.4; +https://openai.com/gptbot)"
74.7.227.147 - - [31/Aug/2026:09:55:54 -0400] "GET /kb/books/jmh/jmh71/jmh71b/tn/tn_IMG_1290.png HTTP/2" 404 1251 "https://ko0.us/jmh71b.htm" "Mozilla/5.0 AppleWebKit/537.36 (KHTML, like Gecko; compatible; GPTBot/1.4; +https://openai.com/gptbot)"
74.7.227.147 - - [31/Aug/2026:09:55:58 -0400] "GET /kb/books/jmh/jmh71/jmh71b/tn/tn_IMG_1150.png HTTP/2" 404 1251 "https://ko0.us/jmh71b.htm" "Mozilla/5.0 AppleWebKit/537.36 (KHTML, like Gecko; compatible; GPTBot/1.4; +https://openai.com/gptbot)"
74.7.227.147 - - [31/Aug/2026:09:55:59 -0400] "GET /kb/books/jmh/jmh71/jmh71b/tn/tn_IMG_1409.png HTTP/2" 404 1251 "https://ko0.us/jmh71b.htm" "Mozilla/5.0 AppleWebKit/537.36 (KHTML, like Gecko; compatible; GPTBot/1.4; +https://openai.com/gptbot)"
74.7.227.147 - - [31/Aug/2026:09:56:08 -0400] "GET /kb/books/jmh/jmh71/jmh71b/tn/tn_IMG_1284.png HTTP/2" 404 1251 "https://ko0.us/jmh71b.htm" "Mozilla/5.0 AppleWebKit/537.36 (KHTML, like Gecko; compatible; GPTBot/1.4; +https://openai.com/gptbot)"
74.7.227.147 - - [31/Aug/2026:09:56:13 -0400] "GET /kb/books/jmh/jmh71/jmh71b/tn/tn_IMG_0712.png HTTP/2" 404 1251 "https://ko0.us/jmh71b.htm" "Mozilla/5.0 AppleWebKit/537.36 (KHTML, like Gecko; compatible; GPTBot/1.4; +https://openai.com/gptbot)"
74.7.227.147 - - [31/Aug/2026:09:56:15 -0400] "GET /kb/books/jmh/jmh71/jmh71b/tn/tn_IMG_0397.png HTTP/2" 404 1251 "https://ko0.us/jmh71b.htm" "Mozilla/5.0 AppleWebKit/537.36 (KHTML, like Gecko; compatible; GPTBot/1.4; +https://openai.com/gptbot)"
74.7.227.147 - - [31/Aug/2026:09:56:20 -0400] "GET /kb/books/jmh/jmh71/jmh71b/tn/tn_IMG_1122.png HTTP/2" 404 1251 "https://ko0.us/jmh71b.htm" "Mozilla/5.0 AppleWebKit/537.36 (KHTML, like Gecko; compatible; GPTBot/1.4; +https://openai.com/gptbot)"
74.7.227.147 - - [31/Aug/2026:09:56:22 -0400] "GET /kb/books/jmh/jmh71/jmh71b/tn/tn_IMG_0769.png HTTP/2" 404 1251 "https://ko0.us/jmh71b.htm" "Mozilla/5.0 AppleWebKit/537.36 (KHTML, like Gecko; compatible; GPTBot/1.4; +https://openai.com/gptbot)"
74.7.227.147 - - [31/Aug/2026:09:56:27 -0400] "GET /kb/books/jmh/jmh71/jmh71b/tn/tn_IMG_1279.png HTTP/2" 404 1251 "https://ko0.us/jmh71b.htm" "Mozilla/5.0 AppleWebKit/537.36 (KHTML, like Gecko; compatible; GPTBot/1.4; +https://openai.com/gptbot)"
17.166.234.160 - - [31/Aug/2026:09:56:28 -0400] "GET /canvas0.html HTTP/2" 200 3396 "-" "Mozilla/5.0 (Macintosh; Intel Mac OS X 10_15_7) AppleWebKit/605.1.15 (KHTML, like Gecko) Version/17.4 Safari/605.1.15 (Applebot/0.1; +http://www.apple.com/go/applebot)"
74.7.227.147 - - [31/Aug/2026:09:56:30 -0400] "GET /kb/books/jmh/jmh71/jmh71b/tn/tn_IMG_0273.png HTTP/2" 404 1251 "https://ko0.us/jmh71b.htm" "Mozilla/5.0 AppleWebKit/537.36 (KHTML, like Gecko; compatible; GPTBot/1.4; +https://openai.com/gptbot)"
74.7.227.147 - - [31/Aug/2026:09:56:35 -0400] "GET /kb/books/jmh/jmh71/jmh71b/tn/tn_IMG_1120.png HTTP/2" 404 1251 "https://ko0.us/jmh71b.htm" "Mozilla/5.0 AppleWebKit/537.36 (KHTML, like Gecko; compatible; GPTBot/1.4; +https://openai.com/gptbot)"
74.7.227.147 - - [31/Aug/2026:09:56:37 -0400] "GET /kb/books/jmh/jmh71/jmh71b/tn/tn_IMG_0641.png HTTP/2" 404 1251 "https://ko0.us/jmh71b.htm" "Mozilla/5.0 AppleWebKit/537.36 (KHTML, like Gecko; compatible; GPTBot/1.4; +https://openai.com/gptbot)"
216.73.216.164 - - [31/Aug/2026:09:55:48 -0400] "GET /ko_center/zm5/hrc_d/TileGroup6/6-9-25.jpg HTTP/2" 200 1651 "-" "Mozilla/5.0 AppleWebKit/537.36 (KHTML, like Gecko; compatible; ClaudeBot/1.0; +claudebot@anthropic.com)"
216.73.216.164 - - [31/Aug/2026:09:55:53 -0400] "GET /ko_center/zm5/hrc_d/TileGroup0/5-1-1.jpg HTTP/2" 429 0 "-" "Mozilla/5.0 AppleWebKit/537.36 (KHTML, like Gecko; compatible; ClaudeBot/1.0; +claudebot@anthropic.com)"
216.73.216.164 - - [31/Aug/2026:09:55:58 -0400] "GET /zc/imgs/steampunk/steampunk_googleeyes.jpg HTTP/2" 200 5148134 "-" "Mozilla/5.0 AppleWebKit/537.36 (KHTML, like Gecko; compatible; ClaudeBot/1.0; +claudebot@anthropic.com)"
216.73.216.164 - - [31/Aug/2026:09:56:03 -0400] "GET /zm/hrc2009stl/TileGroup6/6-24-15.jpg HTTP/2" 429 0 "-" "Mozilla/5.0 AppleWebKit/537.36 (KHTML, like Gecko; compatible; ClaudeBot/1.0; +claudebot@anthropic.com)"
216.73.216.164 - - [31/Aug/2026:09:56:08 -0400] "GET /zm/hrc2009stl/TileGroup3/5-27-21.jpg HTTP/2" 200 1651 "-" "Mozilla/5.0 AppleWebKit/537.36 (KHTML, like Gecko; compatible; ClaudeBot/1.0; +claudebot@anthropic.com)"
216.73.216.164 - - [31/Aug/2026:09:56:13 -0400] "GET /pn/ko_pn.php?dir=%2Fhome%2Fkozerus%2Fpublic_html%2Fbirds%2Fimgs%2Fcricket8.png HTTP/2" 429 0 "-" "Mozilla/5.0 AppleWebKit/537.36 (KHTML, like Gecko; compatible; ClaudeBot/1.0; +claudebot@anthropic.com)"
216.73.216.164 - - [31/Aug/2026:09:56:18 -0400] "GET /zm/hrc2009stl/TileGroup6/6-23-12.jpg HTTP/2" 200 13655 "-" "Mozilla/5.0 AppleWebKit/537.36 (KHTML, like Gecko; compatible; ClaudeBot/1.0; +claudebot@anthropic.com)"
216.73.216.164 - - [31/Aug/2026:09:56:23 -0400] "GET /pn/ko_pn.php?dir=%2Fhome%2Fkozerus%2Fpublic_html%2Fimgs%2Fbh%2Fbluehost_grid05.jpg HTTP/2" 429 0 "-" "Mozilla/5.0 AppleWebKit/537.36 (KHTML, like Gecko; compatible; ClaudeBot/1.0; +claudebot@anthropic.com)"
216.73.216.164 - - [31/Aug/2026:09:56:28 -0400] "GET /pn/ko_pn.php?dir=%2Fhome%2Fkozerus%2Fpublic_html%2Fimgs%2Fbtn%2Fkoeye_tag.png HTTP/2" 200 3899 "-" "Mozilla/5.0 AppleWebKit/537.36 (KHTML, like Gecko; compatible; ClaudeBot/1.0; +claudebot@anthropic.com)"
216.73.216.164 - - [31/Aug/2026:09:56:33 -0400] "GET /zm/hrc2009stl/TileGroup4/6-42-4.jpg HTTP/2" 429 0 "-" "Mozilla/5.0 AppleWebKit/537.36 (KHTML, like Gecko; compatible; ClaudeBot/1.0; +claudebot@anthropic.com)"
216.73.216.164 - - [31/Aug/2026:09:56:38 -0400] "GET /ko_center/zm5/hrc_dr18d29/TileGroup2/6-4-4.jpg HTTP/2" 200 6614 "-" "Mozilla/5.0 AppleWebKit/537.36 (KHTML, like Gecko; compatible; ClaudeBot/1.0; +claudebot@anthropic.com)"
216.73.216.164 - - [31/Aug/2026:09:56:43 -0400] "GET /pn/ko_pn.php?dir=%2Fhome%2Fkozerus%2Fpublic_html%2Fimgs%2Fbtn%2Fkoeye_slots.png HTTP/2" 429 0 "-" "Mozilla/5.0 AppleWebKit/537.36 (KHTML, like Gecko; compatible; ClaudeBot/1.0; +claudebot@anthropic.com)"
216.73.216.164 - - [31/Aug/2026:09:56:48 -0400] "GET /zm/hrc2009stl/TileGroup3/5-20-21.jpg HTTP/2" 200 1651 "-" "Mozilla/5.0 AppleWebKit/537.36 (KHTML, like Gecko; compatible; ClaudeBot/1.0; +claudebot@anthropic.com)"
216.73.216.164 - - [31/Aug/2026:09:56:53 -0400] "GET /zm/hrc2009stl/TileGroup11/6-7-36.jpg HTTP/2" 429 0 "-" "Mozilla/5.0 AppleWebKit/537.36 (KHTML, like Gecko; compatible; ClaudeBot/1.0; +claudebot@anthropic.com)"
216.73.216.164 - - [31/Aug/2026:09:56:58 -0400] "GET /pn/ko_pn.php?dir=%2Fhome%2Fkozerus%2Fpublic_html%2Fcropex%2Fjs%2Fwz%2Fwz_connect%2Fcable-tel.png HTTP/2" 200 3883 "-" "Mozilla/5.0 AppleWebKit/537.36 (KHTML, like Gecko; compatible; ClaudeBot/1.0; +claudebot@anthropic.com)"
216.73.216.164 - - [31/Aug/2026:09:57:03 -0400] "GET /zm/hrc2009stl/TileGroup6/6-30-14.jpg HTTP/2" 429 0 "-" "Mozilla/5.0 AppleWebKit/537.36 (KHTML, like Gecko; compatible; ClaudeBot/1.0; +claudebot@anthropic.com)"
17.166.235.11 - - [31/Aug/2026:09:57:16 -0400] "GET /dbdata.html HTTP/2" 200 8155 "-" "Mozilla/5.0 (Macintosh; Intel Mac OS X 10_15_7) AppleWebKit/605.1.15 (KHTML, like Gecko) Version/17.4 Safari/605.1.15 (Applebot/0.1; +http://www.apple.com/go/applebot)"
74.7.227.147 - - [31/Aug/2026:09:56:39 -0400] "GET /kb/books/jmh/jmh71/jmh71b/tn/tn_IMG_1336.png HTTP/2" 404 1251 "https://ko0.us/jmh71b.htm" "Mozilla/5.0 AppleWebKit/537.36 (KHTML, like Gecko; compatible; GPTBot/1.4; +https://openai.com/gptbot)"
74.7.227.147 - - [31/Aug/2026:09:56:40 -0400] "GET /kb/books/jmh/jmh71/jmh71b/tn/tn_IMG_1353.png HTTP/2" 404 1251 "https://ko0.us/jmh71b.htm" "Mozilla/5.0 AppleWebKit/537.36 (KHTML, like Gecko; compatible; GPTBot/1.4; +https://openai.com/gptbot)"
74.7.227.147 - - [31/Aug/2026:09:56:47 -0400] "GET /kb/books/jmh/jmh71/jmh71b/tn/tn_IMG_0337.png HTTP/2" 404 1251 "https://ko0.us/jmh71b.htm" "Mozilla/5.0 AppleWebKit/537.36 (KHTML, like Gecko; compatible; GPTBot/1.4; +https://openai.com/gptbot)"
74.7.227.147 - - [31/Aug/2026:09:56:51 -0400] "GET /kb/books/jmh/jmh71/jmh71b/tn/tn_IMG_1263.png HTTP/2" 404 1251 "https://ko0.us/jmh71b.htm" "Mozilla/5.0 AppleWebKit/537.36 (KHTML, like Gecko; compatible; GPTBot/1.4; +https://openai.com/gptbot)"
74.7.227.147 - - [31/Aug/2026:09:56:59 -0400] "GET /kb/books/jmh/jmh71/jmh71b/tn/tn_IMG_0757.png HTTP/2" 404 1251 "https://ko0.us/jmh71b.htm" "Mozilla/5.0 AppleWebKit/537.36 (KHTML, like Gecko; compatible; GPTBot/1.4; +https://openai.com/gptbot)"
74.7.227.147 - - [31/Aug/2026:09:57:01 -0400] "GET /kb/books/jmh/jmh71/jmh71b/tn/tn_IMG_1240.png HTTP/2" 404 1251 "https://ko0.us/jmh71b.htm" "Mozilla/5.0 AppleWebKit/537.36 (KHTML, like Gecko; compatible; GPTBot/1.4; +https://openai.com/gptbot)"
74.7.227.147 - - [31/Aug/2026:09:57:17 -0400] "GET /kb/books/jmh/jmh71/jmh71b/tn/tn_IMG_1142.png HTTP/2" 404 1251 "https://ko0.us/jmh71b.htm" "Mozilla/5.0 AppleWebKit/537.36 (KHTML, like Gecko; compatible; GPTBot/1.4; +https://openai.com/gptbot)"
85.208.96.203 - - [31/Aug/2026:09:57:20 -0400] "GET /pdf/web/viewer.html?file=%2Fpdf%2Fpdf%2Fjk_restrain_martin_pg8.pdf HTTP/1.1" 200 4235 "-" "Mozilla/5.0 (compatible; SemrushBot/7~bl; +http://www.semrush.com/bot.html)"
74.7.227.147 - - [31/Aug/2026:09:57:22 -0400] "GET /kb/books/jmh/jmh71/jmh71b/tn/tn_IMG_1281.png HTTP/2" 404 1251 "https://ko0.us/jmh71b.htm" "Mozilla/5.0 AppleWebKit/537.36 (KHTML, like Gecko; compatible; GPTBot/1.4; +https://openai.com/gptbot)"
74.7.227.147 - - [31/Aug/2026:09:57:23 -0400] "GET /kb/books/jmh/jmh71/jmh71b/tn/tn_IMG_1058.png HTTP/2" 404 1251 "https://ko0.us/jmh71b.htm" "Mozilla/5.0 AppleWebKit/537.36 (KHTML, like Gecko; compatible; GPTBot/1.4; +https://openai.com/gptbot)"
74.7.227.147 - - [31/Aug/2026:09:57:25 -0400] "GET /kb/books/jmh/jmh71/jmh71b/tn/tn_IMG_0789.png HTTP/2" 404 1251 "https://ko0.us/jmh71b.htm" "Mozilla/5.0 AppleWebKit/537.36 (KHTML, like Gecko; compatible; GPTBot/1.4; +https://openai.com/gptbot)"
74.7.227.147 - - [31/Aug/2026:09:57:27 -0400] "GET /kb/books/jmh/jmh71/jmh71b/tn/tn_IMG_0724.png HTTP/2" 404 1251 "https://ko0.us/jmh71b.htm" "Mozilla/5.0 AppleWebKit/537.36 (KHTML, like Gecko; compatible; GPTBot/1.4; +https://openai.com/gptbot)"
74.7.227.147 - - [31/Aug/2026:09:57:29 -0400] "GET /kb/books/jmh/jmh71/jmh71b/tn/tn_IMG_0411.png HTTP/2" 404 1251 "https://ko0.us/jmh71b.htm" "Mozilla/5.0 AppleWebKit/537.36 (KHTML, like Gecko; compatible; GPTBot/1.4; +https://openai.com/gptbot)"
74.7.227.147 - - [31/Aug/2026:09:57:30 -0400] "GET /kb/books/jmh/jmh71/jmh71b/tn/tn_IMG_1464.png HTTP/2" 404 1251 "https://ko0.us/jmh71b.htm" "Mozilla/5.0 AppleWebKit/537.36 (KHTML, like Gecko; compatible; GPTBot/1.4; +https://openai.com/gptbot)"
66.249.69.229 - - [31/Aug/2026:09:57:32 -0400] "GET /fb/kolog/pages/zn/zn_81.jpg HTTP/1.1" 404 1251 "-" "Googlebot-Image/1.0"
74.7.227.147 - - [31/Aug/2026:09:57:32 -0400] "GET /kb/books/jmh/jmh71/jmh71b/tn/tn_IMG_0815.png HTTP/2" 404 1251 "https://ko0.us/jmh71b.htm" "Mozilla/5.0 AppleWebKit/537.36 (KHTML, like Gecko; compatible; GPTBot/1.4; +https://openai.com/gptbot)"
74.7.227.147 - - [31/Aug/2026:09:57:34 -0400] "GET /kb/books/jmh/jmh71/jmh71b/tn/tn_IMG_0909.png HTTP/2" 404 1251 "https://ko0.us/jmh71b.htm" "Mozilla/5.0 AppleWebKit/537.36 (KHTML, like Gecko; compatible; GPTBot/1.4; +https://openai.com/gptbot)"
216.73.216.164 - - [31/Aug/2026:09:51:02 -0400] "GET /pn/ko_pn.php?dir=%2Fhome%2Fkozerus%2Fpublic_html%2Fcropex%2Fnode%2Fnode_modules%2F%40hookform%2Fresolvers%2Fvalibot%2Fdist HTTP/2" 200 4231 "-" "Mozilla/5.0 AppleWebKit/537.36 (KHTML, like Gecko; compatible; ClaudeBot/1.0; +claudebot@anthropic.com)"
185.191.171.5 - - [31/Aug/2026:09:52:24 -0400] "GET /iperms/winwz_best.html HTTP/1.1" 200 4462 "-" "Mozilla/5.0 (compatible; SemrushBot/7~bl; +http://www.semrush.com/bot.html)"
66.249.69.227 - - [31/Aug/2026:09:53:44 -0400] "GET /fb/kolog/pages/zn/zn_23.jpg HTTP/1.1" 404 1251 "-" "Googlebot-Image/1.0"
85.208.96.204 - - [31/Aug/2026:09:56:25 -0400] "GET /canvasjs/index.html HTTP/1.1" 404 1251 "-" "Mozilla/5.0 (compatible; SemrushBot/7~bl; +http://www.semrush.com/bot.html)"
17.166.152.106 - - [31/Aug/2026:09:56:42 -0400] "GET /montserrat2.html HTTP/2" 200 357 "-" "Mozilla/5.0 (Macintosh; Intel Mac OS X 10_15_7) AppleWebKit/605.1.15 (KHTML, like Gecko) Version/17.4 Safari/605.1.15 (Applebot/0.1; +http://www.apple.com/go/applebot)"
216.73.216.164 - - [31/Aug/2026:09:57:08 -0400] "GET /ko_center/zm5/hrc_dr13d09/TileGroup0/4-8-5.jpg HTTP/2" 200 1651 "-" "Mozilla/5.0 AppleWebKit/537.36 (KHTML, like Gecko; compatible; ClaudeBot/1.0; +claudebot@anthropic.com)"
216.73.216.164 - - [31/Aug/2026:09:57:13 -0400] "GET /ko_center/zm5/hrc_dr17d26/TileGroup2/6-6-2.jpg HTTP/2" 429 0 "-" "Mozilla/5.0 AppleWebKit/537.36 (KHTML, like Gecko; compatible; ClaudeBot/1.0; +claudebot@anthropic.com)"
17.166.233.108 - - [31/Aug/2026:09:57:15 -0400] "GET /jitsi.html HTTP/2" 200 637 "-" "Mozilla/5.0 (Macintosh; Intel Mac OS X 10_15_7) AppleWebKit/605.1.15 (KHTML, like Gecko) Version/17.4 Safari/605.1.15 (Applebot/0.1; +http://www.apple.com/go/applebot)"
216.73.216.164 - - [31/Aug/2026:09:57:18 -0400] "GET /ko_center/zm5/hrc_dr20d37/TileGroup0/4-9-5.jpg HTTP/2" 200 1651 "-" "Mozilla/5.0 AppleWebKit/537.36 (KHTML, like Gecko; compatible; ClaudeBot/1.0; +claudebot@anthropic.com)"
216.73.216.164 - - [31/Aug/2026:09:57:23 -0400] "GET /pn/ko_pn.php?dir=%2Fhome%2Fkozerus%2Fpublic_html%2Fimgs%2Fbtn%2Fbtn_msoutlook2013.png HTTP/2" 429 0 "-" "Mozilla/5.0 AppleWebKit/537.36 (KHTML, like Gecko; compatible; ClaudeBot/1.0; +claudebot@anthropic.com)"
216.73.216.164 - - [31/Aug/2026:09:57:28 -0400] "GET /pn/ko_pn.php?dir=%2Fhome%2Fkozerus%2Fpublic_html%2Fzm%2Fhrc2011%2FTileGroup2%2F6-27-8.jpg HTTP/2" 200 3885 "-" "Mozilla/5.0 AppleWebKit/537.36 (KHTML, like Gecko; compatible; ClaudeBot/1.0; +claudebot@anthropic.com)"
216.73.216.164 - - [31/Aug/2026:09:57:33 -0400] "GET /ko_center/zm5/hrc_dr13d09/TileGroup0/5-22-3.jpg HTTP/2" 429 0 "-" "Mozilla/5.0 AppleWebKit/537.36 (KHTML, like Gecko; compatible; ClaudeBot/1.0; +claudebot@anthropic.com)"
216.73.216.164 - - [31/Aug/2026:09:57:38 -0400] "GET /ko_center/zm5/hrc_dr21d42/TileGroup2/6-45-3.jpg HTTP/2" 200 1651 "-" "Mozilla/5.0 AppleWebKit/537.36 (KHTML, like Gecko; compatible; ClaudeBot/1.0; +claudebot@anthropic.com)"
216.73.216.164 - - [31/Aug/2026:09:57:43 -0400] "GET /pn/ko_pn.php?dir=%2Fhome%2Fkozerus%2F.caldav%2Fkozerus%2F HTTP/2" 429 0 "-" "Mozilla/5.0 AppleWebKit/537.36 (KHTML, like Gecko; compatible; ClaudeBot/1.0; +claudebot@anthropic.com)"
216.73.216.164 - - [31/Aug/2026:09:57:44 -0400] "GET /go/dgs0/images/7/b307.gif HTTP/2" 200 272 "-" "Mozilla/5.0 AppleWebKit/537.36 (KHTML, like Gecko; compatible; ClaudeBot/1.0; +claudebot@anthropic.com)"
216.73.216.164 - - [31/Aug/2026:09:57:49 -0400] "GET /go/dgs0/images/7/dl.gif HTTP/2" 200 51 "-" "Mozilla/5.0 AppleWebKit/537.36 (KHTML, like Gecko; compatible; ClaudeBot/1.0; +claudebot@anthropic.com)"
216.73.216.164 - - [31/Aug/2026:09:57:54 -0400] "GET /ko_center/zm5/hrc_cr05c20/TileGroup4/ HTTP/2" 429 0 "-" "Mozilla/5.0 AppleWebKit/537.36 (KHTML, like Gecko; compatible; ClaudeBot/1.0; +claudebot@anthropic.com)"
216.73.216.164 - - [31/Aug/2026:09:57:59 -0400] "GET /go/dgs0/images/7/b495.gif HTTP/2" 200 271 "-" "Mozilla/5.0 AppleWebKit/537.36 (KHTML, like Gecko; compatible; ClaudeBot/1.0; +claudebot@anthropic.com)"
74.7.227.147 - - [31/Aug/2026:09:57:39 -0400] "GET /kb/books/jmh/jmh71/jmh71b/tn/tn_IMG_0759.png HTTP/2" 404 1251 "https://ko0.us/jmh71b.htm" "Mozilla/5.0 AppleWebKit/537.36 (KHTML, like Gecko; compatible; GPTBot/1.4; +https://openai.com/gptbot)"
74.7.227.147 - - [31/Aug/2026:09:57:42 -0400] "GET /kb/books/jmh/jmh71/jmh71b/tn/tn_IMG_1248.png HTTP/2" 404 1251 "https://ko0.us/jmh71b.htm" "Mozilla/5.0 AppleWebKit/537.36 (KHTML, like Gecko; compatible; GPTBot/1.4; +https://openai.com/gptbot)"
74.7.227.147 - - [31/Aug/2026:09:57:44 -0400] "GET /kb/books/jmh/jmh71/jmh71b/tn/tn_IMG_0847.png HTTP/2" 404 1251 "https://ko0.us/jmh71b.htm" "Mozilla/5.0 AppleWebKit/537.36 (KHTML, like Gecko; compatible; GPTBot/1.4; +https://openai.com/gptbot)"
74.7.227.147 - - [31/Aug/2026:09:57:46 -0400] "GET /kb/books/jmh/jmh71/jmh71b/tn/tn_IMG_1319.png HTTP/2" 404 1251 "https://ko0.us/jmh71b.htm" "Mozilla/5.0 AppleWebKit/537.36 (KHTML, like Gecko; compatible; GPTBot/1.4; +https://openai.com/gptbot)"
66.249.69.227 - - [31/Aug/2026:09:57:52 -0400] "GET /fb/kolog/pages/zn/zn_12.jpg HTTP/1.1" 404 1251 "-" "Googlebot-Image/1.0"
74.7.227.147 - - [31/Aug/2026:09:57:54 -0400] "GET /kb/books/jmh/jmh71/jmh71b/tn/tn_IMG_1323.png HTTP/2" 404 1251 "https://ko0.us/jmh71b.htm" "Mozilla/5.0 AppleWebKit/537.36 (KHTML, like Gecko; compatible; GPTBot/1.4; +https://openai.com/gptbot)"
74.7.227.147 - - [31/Aug/2026:09:57:56 -0400] "GET /kb/books/jmh/jmh71/jmh71b/tn/tn_IMG_0800.png HTTP/2" 404 1251 "https://ko0.us/jmh71b.htm" "Mozilla/5.0 AppleWebKit/537.36 (KHTML, like Gecko; compatible; GPTBot/1.4; +https://openai.com/gptbot)"
74.7.227.147 - - [31/Aug/2026:09:58:03 -0400] "GET /kb/books/jmh/jmh71/jmh71b/tn/tn_IMG_0673.png HTTP/2" 404 1251 "https://ko0.us/jmh71b.htm" "Mozilla/5.0 AppleWebKit/537.36 (KHTML, like Gecko; compatible; GPTBot/1.4; +https://openai.com/gptbot)"
74.7.227.147 - - [31/Aug/2026:09:58:06 -0400] "GET /kb/books/jmh/jmh71/jmh71b/tn/tn_IMG_0477.png HTTP/2" 404 1251 "https://ko0.us/jmh71b.htm" "Mozilla/5.0 AppleWebKit/537.36 (KHTML, like Gecko; compatible; GPTBot/1.4; +https://openai.com/gptbot)"
74.7.227.147 - - [31/Aug/2026:09:58:10 -0400] "GET /kb/books/jmh/jmh71/jmh71b/tn/tn_IMG_0794.png HTTP/2" 404 1251 "https://ko0.us/jmh71b.htm" "Mozilla/5.0 AppleWebKit/537.36 (KHTML, like Gecko; compatible; GPTBot/1.4; +https://openai.com/gptbot)"
74.7.227.147 - - [31/Aug/2026:09:58:11 -0400] "GET /kb/books/jmh/jmh71/jmh71b/tn/tn_IMG_0211.png HTTP/2" 404 1251 "https://ko0.us/jmh71b.htm" "Mozilla/5.0 AppleWebKit/537.36 (KHTML, like Gecko; compatible; GPTBot/1.4; +https://openai.com/gptbot)"
66.249.69.229 - - [31/Aug/2026:09:58:13 -0400] "GET /fb/kolog/pages/zn/zn_31.jpg HTTP/1.1" 404 1251 "-" "Googlebot-Image/1.0"
74.7.227.147 - - [31/Aug/2026:09:58:13 -0400] "GET /kb/books/jmh/jmh71/jmh71b/tn/tn_IMG_0728.png HTTP/2" 404 1251 "https://ko0.us/jmh71b.htm" "Mozilla/5.0 AppleWebKit/537.36 (KHTML, like Gecko; compatible; GPTBot/1.4; +https://openai.com/gptbot)"
216.73.216.164 - - [31/Aug/2026:09:58:13 -0400] "GET /pn/ko_pn.php?dir=%2Fhome%2Fkozerus%2Fpublic_html%2Fdgs%2Fimages%2F5%2Fdu.gif HTTP/2" 429 0 "-" "Mozilla/5.0 AppleWebKit/537.36 (KHTML, like Gecko; compatible; ClaudeBot/1.0; +claudebot@anthropic.com)"
216.73.216.164 - - [31/Aug/2026:09:58:18 -0400] "GET /cropex/imgs/btn/giphy_phone01b_07.png HTTP/2" 200 22718 "-" "Mozilla/5.0 AppleWebKit/537.36 (KHTML, like Gecko; compatible; ClaudeBot/1.0; +claudebot@anthropic.com)"
216.73.216.164 - - [31/Aug/2026:09:58:24 -0400] "GET /pn/ko_pn.php?dir=%2Fhome%2Fkozerus%2Fpublic_html%2Fcropex%2Fnode%2Fnode_modules%2Flodash%2F_baseRepeat.js HTTP/2" 429 0 "-" "Mozilla/5.0 AppleWebKit/537.36 (KHTML, like Gecko; compatible; ClaudeBot/1.0; +claudebot@anthropic.com)"
74.7.227.147 - - [31/Aug/2026:09:58:25 -0400] "GET /kb/books/jmh/jmh71/jmh71b/tn/tn_IMG_0907.png HTTP/2" 404 1251 "https://ko0.us/jmh71b.htm" "Mozilla/5.0 AppleWebKit/537.36 (KHTML, like Gecko; compatible; GPTBot/1.4; +https://openai.com/gptbot)"
74.7.227.147 - - [31/Aug/2026:09:58:27 -0400] "GET /kb/books/jmh/jmh71/jmh71b/tn/tn_IMG_1358.png HTTP/2" 404 1251 "https://ko0.us/jmh71b.htm" "Mozilla/5.0 AppleWebKit/537.36 (KHTML, like Gecko; compatible; GPTBot/1.4; +https://openai.com/gptbot)"
216.73.216.164 - - [31/Aug/2026:09:58:29 -0400] "GET /pn/ko_pn.php?dir=%2Fhome%2Fkozerus%2Fpublic_html%2Fcropex%2Fnode%2Fnode_modules%2Flodash%2FisSet.js HTTP/2" 200 4211 "-" "Mozilla/5.0 AppleWebKit/537.36 (KHTML, like Gecko; compatible; ClaudeBot/1.0; +claudebot@anthropic.com)"
66.249.69.228 - - [31/Aug/2026:09:58:33 -0400] "GET /imgs/gif/iperms/giphy_army_seal_sparkle.gif HTTP/1.1" 404 1251 "-" "Googlebot-Image/1.0"
216.73.216.164 - - [31/Aug/2026:09:58:34 -0400] "GET /pn/ko_pn.php?dir=%2Fhome%2Fkozerus%2Fpublic_html%2Fcropex%2Fnode%2Fnode_modules%2Fmicromark-util-decode-string%2Fdev%2Findex.js HTTP/2" 429 0 "-" "Mozilla/5.0 AppleWebKit/537.36 (KHTML, like Gecko; compatible; ClaudeBot/1.0; +claudebot@anthropic.com)"
74.7.227.147 - - [31/Aug/2026:09:58:37 -0400] "GET /kb/books/jmh/jmh71/jmh71b/tn/tn_IMG_0738.png HTTP/2" 404 1251 "https://ko0.us/jmh71b.htm" "Mozilla/5.0 AppleWebKit/537.36 (KHTML, like Gecko; compatible; GPTBot/1.4; +https://openai.com/gptbot)"
216.73.216.164 - - [31/Aug/2026:09:58:39 -0400] "GET /pn/ko_pn.php?dir=%2Fhome%2Fkozerus%2Fpublic_html%2Fcropex%2Fnode%2Fnode_modules%2Fcsstype%2Fpackage.json HTTP/2" 403 1242 "-" "Mozilla/5.0 AppleWebKit/537.36 (KHTML, like Gecko; compatible; ClaudeBot/1.0; +claudebot@anthropic.com)"
74.7.227.147 - - [31/Aug/2026:09:58:39 -0400] "GET /kb/books/jmh/jmh71/jmh71b/tn/tn_IMG_0416.png HTTP/2" 404 1251 "https://ko0.us/jmh71b.htm" "Mozilla/5.0 AppleWebKit/537.36 (KHTML, like Gecko; compatible; GPTBot/1.4; +https://openai.com/gptbot)"
74.7.227.147 - - [31/Aug/2026:09:58:42 -0400] "GET /kb/books/jmh/jmh71/jmh71b/tn/tn_IMG_1432.png HTTP/2" 404 1251 "https://ko0.us/jmh71b.htm" "Mozilla/5.0 AppleWebKit/537.36 (KHTML, like Gecko; compatible; GPTBot/1.4; +https://openai.com/gptbot)"
216.73.216.164 - - [31/Aug/2026:09:58:44 -0400] "GET /pn/ko_pn.php?dir=%2Fhome%2Fkozerus%2Fpublic_html%2Fcropex%2Fnode%2Fnode_modules%2Flodash%2Finvoke.js HTTP/2" 429 0 "-" "Mozilla/5.0 AppleWebKit/537.36 (KHTML, like Gecko; compatible; ClaudeBot/1.0; +claudebot@anthropic.com)"
74.7.227.147 - - [31/Aug/2026:09:58:44 -0400] "GET /kb/books/jmh/jmh71/jmh71b/tn/tn_IMG_1223.png HTTP/2" 404 1251 "https://ko0.us/jmh71b.htm" "Mozilla/5.0 AppleWebKit/537.36 (KHTML, like Gecko; compatible; GPTBot/1.4; +https://openai.com/gptbot)"
216.73.216.164 - - [31/Aug/2026:09:58:49 -0400] "GET /pn/ko_pn.php?dir=%2Fhome%2Fkozerus%2Fpublic_html%2Fcropex%2Fnode%2Fnode_modules%2Fdrizzle-orm%2Fgel-core%2Fdialect.cjs HTTP/2" 200 14706 "-" "Mozilla/5.0 AppleWebKit/537.36 (KHTML, like Gecko; compatible; ClaudeBot/1.0; +claudebot@anthropic.com)"
74.7.227.147 - - [31/Aug/2026:09:58:49 -0400] "GET /kb/books/jmh/jmh71/jmh71b/tn/tn_IMG_0316.png HTTP/2" 404 1251 "https://ko0.us/jmh71b.htm" "Mozilla/5.0 AppleWebKit/537.36 (KHTML, like Gecko; compatible; GPTBot/1.4; +https://openai.com/gptbot)"
74.7.227.147 - - [31/Aug/2026:09:58:53 -0400] "GET /kb/books/jmh/jmh71/jmh71b/tn/tn_IMG_0751.png HTTP/2" 404 1251 "https://ko0.us/jmh71b.htm" "Mozilla/5.0 AppleWebKit/537.36 (KHTML, like Gecko; compatible; GPTBot/1.4; +https://openai.com/gptbot)"
216.73.216.164 - - [31/Aug/2026:09:58:54 -0400] "GET /pn/ko_pn.php?dir=%2Fhome%2Fkozerus%2Fpublic_html%2Fcropex%2Fnode%2Fnode_modules%2Flodash%2F_getData.js HTTP/2" 429 0 "-" "Mozilla/5.0 AppleWebKit/537.36 (KHTML, like Gecko; compatible; ClaudeBot/1.0; +claudebot@anthropic.com)"
216.73.216.164 - - [31/Aug/2026:09:58:59 -0400] "GET /go/pages/63.jpg HTTP/2" 200 19168 "-" "Mozilla/5.0 AppleWebKit/537.36 (KHTML, like Gecko; compatible; ClaudeBot/1.0; +claudebot@anthropic.com)"
74.7.227.147 - - [31/Aug/2026:09:59:00 -0400] "GET /kb/books/jmh/jmh71/jmh71b/tn/tn_IMG_0128.png HTTP/2" 404 1251 "https://ko0.us/jmh71b.htm" "Mozilla/5.0 AppleWebKit/537.36 (KHTML, like Gecko; compatible; GPTBot/1.4; +https://openai.com/gptbot)"
216.73.216.164 - - [31/Aug/2026:09:59:04 -0400] "GET /go/dgs0/images/21/b91.gif HTTP/2" 429 0 "-" "Mozilla/5.0 AppleWebKit/537.36 (KHTML, like Gecko; compatible; ClaudeBot/1.0; +claudebot@anthropic.com)"
74.7.227.147 - - [31/Aug/2026:09:59:06 -0400] "GET /kb/books/jmh/jmh71/jmh71b/tn/tn_IMG_1209.png HTTP/2" 404 1251 "https://ko0.us/jmh71b.htm" "Mozilla/5.0 AppleWebKit/537.36 (KHTML, like Gecko; compatible; GPTBot/1.4; +https://openai.com/gptbot)"
216.73.216.164 - - [31/Aug/2026:09:59:09 -0400] "GET /pn/ko_pn.php?dir=%2Fhome%2Fkozerus%2Fpublic_html%2Fcropex%2Fnode%2Fnode_modules%2Fdrizzle-orm%2Fmysql2%2Fdriver.d.cts HTTP/2" 200 4752 "-" "Mozilla/5.0 AppleWebKit/537.36 (KHTML, like Gecko; compatible; ClaudeBot/1.0; +claudebot@anthropic.com)"
216.73.216.164 - - [31/Aug/2026:09:59:14 -0400] "GET /pn/ko_pn.php?dir=%2Fhome%2Fkozerus%2Fpublic_html%2Fcropex%2Fnode%2Fnode_modules%2Fdrizzle-orm%2Fneon-http%2Fdriver.d.ts HTTP/2" 429 0 "-" "Mozilla/5.0 AppleWebKit/537.36 (KHTML, like Gecko; compatible; ClaudeBot/1.0; +claudebot@anthropic.com)"
74.7.227.147 - - [31/Aug/2026:09:59:15 -0400] "GET /kb/books/jmh/jmh71/jmh71b/tn/tn_IMG_0479.png HTTP/2" 404 1251 "https://ko0.us/jmh71b.htm" "Mozilla/5.0 AppleWebKit/537.36 (KHTML, like Gecko; compatible; GPTBot/1.4; +https://openai.com/gptbot)"
74.7.227.147 - - [31/Aug/2026:09:59:17 -0400] "GET /kb/books/jmh/jmh71/jmh71b/tn/tn_IMG_0873.png HTTP/2" 404 1251 "https://ko0.us/jmh71b.htm" "Mozilla/5.0 AppleWebKit/537.36 (KHTML, like Gecko; compatible; GPTBot/1.4; +https://openai.com/gptbot)"
74.7.227.147 - - [31/Aug/2026:09:59:19 -0400] "GET /kb/books/jmh/jmh71/jmh71b/tn/tn_IMG_0129.png HTTP/2" 404 1251 "https://ko0.us/jmh71b.htm" "Mozilla/5.0 AppleWebKit/537.36 (KHTML, like Gecko; compatible; GPTBot/1.4; +https://openai.com/gptbot)"
216.73.216.164 - - [31/Aug/2026:09:59:19 -0400] "GET /pn/ko_pn.php?dir=%2Fhome%2Fkozerus%2Fpublic_html%2Fcropex%2Fnode%2Fnode_modules%2Fdrizzle-orm%2Fgel-core%2Falias.js HTTP/2" 200 3979 "-" "Mozilla/5.0 AppleWebKit/537.36 (KHTML, like Gecko; compatible; ClaudeBot/1.0; +claudebot@anthropic.com)"
74.7.227.147 - - [31/Aug/2026:09:59:20 -0400] "GET /kb/books/jmh/jmh71/jmh71b/tn/tn_IMG_0374.png HTTP/2" 404 1251 "https://ko0.us/jmh71b.htm" "Mozilla/5.0 AppleWebKit/537.36 (KHTML, like Gecko; compatible; GPTBot/1.4; +https://openai.com/gptbot)"
216.73.216.164 - - [31/Aug/2026:09:59:24 -0400] "GET /js/turnjs4/samples/jkwii/pages/page52.html HTTP/2" 429 0 "-" "Mozilla/5.0 AppleWebKit/537.36 (KHTML, like Gecko; compatible; ClaudeBot/1.0; +claudebot@anthropic.com)"
74.7.227.147 - - [31/Aug/2026:09:59:25 -0400] "GET /kb/books/jmh/jmh71/jmh71b/tn/tn_IMG_1212.png HTTP/2" 404 1251 "https://ko0.us/jmh71b.htm" "Mozilla/5.0 AppleWebKit/537.36 (KHTML, like Gecko; compatible; GPTBot/1.4; +https://openai.com/gptbot)"
216.73.216.164 - - [31/Aug/2026:09:59:29 -0400] "GET /js/wz/wz_grapher_bestbugs.html HTTP/2" 200 272853 "-" "Mozilla/5.0 AppleWebKit/537.36 (KHTML, like Gecko; compatible; ClaudeBot/1.0; +claudebot@anthropic.com)"
216.73.216.164 - - [31/Aug/2026:09:59:34 -0400] "GET /js/turnjs4/samples/jkwii/pages/page43.html HTTP/2" 429 0 "-" "Mozilla/5.0 AppleWebKit/537.36 (KHTML, like Gecko; compatible; ClaudeBot/1.0; +claudebot@anthropic.com)"
74.7.227.147 - - [31/Aug/2026:09:59:37 -0400] "GET /kb/books/jmh/jmh71/jmh71b/tn/tn_IMG_0851.png HTTP/2" 404 1251 "https://ko0.us/jmh71b.htm" "Mozilla/5.0 AppleWebKit/537.36 (KHTML, like Gecko; compatible; GPTBot/1.4; +https://openai.com/gptbot)"
74.7.227.147 - - [31/Aug/2026:09:59:39 -0400] "GET /kb/books/jmh/jmh71/jmh71b/tn/tn_IMG_0573.png HTTP/2" 404 1251 "https://ko0.us/jmh71b.htm" "Mozilla/5.0 AppleWebKit/537.36 (KHTML, like Gecko; compatible; GPTBot/1.4; +https://openai.com/gptbot)"
74.7.227.147 - - [31/Aug/2026:09:59:44 -0400] "GET /kb/books/jmh/jmh71/jmh71b/tn/tn_IMG_1412.png HTTP/2" 404 1251 "https://ko0.us/jmh71b.htm" "Mozilla/5.0 AppleWebKit/537.36 (KHTML, like Gecko; compatible; GPTBot/1.4; +https://openai.com/gptbot)"
185.191.171.7 - - [31/Aug/2026:09:57:23 -0400] "GET /index_20190709_1100.html HTTP/1.1" 404 1251 "-" "Mozilla/5.0 (compatible; SemrushBot/7~bl; +http://www.semrush.com/bot.html)"
185.191.171.4 - - [31/Aug/2026:09:57:36 -0400] "GET /index_20190701_0100_bugs.html HTTP/1.1" 404 1251 "-" "Mozilla/5.0 (compatible; SemrushBot/7~bl; +http://www.semrush.com/bot.html)"
74.7.244.62 - - [31/Aug/2026:09:58:32 -0400] "GET /robots.txt HTTP/2" 404 1251 "-" "Mozilla/5.0 (Macintosh; Intel Mac OS X 10_15_7) AppleWebKit/537.36 (KHTML, like Gecko) Chrome/131.0.0.0 Safari/537.36; compatible; OAI-SearchBot/1.4; robots.txt; +https://openai.com/searchbot"
185.191.171.6 - - [31/Aug/2026:09:59:02 -0400] "GET /fb/kou/index.html HTTP/1.1" 404 1251 "-" "Mozilla/5.0 (compatible; SemrushBot/7~bl; +http://www.semrush.com/bot.html)"
85.208.96.205 - - [31/Aug/2026:09:59:19 -0400] "GET /iperms/ko_best.db3 HTTP/1.1" 200 97878 "-" "Mozilla/5.0 (compatible; SemrushBot/7~bl; +http://www.semrush.com/bot.html)"
17.166.21.60 - - [31/Aug/2026:10:00:05 -0400] "GET /imgs/postturtle_moneytrap/postturtl6.jpg HTTP/2" 200 97257 "https://ko0.us/index_mothersday.htm" "Mozilla/5.0 (Macintosh; Intel Mac OS X 10_15_7) AppleWebKit/605.1.15 (KHTML, like Gecko) Version/17.4 Safari/605.1.15 (Applebot/0.1; +http://www.apple.com/go/applebot)"
17.166.236.229 - - [31/Aug/2026:10:00:06 -0400] "GET /vu_orig.html HTTP/2" 200 619849 "-" "Mozilla/5.0 (Macintosh; Intel Mac OS X 10_15_7) AppleWebKit/605.1.15 (KHTML, like Gecko) Version/17.4 Safari/605.1.15 (Applebot/0.1; +http://www.apple.com/go/applebot)"
17.166.21.60 - - [31/Aug/2026:10:00:06 -0400] "GET /imgs/postturtle_moneytrap//floop_rooftop20.jpg HTTP/2" 200 106221 "https://ko0.us/index_mothersday.htm" "Mozilla/5.0 (Macintosh; Intel Mac OS X 10_15_7) AppleWebKit/605.1.15 (KHTML, like Gecko) Version/17.4 Safari/605.1.15 (Applebot/0.1; +http://www.apple.com/go/applebot)"
17.166.21.60 - - [31/Aug/2026:10:00:07 -0400] "GET /txt/avlist.txt HTTP/2" 404 1251 "https://ko0.us/index_mothersday.htm" "Mozilla/5.0 (Macintosh; Intel Mac OS X 10_15_7) AppleWebKit/605.1.15 (KHTML, like Gecko) Version/17.4 Safari/605.1.15 (Applebot/0.1; +http://www.apple.com/go/applebot)"
17.166.21.60 - - [31/Aug/2026:10:00:09 -0400] "GET /txt/fblist.txt HTTP/2" 404 1251 "https://ko0.us/index_mothersday.htm" "Mozilla/5.0 (Macintosh; Intel Mac OS X 10_15_7) AppleWebKit/605.1.15 (KHTML, like Gecko) Version/17.4 Safari/605.1.15 (Applebot/0.1; +http://www.apple.com/go/applebot)"
