216.73.216.164 - - [31/Aug/2026:08:24:10 -0400] "GET /ko_center/zm5/hrc_cr10c42/TileGroup1/5-8-9.jpg HTTP/2" 429 0 "-" "Mozilla/5.0 AppleWebKit/537.36 (KHTML, like Gecko; compatible; ClaudeBot/1.0; +claudebot@anthropic.com)"
216.73.216.164 - - [31/Aug/2026:08:24:15 -0400] "GET /ko_center/zm5/hrc_cr11c45/TileGroup2/6-38-4.jpg HTTP/2" 200 4532 "-" "Mozilla/5.0 AppleWebKit/537.36 (KHTML, like Gecko; compatible; ClaudeBot/1.0; +claudebot@anthropic.com)"
216.73.216.164 - - [31/Aug/2026:08:24:20 -0400] "GET /ko_center/zm5/hrc_cr11c45/TileGroup2/6-26-3.jpg HTTP/2" 429 0 "-" "Mozilla/5.0 AppleWebKit/537.36 (KHTML, like Gecko; compatible; ClaudeBot/1.0; +claudebot@anthropic.com)"
216.73.216.164 - - [31/Aug/2026:08:24:25 -0400] "GET /ko_center/zm5/hrc_dr17d26/TileGroup4/6-46-12.jpg HTTP/2" 200 1651 "-" "Mozilla/5.0 AppleWebKit/537.36 (KHTML, like Gecko; compatible; ClaudeBot/1.0; +claudebot@anthropic.com)"
216.73.216.164 - - [31/Aug/2026:08:24:30 -0400] "GET /ko_center/zm5/hrc_dr20d37/TileGroup4/6-27-15.jpg HTTP/2" 429 0 "-" "Mozilla/5.0 AppleWebKit/537.36 (KHTML, like Gecko; compatible; ClaudeBot/1.0; +claudebot@anthropic.com)"
216.73.216.164 - - [31/Aug/2026:08:24:34 -0400] "GET /ko_center/zm5/hrc_dr21d42/TileGroup4/6-18-12.jpg HTTP/2" 200 3571 "-" "Mozilla/5.0 AppleWebKit/537.36 (KHTML, like Gecko; compatible; ClaudeBot/1.0; +claudebot@anthropic.com)"
216.73.216.164 - - [31/Aug/2026:08:24:39 -0400] "GET /ko_center/zm5/hrc_cr09c37/TileGroup3/6-3-9.jpg HTTP/2" 429 0 "-" "Mozilla/5.0 AppleWebKit/537.36 (KHTML, like Gecko; compatible; ClaudeBot/1.0; +claudebot@anthropic.com)"
216.73.216.164 - - [31/Aug/2026:08:24:44 -0400] "GET /ko_center/zm5/hrc_dr21d42/TileGroup1/5-12-14.jpg HTTP/2" 200 4834 "-" "Mozilla/5.0 AppleWebKit/537.36 (KHTML, like Gecko; compatible; ClaudeBot/1.0; +claudebot@anthropic.com)"
17.166.23.29 - - [31/Aug/2026:08:24:49 -0400] "GET /index_neave_im.html HTTP/2" 200 68211 "https://ko0.us/index_memorialday.html" "Mozilla/5.0 (Macintosh; Intel Mac OS X 10_15_7) AppleWebKit/605.1.15 (KHTML, like Gecko) Version/17.4 Safari/605.1.15 (Applebot/0.1; +http://www.apple.com/go/applebot)"
216.73.216.164 - - [31/Aug/2026:08:24:50 -0400] "GET /ko_center/zm5/hrc_dr21d42/TileGroup4/6-37-10.jpg HTTP/2" 429 0 "-" "Mozilla/5.0 AppleWebKit/537.36 (KHTML, like Gecko; compatible; ClaudeBot/1.0; +claudebot@anthropic.com)"
17.166.23.29 - - [31/Aug/2026:08:24:50 -0400] "GET /index_/fb/stlc.html HTTP/2" 404 1251 "https://ko0.us/index_memorialday.html" "Mozilla/5.0 (Macintosh; Intel Mac OS X 10_15_7) AppleWebKit/605.1.15 (KHTML, like Gecko) Version/17.4 Safari/605.1.15 (Applebot/0.1; +http://www.apple.com/go/applebot)"
216.73.216.164 - - [31/Aug/2026:08:24:54 -0400] "GET /ko_center/zm5/hrc_dr15d17/TileGroup5/6-34-16.jpg HTTP/2" 200 2562 "-" "Mozilla/5.0 AppleWebKit/537.36 (KHTML, like Gecko; compatible; ClaudeBot/1.0; +claudebot@anthropic.com)"
216.73.216.164 - - [31/Aug/2026:08:25:00 -0400] "GET /ko_center/zm5/hrc_dr22d45/TileGroup4/6-12-15.jpg HTTP/2" 429 0 "-" "Mozilla/5.0 AppleWebKit/537.36 (KHTML, like Gecko; compatible; ClaudeBot/1.0; +claudebot@anthropic.com)"
216.73.216.164 - - [31/Aug/2026:08:25:04 -0400] "GET /ko_center/zm5/hrc_cr10c42/TileGroup2/6-20-0.jpg HTTP/2" 200 2767 "-" "Mozilla/5.0 AppleWebKit/537.36 (KHTML, like Gecko; compatible; ClaudeBot/1.0; +claudebot@anthropic.com)"
216.73.216.164 - - [31/Aug/2026:08:25:10 -0400] "GET /ko_center/zm5/hrc_cr07c29/TileGroup7/6-40-29.jpg HTTP/2" 429 0 "-" "Mozilla/5.0 AppleWebKit/537.36 (KHTML, like Gecko; compatible; ClaudeBot/1.0; +claudebot@anthropic.com)"
216.73.216.164 - - [31/Aug/2026:08:25:14 -0400] "GET /pn/ko_pn.php?dir=%2Fhome%2Fkozerus%2Fpublic_html%2Fgo%2Fallaboutgo%2Fimages%2Fdiagrams%2F4-1-3-joseki3.png HTTP/2" 200 3879 "-" "Mozilla/5.0 AppleWebKit/537.36 (KHTML, like Gecko; compatible; ClaudeBot/1.0; +claudebot@anthropic.com)"
216.73.216.164 - - [31/Aug/2026:08:25:20 -0400] "GET /ko_center/zm5/hrc_cr04c17/TileGroup1/5-13-6.jpg HTTP/2" 429 0 "-" "Mozilla/5.0 AppleWebKit/537.36 (KHTML, like Gecko; compatible; ClaudeBot/1.0; +claudebot@anthropic.com)"
216.73.216.164 - - [31/Aug/2026:08:25:21 -0400] "GET /ko_center/zm5/hrc_dr12d04/TileGroup4/6-35-12.jpg HTTP/2" 200 7161 "-" "Mozilla/5.0 AppleWebKit/537.36 (KHTML, like Gecko; compatible; ClaudeBot/1.0; +claudebot@anthropic.com)"
216.73.216.164 - - [31/Aug/2026:08:25:21 -0400] "GET /ko_center/zm5/hrc_dr12d04/TileGroup4/6-22-13.jpg HTTP/2" 429 0 "-" "Mozilla/5.0 AppleWebKit/537.36 (KHTML, like Gecko; compatible; ClaudeBot/1.0; +claudebot@anthropic.com)"
216.73.216.164 - - [31/Aug/2026:08:25:21 -0400] "GET /ko_center/zm5/hrc_cr01c00/TileGroup5/6-15-18.jpg HTTP/2" 200 3148 "-" "Mozilla/5.0 AppleWebKit/537.36 (KHTML, like Gecko; compatible; ClaudeBot/1.0; +claudebot@anthropic.com)"
216.73.216.164 - - [31/Aug/2026:08:25:22 -0400] "GET /ko_center/zm5/hrc_dr12d04/TileGroup4/6-40-11.jpg HTTP/2" 429 0 "-" "Mozilla/5.0 AppleWebKit/537.36 (KHTML, like Gecko; compatible; ClaudeBot/1.0; +claudebot@anthropic.com)"
216.73.216.164 - - [31/Aug/2026:08:25:22 -0400] "GET /ko_center/zm5/hrc_cr11c45/TileGroup3/6-42-5.jpg HTTP/2" 200 4967 "-" "Mozilla/5.0 AppleWebKit/537.36 (KHTML, like Gecko; compatible; ClaudeBot/1.0; +claudebot@anthropic.com)"
216.73.216.164 - - [31/Aug/2026:08:25:23 -0400] "GET /ko_center/zm5/hrc_dr12d04/TileGroup4/6-32-12.jpg HTTP/2" 429 0 "-" "Mozilla/5.0 AppleWebKit/537.36 (KHTML, like Gecko; compatible; ClaudeBot/1.0; +claudebot@anthropic.com)"
216.73.216.164 - - [31/Aug/2026:08:25:24 -0400] "GET /ko_center/zm5/hrc_dr12d04/TileGroup4/6-32-14.jpg HTTP/2" 200 4482 "-" "Mozilla/5.0 AppleWebKit/537.36 (KHTML, like Gecko; compatible; ClaudeBot/1.0; +claudebot@anthropic.com)"
216.73.216.164 - - [31/Aug/2026:08:25:24 -0400] "GET /ko_center/zm5/hrc_cr01c00/TileGroup6/6-14-23.jpg HTTP/2" 429 0 "-" "Mozilla/5.0 AppleWebKit/537.36 (KHTML, like Gecko; compatible; ClaudeBot/1.0; +claudebot@anthropic.com)"
216.73.216.164 - - [31/Aug/2026:08:25:25 -0400] "GET /ko_center/zm5/hrc_cr09c37/TileGroup3/6-20-6.jpg HTTP/2" 200 5135 "-" "Mozilla/5.0 AppleWebKit/537.36 (KHTML, like Gecko; compatible; ClaudeBot/1.0; +claudebot@anthropic.com)"
216.73.216.164 - - [31/Aug/2026:08:25:25 -0400] "GET /ko_center/zm5/hrc_cr08c34/TileGroup7/6-36-28.jpg HTTP/2" 429 0 "-" "Mozilla/5.0 AppleWebKit/537.36 (KHTML, like Gecko; compatible; ClaudeBot/1.0; +claudebot@anthropic.com)"
216.73.216.164 - - [31/Aug/2026:08:25:26 -0400] "GET /ko_center/zm5/hrc_cr01c00/TileGroup6/6-10-26.jpg HTTP/2" 200 2672 "-" "Mozilla/5.0 AppleWebKit/537.36 (KHTML, like Gecko; compatible; ClaudeBot/1.0; +claudebot@anthropic.com)"
216.73.216.164 - - [31/Aug/2026:08:25:26 -0400] "GET /ko_center/zm5/hrc_cr11c45/TileGroup3/6-17-6.jpg HTTP/2" 429 0 "-" "Mozilla/5.0 AppleWebKit/537.36 (KHTML, like Gecko; compatible; ClaudeBot/1.0; +claudebot@anthropic.com)"
216.73.216.164 - - [31/Aug/2026:08:25:27 -0400] "GET /ko_center/zm5/hrc_dr12d04/TileGroup5/6-14-20.jpg HTTP/2" 200 1651 "-" "Mozilla/5.0 AppleWebKit/537.36 (KHTML, like Gecko; compatible; ClaudeBot/1.0; +claudebot@anthropic.com)"
216.73.216.164 - - [31/Aug/2026:08:25:27 -0400] "GET /ko_center/zm5/hrc_dr12d04/TileGroup6/6-13-24.jpg HTTP/2" 429 0 "-" "Mozilla/5.0 AppleWebKit/537.36 (KHTML, like Gecko; compatible; ClaudeBot/1.0; +claudebot@anthropic.com)"
216.73.216.164 - - [31/Aug/2026:08:25:28 -0400] "GET /ko_center/zm5/hrc_dr12d04/TileGroup5/6-37-19.jpg HTTP/2" 200 1651 "-" "Mozilla/5.0 AppleWebKit/537.36 (KHTML, like Gecko; compatible; ClaudeBot/1.0; +claudebot@anthropic.com)"
216.73.216.164 - - [31/Aug/2026:08:25:28 -0400] "GET /ko_center/zm5/hrc_cr08c34/TileGroup6/6-5-22.jpg HTTP/2" 429 0 "-" "Mozilla/5.0 AppleWebKit/537.36 (KHTML, like Gecko; compatible; ClaudeBot/1.0; +claudebot@anthropic.com)"
216.73.216.164 - - [31/Aug/2026:08:25:33 -0400] "GET /ko_center/zm5/hrc_dr12d04/TileGroup6/6-25-23.jpg HTTP/2" 200 1651 "-" "Mozilla/5.0 AppleWebKit/537.36 (KHTML, like Gecko; compatible; ClaudeBot/1.0; +claudebot@anthropic.com)"
216.73.216.164 - - [31/Aug/2026:08:25:38 -0400] "GET /ko_center/zm5/hrc_dr12d04/TileGroup4/6-45-14.jpg HTTP/2" 429 0 "-" "Mozilla/5.0 AppleWebKit/537.36 (KHTML, like Gecko; compatible; ClaudeBot/1.0; +claudebot@anthropic.com)"
216.73.216.164 - - [31/Aug/2026:08:25:43 -0400] "GET /ko_center/zm5/hrc_cr11c45/TileGroup4/6-9-15.jpg HTTP/2" 200 3072 "-" "Mozilla/5.0 AppleWebKit/537.36 (KHTML, like Gecko; compatible; ClaudeBot/1.0; +claudebot@anthropic.com)"
216.73.216.164 - - [31/Aug/2026:08:25:48 -0400] "GET /ko_center/zm5/hrc_dr12d04/TileGroup6/6-27-23.jpg HTTP/2" 200 1651 "-" "Mozilla/5.0 AppleWebKit/537.36 (KHTML, like Gecko; compatible; ClaudeBot/1.0; +claudebot@anthropic.com)"
216.73.216.164 - - [31/Aug/2026:08:25:50 -0400] "GET /pn/uize/site-source/js/Uize/Widgets/ColorSwatch HTTP/2" 301 795 "-" "Mozilla/5.0 AppleWebKit/537.36 (KHTML, like Gecko; compatible; ClaudeBot/1.0; +claudebot@anthropic.com)"
216.73.216.164 - - [31/Aug/2026:08:25:50 -0400] "GET /pn/uize/site-source/js/Uize/Widgets/ColorSwatch/ HTTP/2" 429 0 "https://ko0.us/pn/uize/site-source/js/Uize/Widgets/ColorSwatch" "Mozilla/5.0 AppleWebKit/537.36 (KHTML, like Gecko; compatible; ClaudeBot/1.0; +claudebot@anthropic.com)"
216.73.216.164 - - [31/Aug/2026:08:25:55 -0400] "GET /piwigo/themes/modus/language/es_MX HTTP/2" 301 795 "-" "Mozilla/5.0 AppleWebKit/537.36 (KHTML, like Gecko; compatible; ClaudeBot/1.0; +claudebot@anthropic.com)"
216.73.216.164 - - [31/Aug/2026:08:25:55 -0400] "GET /piwigo/themes/modus/language/es_MX/ HTTP/2" 302 0 "https://ko0.us/piwigo/themes/modus/language/es_MX" "Mozilla/5.0 AppleWebKit/537.36 (KHTML, like Gecko; compatible; ClaudeBot/1.0; +claudebot@anthropic.com)"
216.73.216.164 - - [31/Aug/2026:08:25:55 -0400] "GET /piwigo/themes/modus/language/ HTTP/2" 429 0 "https://ko0.us/piwigo/themes/modus/language/es_MX/" "Mozilla/5.0 AppleWebKit/537.36 (KHTML, like Gecko; compatible; ClaudeBot/1.0; +claudebot@anthropic.com)"
216.73.216.164 - - [31/Aug/2026:08:26:00 -0400] "GET /pn/uize/site-source/js/Uize/Widgets/Log HTTP/2" 301 795 "-" "Mozilla/5.0 AppleWebKit/537.36 (KHTML, like Gecko; compatible; ClaudeBot/1.0; +claudebot@anthropic.com)"
216.73.216.164 - - [31/Aug/2026:08:26:00 -0400] "GET /pn/uize/site-source/js/Uize/Widgets/Log/ HTTP/2" 200 1093 "https://ko0.us/pn/uize/site-source/js/Uize/Widgets/Log" "Mozilla/5.0 AppleWebKit/537.36 (KHTML, like Gecko; compatible; ClaudeBot/1.0; +claudebot@anthropic.com)"
216.73.216.164 - - [31/Aug/2026:08:26:05 -0400] "GET /pn/uize/site-source/js/Uize/Widgets/SegmentDisplay HTTP/2" 301 795 "-" "Mozilla/5.0 AppleWebKit/537.36 (KHTML, like Gecko; compatible; ClaudeBot/1.0; +claudebot@anthropic.com)"
216.73.216.164 - - [31/Aug/2026:08:26:05 -0400] "GET /pn/uize/site-source/js/Uize/Widgets/SegmentDisplay/ HTTP/2" 429 0 "https://ko0.us/pn/uize/site-source/js/Uize/Widgets/SegmentDisplay" "Mozilla/5.0 AppleWebKit/537.36 (KHTML, like Gecko; compatible; ClaudeBot/1.0; +claudebot@anthropic.com)"
177.71.67.184 - - [31/Aug/2026:08:26:07 -0400] "GET /script_kogrids_script_kogrids_find.htm HTTP/1.1" 200 1531 "https://ko0.us/" "Mozilla/5.0 (Macintosh; Intel Mac OS X 10_15_7) AppleWebKit/537.36 (KHTML, like Gecko) Chrome/120.0.0.0 Safari/537.36 Edg/120.0.0.0"
216.73.216.164 - - [31/Aug/2026:08:26:10 -0400] "GET /zc/docs/whatsnew_1.5.7.html HTTP/2" 200 5757 "-" "Mozilla/5.0 AppleWebKit/537.36 (KHTML, like Gecko; compatible; ClaudeBot/1.0; +claudebot@anthropic.com)"
216.73.216.164 - - [31/Aug/2026:08:26:15 -0400] "GET /ka/pdf/web/locale/nl/ HTTP/2" 429 0 "-" "Mozilla/5.0 AppleWebKit/537.36 (KHTML, like Gecko; compatible; ClaudeBot/1.0; +claudebot@anthropic.com)"
216.73.216.164 - - [31/Aug/2026:08:26:20 -0400] "GET /pdf/web/cmaps/Adobe-Korea1-2.bcmap HTTP/2" 200 391 "-" "Mozilla/5.0 AppleWebKit/537.36 (KHTML, like Gecko; compatible; ClaudeBot/1.0; +claudebot@anthropic.com)"
41.140.94.93 - - [31/Aug/2026:08:26:21 -0400] "GET /script_kogrids_script_kogrids_find.htm HTTP/1.1" 200 1531 "https://ko0.us/" "Mozilla/5.0 (X11; Ubuntu; Linux x86_64; rv:124.0) Gecko/20100101 Firefox/124.0"
216.73.216.164 - - [31/Aug/2026:08:26:25 -0400] "GET /cropex/imgs/btn/kob1_mask.png HTTP/2" 429 0 "-" "Mozilla/5.0 AppleWebKit/537.36 (KHTML, like Gecko; compatible; ClaudeBot/1.0; +claudebot@anthropic.com)"
216.73.216.164 - - [31/Aug/2026:08:26:30 -0400] "GET /imgs/jsdoit/jsdoit_fttech.png HTTP/2" 200 172760 "-" "Mozilla/5.0 AppleWebKit/537.36 (KHTML, like Gecko; compatible; ClaudeBot/1.0; +claudebot@anthropic.com)"
216.73.216.164 - - [31/Aug/2026:08:26:35 -0400] "GET /pn/uize/site-source/js/Uize/Json.js HTTP/2" 429 0 "-" "Mozilla/5.0 AppleWebKit/537.36 (KHTML, like Gecko; compatible; ClaudeBot/1.0; +claudebot@anthropic.com)"
216.73.216.164 - - [31/Aug/2026:08:26:40 -0400] "GET /piwigo/plugins/TakeATour/language/lv_LV HTTP/2" 301 795 "-" "Mozilla/5.0 AppleWebKit/537.36 (KHTML, like Gecko; compatible; ClaudeBot/1.0; +claudebot@anthropic.com)"
216.73.216.164 - - [31/Aug/2026:08:26:40 -0400] "GET /piwigo/plugins/TakeATour/language/lv_LV/ HTTP/2" 302 0 "https://ko0.us/piwigo/plugins/TakeATour/language/lv_LV" "Mozilla/5.0 AppleWebKit/537.36 (KHTML, like Gecko; compatible; ClaudeBot/1.0; +claudebot@anthropic.com)"
160.119.44.53 - - [31/Aug/2026:08:23:11 -0400] "GET /tl.db3%60%29%20or%20extractvalue%289225,concat%280x7e,%28%28select%20%28elt%289225=9225,1%29%29%29%29,0x7e%29%29--%20- HTTP/1.1" 404 1251 "https://ko0.us/" "Mozilla/5.0 (Windows NT 10.0; Win64; x64) AppleWebKit/537.36 (KHTML, like Gecko) Chrome/130.0.6723.70 Safari/537.36"
85.208.96.197 - - [31/Aug/2026:08:23:18 -0400] "GET /fb/bookmarkusb/index_best.html HTTP/1.1" 404 1251 "-" "Mozilla/5.0 (compatible; SemrushBot/7~bl; +http://www.semrush.com/bot.html)"
66.249.69.229 - - [31/Aug/2026:08:23:29 -0400] "GET /yt.db3 HTTP/1.1" 200 5373952 "-" "Mozilla/5.0 (Linux; Android 6.0.1; Nexus 5X Build/MMB29P) AppleWebKit/537.36 (KHTML, like Gecko) Chrome/151.0.7922.173 Mobile Safari/537.36 (compatible; Googlebot/2.1; +http://www.google.com/bot.html)"
102.134.65.13 - - [31/Aug/2026:08:23:33 -0400] "GET /list_20200418.html HTTP/1.1" 200 5654 "https://ko0.us/" "Mozilla/5.0 (Macintosh; Intel Mac OS X 10_15_7) AppleWebKit/537.36 (KHTML, like Gecko) Chrome/121.0.0.0 Safari/537.36 Edg/121.0.0.0"
181.43.150.38 - - [31/Aug/2026:08:24:04 -0400] "GET /tl.db3%20union%20all%20select%20%27orgasbgpzmkytympbfxnxsjpjoazuqcz%27,null,null,null--%20y6y1k6 HTTP/1.1" 404 1251 "https://ko0.us/" "Mozilla/5.0 (X11; Linux x86_64; rv:121.0) Gecko/20100101 Firefox/121.0"
85.208.96.209 - - [31/Aug/2026:08:24:52 -0400] "GET /index_sl_kb-books-go-20130726.html HTTP/1.1" 404 1251 "-" "Mozilla/5.0 (compatible; SemrushBot/7~bl; +http://www.semrush.com/bot.html)"
170.82.152.165 - - [31/Aug/2026:08:24:53 -0400] "GET /index_jg.html HTTP/1.1" 200 158151 "https://ko0.us/" "Mozilla/5.0 (Macintosh; Intel Mac OS X 10_15_7) AppleWebKit/605.1.15 (KHTML, like Gecko) Version/17.0 Safari/605.1.15"
190.6.14.214 - - [31/Aug/2026:08:25:08 -0400] "GET /ko_hideshow.html HTTP/1.1" 200 79644 "https://ko0.us/" "Mozilla/5.0 (Windows NT 10.0; Win64; x64; rv:128.0) Gecko/20100101 Firefox/128.0"
52.167.144.166 - - [31/Aug/2026:08:25:50 -0400] "GET /ko_center/ko_center.php?q=hw&cab='dn42' HTTP/2" 500 0 "-" "Mozilla/5.0 AppleWebKit/537.36 (KHTML, like Gecko; compatible; bingbot/2.0; +http://www.bing.com/bingbot.htm) Chrome/116.0.1938.76 Safari/537.36"
167.0.236.196 - - [31/Aug/2026:08:25:55 -0400] "GET /ko_hideshow.html HTTP/1.1" 200 75293 "https://ko0.us/" "Mozilla/5.0 (X11; Linux x86_64; rv:127.0) Gecko/20100101 Firefox/127.0"
185.191.171.3 - - [31/Aug/2026:08:26:09 -0400] "GET /stl/chd/virtua_racing.chd HTTP/1.1" 404 1251 "-" "Mozilla/5.0 (compatible; SemrushBot/7~bl; +http://www.semrush.com/bot.html)"
152.250.172.15 - - [31/Aug/2026:08:26:10 -0400] "GET /kog_20180708.html HTTP/1.1" 200 3679401 "https://ko0.us/" "Mozilla/5.0 (iPhone; CPU iPhone OS 17_1 like Mac OS X) AppleWebKit/605.1.15 (KHTML, like Gecko) Version/17.1 Mobile/15E148 Safari/604.1"
66.249.69.229 - - [31/Aug/2026:08:26:33 -0400] "GET /imgs/kogrids/tn/tn_links_bluehost.png HTTP/1.1" 404 1251 "-" "Googlebot-Image/1.0"
200.233.42.59 - - [31/Aug/2026:08:26:38 -0400] "GET /dd6.html HTTP/1.1" 200 2330 "https://ko0.us/" "Mozilla/5.0 (Windows NT 10.0; Win64; x64) AppleWebKit/537.36 (KHTML, like Gecko) Chrome/125.0.6400.44 Safari/537.36"
216.73.216.164 - - [31/Aug/2026:08:27:06 -0400] "GET /pn/ko_pn.php?dir=%2Fhome%2Fkozerus%2Fpublic_html%2Fpn%2Fexplore%2Flibraries%2Fgeshi%2Fgeshi%2Fxml.php HTTP/2" 429 0 "-" "Mozilla/5.0 AppleWebKit/537.36 (KHTML, like Gecko; compatible; ClaudeBot/1.0; +claudebot@anthropic.com)"
216.73.216.164 - - [31/Aug/2026:08:27:10 -0400] "GET /pn/ko_pn.php?dir=%2Fhome%2Fkozerus%2Fpublic_html%2Fdgs%2Fdgs%2Ftemplates.php HTTP/2" 200 8005 "-" "Mozilla/5.0 AppleWebKit/537.36 (KHTML, like Gecko; compatible; ClaudeBot/1.0; +claudebot@anthropic.com)"
216.73.216.164 - - [31/Aug/2026:08:27:15 -0400] "GET /go/dgs0/images/9/ws.gif HTTP/2" 429 0 "-" "Mozilla/5.0 AppleWebKit/537.36 (KHTML, like Gecko; compatible; ClaudeBot/1.0; +claudebot@anthropic.com)"
216.73.216.164 - - [31/Aug/2026:08:27:20 -0400] "GET /go/dgs0/images/9/ll.gif HTTP/2" 200 75 "-" "Mozilla/5.0 AppleWebKit/537.36 (KHTML, like Gecko; compatible; ClaudeBot/1.0; +claudebot@anthropic.com)"
216.73.216.164 - - [31/Aug/2026:08:26:40 -0400] "GET /piwigo/plugins/TakeATour/language/ HTTP/2" 429 0 "https://ko0.us/piwigo/plugins/TakeATour/language/lv_LV/" "Mozilla/5.0 AppleWebKit/537.36 (KHTML, like Gecko; compatible; ClaudeBot/1.0; +claudebot@anthropic.com)"
197.26.149.234 - - [31/Aug/2026:08:26:44 -0400] "GET /jtfdc_stalkarounds_bestbugs_20211009_1630.html HTTP/1.1" 200 495133 "https://ko0.us/" "Mozilla/5.0 (X11; Linux x86_64; rv:127.0) Gecko/20100101 Firefox/127.0"
216.73.216.164 - - [31/Aug/2026:08:26:45 -0400] "GET /ko_center/imgs/ani/ HTTP/2" 200 2458 "-" "Mozilla/5.0 AppleWebKit/537.36 (KHTML, like Gecko; compatible; ClaudeBot/1.0; +claudebot@anthropic.com)"
216.73.216.164 - - [31/Aug/2026:08:26:50 -0400] "GET /piwigo/plugins/TakeATour/language/hu_HU HTTP/2" 301 795 "-" "Mozilla/5.0 AppleWebKit/537.36 (KHTML, like Gecko; compatible; ClaudeBot/1.0; +claudebot@anthropic.com)"
216.73.216.164 - - [31/Aug/2026:08:26:50 -0400] "GET /piwigo/plugins/TakeATour/language/hu_HU/ HTTP/2" 302 0 "https://ko0.us/piwigo/plugins/TakeATour/language/hu_HU" "Mozilla/5.0 AppleWebKit/537.36 (KHTML, like Gecko; compatible; ClaudeBot/1.0; +claudebot@anthropic.com)"
216.73.216.164 - - [31/Aug/2026:08:26:50 -0400] "GET /piwigo/plugins/TakeATour/language/ HTTP/2" 429 0 "https://ko0.us/piwigo/plugins/TakeATour/language/hu_HU/" "Mozilla/5.0 AppleWebKit/537.36 (KHTML, like Gecko; compatible; ClaudeBot/1.0; +claudebot@anthropic.com)"
216.73.216.164 - - [31/Aug/2026:08:26:55 -0400] "GET /piwigo/plugins/TakeATour/language/sk_SK HTTP/2" 301 795 "-" "Mozilla/5.0 AppleWebKit/537.36 (KHTML, like Gecko; compatible; ClaudeBot/1.0; +claudebot@anthropic.com)"
216.73.216.164 - - [31/Aug/2026:08:26:55 -0400] "GET /piwigo/plugins/TakeATour/language/sk_SK/ HTTP/2" 302 0 "https://ko0.us/piwigo/plugins/TakeATour/language/sk_SK" "Mozilla/5.0 AppleWebKit/537.36 (KHTML, like Gecko; compatible; ClaudeBot/1.0; +claudebot@anthropic.com)"
216.73.216.164 - - [31/Aug/2026:08:26:55 -0400] "GET /piwigo/plugins/TakeATour/language/ HTTP/2" 429 0 "https://ko0.us/piwigo/plugins/TakeATour/language/sk_SK/" "Mozilla/5.0 AppleWebKit/537.36 (KHTML, like Gecko; compatible; ClaudeBot/1.0; +claudebot@anthropic.com)"
190.124.190.26 - - [31/Aug/2026:08:27:00 -0400] "GET /tl.db3%20union%20all%20select%20%27orgasbgpzmkytympbfxnxsjpjoazuqcz%27,null,null,null--%20y6y1k6 HTTP/1.1" 404 1251 "https://ko0.us/" "Mozilla/5.0 (Macintosh; Intel Mac OS X 10_15_7) AppleWebKit/605.1.15 (KHTML, like Gecko) Version/17.0 Safari/605.1.15"
216.73.216.164 - - [31/Aug/2026:08:27:00 -0400] "GET /pn/uize/site-source/js/Uize/Widgets/FlavoredMessage/Widget.js HTTP/2" 200 603 "-" "Mozilla/5.0 AppleWebKit/537.36 (KHTML, like Gecko; compatible; ClaudeBot/1.0; +claudebot@anthropic.com)"
66.249.69.227 - - [31/Aug/2026:08:27:09 -0400] "GET /pn_20200218.html HTTP/1.1" 200 100969 "-" "Mozilla/5.0 (Linux; Android 6.0.1; Nexus 5X Build/MMB29P) AppleWebKit/537.36 (KHTML, like Gecko) Chrome/151.0.7922.173 Mobile Safari/537.36 (compatible; Googlebot/2.1; +http://www.google.com/bot.html)"
185.194.8.65 - - [31/Aug/2026:08:27:12 -0400] "GET /ii.html HTTP/1.1" 200 183353 "https://ko0.us/" "Mozilla/5.0 (Macintosh; Intel Mac OS X 10_15_7) AppleWebKit/605.1.15 (KHTML, like Gecko) Version/17.1 Safari/605.1.15"
187.120.32.168 - - [31/Aug/2026:08:27:14 -0400] "GET /snd5.html HTTP/1.1" 200 2579 "https://ko0.us/" "Mozilla/5.0 (Macintosh; Intel Mac OS X 10_15_7) AppleWebKit/605.1.15 (KHTML, like Gecko) Version/17.0 Safari/605.1.15"
191.22.251.4 - - [31/Aug/2026:08:27:25 -0400] "GET /jsdoit_shoo_best.htm HTTP/1.1" 200 383055 "https://ko0.us/" "Mozilla/5.0 (X11; Linux x86_64) AppleWebKit/537.36 (KHTML, like Gecko) Chrome/128.0.6613.85 Safari/537.36"
203.101.190.201 - - [31/Aug/2026:08:27:45 -0400] "GET /index_fs.html HTTP/1.1" 200 158389 "https://ko0.us/" "Mozilla/5.0 (Macintosh; Intel Mac OS X 10_15_7) AppleWebKit/537.36 (KHTML, like Gecko) Chrome/129.0.6668.59 Safari/537.36"
39.45.68.50 - - [31/Aug/2026:08:27:17 -0400] "GET /jtfdc_stalkarounds_bestbugs_20211009_1630.html HTTP/1.1" 200 495133 "https://ko0.us/" "Mozilla/5.0 (Windows NT 10.0; Win64; x64) AppleWebKit/537.36 (KHTML, like Gecko) Chrome/122.0.0.0 Safari/537.36 Edg/122.0.0.0"
216.73.216.164 - - [31/Aug/2026:08:27:26 -0400] "GET /go/dgs0/images/25/ce.gif HTTP/2" 429 0 "-" "Mozilla/5.0 AppleWebKit/537.36 (KHTML, like Gecko; compatible; ClaudeBot/1.0; +claudebot@anthropic.com)"
196.127.114.70 - - [31/Aug/2026:08:27:27 -0400] "GET /tl.db3%20union%20all%20select%20%27orgasbgpzmkytympbfxnxsjpjoazuqcz%27,null,null,null--%20y6y1k6 HTTP/1.1" 404 1251 "https://ko0.us/" "Mozilla/5.0 (iPhone; CPU iPhone OS 17_0 like Mac OS X) AppleWebKit/605.1.15 (KHTML, like Gecko) Version/17.0 Mobile/15E148 Safari/604.1"
216.73.216.164 - - [31/Aug/2026:08:27:31 -0400] "GET /ko/imgs/doc/20181231ip-ar.png HTTP/2" 200 200722 "-" "Mozilla/5.0 AppleWebKit/537.36 (KHTML, like Gecko; compatible; ClaudeBot/1.0; +claudebot@anthropic.com)"
17.166.232.40 - - [31/Aug/2026:08:27:35 -0400] "GET /montserrat_best.html HTTP/2" 200 15237 "-" "Mozilla/5.0 (Macintosh; Intel Mac OS X 10_15_7) AppleWebKit/605.1.15 (KHTML, like Gecko) Version/17.4 Safari/605.1.15 (Applebot/0.1; +http://www.apple.com/go/applebot)"
216.73.216.164 - - [31/Aug/2026:08:27:36 -0400] "GET /pn/ko_pn.php?dir=%2Fhome%2Fkozerus%2Fpublic_html%2Fcropex%2Fnode%2Fnode_modules%2Fexpand-template%2FLICENSE HTTP/2" 429 0 "-" "Mozilla/5.0 AppleWebKit/537.36 (KHTML, like Gecko; compatible; ClaudeBot/1.0; +claudebot@anthropic.com)"
216.73.216.164 - - [31/Aug/2026:08:27:41 -0400] "GET /go/allaboutgo/eidogo/sgf/tsumego/beginner-problem-2.sgf HTTP/2" 200 330 "-" "Mozilla/5.0 AppleWebKit/537.36 (KHTML, like Gecko; compatible; ClaudeBot/1.0; +claudebot@anthropic.com)"
216.73.216.164 - - [31/Aug/2026:08:27:46 -0400] "GET /pn/ko_pn.php?dir=%2Fhome%2Fkozerus%2Fpublic_html%2Fpiwigo%2Flanguage%2Feo_EO%2Fhelp%2Fuser_list.html HTTP/2" 429 0 "-" "Mozilla/5.0 AppleWebKit/537.36 (KHTML, like Gecko; compatible; ClaudeBot/1.0; +claudebot@anthropic.com)"
216.73.216.164 - - [31/Aug/2026:08:27:50 -0400] "GET /go/dgs0/images/5/ws.gif HTTP/2" 200 152 "-" "Mozilla/5.0 AppleWebKit/537.36 (KHTML, like Gecko; compatible; ClaudeBot/1.0; +claudebot@anthropic.com)"
216.73.216.164 - - [31/Aug/2026:08:27:55 -0400] "GET /go/dgs0/images/5/ll.gif HTTP/2" 429 0 "-" "Mozilla/5.0 AppleWebKit/537.36 (KHTML, like Gecko; compatible; ClaudeBot/1.0; +claudebot@anthropic.com)"
216.73.216.164 - - [31/Aug/2026:08:28:01 -0400] "GET /cropex/imgs/kogrids/kow_grid_delay50.gif HTTP/2" 200 25151 "-" "Mozilla/5.0 AppleWebKit/537.36 (KHTML, like Gecko; compatible; ClaudeBot/1.0; +claudebot@anthropic.com)"
216.73.216.164 - - [31/Aug/2026:08:28:06 -0400] "GET /go/dgs0/images/9/b402.gif HTTP/2" 429 0 "-" "Mozilla/5.0 AppleWebKit/537.36 (KHTML, like Gecko; compatible; ClaudeBot/1.0; +claudebot@anthropic.com)"
216.73.216.164 - - [31/Aug/2026:08:28:11 -0400] "GET /zm/hrc2011/TileGroup2/6-37-7.jpg HTTP/2" 200 2443 "-" "Mozilla/5.0 AppleWebKit/537.36 (KHTML, like Gecko; compatible; ClaudeBot/1.0; +claudebot@anthropic.com)"
216.73.216.164 - - [31/Aug/2026:08:28:15 -0400] "GET /go/dgs0/images/5/b402.gif HTTP/2" 429 0 "-" "Mozilla/5.0 AppleWebKit/537.36 (KHTML, like Gecko; compatible; ClaudeBot/1.0; +claudebot@anthropic.com)"
216.73.216.164 - - [31/Aug/2026:08:28:21 -0400] "GET /pn/ko_pn.php?dir=%2Fhome%2Fkozerus%2Fpublic_html%2Fpn%2Fuize%2Fsite-source%2Fexamples%2Fenabled-busy-in-widget-tree.html HTTP/2" 200 5519 "-" "Mozilla/5.0 AppleWebKit/537.36 (KHTML, like Gecko; compatible; ClaudeBot/1.0; +claudebot@anthropic.com)"
190.133.80.112 - - [31/Aug/2026:08:28:23 -0400] "GET /tl.db3%27%20union%20all%20select%20%27orgasbgpzmkytympbfxnxsjpjoazuqcz%27--%20r4zpir HTTP/1.1" 404 1251 "https://ko0.us/" "Mozilla/5.0 (Macintosh; Intel Mac OS X 10_15_7) AppleWebKit/605.1.15 (KHTML, like Gecko) Version/17.0 Safari/605.1.15"
17.166.151.238 - - [31/Aug/2026:08:24:16 -0400] "GET /notes.html HTTP/2" 200 730465 "https://www.ko0.us/index2big_best.htm" "Mozilla/5.0 (Macintosh; Intel Mac OS X 10_15_7) AppleWebKit/605.1.15 (KHTML, like Gecko) Version/17.4 Safari/605.1.15 (Applebot/0.1; +http://www.apple.com/go/applebot)"
17.166.151.238 - - [31/Aug/2026:08:24:18 -0400] "GET /index_neave_im.html HTTP/2" 200 68211 "https://www.ko0.us/index2big_best.htm" "Mozilla/5.0 (Macintosh; Intel Mac OS X 10_15_7) AppleWebKit/605.1.15 (KHTML, like Gecko) Version/17.4 Safari/605.1.15 (Applebot/0.1; +http://www.apple.com/go/applebot)"
17.166.151.238 - - [31/Aug/2026:08:24:19 -0400] "GET /index_neave_wobble.html HTTP/2" 200 22819 "https://www.ko0.us/index2big_best.htm" "Mozilla/5.0 (Macintosh; Intel Mac OS X 10_15_7) AppleWebKit/605.1.15 (KHTML, like Gecko) Version/17.4 Safari/605.1.15 (Applebot/0.1; +http://www.apple.com/go/applebot)"
74.7.227.147 - - [31/Aug/2026:08:24:27 -0400] "GET /imgs/btn/koeyeb_soul_lewis.png HTTP/2" 200 5563 "https://ko0.us/imgs/btn/" "Mozilla/5.0 AppleWebKit/537.36 (KHTML, like Gecko; compatible; GPTBot/1.4; +https://openai.com/gptbot)"
94.20.42.240 - - [31/Aug/2026:08:24:31 -0400] "GET /script_kogrids_script_kogrids_find.htm HTTP/1.1" 200 1531 "https://ko0.us/" "Mozilla/5.0 (Windows NT 10.0; Win64; x64) AppleWebKit/537.36 (KHTML, like Gecko) Chrome/130.0.6723.70 Safari/537.36"
41.208.137.86 - - [31/Aug/2026:08:24:43 -0400] "GET /ii.html HTTP/1.1" 200 183353 "https://ko0.us/" "Mozilla/5.0 (Macintosh; Intel Mac OS X 10_15_7) AppleWebKit/537.36 (KHTML, like Gecko) Chrome/121.0.0.0 Safari/537.36 Edg/121.0.0.0"
74.7.227.147 - - [31/Aug/2026:08:24:51 -0400] "GET /imgs/btn/koeyeb_kov_kassil.png HTTP/2" 200 5539 "https://ko0.us/imgs/btn/" "Mozilla/5.0 AppleWebKit/537.36 (KHTML, like Gecko; compatible; GPTBot/1.4; +https://openai.com/gptbot)"
138.186.253.165 - - [31/Aug/2026:08:24:53 -0400] "GET /index_neave_im.html HTTP/1.1" 200 68211 "https://ko0.us/" "Mozilla/5.0 (Windows NT 10.0; Win64; x64) AppleWebKit/537.36 (KHTML, like Gecko) Chrome/130.0.6723.70 Safari/537.36"
123.23.33.239 - - [31/Aug/2026:08:25:19 -0400] "GET /index_co.html HTTP/1.1" 200 1271411 "https://ko0.us/" "Mozilla/5.0 (Macintosh; Intel Mac OS X 10.15; rv:122.0) Gecko/20100101 Firefox/122.0"
152.173.181.124 - - [31/Aug/2026:08:25:42 -0400] "GET /tl_best.htm HTTP/1.1" 200 561728 "https://ko0.us/" "Mozilla/5.0 (Windows NT 10.0; Win64; x64) AppleWebKit/537.36 (KHTML, like Gecko) Chrome/121.0.0.0 Safari/537.36 Edg/121.0.0.0"
185.191.171.1 - - [31/Aug/2026:08:25:45 -0400] "GET /index_bugs2.html HTTP/1.1" 404 1251 "-" "Mozilla/5.0 (compatible; SemrushBot/7~bl; +http://www.semrush.com/bot.html)"
185.191.171.3 - - [31/Aug/2026:08:26:23 -0400] "GET /js/wz/ HTTP/1.1" 200 38928 "-" "Mozilla/5.0 (compatible; SemrushBot/7~bl; +http://www.semrush.com/bot.html)"
151.236.166.248 - - [31/Aug/2026:08:26:21 -0400] "GET /index_co.html HTTP/1.1" 200 1271411 "https://ko0.us/" "Mozilla/5.0 (Macintosh; Intel Mac OS X 10_15_7) AppleWebKit/537.36 (KHTML, like Gecko) Chrome/129.0.6668.59 Safari/537.36"
86.98.193.122 - - [31/Aug/2026:08:26:56 -0400] "GET /dd6.html HTTP/1.1" 200 2330 "https://ko0.us/" "Mozilla/5.0 (iPhone; CPU iPhone OS 17_0 like Mac OS X) AppleWebKit/605.1.15 (KHTML, like Gecko) Version/17.0 Mobile/15E148 Safari/604.1"
74.7.227.147 - - [31/Aug/2026:08:27:08 -0400] "GET /kb/aud/mp3/cornell_hangovers_ill_be.mp3 HTTP/2" 404 1251 "https://ko0.us/index_bk.htm" "Mozilla/5.0 AppleWebKit/537.36 (KHTML, like Gecko; compatible; GPTBot/1.4; +https://openai.com/gptbot)"
74.7.227.147 - - [31/Aug/2026:08:27:46 -0400] "GET /fb/jtfdcr/imgs/AUT_1340.JPG HTTP/2" 404 1251 "https://ko0.us/jk_f2d.html" "Mozilla/5.0 AppleWebKit/537.36 (KHTML, like Gecko; compatible; GPTBot/1.4; +https://openai.com/gptbot)"
74.7.227.147 - - [31/Aug/2026:08:28:12 -0400] "GET /fb/jtfdcr/imgs/AUT_5326.JPG HTTP/2" 404 1251 "https://ko0.us/jk_f2d.html" "Mozilla/5.0 AppleWebKit/537.36 (KHTML, like Gecko; compatible; GPTBot/1.4; +https://openai.com/gptbot)"
216.73.216.164 - - [31/Aug/2026:08:28:25 -0400] "GET /pn/ko_pn.php?dir=%2Fhome%2Fkozerus%2Fpublic_html%2Fcropex%2Fnode%2Fnode_modules%2Ffast-glob%2FLICENSE HTTP/2" 429 0 "-" "Mozilla/5.0 AppleWebKit/537.36 (KHTML, like Gecko; compatible; ClaudeBot/1.0; +claudebot@anthropic.com)"
216.73.216.164 - - [31/Aug/2026:08:28:30 -0400] "GET /go/dgs0/images/17/b3.gif HTTP/2" 200 436 "-" "Mozilla/5.0 AppleWebKit/537.36 (KHTML, like Gecko; compatible; ClaudeBot/1.0; +claudebot@anthropic.com)"
216.73.216.164 - - [31/Aug/2026:08:28:36 -0400] "GET /ko_center/imgs/cab/dg12.png HTTP/2" 429 0 "-" "Mozilla/5.0 AppleWebKit/537.36 (KHTML, like Gecko; compatible; ClaudeBot/1.0; +claudebot@anthropic.com)"
216.73.216.164 - - [31/Aug/2026:08:28:40 -0400] "GET /go/dgs0/images/25/ut.gif HTTP/2" 200 334 "-" "Mozilla/5.0 AppleWebKit/537.36 (KHTML, like Gecko; compatible; ClaudeBot/1.0; +claudebot@anthropic.com)"
216.73.216.164 - - [31/Aug/2026:08:28:46 -0400] "GET /pn/ko_pn.php?dir=%2Fhome%2Fkozerus%2Fpublic_html%2Fko_center%2Fjs%2Ftooltip%2Ftooltip_image_preview.js HTTP/2" 429 0 "-" "Mozilla/5.0 AppleWebKit/537.36 (KHTML, like Gecko; compatible; ClaudeBot/1.0; +claudebot@anthropic.com)"
216.73.216.164 - - [31/Aug/2026:08:28:50 -0400] "GET /go/allaboutgo/sgf/xxqj/prob0145.sgf HTTP/2" 200 166 "-" "Mozilla/5.0 AppleWebKit/537.36 (KHTML, like Gecko; compatible; ClaudeBot/1.0; +claudebot@anthropic.com)"
216.73.216.164 - - [31/Aug/2026:08:28:56 -0400] "GET /pn/ko_pn.php?dir=%2Fhome%2Fkozerus%2Fpublic_html%2Fpiwigo%2Fplugins%2FTakeATour%2Flanguage%2Fbr_FR HTTP/2" 429 0 "-" "Mozilla/5.0 AppleWebKit/537.36 (KHTML, like Gecko; compatible; ClaudeBot/1.0; +claudebot@anthropic.com)"
216.73.216.164 - - [31/Aug/2026:08:29:01 -0400] "GET /ko_center/zm5/hrc_cr11c45/TileGroup7/ HTTP/2" 200 2998 "-" "Mozilla/5.0 AppleWebKit/537.36 (KHTML, like Gecko; compatible; ClaudeBot/1.0; +claudebot@anthropic.com)"
216.73.216.164 - - [31/Aug/2026:08:29:06 -0400] "GET /ko_center/imgs/cab/cw37.png HTTP/2" 429 0 "-" "Mozilla/5.0 AppleWebKit/537.36 (KHTML, like Gecko; compatible; ClaudeBot/1.0; +claudebot@anthropic.com)"
105.74.192.82 - - [31/Aug/2026:08:28:27 -0400] "GET /avmin.htm HTTP/1.1" 200 562457 "https://ko0.us/" "Mozilla/5.0 (Windows NT 10.0; Win64; x64) AppleWebKit/537.36 (KHTML, like Gecko) Chrome/120.0.0.0 Safari/537.36 Edg/120.0.0.0"
216.73.216.164 - - [31/Aug/2026:08:29:11 -0400] "GET /go/allaboutgo/sgf/1QWPQNRWv.sgf HTTP/2" 200 958 "-" "Mozilla/5.0 AppleWebKit/537.36 (KHTML, like Gecko; compatible; ClaudeBot/1.0; +claudebot@anthropic.com)"
85.208.96.200 - - [31/Aug/2026:08:29:13 -0400] "GET /fb/mobmax.html HTTP/1.1" 404 1251 "-" "Mozilla/5.0 (compatible; SemrushBot/7~bl; +http://www.semrush.com/bot.html)"
216.73.216.164 - - [31/Aug/2026:08:29:16 -0400] "GET /go/dgs0/images/7/b451.gif HTTP/2" 429 0 "-" "Mozilla/5.0 AppleWebKit/537.36 (KHTML, like Gecko; compatible; ClaudeBot/1.0; +claudebot@anthropic.com)"
216.73.216.164 - - [31/Aug/2026:08:29:21 -0400] "GET /go/dgs0/images/7/b243.gif HTTP/2" 200 272 "-" "Mozilla/5.0 AppleWebKit/537.36 (KHTML, like Gecko; compatible; ClaudeBot/1.0; +claudebot@anthropic.com)"
216.73.216.164 - - [31/Aug/2026:08:29:26 -0400] "GET /go/dgs0/images/7/ud.gif HTTP/2" 429 0 "-" "Mozilla/5.0 AppleWebKit/537.36 (KHTML, like Gecko; compatible; ClaudeBot/1.0; +claudebot@anthropic.com)"
216.73.216.164 - - [31/Aug/2026:08:29:31 -0400] "GET /cropex/imgs/btn/btn_keyhole_circle.png HTTP/2" 200 40529 "-" "Mozilla/5.0 AppleWebKit/537.36 (KHTML, like Gecko; compatible; ClaudeBot/1.0; +claudebot@anthropic.com)"
216.73.216.164 - - [31/Aug/2026:08:29:36 -0400] "GET /pn/ko_pn.php?dir=%2Fhome%2Fkozerus%2Fpublic_html%2Fcropex%2Fnode%2Fnode_modules%2Fget-proto%2FLICENSE HTTP/2" 429 0 "-" "Mozilla/5.0 AppleWebKit/537.36 (KHTML, like Gecko; compatible; ClaudeBot/1.0; +claudebot@anthropic.com)"
216.73.216.164 - - [31/Aug/2026:08:29:41 -0400] "GET /ko_center/zm5/hrc_cr10c42/TileGroup6/ HTTP/2" 200 2753 "-" "Mozilla/5.0 AppleWebKit/537.36 (KHTML, like Gecko; compatible; ClaudeBot/1.0; +claudebot@anthropic.com)"
190.89.117.241 - - [31/Aug/2026:08:28:33 -0400] "GET /ii.html HTTP/1.1" 200 174943 "https://ko0.us/" "Mozilla/5.0 (iPhone; CPU iPhone OS 17_1 like Mac OS X) AppleWebKit/605.1.15 (KHTML, like Gecko) Version/17.1 Mobile/15E148 Safari/604.1"
74.7.227.147 - - [31/Aug/2026:08:28:37 -0400] "GET /fb/jtfdcr/imgs/AUT_1342.JPG HTTP/2" 404 1251 "https://ko0.us/jk_f2d.html" "Mozilla/5.0 AppleWebKit/537.36 (KHTML, like Gecko; compatible; GPTBot/1.4; +https://openai.com/gptbot)"
74.7.227.147 - - [31/Aug/2026:08:29:16 -0400] "GET /fb/jtfdcr/imgs/AUT_0789.JPG HTTP/2" 404 1251 "https://ko0.us/jk_f2d.html" "Mozilla/5.0 AppleWebKit/537.36 (KHTML, like Gecko; compatible; GPTBot/1.4; +https://openai.com/gptbot)"
74.7.227.147 - - [31/Aug/2026:08:29:28 -0400] "GET /fb/jtfdcr/imgs/AUT_1593.JPG HTTP/2" 404 1251 "https://ko0.us/jk_f2d.html" "Mozilla/5.0 AppleWebKit/537.36 (KHTML, like Gecko; compatible; GPTBot/1.4; +https://openai.com/gptbot)"
179.182.113.109 - - [31/Aug/2026:08:29:33 -0400] "GET /ko_schema.db3 HTTP/1.1" 200 155648 "https://ko0.us/" "Mozilla/5.0 (Windows NT 10.0; Win64; x64) AppleWebKit/537.36 (KHTML, like Gecko) Chrome/127.0.6533.73 Safari/537.36"
74.7.227.147 - - [31/Aug/2026:08:29:41 -0400] "GET /fb/jtfdcr/imgs/AUT_0869.JPG HTTP/2" 404 1251 "https://ko0.us/jk_f2d.html" "Mozilla/5.0 AppleWebKit/537.36 (KHTML, like Gecko; compatible; GPTBot/1.4; +https://openai.com/gptbot)"
37.41.146.170 - - [31/Aug/2026:08:29:54 -0400] "GET /jsdoit_shoo_best.htm HTTP/1.1" 200 383055 "https://ko0.us/" "Mozilla/5.0 (Windows NT 10.0; Win64; x64; rv:123.0) Gecko/20100101 Firefox/123.0"
42.201.192.83 - - [31/Aug/2026:08:29:58 -0400] "GET /script_kogrids_script_kogrids_find.htm HTTP/2" 200 1840 "https://ko0.us/" "Mozilla/5.0 (Macintosh; Intel Mac OS X 10_15_7) AppleWebKit/537.36 (KHTML, like Gecko) Chrome/121.0.6167.57 Safari/537.36"
216.73.216.164 - - [31/Aug/2026:08:30:06 -0400] "GET /cropex/js/wz/wz_tooltip.htm HTTP/2" 429 0 "-" "Mozilla/5.0 AppleWebKit/537.36 (KHTML, like Gecko; compatible; ClaudeBot/1.0; +claudebot@anthropic.com)"
74.7.227.147 - - [31/Aug/2026:08:30:07 -0400] "GET /fb/jtfdcr/imgs/AUT_5348.JPG HTTP/2" 404 1251 "https://ko0.us/jk_f2d.html" "Mozilla/5.0 AppleWebKit/537.36 (KHTML, like Gecko; compatible; GPTBot/1.4; +https://openai.com/gptbot)"
216.73.216.164 - - [31/Aug/2026:08:30:11 -0400] "GET /go/dgs0/scripts/updates/fix_game_comments-1_0_15.php HTTP/2" 500 0 "-" "Mozilla/5.0 AppleWebKit/537.36 (KHTML, like Gecko; compatible; ClaudeBot/1.0; +claudebot@anthropic.com)"
216.73.216.164 - - [31/Aug/2026:08:30:16 -0400] "GET /piwigo/language/uk_UA/about.html HTTP/2" 429 0 "-" "Mozilla/5.0 AppleWebKit/537.36 (KHTML, like Gecko; compatible; ClaudeBot/1.0; +claudebot@anthropic.com)"
216.73.216.164 - - [31/Aug/2026:08:30:21 -0400] "GET /piwigo/language/ka_GE/help/user_list.html HTTP/2" 200 624 "-" "Mozilla/5.0 AppleWebKit/537.36 (KHTML, like Gecko; compatible; ClaudeBot/1.0; +claudebot@anthropic.com)"
216.73.216.164 - - [31/Aug/2026:08:30:26 -0400] "GET /pn/uize/site-source/js/Uize/Services/FileSystemAdapter/Wsh.js HTTP/2" 429 0 "-" "Mozilla/5.0 AppleWebKit/537.36 (KHTML, like Gecko; compatible; ClaudeBot/1.0; +claudebot@anthropic.com)"
216.73.216.164 - - [31/Aug/2026:08:30:31 -0400] "GET /pn/uize/site-source/js/Uize/Widget/AutoSuggest.js HTTP/2" 200 7390 "-" "Mozilla/5.0 AppleWebKit/537.36 (KHTML, like Gecko; compatible; ClaudeBot/1.0; +claudebot@anthropic.com)"
74.7.227.147 - - [31/Aug/2026:08:30:33 -0400] "GET /fb/law/jkwiiv_byrdbell/tl.html HTTP/2" 404 1251 "https://ko0.us/index_fb.htm" "Mozilla/5.0 AppleWebKit/537.36 (KHTML, like Gecko; compatible; GPTBot/1.4; +https://openai.com/gptbot)"
216.73.216.164 - - [31/Aug/2026:08:30:36 -0400] "GET /pn/uize/site-source/js/Uize/Fade HTTP/2" 301 795 "-" "Mozilla/5.0 AppleWebKit/537.36 (KHTML, like Gecko; compatible; ClaudeBot/1.0; +claudebot@anthropic.com)"
216.73.216.164 - - [31/Aug/2026:08:30:36 -0400] "GET /pn/uize/site-source/js/Uize/Fade/ HTTP/2" 429 0 "https://ko0.us/pn/uize/site-source/js/Uize/Fade" "Mozilla/5.0 AppleWebKit/537.36 (KHTML, like Gecko; compatible; ClaudeBot/1.0; +claudebot@anthropic.com)"
216.73.216.164 - - [31/Aug/2026:08:30:41 -0400] "GET /cropex/node/node_modules/is-decimal/package.json HTTP/2" 403 1242 "-" "Mozilla/5.0 AppleWebKit/537.36 (KHTML, like Gecko; compatible; ClaudeBot/1.0; +claudebot@anthropic.com)"
216.73.216.164 - - [31/Aug/2026:08:30:47 -0400] "GET /pn/ko_pn.php?dir=%2Fhome%2Fkozerus%2Fpublic_html%2Fzm%2Fapollo17%2FTileGroup8%2F7-48-13.jpg HTTP/2" 429 0 "-" "Mozilla/5.0 AppleWebKit/537.36 (KHTML, like Gecko; compatible; ClaudeBot/1.0; +claudebot@anthropic.com)"
46.244.90.179 - - [31/Aug/2026:08:30:49 -0400] "GET /ii.html HTTP/1.1" 200 174943 "https://ko0.us/" "Mozilla/5.0 (Macintosh; Intel Mac OS X 10_15_7) AppleWebKit/605.1.15 (KHTML, like Gecko) Version/17.1 Safari/605.1.15"
216.73.216.164 - - [31/Aug/2026:08:30:52 -0400] "GET /ko_center/zm5/hrc_dr15d17/TileGroup0/3-5-1.jpg HTTP/2" 200 8081 "-" "Mozilla/5.0 AppleWebKit/537.36 (KHTML, like Gecko; compatible; ClaudeBot/1.0; +claudebot@anthropic.com)"
216.73.216.164 - - [31/Aug/2026:08:30:57 -0400] "GET /pn/ko_pn.php?dir=%2Fhome%2Fkozerus%2Fpublic_html%2Fzm%2Fapollo17%2FTileGroup3%2F7-98-3.jpg HTTP/2" 429 0 "-" "Mozilla/5.0 AppleWebKit/537.36 (KHTML, like Gecko; compatible; ClaudeBot/1.0; +claudebot@anthropic.com)"
216.73.216.164 - - [31/Aug/2026:08:31:02 -0400] "GET /ko_center/zm5/hrc_dr19d34/TileGroup7/6-29-29.jpg HTTP/2" 200 6024 "-" "Mozilla/5.0 AppleWebKit/537.36 (KHTML, like Gecko; compatible; ClaudeBot/1.0; +claudebot@anthropic.com)"
216.73.216.164 - - [31/Aug/2026:08:31:07 -0400] "GET /ko_center/zm5/hrc_dr18d29/TileGroup6/6-3-25.jpg HTTP/2" 429 0 "-" "Mozilla/5.0 AppleWebKit/537.36 (KHTML, like Gecko; compatible; ClaudeBot/1.0; +claudebot@anthropic.com)"
74.7.227.147 - - [31/Aug/2026:08:31:11 -0400] "GET /fb/law/jkwiiv_byrdbell/dd.html HTTP/2" 404 1251 "https://ko0.us/index_fb.htm" "Mozilla/5.0 AppleWebKit/537.36 (KHTML, like Gecko; compatible; GPTBot/1.4; +https://openai.com/gptbot)"
216.73.216.164 - - [31/Aug/2026:08:31:12 -0400] "GET /ko_center/zm5/hrc_dr19d34/TileGroup5/6-4-20.jpg HTTP/2" 200 1651 "-" "Mozilla/5.0 AppleWebKit/537.36 (KHTML, like Gecko; compatible; ClaudeBot/1.0; +claudebot@anthropic.com)"
216.73.216.164 - - [31/Aug/2026:08:31:17 -0400] "GET /ko_center/zm5/hrc_cr07c29/TileGroup0/5-22-2.jpg HTTP/2" 429 0 "-" "Mozilla/5.0 AppleWebKit/537.36 (KHTML, like Gecko; compatible; ClaudeBot/1.0; +claudebot@anthropic.com)"
187.49.12.135 - - [31/Aug/2026:08:31:19 -0400] "GET /jsdoit_shoo_best.htm HTTP/1.1" 200 384930 "https://ko0.us/" "Mozilla/5.0 (Macintosh; Intel Mac OS X 10_15_7) AppleWebKit/537.36 (KHTML, like Gecko) Chrome/120.0.0.0 Safari/537.36 Edg/120.0.0.0"
216.73.216.164 - - [31/Aug/2026:08:31:22 -0400] "GET /pn/ko_pn.php?dir=%2Fhome%2Fkozerus%2Fpublic_html%2Fbirds%2Fimgs%2Fzn_66.jpg HTTP/2" 200 3913 "-" "Mozilla/5.0 AppleWebKit/537.36 (KHTML, like Gecko; compatible; ClaudeBot/1.0; +claudebot@anthropic.com)"
216.73.216.164 - - [31/Aug/2026:08:31:27 -0400] "GET /ko_center/zm5/hrc_cr07c29/TileGroup3/6-3-9.jpg HTTP/2" 429 0 "-" "Mozilla/5.0 AppleWebKit/537.36 (KHTML, like Gecko; compatible; ClaudeBot/1.0; +claudebot@anthropic.com)"
216.73.216.164 - - [31/Aug/2026:08:31:32 -0400] "GET /ko_center/zm5/hrc_dr15d17/TileGroup3/6-39-9.jpg HTTP/2" 200 5120 "-" "Mozilla/5.0 AppleWebKit/537.36 (KHTML, like Gecko; compatible; ClaudeBot/1.0; +claudebot@anthropic.com)"
185.191.171.15 - - [31/Aug/2026:08:31:32 -0400] "GET /wiki/Arial HTTP/1.1" 404 1251 "-" "Mozilla/5.0 (compatible; SemrushBot/7~bl; +http://www.semrush.com/bot.html)"
216.73.216.164 - - [31/Aug/2026:08:31:37 -0400] "GET /ko_center/zm5/hrc_d/TileGroup4/6-42-11.jpg HTTP/2" 429 0 "-" "Mozilla/5.0 AppleWebKit/537.36 (KHTML, like Gecko; compatible; ClaudeBot/1.0; +claudebot@anthropic.com)"
216.73.216.164 - - [31/Aug/2026:08:31:42 -0400] "GET /ko_center/zm5/hrc_dr17d26/TileGroup0/5-15-4.jpg HTTP/2" 200 16784 "-" "Mozilla/5.0 AppleWebKit/537.36 (KHTML, like Gecko; compatible; ClaudeBot/1.0; +claudebot@anthropic.com)"
216.73.216.164 - - [31/Aug/2026:08:31:47 -0400] "GET /ko_center/zm5/hrc_dr20d37/TileGroup1/5-17-7.jpg HTTP/2" 429 0 "-" "Mozilla/5.0 AppleWebKit/537.36 (KHTML, like Gecko; compatible; ClaudeBot/1.0; +claudebot@anthropic.com)"
216.73.216.164 - - [31/Aug/2026:08:31:52 -0400] "GET /ko_center/zm5/hrc_dr18d29/TileGroup5/6-3-17.jpg HTTP/2" 200 1651 "-" "Mozilla/5.0 AppleWebKit/537.36 (KHTML, like Gecko; compatible; ClaudeBot/1.0; +claudebot@anthropic.com)"
216.73.216.164 - - [31/Aug/2026:08:31:57 -0400] "GET /imgs/links/tn/tn_jtf29_dog_kali.png HTTP/2" 429 0 "-" "Mozilla/5.0 AppleWebKit/537.36 (KHTML, like Gecko; compatible; ClaudeBot/1.0; +claudebot@anthropic.com)"
169.224.32.61 - - [31/Aug/2026:08:31:58 -0400] "GET /avmin.htm HTTP/1.1" 200 562457 "https://ko0.us/" "Mozilla/5.0 (X11; Linux x86_64; rv:121.0) Gecko/20100101 Firefox/121.0"
216.73.216.164 - - [31/Aug/2026:08:32:02 -0400] "GET /ko_center/zm5/hrc_dr13d09/TileGroup5/6-45-18.jpg HTTP/2" 200 3142 "-" "Mozilla/5.0 AppleWebKit/537.36 (KHTML, like Gecko; compatible; ClaudeBot/1.0; +claudebot@anthropic.com)"
216.73.216.164 - - [31/Aug/2026:08:32:07 -0400] "GET /ko_center/zm5/hrc_dr22d45/TileGroup3/6-27-6.jpg HTTP/2" 429 0 "-" "Mozilla/5.0 AppleWebKit/537.36 (KHTML, like Gecko; compatible; ClaudeBot/1.0; +claudebot@anthropic.com)"
197.204.194.245 - - [31/Aug/2026:08:32:10 -0400] "GET /index_gm.htm HTTP/1.1" 200 88448 "https://ko0.us/" "Mozilla/5.0 (iPhone; CPU iPhone OS 17_0 like Mac OS X) AppleWebKit/605.1.15 (KHTML, like Gecko) Version/17.0 Mobile/15E148 Safari/604.1"
216.73.216.164 - - [31/Aug/2026:08:32:12 -0400] "GET /ko_center/zm5/hrc_dr22d45/TileGroup7/6-17-28.jpg HTTP/2" 200 1651 "-" "Mozilla/5.0 AppleWebKit/537.36 (KHTML, like Gecko; compatible; ClaudeBot/1.0; +claudebot@anthropic.com)"
216.73.216.164 - - [31/Aug/2026:08:32:17 -0400] "GET /pn/ko_pn.php?dir=%2Fhome%2Fkozerus%2Fpublic_html%2Fbirds%2Fimgs%2Fzn_24.jpg HTTP/2" 429 0 "-" "Mozilla/5.0 AppleWebKit/537.36 (KHTML, like Gecko; compatible; ClaudeBot/1.0; +claudebot@anthropic.com)"
216.73.216.164 - - [31/Aug/2026:08:32:22 -0400] "GET /pn/ko_pn.php?dir=%2Fhome%2Fkozerus%2Fpublic_html%2Fbirds%2Fimgs%2Fminiraptors%2FIMG_6739.JPG HTTP/2" 200 3891 "-" "Mozilla/5.0 AppleWebKit/537.36 (KHTML, like Gecko; compatible; ClaudeBot/1.0; +claudebot@anthropic.com)"
216.73.216.164 - - [31/Aug/2026:08:32:27 -0400] "GET /ko_center/zm5/hrc_dr21d42/TileGroup0/5-23-0.jpg HTTP/2" 429 0 "-" "Mozilla/5.0 AppleWebKit/537.36 (KHTML, like Gecko; compatible; ClaudeBot/1.0; +claudebot@anthropic.com)"
216.73.216.164 - - [31/Aug/2026:08:32:32 -0400] "GET /ko_center/zm5/hrc_dr17d26/TileGroup3/6-40-8.jpg HTTP/2" 200 7714 "-" "Mozilla/5.0 AppleWebKit/537.36 (KHTML, like Gecko; compatible; ClaudeBot/1.0; +claudebot@anthropic.com)"
216.73.216.164 - - [31/Aug/2026:08:32:37 -0400] "GET /pn/ko_pn.php?dir=%2Fhome%2Fkozerus%2Fpublic_html%2Fzm%2Fapollo17%2FTileGroup8%2F7-97-13.jpg HTTP/2" 429 0 "-" "Mozilla/5.0 AppleWebKit/537.36 (KHTML, like Gecko; compatible; ClaudeBot/1.0; +claudebot@anthropic.com)"
216.73.216.164 - - [31/Aug/2026:08:32:42 -0400] "GET /ko_center/zm5/hrc_dr15d17/TileGroup7/6-4-28.jpg HTTP/2" 200 1651 "-" "Mozilla/5.0 AppleWebKit/537.36 (KHTML, like Gecko; compatible; ClaudeBot/1.0; +claudebot@anthropic.com)"
216.73.216.164 - - [31/Aug/2026:08:32:47 -0400] "GET /ko_center/zm5/hrc_dr21d42/TileGroup7/6-5-30.jpg HTTP/2" 429 0 "-" "Mozilla/5.0 AppleWebKit/537.36 (KHTML, like Gecko; compatible; ClaudeBot/1.0; +claudebot@anthropic.com)"
216.73.216.164 - - [31/Aug/2026:08:32:52 -0400] "GET /ko_center/zm5/hrc_dr22d45/TileGroup1/5-5-11.jpg HTTP/2" 200 1651 "-" "Mozilla/5.0 AppleWebKit/537.36 (KHTML, like Gecko; compatible; ClaudeBot/1.0; +claudebot@anthropic.com)"
185.191.171.5 - - [31/Aug/2026:08:28:07 -0400] "GET /index_sailboat_konabus.html HTTP/1.1" 404 1251 "-" "Mozilla/5.0 (compatible; SemrushBot/7~bl; +http://www.semrush.com/bot.html)"
86.108.19.187 - - [31/Aug/2026:08:28:08 -0400] "GET /tl.db3%20union%20all%20select%20%27orgasbgpzmkytympbfxnxsjpjoazuqcz%27,null,null,null--%20y6y1k6 HTTP/1.1" 404 1251 "https://ko0.us/" "Mozilla/5.0 (Windows NT 10.0; Win64; x64) AppleWebKit/537.36 (KHTML, like Gecko) Chrome/122.0.0.0 Safari/537.36 Edg/122.0.0.0"
39.43.250.103 - - [31/Aug/2026:08:28:23 -0400] "GET /tl.db3%27%20union%20all%20select%20null,%27orgasbgpzmkytympbfxnxsjpjoazuqcz%27,null,null,null--%20c7iyk6 HTTP/1.1" 404 1251 "https://ko0.us/" "Mozilla/5.0 (Macintosh; Intel Mac OS X 10_15_7) AppleWebKit/537.36 (KHTML, like Gecko) Chrome/120.0.0.0 Safari/537.36 Edg/120.0.0.0"
45.151.239.65 - - [31/Aug/2026:08:29:04 -0400] "GET /dd3.html HTTP/1.1" 200 315 "https://ko0.us/" "Mozilla/5.0 (Macintosh; Intel Mac OS X 14_0) AppleWebKit/605.1.15 (KHTML, like Gecko) Version/17.0 Safari/605.1.15"
216.98.214.8 - - [31/Aug/2026:08:30:42 -0400] "GET /indexmax.htm HTTP/1.1" 200 485711 "https://ko0.us/" "Mozilla/5.0 (Windows NT 10.0; Win64; x64) AppleWebKit/537.36 (KHTML, like Gecko) Chrome/122.0.0.0 Safari/537.36 Edg/122.0.0.0"
165.0.2.107 - - [31/Aug/2026:08:31:23 -0400] "GET /tl.db3%20union%20all%20select%20%27orgasbgpzmkytympbfxnxsjpjoazuqcz%27,null,null,null--%20y6y1k6 HTTP/1.1" 404 1251 "https://ko0.us/" "Mozilla/5.0 (Macintosh; Intel Mac OS X 10.15; rv:125.0) Gecko/20100101 Firefox/125.0"
66.249.69.228 - - [31/Aug/2026:08:32:52 -0400] "GET /duckduckgo.com HTTP/1.1" 404 1251 "-" "Mozilla/5.0 (Linux; Android 6.0.1; Nexus 5X Build/MMB29P) AppleWebKit/537.36 (KHTML, like Gecko) Chrome/151.0.7922.173 Mobile Safari/537.36 (compatible; Googlebot/2.1; +http://www.google.com/bot.html)"
191.242.230.77 - - [31/Aug/2026:08:33:12 -0400] "GET /tl.db3%20union%20all%20select%20%27orgasbgpzmkytympbfxnxsjpjoazuqcz%27,null,null,null--%20y6y1k6 HTTP/1.1" 404 1251 "https://ko0.us/" "Mozilla/5.0 (Macintosh; Intel Mac OS X 10_15_7) AppleWebKit/605.1.15 (KHTML, like Gecko) Version/17.2 Safari/605.1.15"
216.73.216.164 - - [31/Aug/2026:08:33:17 -0400] "GET /dgs/images/50/b192.gif HTTP/2" 429 0 "-" "Mozilla/5.0 AppleWebKit/537.36 (KHTML, like Gecko; compatible; ClaudeBot/1.0; +claudebot@anthropic.com)"
216.73.216.164 - - [31/Aug/2026:08:33:22 -0400] "GET /dgs/images/50/b255.gif HTTP/2" 200 1311 "-" "Mozilla/5.0 AppleWebKit/537.36 (KHTML, like Gecko; compatible; ClaudeBot/1.0; +claudebot@anthropic.com)"
38.41.187.172 - - [31/Aug/2026:08:33:25 -0400] "GET /index_fs.html HTTP/1.1" 200 158389 "https://ko0.us/" "Mozilla/5.0 (X11; Linux x86_64) AppleWebKit/537.36 (KHTML, like Gecko) Chrome/128.0.6613.85 Safari/537.36"
216.73.216.164 - - [31/Aug/2026:08:33:27 -0400] "GET /pn/ko_pn.php?dir=%2Fhome%2Fkozerus%2Fpublic_html%2Fcropex%2Fnode%2Fnode_modules%2F%40radix-ui%2Freact-menubar HTTP/2" 429 0 "-" "Mozilla/5.0 AppleWebKit/537.36 (KHTML, like Gecko; compatible; ClaudeBot/1.0; +claudebot@anthropic.com)"
216.73.216.164 - - [31/Aug/2026:08:33:32 -0400] "GET /pn/ko_pn.php?dir=%2Fhome%2Fkozerus%2Fpublic_html%2Fpn%2Fuize%2Fsite-source%2Fjs%2FUize%2FArray%2FRecords.todo HTTP/2" 200 3986 "-" "Mozilla/5.0 AppleWebKit/537.36 (KHTML, like Gecko; compatible; ClaudeBot/1.0; +claudebot@anthropic.com)"
216.73.216.164 - - [31/Aug/2026:08:33:37 -0400] "GET /pn/ko_pn.php?dir=%2Fhome%2Fkozerus%2Fpublic_html%2Fjs%2Fturnjs4%2Fsamples%2Fjkwii%2Fcss%2Fjquery.ui.html4.css HTTP/2" 429 0 "-" "Mozilla/5.0 AppleWebKit/537.36 (KHTML, like Gecko; compatible; ClaudeBot/1.0; +claudebot@anthropic.com)"
66.249.77.6 - - [31/Aug/2026:08:33:37 -0400] "GET /ko_center/ko_center.php?q=detail/cq17 HTTP/1.1" 500 0 "-" "Mozilla/5.0 (Linux; Android 6.0.1; Nexus 5X Build/MMB29P) AppleWebKit/537.36 (KHTML, like Gecko) Chrome/151.0.7922.173 Mobile Safari/537.36 (compatible; Googlebot/2.1; +http://www.google.com/bot.html)"
216.73.216.164 - - [31/Aug/2026:08:29:46 -0400] "GET /pn/ko_pn.php?dir=%2Fhome%2Fkozerus%2Fpublic_html%2Fpn%2Fuize%2Fsite-source%2Fjs%2FUize%2FFx%2FString.todo HTTP/2" 429 0 "-" "Mozilla/5.0 AppleWebKit/537.36 (KHTML, like Gecko; compatible; ClaudeBot/1.0; +claudebot@anthropic.com)"
85.208.96.204 - - [31/Aug/2026:08:29:48 -0400] "GET /pl.html HTTP/1.1" 404 1251 "-" "Mozilla/5.0 (compatible; SemrushBot/7~bl; +http://www.semrush.com/bot.html)"
216.73.216.164 - - [31/Aug/2026:08:29:51 -0400] "GET /ko_center/zm5/hrc_cr03c12/TileGroup6/ HTTP/2" 200 2594 "-" "Mozilla/5.0 AppleWebKit/537.36 (KHTML, like Gecko; compatible; ClaudeBot/1.0; +claudebot@anthropic.com)"
216.73.216.164 - - [31/Aug/2026:08:29:56 -0400] "GET /pn/ko_pn.php?dir=%2Fhome%2Fkozerus%2Fpublic_html%2Fpn%2Fuize%2Fsite-source%2Fexamples%2Fslideshow-with-wipes.html HTTP/2" 429 0 "-" "Mozilla/5.0 AppleWebKit/537.36 (KHTML, like Gecko; compatible; ClaudeBot/1.0; +claudebot@anthropic.com)"
