74.7.227.147 - - [31/Aug/2026:09:33:13 -0400] "GET /kb/books/jmh/jmh71/jmh71b/tn/tn_IMG_1158.png HTTP/2" 404 1251 "https://ko0.us/jmh71b.htm" "Mozilla/5.0 AppleWebKit/537.36 (KHTML, like Gecko; compatible; GPTBot/1.4; +https://openai.com/gptbot)"
216.73.216.164 - - [31/Aug/2026:09:33:16 -0400] "GET /ko_center/zm5/hrc_cr11c45/TileGroup7/6-47-29.jpg HTTP/2" 200 2225 "-" "Mozilla/5.0 AppleWebKit/537.36 (KHTML, like Gecko; compatible; ClaudeBot/1.0; +claudebot@anthropic.com)"
74.7.227.147 - - [31/Aug/2026:09:33:17 -0400] "GET /kb/books/jmh/jmh71/jmh71b/tn/tn_IMG_0143.png HTTP/2" 404 1251 "https://ko0.us/jmh71b.htm" "Mozilla/5.0 AppleWebKit/537.36 (KHTML, like Gecko; compatible; GPTBot/1.4; +https://openai.com/gptbot)"
185.191.171.12 - - [31/Aug/2026:09:33:21 -0400] "GET /index_vu_20200306_0730.html HTTP/1.1" 404 1251 "-" "Mozilla/5.0 (compatible; SemrushBot/7~bl; +http://www.semrush.com/bot.html)"
216.73.216.164 - - [31/Aug/2026:09:33:21 -0400] "GET /ko_center/zm5/hrc_cr03c12/TileGroup6/6-35-22.jpg HTTP/2" 200 1651 "-" "Mozilla/5.0 AppleWebKit/537.36 (KHTML, like Gecko; compatible; ClaudeBot/1.0; +claudebot@anthropic.com)"
85.208.96.210 - - [31/Aug/2026:09:33:22 -0400] "GET /svc/jqgrid/getex.html HTTP/1.1" 404 1251 "-" "Mozilla/5.0 (compatible; SemrushBot/7~bl; +http://www.semrush.com/bot.html)"
74.7.227.147 - - [31/Aug/2026:09:33:26 -0400] "GET /kb/books/jmh/jmh71/jmh71b/tn/tn_IMG_0881.png HTTP/2" 404 1251 "https://ko0.us/jmh71b.htm" "Mozilla/5.0 AppleWebKit/537.36 (KHTML, like Gecko; compatible; GPTBot/1.4; +https://openai.com/gptbot)"
216.73.216.164 - - [31/Aug/2026:09:33:26 -0400] "GET /ko_center/zm5/hrc_cr11c45/TileGroup7/6-46-30.jpg HTTP/2" 200 1445 "-" "Mozilla/5.0 AppleWebKit/537.36 (KHTML, like Gecko; compatible; ClaudeBot/1.0; +claudebot@anthropic.com)"
74.7.227.147 - - [31/Aug/2026:09:33:31 -0400] "GET /kb/books/jmh/jmh71/jmh71b/tn/tn_IMG_1140.png HTTP/2" 404 1251 "https://ko0.us/jmh71b.htm" "Mozilla/5.0 AppleWebKit/537.36 (KHTML, like Gecko; compatible; GPTBot/1.4; +https://openai.com/gptbot)"
216.73.216.164 - - [31/Aug/2026:09:33:31 -0400] "GET /ko_center/zm5/hrc_cr10c42/TileGroup6/6-45-22.jpg HTTP/2" 200 6447 "-" "Mozilla/5.0 AppleWebKit/537.36 (KHTML, like Gecko; compatible; ClaudeBot/1.0; +claudebot@anthropic.com)"
74.7.227.147 - - [31/Aug/2026:09:33:32 -0400] "GET /kb/books/jmh/jmh71/jmh71b/tn/tn_IMG_1303.png HTTP/2" 404 1251 "https://ko0.us/jmh71b.htm" "Mozilla/5.0 AppleWebKit/537.36 (KHTML, like Gecko; compatible; GPTBot/1.4; +https://openai.com/gptbot)"
74.7.227.147 - - [31/Aug/2026:09:33:34 -0400] "GET /kb/books/jmh/jmh71/jmh71b/tn/tn_IMG_0174.png HTTP/2" 404 1251 "https://ko0.us/jmh71b.htm" "Mozilla/5.0 AppleWebKit/537.36 (KHTML, like Gecko; compatible; GPTBot/1.4; +https://openai.com/gptbot)"
216.73.216.164 - - [31/Aug/2026:09:33:36 -0400] "GET /ko_center/zm5/hrc_cr03c12/TileGroup6/6-45-22.jpg HTTP/2" 200 1651 "-" "Mozilla/5.0 AppleWebKit/537.36 (KHTML, like Gecko; compatible; ClaudeBot/1.0; +claudebot@anthropic.com)"
74.7.227.147 - - [31/Aug/2026:09:33:39 -0400] "GET /kb/books/jmh/jmh71/jmh71b/tn/tn_IMG_0161.png HTTP/2" 404 1251 "https://ko0.us/jmh71b.htm" "Mozilla/5.0 AppleWebKit/537.36 (KHTML, like Gecko; compatible; GPTBot/1.4; +https://openai.com/gptbot)"
74.7.227.147 - - [31/Aug/2026:09:33:41 -0400] "GET /kb/books/jmh/jmh71/jmh71b/tn/tn_IMG_0619.png HTTP/2" 404 1251 "https://ko0.us/jmh71b.htm" "Mozilla/5.0 AppleWebKit/537.36 (KHTML, like Gecko; compatible; GPTBot/1.4; +https://openai.com/gptbot)"
216.73.216.164 - - [31/Aug/2026:09:33:41 -0400] "GET /ko_center/zm5/hrc_cr10c42/TileGroup6/6-5-26.jpg HTTP/2" 200 1651 "-" "Mozilla/5.0 AppleWebKit/537.36 (KHTML, like Gecko; compatible; ClaudeBot/1.0; +claudebot@anthropic.com)"
74.7.227.147 - - [31/Aug/2026:09:33:43 -0400] "GET /kb/books/jmh/jmh71/jmh71b/tn/tn_IMG_1242.png HTTP/2" 404 1251 "https://ko0.us/jmh71b.htm" "Mozilla/5.0 AppleWebKit/537.36 (KHTML, like Gecko; compatible; GPTBot/1.4; +https://openai.com/gptbot)"
74.7.227.147 - - [31/Aug/2026:09:33:44 -0400] "GET /kb/books/jmh/jmh71/jmh71b/tn/tn_IMG_1074.png HTTP/2" 404 1251 "https://ko0.us/jmh71b.htm" "Mozilla/5.0 AppleWebKit/537.36 (KHTML, like Gecko; compatible; GPTBot/1.4; +https://openai.com/gptbot)"
216.73.216.164 - - [31/Aug/2026:09:33:46 -0400] "GET /ko_center/zm5/hrc_cr11c45/TileGroup7/6-30-28.jpg HTTP/2" 200 1651 "-" "Mozilla/5.0 AppleWebKit/537.36 (KHTML, like Gecko; compatible; ClaudeBot/1.0; +claudebot@anthropic.com)"
74.7.227.147 - - [31/Aug/2026:09:33:48 -0400] "GET /kb/books/jmh/jmh71/jmh71b/tn/tn_IMG_0512.png HTTP/2" 404 1251 "https://ko0.us/jmh71b.htm" "Mozilla/5.0 AppleWebKit/537.36 (KHTML, like Gecko; compatible; GPTBot/1.4; +https://openai.com/gptbot)"
74.7.227.147 - - [31/Aug/2026:09:33:51 -0400] "GET /kb/books/jmh/jmh71/jmh71b/tn/tn_IMG_0957.png HTTP/2" 404 1251 "https://ko0.us/jmh71b.htm" "Mozilla/5.0 AppleWebKit/537.36 (KHTML, like Gecko; compatible; GPTBot/1.4; +https://openai.com/gptbot)"
216.73.216.164 - - [31/Aug/2026:09:33:51 -0400] "GET /ko_center/zm5/hrc_cr10c42/TileGroup6/6-1-22.jpg HTTP/2" 200 1651 "-" "Mozilla/5.0 AppleWebKit/537.36 (KHTML, like Gecko; compatible; ClaudeBot/1.0; +claudebot@anthropic.com)"
74.7.227.147 - - [31/Aug/2026:09:33:56 -0400] "GET /kb/books/jmh/jmh71/jmh71b/tn/tn_IMG_1102.png HTTP/2" 404 1251 "https://ko0.us/jmh71b.htm" "Mozilla/5.0 AppleWebKit/537.36 (KHTML, like Gecko; compatible; GPTBot/1.4; +https://openai.com/gptbot)"
216.73.216.164 - - [31/Aug/2026:09:33:56 -0400] "GET /ko_center/zm5/hrc_cr03c12/TileGroup6/6-5-26.jpg HTTP/2" 200 1651 "-" "Mozilla/5.0 AppleWebKit/537.36 (KHTML, like Gecko; compatible; ClaudeBot/1.0; +claudebot@anthropic.com)"
74.7.227.147 - - [31/Aug/2026:09:34:00 -0400] "GET /kb/books/jmh/jmh71/jmh71b/tn/tn_IMG_1023.png HTTP/2" 404 1251 "https://ko0.us/jmh71b.htm" "Mozilla/5.0 AppleWebKit/537.36 (KHTML, like Gecko; compatible; GPTBot/1.4; +https://openai.com/gptbot)"
216.73.216.164 - - [31/Aug/2026:09:34:01 -0400] "GET /ko_center/zm5/hrc_cr11c45/TileGroup7/6-34-28.jpg HTTP/2" 200 1651 "-" "Mozilla/5.0 AppleWebKit/537.36 (KHTML, like Gecko; compatible; ClaudeBot/1.0; +claudebot@anthropic.com)"
74.7.227.147 - - [31/Aug/2026:09:34:03 -0400] "GET /kb/books/jmh/jmh71/jmh71b/tn/tn_IMG_0657.png HTTP/2" 404 1251 "https://ko0.us/jmh71b.htm" "Mozilla/5.0 AppleWebKit/537.36 (KHTML, like Gecko; compatible; GPTBot/1.4; +https://openai.com/gptbot)"
74.7.227.147 - - [31/Aug/2026:09:34:05 -0400] "GET /kb/books/jmh/jmh71/jmh71b/tn/tn_IMG_1015.png HTTP/2" 404 1251 "https://ko0.us/jmh71b.htm" "Mozilla/5.0 AppleWebKit/537.36 (KHTML, like Gecko; compatible; GPTBot/1.4; +https://openai.com/gptbot)"
216.73.216.164 - - [31/Aug/2026:09:34:07 -0400] "GET /ko_center/zm5/hrc_cr03c12/TileGroup6/6-1-22.jpg HTTP/2" 200 1651 "-" "Mozilla/5.0 AppleWebKit/537.36 (KHTML, like Gecko; compatible; ClaudeBot/1.0; +claudebot@anthropic.com)"
74.7.227.147 - - [31/Aug/2026:09:34:07 -0400] "GET /kb/books/jmh/jmh71/jmh71b/tn/tn_IMG_0674.png HTTP/2" 404 1251 "https://ko0.us/jmh71b.htm" "Mozilla/5.0 AppleWebKit/537.36 (KHTML, like Gecko; compatible; GPTBot/1.4; +https://openai.com/gptbot)"
74.7.227.147 - - [31/Aug/2026:09:34:10 -0400] "GET /kb/books/jmh/jmh71/jmh71b/tn/tn_IMG_0312.png HTTP/2" 404 1251 "https://ko0.us/jmh71b.htm" "Mozilla/5.0 AppleWebKit/537.36 (KHTML, like Gecko; compatible; GPTBot/1.4; +https://openai.com/gptbot)"
216.73.216.164 - - [31/Aug/2026:09:34:11 -0400] "GET /ko_center/zm5/hrc_cr11c45/TileGroup7/6-36-30.jpg HTTP/2" 200 1445 "-" "Mozilla/5.0 AppleWebKit/537.36 (KHTML, like Gecko; compatible; ClaudeBot/1.0; +claudebot@anthropic.com)"
216.73.216.164 - - [31/Aug/2026:09:34:17 -0400] "GET /ko_center/zm5/hrc_cr10c42/TileGroup6/6-46-22.jpg HTTP/2" 200 1651 "-" "Mozilla/5.0 AppleWebKit/537.36 (KHTML, like Gecko; compatible; ClaudeBot/1.0; +claudebot@anthropic.com)"
216.73.216.164 - - [31/Aug/2026:09:34:22 -0400] "GET /ko_center/zm5/hrc_dr13d09/TileGroup6/6-20-25.jpg HTTP/2" 200 1651 "-" "Mozilla/5.0 AppleWebKit/537.36 (KHTML, like Gecko; compatible; ClaudeBot/1.0; +claudebot@anthropic.com)"
74.7.227.147 - - [31/Aug/2026:09:34:24 -0400] "GET /kb/books/jmh/jmh71/jmh71b/tn/tn_IMG_1201.png HTTP/2" 404 1251 "https://ko0.us/jmh71b.htm" "Mozilla/5.0 AppleWebKit/537.36 (KHTML, like Gecko; compatible; GPTBot/1.4; +https://openai.com/gptbot)"
74.7.227.147 - - [31/Aug/2026:09:34:26 -0400] "GET /kb/books/jmh/jmh71/jmh71b/tn/tn_IMG_0478.png HTTP/2" 404 1251 "https://ko0.us/jmh71b.htm" "Mozilla/5.0 AppleWebKit/537.36 (KHTML, like Gecko; compatible; GPTBot/1.4; +https://openai.com/gptbot)"
207.46.13.92 - - [31/Aug/2026:09:32:41 -0400] "GET /index_sl_kb-books-tech-calculus.html HTTP/2" 404 1251 "-" "Mozilla/5.0 AppleWebKit/537.36 (KHTML, like Gecko; compatible; bingbot/2.0; +http://www.bing.com/bingbot.htm) Chrome/116.0.1938.76 Safari/537.36"
216.73.216.164 - - [31/Aug/2026:09:34:32 -0400] "GET /pn/ko_pn.php?dir=%2Fhome%2Fkozerus%2Fpublic_html%2Fpiwigo%2Fplugins%2FTakeATour%2Flanguage%2Feu_ES%2Fplugin.lang.php HTTP/2" 200 5465 "-" "Mozilla/5.0 AppleWebKit/537.36 (KHTML, like Gecko; compatible; ClaudeBot/1.0; +claudebot@anthropic.com)"
85.208.96.200 - - [31/Aug/2026:09:34:33 -0400] "GET /boilerplate/postcss HTTP/1.1" 404 1251 "-" "Mozilla/5.0 (compatible; SemrushBot/7~bl; +http://www.semrush.com/bot.html)"
216.73.216.164 - - [31/Aug/2026:09:34:37 -0400] "GET /pn/ko_pn.php?dir=%2Fhome%2Fkozerus%2Fpublic_html%2Fpiwigo%2Fplugins%2FTakeATour%2Flanguage%2Feu_ES%2Ftour_2_9_0.lang.php HTTP/2" 200 4620 "-" "Mozilla/5.0 AppleWebKit/537.36 (KHTML, like Gecko; compatible; ClaudeBot/1.0; +claudebot@anthropic.com)"
216.73.216.164 - - [31/Aug/2026:09:34:42 -0400] "GET /pn/ko_pn.php?dir=%2Fhome%2Fkozerus%2Fpublic_html%2Fpiwigo%2Fplugins%2FTakeATour%2Flanguage%2Feu_ES%2Fdescription.txt HTTP/2" 200 4023 "-" "Mozilla/5.0 AppleWebKit/537.36 (KHTML, like Gecko; compatible; ClaudeBot/1.0; +claudebot@anthropic.com)"
216.73.216.164 - - [31/Aug/2026:09:34:47 -0400] "GET /ko_center/zm5/hrc_dr22d45/TileGroup3/6-5-10.jpg HTTP/2" 200 1651 "-" "Mozilla/5.0 AppleWebKit/537.36 (KHTML, like Gecko; compatible; ClaudeBot/1.0; +claudebot@anthropic.com)"
216.73.216.164 - - [31/Aug/2026:09:34:52 -0400] "GET /ko_center/zm5/hrc_dr21d42/TileGroup6/6-2-22.jpg HTTP/2" 200 1651 "-" "Mozilla/5.0 AppleWebKit/537.36 (KHTML, like Gecko; compatible; ClaudeBot/1.0; +claudebot@anthropic.com)"
216.73.216.164 - - [31/Aug/2026:09:34:57 -0400] "GET /ko_center/zm5/hrc_c/TileGroup4/6-46-12.jpg HTTP/2" 200 1651 "-" "Mozilla/5.0 AppleWebKit/537.36 (KHTML, like Gecko; compatible; ClaudeBot/1.0; +claudebot@anthropic.com)"
216.73.216.164 - - [31/Aug/2026:09:35:02 -0400] "GET /ko_center/zm5/hrc_dr13d09/TileGroup1/5-4-10.jpg HTTP/2" 200 1651 "-" "Mozilla/5.0 AppleWebKit/537.36 (KHTML, like Gecko; compatible; ClaudeBot/1.0; +claudebot@anthropic.com)"
216.73.216.164 - - [31/Aug/2026:09:35:07 -0400] "GET /ko_center/zm5/hrc_d/TileGroup4/6-27-11.jpg HTTP/2" 200 1651 "-" "Mozilla/5.0 AppleWebKit/537.36 (KHTML, like Gecko; compatible; ClaudeBot/1.0; +claudebot@anthropic.com)"
216.73.216.164 - - [31/Aug/2026:09:35:12 -0400] "GET /pn/ko_pn.php?dir=%2Fhome%2Fkozerus%2Fpublic_html%2Fcropex%2Fjs%2Fwz%2Fwz_sailboat%2Fsun.png HTTP/2" 200 3892 "-" "Mozilla/5.0 AppleWebKit/537.36 (KHTML, like Gecko; compatible; ClaudeBot/1.0; +claudebot@anthropic.com)"
216.73.216.164 - - [31/Aug/2026:09:35:17 -0400] "GET /ko_center/zm5/hrc_c/TileGroup4/6-45-15.jpg HTTP/2" 429 0 "-" "Mozilla/5.0 AppleWebKit/537.36 (KHTML, like Gecko; compatible; ClaudeBot/1.0; +claudebot@anthropic.com)"
216.73.216.164 - - [31/Aug/2026:09:35:22 -0400] "GET /pn/ko_pn.php?dir=%2Fhome%2Fkozerus%2Fpublic_html%2Fgo%2Fpages%2Fzn%2Fzn_24.jpg HTTP/2" 200 3930 "-" "Mozilla/5.0 AppleWebKit/537.36 (KHTML, like Gecko; compatible; ClaudeBot/1.0; +claudebot@anthropic.com)"
66.249.69.227 - - [31/Aug/2026:09:35:23 -0400] "GET /fb/kolog/pages/zn/zn_24.jpg HTTP/1.1" 404 1251 "-" "Googlebot-Image/1.0"
216.73.216.164 - - [31/Aug/2026:09:35:27 -0400] "GET /ko_center/zm5/hrc_d/TileGroup6/6-34-21.jpg HTTP/2" 429 0 "-" "Mozilla/5.0 AppleWebKit/537.36 (KHTML, like Gecko; compatible; ClaudeBot/1.0; +claudebot@anthropic.com)"
216.73.216.164 - - [31/Aug/2026:09:35:32 -0400] "GET /ko_center/ko_plans/images/plan1_cab2_cy42_000_054.png HTTP/2" 404 1251 "-" "Mozilla/5.0 AppleWebKit/537.36 (KHTML, like Gecko; compatible; ClaudeBot/1.0; +claudebot@anthropic.com)"
216.73.216.164 - - [31/Aug/2026:09:35:37 -0400] "GET /ko_center/zm5/hrc_dr21d42/TileGroup0/5-9-1.jpg HTTP/2" 200 5085 "-" "Mozilla/5.0 AppleWebKit/537.36 (KHTML, like Gecko; compatible; ClaudeBot/1.0; +claudebot@anthropic.com)"
216.73.216.164 - - [31/Aug/2026:09:34:27 -0400] "GET /ko_center/zm5/hrc_dr17d26/TileGroup3/6-34-6.jpg HTTP/2" 200 6139 "-" "Mozilla/5.0 AppleWebKit/537.36 (KHTML, like Gecko; compatible; ClaudeBot/1.0; +claudebot@anthropic.com)"
74.7.227.147 - - [31/Aug/2026:09:34:32 -0400] "GET /kb/books/jmh/jmh71/jmh71b/tn/tn_IMG_0702.png HTTP/2" 404 1251 "https://ko0.us/jmh71b.htm" "Mozilla/5.0 AppleWebKit/537.36 (KHTML, like Gecko; compatible; GPTBot/1.4; +https://openai.com/gptbot)"
74.7.227.147 - - [31/Aug/2026:09:34:36 -0400] "GET /kb/books/jmh/jmh71/jmh71b/tn/tn_IMG_1448.png HTTP/2" 404 1251 "https://ko0.us/jmh71b.htm" "Mozilla/5.0 AppleWebKit/537.36 (KHTML, like Gecko; compatible; GPTBot/1.4; +https://openai.com/gptbot)"
74.7.227.147 - - [31/Aug/2026:09:34:38 -0400] "GET /kb/books/jmh/jmh71/jmh71b/tn/tn_IMG_0421.png HTTP/2" 404 1251 "https://ko0.us/jmh71b.htm" "Mozilla/5.0 AppleWebKit/537.36 (KHTML, like Gecko; compatible; GPTBot/1.4; +https://openai.com/gptbot)"
74.7.227.147 - - [31/Aug/2026:09:34:48 -0400] "GET /kb/books/jmh/jmh71/jmh71b/tn/tn_IMG_0431.png HTTP/2" 404 1251 "https://ko0.us/jmh71b.htm" "Mozilla/5.0 AppleWebKit/537.36 (KHTML, like Gecko; compatible; GPTBot/1.4; +https://openai.com/gptbot)"
74.7.227.147 - - [31/Aug/2026:09:34:51 -0400] "GET /kb/books/jmh/jmh71/jmh71b/tn/tn_IMG_1454.png HTTP/2" 404 1251 "https://ko0.us/jmh71b.htm" "Mozilla/5.0 AppleWebKit/537.36 (KHTML, like Gecko; compatible; GPTBot/1.4; +https://openai.com/gptbot)"
74.7.227.147 - - [31/Aug/2026:09:34:55 -0400] "GET /kb/books/jmh/jmh71/jmh71b/tn/tn_IMG_1196.png HTTP/2" 404 1251 "https://ko0.us/jmh71b.htm" "Mozilla/5.0 AppleWebKit/537.36 (KHTML, like Gecko; compatible; GPTBot/1.4; +https://openai.com/gptbot)"
74.7.227.147 - - [31/Aug/2026:09:34:58 -0400] "GET /kb/books/jmh/jmh71/jmh71b/tn/tn_IMG_1099.png HTTP/2" 404 1251 "https://ko0.us/jmh71b.htm" "Mozilla/5.0 AppleWebKit/537.36 (KHTML, like Gecko; compatible; GPTBot/1.4; +https://openai.com/gptbot)"
74.7.227.147 - - [31/Aug/2026:09:35:00 -0400] "GET /kb/books/jmh/jmh71/jmh71b/tn/tn_IMG_0708.png HTTP/2" 404 1251 "https://ko0.us/jmh71b.htm" "Mozilla/5.0 AppleWebKit/537.36 (KHTML, like Gecko; compatible; GPTBot/1.4; +https://openai.com/gptbot)"
74.7.227.147 - - [31/Aug/2026:09:35:03 -0400] "GET /kb/books/jmh/jmh71/jmh71b/tn/tn_IMG_1327.png HTTP/2" 404 1251 "https://ko0.us/jmh71b.htm" "Mozilla/5.0 AppleWebKit/537.36 (KHTML, like Gecko; compatible; GPTBot/1.4; +https://openai.com/gptbot)"
74.7.227.147 - - [31/Aug/2026:09:35:05 -0400] "GET /kb/books/jmh/jmh71/jmh71b/tn/tn_IMG_1045.png HTTP/2" 404 1251 "https://ko0.us/jmh71b.htm" "Mozilla/5.0 AppleWebKit/537.36 (KHTML, like Gecko; compatible; GPTBot/1.4; +https://openai.com/gptbot)"
74.7.227.147 - - [31/Aug/2026:09:35:19 -0400] "GET /kb/books/jmh/jmh71/jmh71b/tn/tn_IMG_1452.png HTTP/2" 404 1251 "https://ko0.us/jmh71b.htm" "Mozilla/5.0 AppleWebKit/537.36 (KHTML, like Gecko; compatible; GPTBot/1.4; +https://openai.com/gptbot)"
74.7.227.147 - - [31/Aug/2026:09:35:26 -0400] "GET /kb/books/jmh/jmh71/jmh71b/tn/tn_IMG_0729.png HTTP/2" 404 1251 "https://ko0.us/jmh71b.htm" "Mozilla/5.0 AppleWebKit/537.36 (KHTML, like Gecko; compatible; GPTBot/1.4; +https://openai.com/gptbot)"
74.7.227.147 - - [31/Aug/2026:09:35:33 -0400] "GET /kb/books/jmh/jmh71/jmh71b/tn/tn_IMG_0511.png HTTP/2" 404 1251 "https://ko0.us/jmh71b.htm" "Mozilla/5.0 AppleWebKit/537.36 (KHTML, like Gecko; compatible; GPTBot/1.4; +https://openai.com/gptbot)"
74.7.227.147 - - [31/Aug/2026:09:35:36 -0400] "GET /kb/books/jmh/jmh71/jmh71b/tn/tn_IMG_0297.png HTTP/2" 404 1251 "https://ko0.us/jmh71b.htm" "Mozilla/5.0 AppleWebKit/537.36 (KHTML, like Gecko; compatible; GPTBot/1.4; +https://openai.com/gptbot)"
74.7.227.147 - - [31/Aug/2026:09:35:43 -0400] "GET /kb/books/jmh/jmh71/jmh71b/tn/tn_IMG_0973.png HTTP/2" 404 1251 "https://ko0.us/jmh71b.htm" "Mozilla/5.0 AppleWebKit/537.36 (KHTML, like Gecko; compatible; GPTBot/1.4; +https://openai.com/gptbot)"
74.7.227.147 - - [31/Aug/2026:09:35:48 -0400] "GET /kb/books/jmh/jmh71/jmh71b/tn/tn_IMG_1236.png HTTP/2" 404 1251 "https://ko0.us/jmh71b.htm" "Mozilla/5.0 AppleWebKit/537.36 (KHTML, like Gecko; compatible; GPTBot/1.4; +https://openai.com/gptbot)"
74.7.227.147 - - [31/Aug/2026:09:35:51 -0400] "GET /kb/books/jmh/jmh71/jmh71b/tn/tn_IMG_0754.png HTTP/2" 404 1251 "https://ko0.us/jmh71b.htm" "Mozilla/5.0 AppleWebKit/537.36 (KHTML, like Gecko; compatible; GPTBot/1.4; +https://openai.com/gptbot)"
74.7.227.147 - - [31/Aug/2026:09:35:53 -0400] "GET /kb/books/jmh/jmh71/jmh71b/tn/tn_IMG_0327.png HTTP/2" 404 1251 "https://ko0.us/jmh71b.htm" "Mozilla/5.0 AppleWebKit/537.36 (KHTML, like Gecko; compatible; GPTBot/1.4; +https://openai.com/gptbot)"
74.7.227.147 - - [31/Aug/2026:09:35:55 -0400] "GET /kb/books/jmh/jmh71/jmh71b/tn/tn_IMG_1195.png HTTP/2" 404 1251 "https://ko0.us/jmh71b.htm" "Mozilla/5.0 AppleWebKit/537.36 (KHTML, like Gecko; compatible; GPTBot/1.4; +https://openai.com/gptbot)"
74.7.227.147 - - [31/Aug/2026:09:36:02 -0400] "GET /kb/books/jmh/jmh71/jmh71b/tn/tn_IMG_0768.png HTTP/2" 404 1251 "https://ko0.us/jmh71b.htm" "Mozilla/5.0 AppleWebKit/537.36 (KHTML, like Gecko; compatible; GPTBot/1.4; +https://openai.com/gptbot)"
74.7.227.147 - - [31/Aug/2026:09:36:05 -0400] "GET /kb/books/jmh/jmh71/jmh71b/tn/tn_IMG_1227.png HTTP/2" 404 1251 "https://ko0.us/jmh71b.htm" "Mozilla/5.0 AppleWebKit/537.36 (KHTML, like Gecko; compatible; GPTBot/1.4; +https://openai.com/gptbot)"
74.7.227.147 - - [31/Aug/2026:09:36:07 -0400] "GET /kb/books/jmh/jmh71/jmh71b/tn/tn_IMG_1086.png HTTP/2" 404 1251 "https://ko0.us/jmh71b.htm" "Mozilla/5.0 AppleWebKit/537.36 (KHTML, like Gecko; compatible; GPTBot/1.4; +https://openai.com/gptbot)"
74.7.227.147 - - [31/Aug/2026:09:36:09 -0400] "GET /kb/books/jmh/jmh71/jmh71b/tn/tn_IMG_1425.png HTTP/2" 404 1251 "https://ko0.us/jmh71b.htm" "Mozilla/5.0 AppleWebKit/537.36 (KHTML, like Gecko; compatible; GPTBot/1.4; +https://openai.com/gptbot)"
74.7.227.147 - - [31/Aug/2026:09:36:10 -0400] "GET /kb/books/jmh/jmh71/jmh71b/tn/tn_IMG_0516.png HTTP/2" 404 1251 "https://ko0.us/jmh71b.htm" "Mozilla/5.0 AppleWebKit/537.36 (KHTML, like Gecko; compatible; GPTBot/1.4; +https://openai.com/gptbot)"
74.7.227.147 - - [31/Aug/2026:09:36:17 -0400] "GET /kb/books/jmh/jmh71/jmh71b/tn/tn_IMG_1433.png HTTP/2" 404 1251 "https://ko0.us/jmh71b.htm" "Mozilla/5.0 AppleWebKit/537.36 (KHTML, like Gecko; compatible; GPTBot/1.4; +https://openai.com/gptbot)"
74.7.227.147 - - [31/Aug/2026:09:36:19 -0400] "GET /kb/books/jmh/jmh71/jmh71b/tn/tn_IMG_1292.png HTTP/2" 404 1251 "https://ko0.us/jmh71b.htm" "Mozilla/5.0 AppleWebKit/537.36 (KHTML, like Gecko; compatible; GPTBot/1.4; +https://openai.com/gptbot)"
74.7.227.147 - - [31/Aug/2026:09:36:21 -0400] "GET /kb/books/jmh/jmh71/jmh71b/tn/tn_IMG_0970.png HTTP/2" 404 1251 "https://ko0.us/jmh71b.htm" "Mozilla/5.0 AppleWebKit/537.36 (KHTML, like Gecko; compatible; GPTBot/1.4; +https://openai.com/gptbot)"
74.7.227.147 - - [31/Aug/2026:09:36:28 -0400] "GET /kb/books/jmh/jmh71/jmh71b/tn/tn_IMG_1302.png HTTP/2" 404 1251 "https://ko0.us/jmh71b.htm" "Mozilla/5.0 AppleWebKit/537.36 (KHTML, like Gecko; compatible; GPTBot/1.4; +https://openai.com/gptbot)"
74.7.227.147 - - [31/Aug/2026:09:36:29 -0400] "GET /kb/books/jmh/jmh71/jmh71b/tn/tn_IMG_0577.png HTTP/2" 404 1251 "https://ko0.us/jmh71b.htm" "Mozilla/5.0 AppleWebKit/537.36 (KHTML, like Gecko; compatible; GPTBot/1.4; +https://openai.com/gptbot)"
74.7.227.147 - - [31/Aug/2026:09:36:31 -0400] "GET /kb/books/jmh/jmh71/jmh71b/tn/tn_IMG_0734.png HTTP/2" 404 1251 "https://ko0.us/jmh71b.htm" "Mozilla/5.0 AppleWebKit/537.36 (KHTML, like Gecko; compatible; GPTBot/1.4; +https://openai.com/gptbot)"
74.7.227.147 - - [31/Aug/2026:09:36:38 -0400] "GET /kb/books/jmh/jmh71/jmh71b/tn/tn_IMG_1274.png HTTP/2" 404 1251 "https://ko0.us/jmh71b.htm" "Mozilla/5.0 AppleWebKit/537.36 (KHTML, like Gecko; compatible; GPTBot/1.4; +https://openai.com/gptbot)"
216.73.216.164 - - [31/Aug/2026:09:35:42 -0400] "GET /ko_center/zm5/hrc_d/TileGroup6/6-47-21.jpg HTTP/2" 429 0 "-" "Mozilla/5.0 AppleWebKit/537.36 (KHTML, like Gecko; compatible; ClaudeBot/1.0; +claudebot@anthropic.com)"
216.73.216.164 - - [31/Aug/2026:09:35:47 -0400] "GET /ko_center/zm5/hrc_cr10c42/TileGroup2/6-9-2.jpg HTTP/2" 200 1651 "-" "Mozilla/5.0 AppleWebKit/537.36 (KHTML, like Gecko; compatible; ClaudeBot/1.0; +claudebot@anthropic.com)"
216.73.216.164 - - [31/Aug/2026:09:35:52 -0400] "GET /zc/imgs/peddlers/peddler_custom_rails.jpg HTTP/2" 429 0 "-" "Mozilla/5.0 AppleWebKit/537.36 (KHTML, like Gecko; compatible; ClaudeBot/1.0; +claudebot@anthropic.com)"
216.73.216.164 - - [31/Aug/2026:09:35:57 -0400] "GET /pn/ko_pn.php?dir=%2Fhome%2Fkozerus%2Fpublic_html%2Fjs%2Fturnjs4%2Fsamples%2Fsteve-jobs%2Fpics%2F42.jpg HTTP/2" 200 3886 "-" "Mozilla/5.0 AppleWebKit/537.36 (KHTML, like Gecko; compatible; ClaudeBot/1.0; +claudebot@anthropic.com)"
66.249.69.228 - - [31/Aug/2026:09:36:02 -0400] "GET /fb/jtfinc/jtf21/pages/zn/zn_11.jpg HTTP/1.1" 404 1251 "-" "Googlebot-Image/1.0"
216.73.216.164 - - [31/Aug/2026:09:36:02 -0400] "GET /pn/ko_pn.php?dir=%2Fhome%2Fkozerus%2Fpublic_html%2Fgo%2Fpages%2Fzn%2Fzn_12.jpg HTTP/2" 429 0 "-" "Mozilla/5.0 AppleWebKit/537.36 (KHTML, like Gecko; compatible; ClaudeBot/1.0; +claudebot@anthropic.com)"
216.73.216.164 - - [31/Aug/2026:09:36:07 -0400] "GET /ko_center/zm5/hrc_dr20d37/TileGroup3/6-32-7.jpg HTTP/2" 200 8586 "-" "Mozilla/5.0 AppleWebKit/537.36 (KHTML, like Gecko; compatible; ClaudeBot/1.0; +claudebot@anthropic.com)"
216.73.216.164 - - [31/Aug/2026:09:36:12 -0400] "GET /pn/ko_pn.php?dir=%2Fhome%2Fkozerus%2Fpublic_html%2Fimgs%2Fbtn%2Fgiphy_phone01_02.png HTTP/2" 429 0 "-" "Mozilla/5.0 AppleWebKit/537.36 (KHTML, like Gecko; compatible; ClaudeBot/1.0; +claudebot@anthropic.com)"
216.73.216.164 - - [31/Aug/2026:09:36:17 -0400] "GET /ko_center/zm5/hrc_dr14d12/TileGroup2/6-6-5.jpg HTTP/2" 200 1651 "-" "Mozilla/5.0 AppleWebKit/537.36 (KHTML, like Gecko; compatible; ClaudeBot/1.0; +claudebot@anthropic.com)"
185.191.171.18 - - [31/Aug/2026:09:36:17 -0400] "GET /mob_vu_best.html HTTP/1.1" 200 1099820 "-" "Mozilla/5.0 (compatible; SemrushBot/7~bl; +http://www.semrush.com/bot.html)"
216.73.216.164 - - [31/Aug/2026:09:36:22 -0400] "GET /pn/ko_pn.php?dir=%2Fhome%2Fkozerus%2Fpublic_html%2Fcropex%2Fjs%2Fwz%2Fwz_connect%2Flaptop_win.png HTTP/2" 429 0 "-" "Mozilla/5.0 AppleWebKit/537.36 (KHTML, like Gecko; compatible; ClaudeBot/1.0; +claudebot@anthropic.com)"
216.73.216.164 - - [31/Aug/2026:09:36:27 -0400] "GET /ko_center/zm5/hrc_cr03c12/TileGroup2/6-9-2.jpg HTTP/2" 200 1651 "-" "Mozilla/5.0 AppleWebKit/537.36 (KHTML, like Gecko; compatible; ClaudeBot/1.0; +claudebot@anthropic.com)"
216.73.216.164 - - [31/Aug/2026:09:36:32 -0400] "GET /ko_center/zm5/hrc_dr20d37/TileGroup3/6-27-9.jpg HTTP/2" 429 0 "-" "Mozilla/5.0 AppleWebKit/537.36 (KHTML, like Gecko; compatible; ClaudeBot/1.0; +claudebot@anthropic.com)"
216.73.216.164 - - [31/Aug/2026:09:36:37 -0400] "GET /pn/ko_pn.php?dir=%2Fhome%2Fkozerus%2Fpublic_html%2Fzm%2Fhrc2011%2FTileGroup10%2F7-43-18.jpg HTTP/2" 200 3897 "-" "Mozilla/5.0 AppleWebKit/537.36 (KHTML, like Gecko; compatible; ClaudeBot/1.0; +claudebot@anthropic.com)"
216.73.216.164 - - [31/Aug/2026:09:36:42 -0400] "GET /ko_center/zm5/hrc_dr19d34/TileGroup5/6-2-18.jpg HTTP/2" 429 0 "-" "Mozilla/5.0 AppleWebKit/537.36 (KHTML, like Gecko; compatible; ClaudeBot/1.0; +claudebot@anthropic.com)"
216.73.216.164 - - [31/Aug/2026:09:36:47 -0400] "GET /ko_center/zm5/hrc_d/TileGroup4/6-27-14.jpg HTTP/2" 200 1651 "-" "Mozilla/5.0 AppleWebKit/537.36 (KHTML, like Gecko; compatible; ClaudeBot/1.0; +claudebot@anthropic.com)"
216.73.216.164 - - [31/Aug/2026:09:36:52 -0400] "GET /ko_center/zm5/hrc_dr20d37/TileGroup1/5-8-7.jpg HTTP/2" 429 0 "-" "Mozilla/5.0 AppleWebKit/537.36 (KHTML, like Gecko; compatible; ClaudeBot/1.0; +claudebot@anthropic.com)"
74.7.227.147 - - [31/Aug/2026:09:36:45 -0400] "GET /kb/books/jmh/jmh71/jmh71b/tn/tn_IMG_0182.png HTTP/2" 404 1251 "https://ko0.us/jmh71b.htm" "Mozilla/5.0 AppleWebKit/537.36 (KHTML, like Gecko; compatible; GPTBot/1.4; +https://openai.com/gptbot)"
74.7.227.147 - - [31/Aug/2026:09:36:48 -0400] "GET /kb/books/jmh/jmh71/jmh71b/tn/tn_IMG_1040.png HTTP/2" 404 1251 "https://ko0.us/jmh71b.htm" "Mozilla/5.0 AppleWebKit/537.36 (KHTML, like Gecko; compatible; GPTBot/1.4; +https://openai.com/gptbot)"
74.7.227.147 - - [31/Aug/2026:09:36:50 -0400] "GET /kb/books/jmh/jmh71/jmh71b/tn/tn_IMG_1385.png HTTP/2" 404 1251 "https://ko0.us/jmh71b.htm" "Mozilla/5.0 AppleWebKit/537.36 (KHTML, like Gecko; compatible; GPTBot/1.4; +https://openai.com/gptbot)"
74.7.227.147 - - [31/Aug/2026:09:36:52 -0400] "GET /kb/books/jmh/jmh71/jmh71b/tn/tn_IMG_0199.png HTTP/2" 404 1251 "https://ko0.us/jmh71b.htm" "Mozilla/5.0 AppleWebKit/537.36 (KHTML, like Gecko; compatible; GPTBot/1.4; +https://openai.com/gptbot)"
74.7.227.147 - - [31/Aug/2026:09:36:57 -0400] "GET /kb/books/jmh/jmh71/jmh71b/tn/tn_IMG_0207.png HTTP/2" 404 1251 "https://ko0.us/jmh71b.htm" "Mozilla/5.0 AppleWebKit/537.36 (KHTML, like Gecko; compatible; GPTBot/1.4; +https://openai.com/gptbot)"
17.166.21.242 - - [31/Aug/2026:09:36:57 -0400] "GET /mking/ HTTP/2" 200 18698 "-" "Mozilla/5.0 (Macintosh; Intel Mac OS X 10_15_7) AppleWebKit/605.1.15 (KHTML, like Gecko) Version/17.4 Safari/605.1.15 (Applebot/0.1; +http://www.apple.com/go/applebot)"
74.7.227.147 - - [31/Aug/2026:09:37:00 -0400] "GET /kb/books/jmh/jmh71/jmh71b/tn/tn_IMG_0631.png HTTP/2" 404 1251 "https://ko0.us/jmh71b.htm" "Mozilla/5.0 AppleWebKit/537.36 (KHTML, like Gecko; compatible; GPTBot/1.4; +https://openai.com/gptbot)"
74.7.227.147 - - [31/Aug/2026:09:37:02 -0400] "GET /kb/books/jmh/jmh71/jmh71b/tn/tn_IMG_1342.png HTTP/2" 404 1251 "https://ko0.us/jmh71b.htm" "Mozilla/5.0 AppleWebKit/537.36 (KHTML, like Gecko; compatible; GPTBot/1.4; +https://openai.com/gptbot)"
74.7.227.147 - - [31/Aug/2026:09:37:04 -0400] "GET /kb/books/jmh/jmh71/jmh71b/tn/tn_IMG_1264.png HTTP/2" 404 1251 "https://ko0.us/jmh71b.htm" "Mozilla/5.0 AppleWebKit/537.36 (KHTML, like Gecko; compatible; GPTBot/1.4; +https://openai.com/gptbot)"
74.7.227.147 - - [31/Aug/2026:09:37:10 -0400] "GET /kb/books/jmh/jmh71/jmh71b/tn/tn_IMG_0131.png HTTP/2" 404 1251 "https://ko0.us/jmh71b.htm" "Mozilla/5.0 AppleWebKit/537.36 (KHTML, like Gecko; compatible; GPTBot/1.4; +https://openai.com/gptbot)"
74.7.227.147 - - [31/Aug/2026:09:37:14 -0400] "GET /kb/books/jmh/jmh71/jmh71b/tn/tn_IMG_1362.png HTTP/2" 404 1251 "https://ko0.us/jmh71b.htm" "Mozilla/5.0 AppleWebKit/537.36 (KHTML, like Gecko; compatible; GPTBot/1.4; +https://openai.com/gptbot)"
185.191.171.2 - - [31/Aug/2026:09:37:14 -0400] "GET /jtfdcr/index.html HTTP/1.1" 404 1251 "-" "Mozilla/5.0 (compatible; SemrushBot/7~bl; +http://www.semrush.com/bot.html)"
74.7.227.147 - - [31/Aug/2026:09:37:17 -0400] "GET /kb/books/jmh/jmh71/jmh71b/tn/tn_IMG_0187.png HTTP/2" 404 1251 "https://ko0.us/jmh71b.htm" "Mozilla/5.0 AppleWebKit/537.36 (KHTML, like Gecko; compatible; GPTBot/1.4; +https://openai.com/gptbot)"
74.7.227.147 - - [31/Aug/2026:09:37:21 -0400] "GET /kb/books/jmh/jmh71/jmh71b/tn/tn_IMG_1449.png HTTP/2" 404 1251 "https://ko0.us/jmh71b.htm" "Mozilla/5.0 AppleWebKit/537.36 (KHTML, like Gecko; compatible; GPTBot/1.4; +https://openai.com/gptbot)"
74.7.227.147 - - [31/Aug/2026:09:37:24 -0400] "GET /kb/books/jmh/jmh71/jmh71b/tn/tn_IMG_0627.png HTTP/2" 404 1251 "https://ko0.us/jmh71b.htm" "Mozilla/5.0 AppleWebKit/537.36 (KHTML, like Gecko; compatible; GPTBot/1.4; +https://openai.com/gptbot)"
74.7.227.147 - - [31/Aug/2026:09:37:28 -0400] "GET /kb/books/jmh/jmh71/jmh71b/tn/tn_IMG_1138.png HTTP/2" 404 1251 "https://ko0.us/jmh71b.htm" "Mozilla/5.0 AppleWebKit/537.36 (KHTML, like Gecko; compatible; GPTBot/1.4; +https://openai.com/gptbot)"
17.166.25.195 - - [31/Aug/2026:09:36:55 -0400] "GET /tmdata.html HTTP/2" 200 8155 "-" "Mozilla/5.0 (Macintosh; Intel Mac OS X 10_15_7) AppleWebKit/605.1.15 (KHTML, like Gecko) Version/17.4 Safari/605.1.15 (Applebot/0.1; +http://www.apple.com/go/applebot)"
216.73.216.164 - - [31/Aug/2026:09:36:57 -0400] "GET /ko_center/zm5/hrc_dr15d17/TileGroup2/6-7-1.jpg HTTP/2" 200 1651 "-" "Mozilla/5.0 AppleWebKit/537.36 (KHTML, like Gecko; compatible; ClaudeBot/1.0; +claudebot@anthropic.com)"
216.73.216.164 - - [31/Aug/2026:09:37:02 -0400] "GET /ko_center/zm5/hrc_dr22d45/TileGroup3/6-17-7.jpg HTTP/2" 429 0 "-" "Mozilla/5.0 AppleWebKit/537.36 (KHTML, like Gecko; compatible; ClaudeBot/1.0; +claudebot@anthropic.com)"
216.73.216.164 - - [31/Aug/2026:09:37:07 -0400] "GET /ko_center/zm5/hrc_dr21d42/TileGroup0/5-6-3.jpg HTTP/2" 200 7181 "-" "Mozilla/5.0 AppleWebKit/537.36 (KHTML, like Gecko; compatible; ClaudeBot/1.0; +claudebot@anthropic.com)"
216.73.216.164 - - [31/Aug/2026:09:37:12 -0400] "GET /imgs/links/tn/tn_snap_20170123_168397.png HTTP/2" 429 0 "-" "Mozilla/5.0 AppleWebKit/537.36 (KHTML, like Gecko; compatible; ClaudeBot/1.0; +claudebot@anthropic.com)"
216.73.216.164 - - [31/Aug/2026:09:37:17 -0400] "GET /ko_center/zm5/hrc_dr20d37/TileGroup0/3-1-0.jpg HTTP/2" 200 9024 "-" "Mozilla/5.0 AppleWebKit/537.36 (KHTML, like Gecko; compatible; ClaudeBot/1.0; +claudebot@anthropic.com)"
216.73.216.164 - - [31/Aug/2026:09:37:22 -0400] "GET /ko_center/zm5/hrc_dr13d09/TileGroup1/5-6-7.jpg HTTP/2" 429 0 "-" "Mozilla/5.0 AppleWebKit/537.36 (KHTML, like Gecko; compatible; ClaudeBot/1.0; +claudebot@anthropic.com)"
216.73.216.164 - - [31/Aug/2026:09:37:27 -0400] "GET /go/imgs/bg/wood_23.jpg HTTP/2" 200 13780 "-" "Mozilla/5.0 AppleWebKit/537.36 (KHTML, like Gecko; compatible; ClaudeBot/1.0; +claudebot@anthropic.com)"
216.73.216.164 - - [31/Aug/2026:09:37:32 -0400] "GET /ko_center/zm5/hrc_dr18d29/TileGroup0/4-11-4.jpg HTTP/2" 429 0 "-" "Mozilla/5.0 AppleWebKit/537.36 (KHTML, like Gecko; compatible; ClaudeBot/1.0; +claudebot@anthropic.com)"
216.73.216.164 - - [31/Aug/2026:09:37:37 -0400] "GET /ko_center/zm5/hrc_dr17d26/TileGroup3/6-29-9.jpg HTTP/2" 200 10101 "-" "Mozilla/5.0 AppleWebKit/537.36 (KHTML, like Gecko; compatible; ClaudeBot/1.0; +claudebot@anthropic.com)"
185.191.171.2 - - [31/Aug/2026:09:37:39 -0400] "GET /index_stlc.html HTTP/1.1" 404 1251 "-" "Mozilla/5.0 (compatible; SemrushBot/7~bl; +http://www.semrush.com/bot.html)"
216.73.216.164 - - [31/Aug/2026:09:37:43 -0400] "GET /pn/ko_pn.php?dir=%2Fhome%2Fkozerus%2Fpublic_html%2Fpiwigo%2Flanguage%2Flt_LT%2Flt_LT.jpg HTTP/2" 429 0 "-" "Mozilla/5.0 AppleWebKit/537.36 (KHTML, like Gecko; compatible; ClaudeBot/1.0; +claudebot@anthropic.com)"
216.73.216.164 - - [31/Aug/2026:09:37:47 -0400] "GET /konet/zm/komap/TileGroup0/3-7-2.jpg HTTP/2" 200 18606 "-" "Mozilla/5.0 AppleWebKit/537.36 (KHTML, like Gecko; compatible; ClaudeBot/1.0; +claudebot@anthropic.com)"
216.73.216.164 - - [31/Aug/2026:09:37:52 -0400] "GET /cropex/imgs/btn/koeye_av_jtfinc.png HTTP/2" 429 0 "-" "Mozilla/5.0 AppleWebKit/537.36 (KHTML, like Gecko; compatible; ClaudeBot/1.0; +claudebot@anthropic.com)"
85.208.96.198 - - [31/Aug/2026:09:37:56 -0400] "GET /fb/kids HTTP/1.1" 404 1251 "-" "Mozilla/5.0 (compatible; SemrushBot/7~bl; +http://www.semrush.com/bot.html)"
216.73.216.164 - - [31/Aug/2026:09:37:57 -0400] "GET /pn/ko_pn.php?dir=%2Fhome%2Fkozerus%2Fpublic_html%2Fdgs%2Fimages%2F50%2Fb68.gif HTTP/2" 200 3942 "-" "Mozilla/5.0 AppleWebKit/537.36 (KHTML, like Gecko; compatible; ClaudeBot/1.0; +claudebot@anthropic.com)"
216.73.216.164 - - [31/Aug/2026:09:38:02 -0400] "GET /tl.php?db3=tl.db3&tbl=fb&tlid=%2Ffb%2Ftemplets%2Fmaga HTTP/2" 429 0 "-" "Mozilla/5.0 AppleWebKit/537.36 (KHTML, like Gecko; compatible; ClaudeBot/1.0; +claudebot@anthropic.com)"
216.73.216.164 - - [31/Aug/2026:09:38:07 -0400] "GET /konet/zm/komap/TileGroup1/5-25-4.jpg HTTP/2" 200 26864 "-" "Mozilla/5.0 AppleWebKit/537.36 (KHTML, like Gecko; compatible; ClaudeBot/1.0; +claudebot@anthropic.com)"
74.7.227.147 - - [31/Aug/2026:09:37:29 -0400] "GET /kb/books/jmh/jmh71/jmh71b/tn/tn_IMG_1238.png HTTP/2" 404 1251 "https://ko0.us/jmh71b.htm" "Mozilla/5.0 AppleWebKit/537.36 (KHTML, like Gecko; compatible; GPTBot/1.4; +https://openai.com/gptbot)"
74.7.227.147 - - [31/Aug/2026:09:37:31 -0400] "GET /kb/books/jmh/jmh71/jmh71b/tn/tn_IMG_1447.png HTTP/2" 404 1251 "https://ko0.us/jmh71b.htm" "Mozilla/5.0 AppleWebKit/537.36 (KHTML, like Gecko; compatible; GPTBot/1.4; +https://openai.com/gptbot)"
17.166.237.99 - - [31/Aug/2026:09:37:32 -0400] "GET /ko_coffeeshop1.psv HTTP/2" 200 15953 "-" "Mozilla/5.0 (Macintosh; Intel Mac OS X 10_15_7) AppleWebKit/605.1.15 (KHTML, like Gecko) Version/17.4 Safari/605.1.15 (Applebot/0.1; +http://www.apple.com/go/applebot)"
74.7.227.147 - - [31/Aug/2026:09:37:33 -0400] "GET /kb/books/jmh/jmh71/jmh71b/tn/tn_IMG_1063.png HTTP/2" 404 1251 "https://ko0.us/jmh71b.htm" "Mozilla/5.0 AppleWebKit/537.36 (KHTML, like Gecko; compatible; GPTBot/1.4; +https://openai.com/gptbot)"
74.7.227.147 - - [31/Aug/2026:09:37:38 -0400] "GET /kb/books/jmh/jmh71/jmh71b/tn/tn_IMG_0501.png HTTP/2" 404 1251 "https://ko0.us/jmh71b.htm" "Mozilla/5.0 AppleWebKit/537.36 (KHTML, like Gecko; compatible; GPTBot/1.4; +https://openai.com/gptbot)"
74.7.227.147 - - [31/Aug/2026:09:37:43 -0400] "GET /kb/books/jmh/jmh71/jmh71b/tn/tn_IMG_0180.png HTTP/2" 404 1251 "https://ko0.us/jmh71b.htm" "Mozilla/5.0 AppleWebKit/537.36 (KHTML, like Gecko; compatible; GPTBot/1.4; +https://openai.com/gptbot)"
74.7.227.147 - - [31/Aug/2026:09:37:48 -0400] "GET /kb/books/jmh/jmh71/jmh71b/tn/tn_IMG_1233.png HTTP/2" 404 1251 "https://ko0.us/jmh71b.htm" "Mozilla/5.0 AppleWebKit/537.36 (KHTML, like Gecko; compatible; GPTBot/1.4; +https://openai.com/gptbot)"
74.7.227.147 - - [31/Aug/2026:09:37:57 -0400] "GET /kb/books/jmh/jmh71/jmh71b/tn/tn_IMG_1313.png HTTP/2" 404 1251 "https://ko0.us/jmh71b.htm" "Mozilla/5.0 AppleWebKit/537.36 (KHTML, like Gecko; compatible; GPTBot/1.4; +https://openai.com/gptbot)"
74.7.227.147 - - [31/Aug/2026:09:38:00 -0400] "GET /kb/books/jmh/jmh71/jmh71b/tn/tn_IMG_1189.png HTTP/2" 404 1251 "https://ko0.us/jmh71b.htm" "Mozilla/5.0 AppleWebKit/537.36 (KHTML, like Gecko; compatible; GPTBot/1.4; +https://openai.com/gptbot)"
74.7.227.147 - - [31/Aug/2026:09:38:04 -0400] "GET /kb/books/jmh/jmh71/jmh71b/tn/tn_IMG_0500.png HTTP/2" 404 1251 "https://ko0.us/jmh71b.htm" "Mozilla/5.0 AppleWebKit/537.36 (KHTML, like Gecko; compatible; GPTBot/1.4; +https://openai.com/gptbot)"
74.7.227.147 - - [31/Aug/2026:09:38:05 -0400] "GET /kb/books/jmh/jmh71/jmh71b/tn/tn_IMG_1322.png HTTP/2" 404 1251 "https://ko0.us/jmh71b.htm" "Mozilla/5.0 AppleWebKit/537.36 (KHTML, like Gecko; compatible; GPTBot/1.4; +https://openai.com/gptbot)"
74.7.227.147 - - [31/Aug/2026:09:38:11 -0400] "GET /kb/books/jmh/jmh71/jmh71b/tn/tn_IMG_1270.png HTTP/2" 404 1251 "https://ko0.us/jmh71b.htm" "Mozilla/5.0 AppleWebKit/537.36 (KHTML, like Gecko; compatible; GPTBot/1.4; +https://openai.com/gptbot)"
74.7.227.147 - - [31/Aug/2026:09:38:12 -0400] "GET /kb/books/jmh/jmh71/jmh71b/tn/tn_IMG_1288.png HTTP/2" 404 1251 "https://ko0.us/jmh71b.htm" "Mozilla/5.0 AppleWebKit/537.36 (KHTML, like Gecko; compatible; GPTBot/1.4; +https://openai.com/gptbot)"
74.7.227.147 - - [31/Aug/2026:09:38:28 -0400] "GET /kb/books/jmh/jmh71/jmh71b/tn/tn_IMG_0990.png HTTP/2" 404 1251 "https://ko0.us/jmh71b.htm" "Mozilla/5.0 AppleWebKit/537.36 (KHTML, like Gecko; compatible; GPTBot/1.4; +https://openai.com/gptbot)"
74.7.227.147 - - [31/Aug/2026:09:38:45 -0400] "GET /kb/books/jmh/jmh71/jmh71b/tn/tn_IMG_0417.png HTTP/2" 404 1251 "https://ko0.us/jmh71b.htm" "Mozilla/5.0 AppleWebKit/537.36 (KHTML, like Gecko; compatible; GPTBot/1.4; +https://openai.com/gptbot)"
74.7.227.147 - - [31/Aug/2026:09:38:48 -0400] "GET /kb/books/jmh/jmh71/jmh71b/tn/tn_IMG_0521.png HTTP/2" 404 1251 "https://ko0.us/jmh71b.htm" "Mozilla/5.0 AppleWebKit/537.36 (KHTML, like Gecko; compatible; GPTBot/1.4; +https://openai.com/gptbot)"
216.73.216.164 - - [31/Aug/2026:09:32:41 -0400] "GET /js/turnjs4/samples/magazine/pages/44.jpg HTTP/2" 200 91613 "-" "Mozilla/5.0 AppleWebKit/537.36 (KHTML, like Gecko; compatible; ClaudeBot/1.0; +claudebot@anthropic.com)"
66.249.69.228 - - [31/Aug/2026:09:33:24 -0400] "GET /fb/cards/pages/zn/zn_birthday_19890816_1315.jpg HTTP/1.1" 404 1251 "-" "Googlebot-Image/1.0"
85.208.96.199 - - [31/Aug/2026:09:33:56 -0400] "GET /index_20190626_0300.html HTTP/1.1" 404 1251 "-" "Mozilla/5.0 (compatible; SemrushBot/7~bl; +http://www.semrush.com/bot.html)"
17.166.234.182 - - [31/Aug/2026:09:34:33 -0400] "GET /ko/ko.json?callback=onJSONP_Data HTTP/2" 200 486 "https://ko0.us/ko_tl.html" "Mozilla/5.0 (Macintosh; Intel Mac OS X 10_15_7) AppleWebKit/605.1.15 (KHTML, like Gecko) Version/17.4 Safari/605.1.15 (Applebot/0.1; +http://www.apple.com/go/applebot)"
85.208.96.207 - - [31/Aug/2026:09:36:25 -0400] "GET /fb/kt/ HTTP/1.1" 404 1251 "-" "Mozilla/5.0 (compatible; SemrushBot/7~bl; +http://www.semrush.com/bot.html)"
17.166.22.162 - - [31/Aug/2026:09:36:54 -0400] "GET /index_heart.htm HTTP/2" 200 716438 "-" "Mozilla/5.0 (Macintosh; Intel Mac OS X 10_15_7) AppleWebKit/605.1.15 (KHTML, like Gecko) Version/17.4 Safari/605.1.15 (Applebot/0.1; +http://www.apple.com/go/applebot)"
66.249.69.227 - - [31/Aug/2026:09:36:57 -0400] "GET /fb/kolog/pages/zn/zn_45.jpg HTTP/1.1" 404 1251 "-" "Googlebot-Image/1.0"
216.73.216.164 - - [31/Aug/2026:09:38:33 -0400] "GET /ko_center/zm5/hrc_dr20d37/TileGroup3/6-11-7.jpg HTTP/2" 429 0 "-" "Mozilla/5.0 AppleWebKit/537.36 (KHTML, like Gecko; compatible; ClaudeBot/1.0; +claudebot@anthropic.com)"
216.73.216.164 - - [31/Aug/2026:09:38:38 -0400] "GET /ko_center/zm5/hrc_dr21d42/TileGroup4/6-2-13.jpg HTTP/2" 200 1651 "-" "Mozilla/5.0 AppleWebKit/537.36 (KHTML, like Gecko; compatible; ClaudeBot/1.0; +claudebot@anthropic.com)"
216.73.216.164 - - [31/Aug/2026:09:38:43 -0400] "GET /ko_center/zm5/hrc_cr03c12/TileGroup2/6-2-0.jpg HTTP/2" 429 0 "-" "Mozilla/5.0 AppleWebKit/537.36 (KHTML, like Gecko; compatible; ClaudeBot/1.0; +claudebot@anthropic.com)"
216.73.216.164 - - [31/Aug/2026:09:38:48 -0400] "GET /pn/ko_pn.php?dir=%2Fhome%2Fkozerus%2Fpublic_html%2Fimgs%2Fbtn%2Fkoeyeb_kov_food.png HTTP/2" 200 3918 "-" "Mozilla/5.0 AppleWebKit/537.36 (KHTML, like Gecko; compatible; ClaudeBot/1.0; +claudebot@anthropic.com)"
216.73.216.164 - - [31/Aug/2026:09:38:53 -0400] "GET /ko_center/zm5/hrc_dr17d26/TileGroup3/6-7-6.jpg HTTP/2" 429 0 "-" "Mozilla/5.0 AppleWebKit/537.36 (KHTML, like Gecko; compatible; ClaudeBot/1.0; +claudebot@anthropic.com)"
216.73.216.164 - - [31/Aug/2026:09:38:58 -0400] "GET /ko_center/zm5/hrc_dr20d37/TileGroup0/5-17-0.jpg HTTP/2" 200 6093 "-" "Mozilla/5.0 AppleWebKit/537.36 (KHTML, like Gecko; compatible; ClaudeBot/1.0; +claudebot@anthropic.com)"
216.73.216.164 - - [31/Aug/2026:09:39:03 -0400] "GET /imgs/links/tn/tn_index_jjtf28.png HTTP/2" 429 0 "-" "Mozilla/5.0 AppleWebKit/537.36 (KHTML, like Gecko; compatible; ClaudeBot/1.0; +claudebot@anthropic.com)"
216.73.216.164 - - [31/Aug/2026:09:39:08 -0400] "GET /ko_center/zm5/hrc_dr20d37/TileGroup0/5-22-1.jpg HTTP/2" 200 1651 "-" "Mozilla/5.0 AppleWebKit/537.36 (KHTML, like Gecko; compatible; ClaudeBot/1.0; +claudebot@anthropic.com)"
216.73.216.164 - - [31/Aug/2026:09:39:13 -0400] "GET /ko_center/zm5/hrc_dr13d09/TileGroup7/6-31-29.jpg HTTP/2" 429 0 "-" "Mozilla/5.0 AppleWebKit/537.36 (KHTML, like Gecko; compatible; ClaudeBot/1.0; +claudebot@anthropic.com)"
216.73.216.164 - - [31/Aug/2026:09:39:18 -0400] "GET /ko_center/zm5/hrc_dr19d34/TileGroup0/5-21-3.jpg HTTP/2" 200 7536 "-" "Mozilla/5.0 AppleWebKit/537.36 (KHTML, like Gecko; compatible; ClaudeBot/1.0; +claudebot@anthropic.com)"
216.73.216.164 - - [31/Aug/2026:09:39:23 -0400] "GET /ko_center/zm5/hrc_dr15d17/TileGroup2/6-35-1.jpg HTTP/2" 429 0 "-" "Mozilla/5.0 AppleWebKit/537.36 (KHTML, like Gecko; compatible; ClaudeBot/1.0; +claudebot@anthropic.com)"
74.7.227.147 - - [31/Aug/2026:09:38:50 -0400] "GET /kb/books/jmh/jmh71/jmh71b/tn/tn_IMG_1042.png HTTP/2" 404 1251 "https://ko0.us/jmh71b.htm" "Mozilla/5.0 AppleWebKit/537.36 (KHTML, like Gecko; compatible; GPTBot/1.4; +https://openai.com/gptbot)"
74.7.227.147 - - [31/Aug/2026:09:38:54 -0400] "GET /kb/books/jmh/jmh71/jmh71b/tn/tn_IMG_0760.png HTTP/2" 404 1251 "https://ko0.us/jmh71b.htm" "Mozilla/5.0 AppleWebKit/537.36 (KHTML, like Gecko; compatible; GPTBot/1.4; +https://openai.com/gptbot)"
74.7.227.147 - - [31/Aug/2026:09:39:04 -0400] "GET /kb/books/jmh/jmh71/jmh71b/tn/tn_IMG_1005.png HTTP/2" 404 1251 "https://ko0.us/jmh71b.htm" "Mozilla/5.0 AppleWebKit/537.36 (KHTML, like Gecko; compatible; GPTBot/1.4; +https://openai.com/gptbot)"
74.7.227.147 - - [31/Aug/2026:09:39:06 -0400] "GET /kb/books/jmh/jmh71/jmh71b/tn/tn_IMG_1370.png HTTP/2" 404 1251 "https://ko0.us/jmh71b.htm" "Mozilla/5.0 AppleWebKit/537.36 (KHTML, like Gecko; compatible; GPTBot/1.4; +https://openai.com/gptbot)"
74.7.227.147 - - [31/Aug/2026:09:39:12 -0400] "GET /kb/books/jmh/jmh71/jmh71b/tn/tn_IMG_0141.png HTTP/2" 404 1251 "https://ko0.us/jmh71b.htm" "Mozilla/5.0 AppleWebKit/537.36 (KHTML, like Gecko; compatible; GPTBot/1.4; +https://openai.com/gptbot)"
74.7.227.147 - - [31/Aug/2026:09:39:14 -0400] "GET /kb/books/jmh/jmh71/jmh71b/tn/tn_IMG_0137.png HTTP/2" 404 1251 "https://ko0.us/jmh71b.htm" "Mozilla/5.0 AppleWebKit/537.36 (KHTML, like Gecko; compatible; GPTBot/1.4; +https://openai.com/gptbot)"
74.7.227.147 - - [31/Aug/2026:09:39:23 -0400] "GET /kb/books/jmh/jmh71/jmh71b/tn/tn_IMG_0913.png HTTP/2" 404 1251 "https://ko0.us/jmh71b.htm" "Mozilla/5.0 AppleWebKit/537.36 (KHTML, like Gecko; compatible; GPTBot/1.4; +https://openai.com/gptbot)"
74.7.227.147 - - [31/Aug/2026:09:39:30 -0400] "GET /kb/books/jmh/jmh71/jmh71b/tn/tn_IMG_0247.png HTTP/2" 404 1251 "https://ko0.us/jmh71b.htm" "Mozilla/5.0 AppleWebKit/537.36 (KHTML, like Gecko; compatible; GPTBot/1.4; +https://openai.com/gptbot)"
74.7.227.147 - - [31/Aug/2026:09:39:35 -0400] "GET /kb/books/jmh/jmh71/jmh71b/tn/tn_IMG_0160.png HTTP/2" 404 1251 "https://ko0.us/jmh71b.htm" "Mozilla/5.0 AppleWebKit/537.36 (KHTML, like Gecko; compatible; GPTBot/1.4; +https://openai.com/gptbot)"
74.7.227.147 - - [31/Aug/2026:09:39:36 -0400] "GET /kb/books/jmh/jmh71/jmh71b/tn/tn_IMG_1423.png HTTP/2" 404 1251 "https://ko0.us/jmh71b.htm" "Mozilla/5.0 AppleWebKit/537.36 (KHTML, like Gecko; compatible; GPTBot/1.4; +https://openai.com/gptbot)"
74.7.227.147 - - [31/Aug/2026:09:39:42 -0400] "GET /kb/books/jmh/jmh71/jmh71b/tn/tn_IMG_1351.png HTTP/2" 404 1251 "https://ko0.us/jmh71b.htm" "Mozilla/5.0 AppleWebKit/537.36 (KHTML, like Gecko; compatible; GPTBot/1.4; +https://openai.com/gptbot)"
74.7.227.147 - - [31/Aug/2026:09:39:47 -0400] "GET /kb/books/jmh/jmh71/jmh71b/tn/tn_IMG_0109.png HTTP/2" 404 1251 "https://ko0.us/jmh71b.htm" "Mozilla/5.0 AppleWebKit/537.36 (KHTML, like Gecko; compatible; GPTBot/1.4; +https://openai.com/gptbot)"
74.7.227.147 - - [31/Aug/2026:09:39:50 -0400] "GET /kb/books/jmh/jmh71/jmh71b/tn/tn_IMG_0387.png HTTP/2" 404 1251 "https://ko0.us/jmh71b.htm" "Mozilla/5.0 AppleWebKit/537.36 (KHTML, like Gecko; compatible; GPTBot/1.4; +https://openai.com/gptbot)"
74.7.227.147 - - [31/Aug/2026:09:39:57 -0400] "GET /kb/books/jmh/jmh71/jmh71b/tn/tn_IMG_0172.png HTTP/2" 404 1251 "https://ko0.us/jmh71b.htm" "Mozilla/5.0 AppleWebKit/537.36 (KHTML, like Gecko; compatible; GPTBot/1.4; +https://openai.com/gptbot)"
74.7.227.147 - - [31/Aug/2026:09:40:01 -0400] "GET /kb/books/jmh/jmh71/jmh71b/tn/tn_IMG_0591.png HTTP/2" 404 1251 "https://ko0.us/jmh71b.htm" "Mozilla/5.0 AppleWebKit/537.36 (KHTML, like Gecko; compatible; GPTBot/1.4; +https://openai.com/gptbot)"
74.7.227.147 - - [31/Aug/2026:09:40:04 -0400] "GET /kb/books/jmh/jmh71/jmh71b/tn/tn_IMG_0481.png HTTP/2" 404 1251 "https://ko0.us/jmh71b.htm" "Mozilla/5.0 AppleWebKit/537.36 (KHTML, like Gecko; compatible; GPTBot/1.4; +https://openai.com/gptbot)"
216.73.216.164 - - [31/Aug/2026:09:39:28 -0400] "GET /ko_center/zm5/hrc_dr17d26/TileGroup3/6-4-10.jpg HTTP/2" 200 3403 "-" "Mozilla/5.0 AppleWebKit/537.36 (KHTML, like Gecko; compatible; ClaudeBot/1.0; +claudebot@anthropic.com)"
216.73.216.164 - - [31/Aug/2026:09:39:33 -0400] "GET /ko_center/zm5/hrc_dr13d09/TileGroup6/6-7-26.jpg HTTP/2" 429 0 "-" "Mozilla/5.0 AppleWebKit/537.36 (KHTML, like Gecko; compatible; ClaudeBot/1.0; +claudebot@anthropic.com)"
216.73.216.164 - - [31/Aug/2026:09:39:38 -0400] "GET /ko_center/zm5/hrc_dr20d37/TileGroup7/6-35-29.jpg HTTP/2" 200 2577 "-" "Mozilla/5.0 AppleWebKit/537.36 (KHTML, like Gecko; compatible; ClaudeBot/1.0; +claudebot@anthropic.com)"
216.73.216.164 - - [31/Aug/2026:09:39:43 -0400] "GET /go/imgs/bg/wood_18.jpg HTTP/2" 429 0 "-" "Mozilla/5.0 AppleWebKit/537.36 (KHTML, like Gecko; compatible; ClaudeBot/1.0; +claudebot@anthropic.com)"
216.73.216.164 - - [31/Aug/2026:09:39:48 -0400] "GET /ko_center/zm5/hrc_dr21d42/TileGroup2/6-43-0.jpg HTTP/2" 200 2145 "-" "Mozilla/5.0 AppleWebKit/537.36 (KHTML, like Gecko; compatible; ClaudeBot/1.0; +claudebot@anthropic.com)"
216.73.216.164 - - [31/Aug/2026:09:39:53 -0400] "GET /pn/ko_pn.php?dir=%2Fhome%2Fkozerus%2Fpublic_html%2Fzm%2Fapollo17%2FTileGroup1%2F6-9-2.jpg HTTP/2" 429 0 "-" "Mozilla/5.0 AppleWebKit/537.36 (KHTML, like Gecko; compatible; ClaudeBot/1.0; +claudebot@anthropic.com)"
216.73.216.164 - - [31/Aug/2026:09:39:58 -0400] "GET /ko_center/zm5/hrc_cr03c12/TileGroup2/6-41-2.jpg HTTP/2" 200 1651 "-" "Mozilla/5.0 AppleWebKit/537.36 (KHTML, like Gecko; compatible; ClaudeBot/1.0; +claudebot@anthropic.com)"
216.73.216.164 - - [31/Aug/2026:09:40:03 -0400] "GET /ko_center/zm5/hrc_dr17d26/TileGroup3/6-6-7.jpg HTTP/2" 429 0 "-" "Mozilla/5.0 AppleWebKit/537.36 (KHTML, like Gecko; compatible; ClaudeBot/1.0; +claudebot@anthropic.com)"
216.73.216.164 - - [31/Aug/2026:09:40:08 -0400] "GET /ko_center/zm5/hrc_cr03c12/TileGroup2/6-8-2.jpg HTTP/2" 200 1651 "-" "Mozilla/5.0 AppleWebKit/537.36 (KHTML, like Gecko; compatible; ClaudeBot/1.0; +claudebot@anthropic.com)"
85.208.96.196 - - [31/Aug/2026:09:40:13 -0400] "GET /resources.html HTTP/1.1" 404 1251 "-" "Mozilla/5.0 (compatible; SemrushBot/7~bl; +http://www.semrush.com/bot.html)"
74.7.227.147 - - [31/Aug/2026:09:40:06 -0400] "GET /kb/books/jmh/jmh71/jmh71b/tn/tn_IMG_1400.png HTTP/2" 404 1251 "https://ko0.us/jmh71b.htm" "Mozilla/5.0 AppleWebKit/537.36 (KHTML, like Gecko; compatible; GPTBot/1.4; +https://openai.com/gptbot)"
74.7.227.147 - - [31/Aug/2026:09:40:09 -0400] "GET /kb/books/jmh/jmh71/jmh71b/tn/tn_IMG_0706.png HTTP/2" 404 1251 "https://ko0.us/jmh71b.htm" "Mozilla/5.0 AppleWebKit/537.36 (KHTML, like Gecko; compatible; GPTBot/1.4; +https://openai.com/gptbot)"
74.7.227.147 - - [31/Aug/2026:09:40:13 -0400] "GET /kb/books/jmh/jmh71/jmh71b/tn/tn_IMG_0315.png HTTP/2" 404 1251 "https://ko0.us/jmh71b.htm" "Mozilla/5.0 AppleWebKit/537.36 (KHTML, like Gecko; compatible; GPTBot/1.4; +https://openai.com/gptbot)"
216.73.216.164 - - [31/Aug/2026:09:40:13 -0400] "GET /pn/uize/site-source/reference/Uize.Widgets.DigitalClock.Hms.Widget.html HTTP/2" 429 0 "-" "Mozilla/5.0 AppleWebKit/537.36 (KHTML, like Gecko; compatible; ClaudeBot/1.0; +claudebot@anthropic.com)"
216.73.216.164 - - [31/Aug/2026:09:38:12 -0400] "GET /tl.php?db3=tl.db3&tbl=fb&tlid=%2Ffb%2Fcomics%2Fdc%2Fadventure%2Fno360 HTTP/2" 429 0 "-" "Mozilla/5.0 AppleWebKit/537.36 (KHTML, like Gecko; compatible; ClaudeBot/1.0; +claudebot@anthropic.com)"
216.73.216.164 - - [31/Aug/2026:09:38:17 -0400] "GET /ko_center/zm5/hrc_d/TileGroup7/6-8-29.jpg HTTP/2" 200 6869 "-" "Mozilla/5.0 AppleWebKit/537.36 (KHTML, like Gecko; compatible; ClaudeBot/1.0; +claudebot@anthropic.com)"
216.73.216.164 - - [31/Aug/2026:09:38:22 -0400] "GET /pn/ko_pn.php?dir=%2Fhome%2Fkozerus%2Fpublic_html%2Fdgs%2Fimages%2F50%2Fw268.gif HTTP/2" 429 0 "-" "Mozilla/5.0 AppleWebKit/537.36 (KHTML, like Gecko; compatible; ClaudeBot/1.0; +claudebot@anthropic.com)"
85.208.96.205 - - [31/Aug/2026:09:38:23 -0400] "GET /index_vu_20200308_2400.html HTTP/1.1" 404 1251 "-" "Mozilla/5.0 (compatible; SemrushBot/7~bl; +http://www.semrush.com/bot.html)"
216.73.216.164 - - [31/Aug/2026:09:38:27 -0400] "GET /zm/hrc2009stl/TileGroup12/6-54-41.jpg HTTP/2" 200 1651 "-" "Mozilla/5.0 AppleWebKit/537.36 (KHTML, like Gecko; compatible; ClaudeBot/1.0; +claudebot@anthropic.com)"
85.208.96.202 - - [31/Aug/2026:09:38:34 -0400] "GET /konet/ko_center_techstack.html HTTP/1.1" 200 768 "-" "Mozilla/5.0 (compatible; SemrushBot/7~bl; +http://www.semrush.com/bot.html)"
66.249.69.228 - - [31/Aug/2026:09:39:19 -0400] "GET /fb/comics/dc/superman80/no004/pages/zn/zn_13.jpg HTTP/1.1" 404 1251 "-" "Googlebot-Image/1.0"
85.208.96.200 - - [31/Aug/2026:09:39:28 -0400] "GET /ko_center/kocenter.php?q HTTP/1.1" 404 1251 "-" "Mozilla/5.0 (compatible; SemrushBot/7~bl; +http://www.semrush.com/bot.html)"
66.249.69.228 - - [31/Aug/2026:09:40:00 -0400] "GET /fb/comics/dc/superman80/no004/pages/zn/zn_74.jpg HTTP/1.1" 404 1251 "-" "Googlebot-Image/1.0"
216.73.216.164 - - [31/Aug/2026:09:40:18 -0400] "GET /zc/adam/images HTTP/2" 301 795 "-" "Mozilla/5.0 AppleWebKit/537.36 (KHTML, like Gecko; compatible; ClaudeBot/1.0; +claudebot@anthropic.com)"
216.73.216.164 - - [31/Aug/2026:09:40:18 -0400] "GET /zc/adam/images/ HTTP/2" 403 1242 "https://ko0.us/zc/adam/images" "Mozilla/5.0 AppleWebKit/537.36 (KHTML, like Gecko; compatible; ClaudeBot/1.0; +claudebot@anthropic.com)"
74.7.227.147 - - [31/Aug/2026:09:40:20 -0400] "GET /kb/books/jmh/jmh71/jmh71b/tn/tn_IMG_1273.png HTTP/2" 404 1251 "https://ko0.us/jmh71b.htm" "Mozilla/5.0 AppleWebKit/537.36 (KHTML, like Gecko; compatible; GPTBot/1.4; +https://openai.com/gptbot)"
